--
-- Host: localhost    Database: wsauvola_aban508
-- ------------------------------------------------------


--
-- Table structure for table `aba6_addresses`
--

CREATE TABLE `aba6_addresses` (
  `address_id` int(11) NOT NULL AUTO_INCREMENT,
  `customer_id` int(11) NOT NULL,
  `company` varchar(32) NOT NULL,
  `firstname` varchar(32) NOT NULL DEFAULT '',
  `lastname` varchar(32) NOT NULL DEFAULT '',
  `address_1` varchar(128) NOT NULL,
  `address_2` varchar(128) NOT NULL,
  `postcode` varchar(10) NOT NULL DEFAULT '',
  `city` varchar(128) NOT NULL,
  `country_id` int(11) NOT NULL DEFAULT '0',
  `zone_id` int(11) NOT NULL DEFAULT '0',
  PRIMARY KEY (`address_id`),
  KEY `ac_addresses_idx` (`customer_id`,`country_id`,`zone_id`)
) ENGINE=MyISAM AUTO_INCREMENT=17 DEFAULT CHARSET=utf8;

--
-- Dumping data for table `aba6_addresses`
--

INSERT INTO `aba6_addresses` VALUES (1,2,'','Juliana','Davis','9778 Golden Crescent','Apt 10','85804-7365','Humansville',223,3616),(2,3,'','Keely','Mccoy','5071 Misty Pond Farm','Suite #101','63406-9081','Bumble Bee',223,3648),(3,4,'BelfastCo','Zelda','Weiss','6944 Sleepy Fawn Abbey','Suite #31','86014-8121','Lawyers',223,3616),(4,5,'','Gloria','Macias','7590 Easy Robin Hollow','','73477-3842','Sandymush',223,3660),(5,6,'','Bernard','Horne','5607 Umber Branch Via','','86301-9785','Spook City',223,3616),(6,7,'','James','Curtis','6500 Arapahoe Road','','80303','Boulder',223,3634),(7,8,'','Bruce','Rosarini','61 Cumberland ST','','68624-2273','Skokie',223,3650),(8,9,'','Carlos','Compton','31 Capital Drive','','63142-0892','Fort Misery',223,3648),(9,10,'','Garrison','Baxter','Eddie Hoffman Highway','','64034-2948','Shell Pile',223,3648),(10,11,'','Anthony','Blair','104 Main Street','','29181-8284','Gassaway',223,3666),(11,12,'','Allen','Waters','110 Shenandoah Avenue','','86565-1710','Honohina',223,3616),(12,13,'','Tom','Kipling','100 Main Str','','64034-2948','Shell Pile',223,3648),(13,14,'Eaton Stevenson Inc','Yuri','Howard','22555 Jensen Ave','','93654','Reedley',223,3624),(14,15,'Day and Rivera Traders','Regan','Shields','2355 Boulevard Bastien','','QC G2B 1B3','Québec',38,612),(15,16,'','Randall','Richards','500 N Nebraska Ave','','33603','Tampa',223,3630),(16,16,'Guzman and Morin Inc','Mallory','Ballard','2430 S French Ave','','32771','Sanford',223,3630);

--
-- Table structure for table `aba6_ant_messages`
--

CREATE TABLE `aba6_ant_messages` (
  `id` varchar(60) NOT NULL,
  `priority` int(11) NOT NULL DEFAULT '0',
  `start_date` timestamp NOT NULL DEFAULT '0000-00-00 00:00:00',
  `end_date` timestamp NOT NULL DEFAULT '0000-00-00 00:00:00',
  `viewed_date` timestamp NOT NULL DEFAULT '0000-00-00 00:00:00',
  `viewed` int(11) NOT NULL DEFAULT '0',
  `title` varchar(255) DEFAULT NULL,
  `description` text,
  `html` longtext,
  `url` text,
  `language_code` varchar(2) NOT NULL DEFAULT 'en',
  `date_modified` timestamp NOT NULL DEFAULT CURRENT_TIMESTAMP ON UPDATE CURRENT_TIMESTAMP,
  PRIMARY KEY (`id`,`language_code`),
  KEY `daterange_idx` (`start_date`,`end_date`)
) ENGINE=MyISAM DEFAULT CHARSET=utf8;

--
-- Dumping data for table `aba6_ant_messages`
--

INSERT INTO `aba6_ant_messages` VALUES ('softaculous_review',1,'0000-00-00 00:00:00','2030-01-01 00:00:00','0000-00-00 00:00:00',0,'Review AbanteCart and your experience','','Do you like <strong>AbanteCart</strong>? Please rate AbanteCart or share your experience with other eCommerce entrepreneurs. Go to <strong><a href=\"http://www.softaculous.com/rate/AbanteCart\" target=\"_blank\">Softaculous rating page</a></strong> to add your rating or <strong><a href=\"http://www.softaculous.com/review/AbanteCart\" target=\"_blank\">write a review</a></strong>','','*','2022-02-06 23:35:07'),('abantecart_share_word',1,'0000-00-00 00:00:00','2030-01-01 00:00:00','0000-00-00 00:00:00',0,'Help us making AbanteCart #1','','<p class=\"p1\">Do you enjoy AbanteCart? See how you can help and contribute towards making AbanteCart even better.\r\n<strong><a href=\"http://www.abantecart.com/contribute-to-abantecart\" target=\"_abantecart\">Learn more</a></strong> </p>','','*','2022-02-06 23:35:07'),('elastic_search',1,'0000-00-00 00:00:00','2030-01-01 00:00:00','0000-00-00 00:00:00',0,'Advanced Product Search ','','Boost and improve <strong>AbanteCart</strong> product searchability for your customers.   This is now possible with <strong><a href=\"http://marketplace.abantecart.com/elastic_search\" target=\"_blank\">advanced search powered by ElasticSeach</a></strong>','','*','2022-02-06 23:35:07'),('review_1',1,'0000-00-00 00:00:00','2030-01-01 00:00:00','0000-00-00 00:00:00',0,'Review AbanteCart and your experience','','Do you like <strong>AbanteCart</strong>? Get $5 Amazon gift card on the approval of Text review or $10 for Video review. Go to <strong><a href=\"https://www.softwaresuggest.com/abantecart/write-review\" target=\"_blank\">Softwaresuggest rating page</a></strong> to add your rating or <strong><a href=\"https://www.softwaresuggest.com/abantecart/write-review\" target=\"_blank\">write a review</a></strong>','','*','2022-02-06 23:35:07'),('review_2',1,'0000-00-00 00:00:00','2030-01-01 00:00:00','0000-00-00 00:00:00',0,'Review AbanteCart and your experience','','Do you like <strong>AbanteCart</strong>? Please rate AbanteCart or share your experience with other eCommerce entrepreneurs. Go to <strong><a href=\"https://www.crowdreviews.com/abantecart/write-review\" target=\"_blank\">CrowdReviews rating page</a></strong> to add your rating or <strong><a href=\"https://www.crowdreviews.com/abantecart/write-review\" target=\"_blank\">write a review</a></strong>','','*','2022-02-06 23:35:07'),('banner',1,'2011-09-16 06:54:47','2030-01-01 00:00:00','0000-00-00 00:00:00',0,'Banner at AbanteCart header','','<strong>AbanteCart</strong> V1.3.2 is a current application version. <strong><a href=\"http://www.abantecart.com/shopping-cart-news/abantecart-132-released\" target=\"_blank\">Learn more ... </a></strong>','http://www.abantecart.com','*','2022-02-06 23:35:07');

--
-- Table structure for table `aba6_banner_descriptions`
--

CREATE TABLE `aba6_banner_descriptions` (
  `banner_id` int(11) NOT NULL,
  `language_id` int(11) NOT NULL,
  `name` varchar(255) NOT NULL COMMENT 'translatable',
  `description` longtext NOT NULL COMMENT 'translatable',
  `meta` text COMMENT 'translatable',
  `date_added` timestamp NOT NULL DEFAULT '0000-00-00 00:00:00',
  `date_modified` timestamp NOT NULL DEFAULT CURRENT_TIMESTAMP ON UPDATE CURRENT_TIMESTAMP,
  PRIMARY KEY (`banner_id`,`language_id`)
) ENGINE=MyISAM DEFAULT CHARSET=utf8;

--
-- Dumping data for table `aba6_banner_descriptions`
--

INSERT INTO `aba6_banner_descriptions` VALUES (18,1,'fallback','','','2022-02-06 20:03:37','2022-02-06 20:03:37'),(17,1,'Main Banner 5','&lt;p&gt;\r\n	&lt;img alt=&quot;&quot; class=&quot;wp1_3 slide2_bot&quot; src=&quot;storefront/view/default/image/banner_image_5.png&quot; width=&quot;600&quot; height=&quot;300&quot; /&gt; &lt;span class=&quot;txt1&quot;&gt;Application and data security&lt;/span&gt; &lt;span class=&quot;txt2&quot;&gt;Secure Solution&lt;/span&gt; &lt;span class=&quot;txt3&quot;&gt;Very secure solution with up to date industry security practices and inline with PCI compliance. Customer information protection with data encryption&lt;/span&gt; &lt;span class=&quot;txt4&quot;&gt;&lt;a class=&quot;btn btn-wht&quot; href=&quot;#&quot;&gt;Install Now!&lt;/a&gt;&lt;/span&gt;&lt;/p&gt;\r\n','','2022-02-06 20:03:37','2022-02-06 20:03:37'),(16,1,'banner4','','','2022-02-06 20:03:37','2022-02-06 20:03:37'),(15,1,'banner3','','','2022-02-06 20:03:37','2022-02-06 20:03:37'),(14,1,'banner2','','','2022-02-06 20:03:37','2022-02-06 20:03:37'),(13,1,'banner1','','','2022-02-06 20:03:37','2022-02-06 20:03:37'),(11,1,'Main Banner 4','&lt;p&gt;\r\n	&lt;img alt=&quot;&quot; class=&quot;wp1_3 slide3_bot&quot; src=&quot;storefront/view/default/image/banner_image_4.png&quot; width=&quot;600&quot; height=&quot;300&quot; /&gt; &lt;span class=&quot;txt1 blue&quot;&gt;Stay in control&lt;/span&gt; &lt;span class=&quot;txt2 blue&quot;&gt;Easy updates&lt;/span&gt; &lt;span class=&quot;txt3 short&quot;&gt;Upgrade right from admin. Backward supportability in upgrades and automatic backups. Easy extension download with one step installation.&lt;/span&gt; &lt;span class=&quot;txt4 txt4up&quot;&gt;&lt;a class=&quot;btn btn-wht&quot; href=&quot;#&quot;&gt;Get Yours!&lt;/a&gt;&lt;/span&gt;&lt;/p&gt;\r\n','','2022-02-06 20:03:37','2022-02-06 20:03:37'),(10,1,'Main Banner 3','&lt;p&gt;\r\n	&lt;img alt=&quot;&quot; class=&quot;wp1_3 slide2_bot&quot; src=&quot;storefront/view/default/image/banner_image_3.png&quot; width=&quot;600&quot; height=&quot;300&quot; /&gt; &lt;span class=&quot;txt1&quot;&gt;Feature rich with smart UI&lt;/span&gt; &lt;span class=&quot;txt2&quot;&gt;Easy &amp;amp; fun to manage&lt;/span&gt; &lt;span class=&quot;txt3&quot;&gt;Feature reach shopping cart application right out of the box. Standard features allow to set up complete eCommerce site with all the tools needed to sell products online.&lt;/span&gt; &lt;span class=&quot;txt4&quot;&gt;&lt;a class=&quot;btn btn-wht&quot; href=&quot;#&quot;&gt;Install Now!&lt;/a&gt;&lt;/span&gt;&lt;/p&gt;\r\n','','2022-02-06 20:03:37','2022-02-06 20:03:37'),(9,1,'Main Banner 2','&lt;p&gt;\r\n	&lt;img alt=&quot;&quot; class=&quot;wp1_3 wp1_left slide2_bot&quot; src=&quot;storefront/view/default/image/banner_image_2.png&quot; width=&quot;600&quot; height=&quot;300&quot; /&gt; &lt;span class=&quot;txt1 blue txt_right2&quot;&gt;Highly flexible layout on any page&lt;/span&gt; &lt;span class=&quot;txt2 blue txt_right2&quot;&gt;SEO Friendly&lt;/span&gt; &lt;span class=&quot;txt2 blue txt_right2&quot;&gt;Fast Loading&lt;/span&gt; &lt;span class=&quot;txt4 txt_right2 txt4up&quot;&gt;&lt;a class=&quot;btn btn-wht&quot; href=&quot;#&quot;&gt;Try Now!&lt;/a&gt;&lt;/span&gt;&lt;/p&gt;\r\n','','2022-02-06 20:03:37','2022-02-06 20:03:37'),(8,1,'Main Banner 1','&lt;p&gt;\r\n	&lt;img alt=&quot;&quot; class=&quot;wp1_3 slide1_bot&quot; src=&quot;storefront/view/default/image/banner_image_1.png&quot; width=&quot;600&quot; height=&quot;300&quot; /&gt; &lt;span class=&quot;txt1&quot;&gt;HTML5 Responsive Storefront to look great on&lt;/span&gt; &lt;span class=&quot;txt2&quot;&gt;ALL Screen Sizes&lt;/span&gt; &lt;span class=&quot;txt3 short&quot;&gt;Natively responsive template implemented with bootstrap library and HTML5. Will look good on most mobile devices and tablets.&lt;/span&gt; &lt;span class=&quot;txt4 txt4up&quot;&gt;&lt;a class=&quot;btn btn-wht&quot; href=&quot;&quot;&gt;Try on your device!&lt;/a&gt;&lt;/span&gt;&lt;/p&gt;\r\n','','2022-02-06 20:03:37','2022-02-06 20:03:37');

--
-- Table structure for table `aba6_banner_stat`
--

CREATE TABLE `aba6_banner_stat` (
  `rowid` int(11) NOT NULL AUTO_INCREMENT,
  `banner_id` int(11) NOT NULL,
  `type` int(11) NOT NULL,
  `time` timestamp NOT NULL DEFAULT CURRENT_TIMESTAMP ON UPDATE CURRENT_TIMESTAMP,
  `store_id` int(11) NOT NULL,
  `user_info` text,
  PRIMARY KEY (`rowid`),
  KEY `ac_banner_stat_idx` (`banner_id`,`type`,`time`,`store_id`)
) ENGINE=MyISAM AUTO_INCREMENT=60 DEFAULT CHARSET=utf8;

--
-- Dumping data for table `aba6_banner_stat`
--

INSERT INTO `aba6_banner_stat` VALUES (1,8,1,'2022-02-06 20:04:09',0,'a:4:{s:7:\"user_id\";s:0:\"\";s:7:\"user_ip\";s:14:\"174.203.36.199\";s:9:\"user_host\";s:0:\"\";s:2:\"rt\";s:26:\"r/extension/banner_manager\";}'),(2,17,1,'2022-02-06 20:04:09',0,'a:4:{s:7:\"user_id\";s:0:\"\";s:7:\"user_ip\";s:14:\"174.203.36.199\";s:9:\"user_host\";s:0:\"\";s:2:\"rt\";s:26:\"r/extension/banner_manager\";}'),(3,11,1,'2022-02-06 20:04:09',0,'a:4:{s:7:\"user_id\";s:0:\"\";s:7:\"user_ip\";s:14:\"174.203.36.199\";s:9:\"user_host\";s:0:\"\";s:2:\"rt\";s:26:\"r/extension/banner_manager\";}'),(4,10,1,'2022-02-06 20:04:09',0,'a:4:{s:7:\"user_id\";s:0:\"\";s:7:\"user_ip\";s:14:\"174.203.36.199\";s:9:\"user_host\";s:0:\"\";s:2:\"rt\";s:26:\"r/extension/banner_manager\";}'),(5,9,1,'2022-02-06 20:04:09',0,'a:4:{s:7:\"user_id\";s:0:\"\";s:7:\"user_ip\";s:14:\"174.203.36.199\";s:9:\"user_host\";s:0:\"\";s:2:\"rt\";s:26:\"r/extension/banner_manager\";}'),(6,13,1,'2022-02-06 20:04:09',0,'a:4:{s:7:\"user_id\";s:0:\"\";s:7:\"user_ip\";s:14:\"174.203.36.199\";s:9:\"user_host\";s:0:\"\";s:2:\"rt\";s:26:\"r/extension/banner_manager\";}'),(7,18,1,'2022-02-06 20:04:09',0,'a:4:{s:7:\"user_id\";s:0:\"\";s:7:\"user_ip\";s:14:\"174.203.36.199\";s:9:\"user_host\";s:0:\"\";s:2:\"rt\";s:26:\"r/extension/banner_manager\";}'),(8,14,1,'2022-02-06 20:04:09',0,'a:4:{s:7:\"user_id\";s:0:\"\";s:7:\"user_ip\";s:14:\"174.203.36.199\";s:9:\"user_host\";s:0:\"\";s:2:\"rt\";s:26:\"r/extension/banner_manager\";}'),(9,15,1,'2022-02-06 20:04:09',0,'a:4:{s:7:\"user_id\";s:0:\"\";s:7:\"user_ip\";s:14:\"174.203.36.199\";s:9:\"user_host\";s:0:\"\";s:2:\"rt\";s:26:\"r/extension/banner_manager\";}'),(10,16,1,'2022-02-06 20:04:09',0,'a:4:{s:7:\"user_id\";s:0:\"\";s:7:\"user_ip\";s:14:\"174.203.36.199\";s:9:\"user_host\";s:0:\"\";s:2:\"rt\";s:26:\"r/extension/banner_manager\";}'),(11,8,1,'2022-02-06 23:33:07',0,'a:4:{s:7:\"user_id\";s:0:\"\";s:7:\"user_ip\";s:14:\"174.203.68.239\";s:9:\"user_host\";s:0:\"\";s:2:\"rt\";s:26:\"r/extension/banner_manager\";}'),(12,13,1,'2022-02-06 23:33:07',0,'a:4:{s:7:\"user_id\";s:0:\"\";s:7:\"user_ip\";s:14:\"174.203.68.239\";s:9:\"user_host\";s:0:\"\";s:2:\"rt\";s:26:\"r/extension/banner_manager\";}'),(13,18,1,'2022-02-06 23:33:07',0,'a:4:{s:7:\"user_id\";s:0:\"\";s:7:\"user_ip\";s:14:\"174.203.68.239\";s:9:\"user_host\";s:0:\"\";s:2:\"rt\";s:26:\"r/extension/banner_manager\";}'),(14,14,1,'2022-02-06 23:33:07',0,'a:4:{s:7:\"user_id\";s:0:\"\";s:7:\"user_ip\";s:14:\"174.203.68.239\";s:9:\"user_host\";s:0:\"\";s:2:\"rt\";s:26:\"r/extension/banner_manager\";}'),(15,11,1,'2022-02-06 23:33:08',0,'a:4:{s:7:\"user_id\";s:0:\"\";s:7:\"user_ip\";s:14:\"174.203.68.239\";s:9:\"user_host\";s:0:\"\";s:2:\"rt\";s:26:\"r/extension/banner_manager\";}'),(16,16,1,'2022-02-06 23:33:08',0,'a:4:{s:7:\"user_id\";s:0:\"\";s:7:\"user_ip\";s:14:\"174.203.68.239\";s:9:\"user_host\";s:0:\"\";s:2:\"rt\";s:26:\"r/extension/banner_manager\";}'),(17,9,1,'2022-02-06 23:33:08',0,'a:4:{s:7:\"user_id\";s:0:\"\";s:7:\"user_ip\";s:14:\"174.203.68.239\";s:9:\"user_host\";s:0:\"\";s:2:\"rt\";s:26:\"r/extension/banner_manager\";}'),(18,10,1,'2022-02-06 23:33:08',0,'a:4:{s:7:\"user_id\";s:0:\"\";s:7:\"user_ip\";s:14:\"174.203.68.239\";s:9:\"user_host\";s:0:\"\";s:2:\"rt\";s:26:\"r/extension/banner_manager\";}'),(19,17,1,'2022-02-06 23:33:08',0,'a:4:{s:7:\"user_id\";s:0:\"\";s:7:\"user_ip\";s:14:\"174.203.68.239\";s:9:\"user_host\";s:0:\"\";s:2:\"rt\";s:26:\"r/extension/banner_manager\";}'),(20,15,1,'2022-02-06 23:33:11',0,'a:4:{s:7:\"user_id\";s:0:\"\";s:7:\"user_ip\";s:14:\"174.203.68.239\";s:9:\"user_host\";s:0:\"\";s:2:\"rt\";s:26:\"r/extension/banner_manager\";}'),(21,9,1,'2022-02-06 23:38:32',0,'a:4:{s:7:\"user_id\";s:0:\"\";s:7:\"user_ip\";s:14:\"174.203.68.239\";s:9:\"user_host\";s:0:\"\";s:2:\"rt\";s:26:\"r/extension/banner_manager\";}'),(22,10,1,'2022-02-06 23:38:32',0,'a:4:{s:7:\"user_id\";s:0:\"\";s:7:\"user_ip\";s:14:\"174.203.68.239\";s:9:\"user_host\";s:0:\"\";s:2:\"rt\";s:26:\"r/extension/banner_manager\";}'),(23,8,1,'2022-02-06 23:38:32',0,'a:4:{s:7:\"user_id\";s:0:\"\";s:7:\"user_ip\";s:14:\"174.203.68.239\";s:9:\"user_host\";s:0:\"\";s:2:\"rt\";s:26:\"r/extension/banner_manager\";}'),(24,18,1,'2022-02-06 23:38:32',0,'a:4:{s:7:\"user_id\";s:0:\"\";s:7:\"user_ip\";s:14:\"174.203.68.239\";s:9:\"user_host\";s:0:\"\";s:2:\"rt\";s:26:\"r/extension/banner_manager\";}'),(25,13,1,'2022-02-06 23:38:32',0,'a:4:{s:7:\"user_id\";s:0:\"\";s:7:\"user_ip\";s:14:\"174.203.68.239\";s:9:\"user_host\";s:0:\"\";s:2:\"rt\";s:26:\"r/extension/banner_manager\";}'),(26,14,1,'2022-02-06 23:38:32',0,'a:4:{s:7:\"user_id\";s:0:\"\";s:7:\"user_ip\";s:14:\"174.203.68.239\";s:9:\"user_host\";s:0:\"\";s:2:\"rt\";s:26:\"r/extension/banner_manager\";}'),(27,15,1,'2022-02-06 23:38:32',0,'a:4:{s:7:\"user_id\";s:0:\"\";s:7:\"user_ip\";s:14:\"174.203.68.239\";s:9:\"user_host\";s:0:\"\";s:2:\"rt\";s:26:\"r/extension/banner_manager\";}'),(28,11,1,'2022-02-06 23:38:32',0,'a:4:{s:7:\"user_id\";s:0:\"\";s:7:\"user_ip\";s:14:\"174.203.68.239\";s:9:\"user_host\";s:0:\"\";s:2:\"rt\";s:26:\"r/extension/banner_manager\";}'),(29,17,1,'2022-02-06 23:38:32',0,'a:4:{s:7:\"user_id\";s:0:\"\";s:7:\"user_ip\";s:14:\"174.203.68.239\";s:9:\"user_host\";s:0:\"\";s:2:\"rt\";s:26:\"r/extension/banner_manager\";}'),(30,16,1,'2022-02-06 23:38:32',0,'a:4:{s:7:\"user_id\";s:0:\"\";s:7:\"user_ip\";s:14:\"174.203.68.239\";s:9:\"user_host\";s:0:\"\";s:2:\"rt\";s:26:\"r/extension/banner_manager\";}'),(31,18,1,'2022-02-06 23:38:37',0,'a:4:{s:7:\"user_id\";s:0:\"\";s:7:\"user_ip\";s:14:\"174.203.68.239\";s:9:\"user_host\";s:0:\"\";s:2:\"rt\";s:26:\"r/extension/banner_manager\";}'),(32,10,1,'2022-02-06 23:38:37',0,'a:4:{s:7:\"user_id\";s:0:\"\";s:7:\"user_ip\";s:14:\"174.203.68.239\";s:9:\"user_host\";s:0:\"\";s:2:\"rt\";s:26:\"r/extension/banner_manager\";}'),(33,9,1,'2022-02-06 23:38:37',0,'a:4:{s:7:\"user_id\";s:0:\"\";s:7:\"user_ip\";s:14:\"174.203.68.239\";s:9:\"user_host\";s:0:\"\";s:2:\"rt\";s:26:\"r/extension/banner_manager\";}'),(34,8,1,'2022-02-06 23:38:37',0,'a:4:{s:7:\"user_id\";s:0:\"\";s:7:\"user_ip\";s:14:\"174.203.68.239\";s:9:\"user_host\";s:0:\"\";s:2:\"rt\";s:26:\"r/extension/banner_manager\";}'),(35,13,1,'2022-02-06 23:38:37',0,'a:4:{s:7:\"user_id\";s:0:\"\";s:7:\"user_ip\";s:14:\"174.203.68.239\";s:9:\"user_host\";s:0:\"\";s:2:\"rt\";s:26:\"r/extension/banner_manager\";}'),(36,14,1,'2022-02-06 23:38:37',0,'a:4:{s:7:\"user_id\";s:0:\"\";s:7:\"user_ip\";s:14:\"174.203.68.239\";s:9:\"user_host\";s:0:\"\";s:2:\"rt\";s:26:\"r/extension/banner_manager\";}'),(37,16,1,'2022-02-06 23:38:37',0,'a:4:{s:7:\"user_id\";s:0:\"\";s:7:\"user_ip\";s:14:\"174.203.68.239\";s:9:\"user_host\";s:0:\"\";s:2:\"rt\";s:26:\"r/extension/banner_manager\";}'),(38,15,1,'2022-02-06 23:38:37',0,'a:4:{s:7:\"user_id\";s:0:\"\";s:7:\"user_ip\";s:14:\"174.203.68.239\";s:9:\"user_host\";s:0:\"\";s:2:\"rt\";s:26:\"r/extension/banner_manager\";}'),(39,17,1,'2022-02-06 23:38:37',0,'a:4:{s:7:\"user_id\";s:0:\"\";s:7:\"user_ip\";s:14:\"174.203.68.239\";s:9:\"user_host\";s:0:\"\";s:2:\"rt\";s:26:\"r/extension/banner_manager\";}'),(40,11,1,'2022-02-06 23:38:37',0,'a:4:{s:7:\"user_id\";s:0:\"\";s:7:\"user_ip\";s:14:\"174.203.68.239\";s:9:\"user_host\";s:0:\"\";s:2:\"rt\";s:26:\"r/extension/banner_manager\";}'),(41,18,1,'2022-02-06 23:42:35',0,'a:4:{s:7:\"user_id\";s:0:\"\";s:7:\"user_ip\";s:14:\"174.203.68.239\";s:9:\"user_host\";s:0:\"\";s:2:\"rt\";s:26:\"r/extension/banner_manager\";}'),(42,8,1,'2022-02-06 23:42:35',0,'a:4:{s:7:\"user_id\";s:0:\"\";s:7:\"user_ip\";s:14:\"174.203.68.239\";s:9:\"user_host\";s:0:\"\";s:2:\"rt\";s:26:\"r/extension/banner_manager\";}'),(43,9,1,'2022-02-06 23:42:38',0,'a:4:{s:7:\"user_id\";s:0:\"\";s:7:\"user_ip\";s:14:\"174.203.68.239\";s:9:\"user_host\";s:0:\"\";s:2:\"rt\";s:26:\"r/extension/banner_manager\";}'),(44,14,1,'2022-02-06 23:42:50',0,'a:4:{s:7:\"user_id\";s:0:\"\";s:7:\"user_ip\";s:14:\"174.203.68.239\";s:9:\"user_host\";s:0:\"\";s:2:\"rt\";s:26:\"r/extension/banner_manager\";}'),(45,15,1,'2022-02-06 23:42:50',0,'a:4:{s:7:\"user_id\";s:0:\"\";s:7:\"user_ip\";s:14:\"174.203.68.239\";s:9:\"user_host\";s:0:\"\";s:2:\"rt\";s:26:\"r/extension/banner_manager\";}'),(46,10,1,'2022-02-06 23:42:51',0,'a:4:{s:7:\"user_id\";s:0:\"\";s:7:\"user_ip\";s:14:\"174.203.68.239\";s:9:\"user_host\";s:0:\"\";s:2:\"rt\";s:26:\"r/extension/banner_manager\";}'),(47,13,1,'2022-02-06 23:43:22',0,'a:4:{s:7:\"user_id\";s:0:\"\";s:7:\"user_ip\";s:14:\"174.203.68.239\";s:9:\"user_host\";s:0:\"\";s:2:\"rt\";s:26:\"r/extension/banner_manager\";}'),(48,16,1,'2022-02-06 23:43:22',0,'a:4:{s:7:\"user_id\";s:0:\"\";s:7:\"user_ip\";s:14:\"174.203.68.239\";s:9:\"user_host\";s:0:\"\";s:2:\"rt\";s:26:\"r/extension/banner_manager\";}'),(49,11,1,'2022-02-06 23:43:23',0,'a:4:{s:7:\"user_id\";s:0:\"\";s:7:\"user_ip\";s:14:\"174.203.68.239\";s:9:\"user_host\";s:0:\"\";s:2:\"rt\";s:26:\"r/extension/banner_manager\";}'),(50,17,1,'2022-02-06 23:43:30',0,'a:4:{s:7:\"user_id\";s:0:\"\";s:7:\"user_ip\";s:14:\"174.203.68.239\";s:9:\"user_host\";s:0:\"\";s:2:\"rt\";s:26:\"r/extension/banner_manager\";}'),(51,13,2,'2022-02-09 03:03:26',0,'a:4:{s:7:\"user_id\";s:0:\"\";s:7:\"user_ip\";s:13:\"51.222.253.16\";s:9:\"user_host\";s:0:\"\";s:2:\"rt\";s:32:\"r/extension/banner_manager/click\";}'),(52,16,2,'2022-02-10 18:17:30',0,'a:4:{s:7:\"user_id\";s:0:\"\";s:7:\"user_ip\";s:14:\"185.119.81.103\";s:9:\"user_host\";s:0:\"\";s:2:\"rt\";s:32:\"r/extension/banner_manager/click\";}'),(53,14,2,'2022-02-10 20:28:27',0,'a:4:{s:7:\"user_id\";s:0:\"\";s:7:\"user_ip\";s:13:\"51.222.253.14\";s:9:\"user_host\";s:0:\"\";s:2:\"rt\";s:32:\"r/extension/banner_manager/click\";}'),(54,15,2,'2022-02-10 20:35:05',0,'a:4:{s:7:\"user_id\";s:0:\"\";s:7:\"user_ip\";s:12:\"51.222.253.1\";s:9:\"user_host\";s:0:\"\";s:2:\"rt\";s:32:\"r/extension/banner_manager/click\";}'),(55,16,2,'2022-02-10 22:09:30',0,'a:4:{s:7:\"user_id\";s:0:\"\";s:7:\"user_ip\";s:12:\"51.222.253.5\";s:9:\"user_host\";s:0:\"\";s:2:\"rt\";s:32:\"r/extension/banner_manager/click\";}'),(56,18,2,'2022-02-11 04:43:04',0,'a:4:{s:7:\"user_id\";s:0:\"\";s:7:\"user_ip\";s:13:\"51.222.253.18\";s:9:\"user_host\";s:0:\"\";s:2:\"rt\";s:32:\"r/extension/banner_manager/click\";}'),(57,18,2,'2022-02-12 09:48:32',0,'a:4:{s:7:\"user_id\";s:0:\"\";s:7:\"user_ip\";s:13:\"66.249.65.166\";s:9:\"user_host\";s:0:\"\";s:2:\"rt\";s:32:\"r/extension/banner_manager/click\";}'),(58,13,2,'2022-02-12 12:43:31',0,'a:4:{s:7:\"user_id\";s:0:\"\";s:7:\"user_ip\";s:13:\"66.249.65.163\";s:9:\"user_host\";s:0:\"\";s:2:\"rt\";s:32:\"r/extension/banner_manager/click\";}'),(59,14,2,'2022-02-12 15:43:31',0,'a:4:{s:7:\"user_id\";s:0:\"\";s:7:\"user_ip\";s:13:\"66.249.65.168\";s:9:\"user_host\";s:0:\"\";s:2:\"rt\";s:32:\"r/extension/banner_manager/click\";}');

--
-- Table structure for table `aba6_banners`
--

CREATE TABLE `aba6_banners` (
  `banner_id` int(11) NOT NULL AUTO_INCREMENT,
  `status` int(1) NOT NULL DEFAULT '0',
  `banner_type` int(11) NOT NULL DEFAULT '1',
  `banner_group_name` varchar(255) NOT NULL DEFAULT '',
  `start_date` timestamp NULL DEFAULT NULL,
  `end_date` timestamp NULL DEFAULT NULL,
  `blank` tinyint(1) NOT NULL DEFAULT '0',
  `target_url` text,
  `sort_order` int(11) NOT NULL,
  `date_added` timestamp NOT NULL DEFAULT '0000-00-00 00:00:00',
  `date_modified` timestamp NOT NULL DEFAULT CURRENT_TIMESTAMP ON UPDATE CURRENT_TIMESTAMP,
  PRIMARY KEY (`banner_id`)
) ENGINE=MyISAM AUTO_INCREMENT=19 DEFAULT CHARSET=utf8;

--
-- Dumping data for table `aba6_banners`
--

INSERT INTO `aba6_banners` VALUES (18,1,1,'Main Page Banners','2013-03-10 05:00:00',NULL,0,'',6,'2022-02-06 20:03:37','2022-02-06 20:03:37'),(17,1,2,'Main Page Banners','2013-03-10 05:00:00',NULL,0,'',5,'2022-02-06 20:03:37','2022-02-06 20:03:37'),(16,1,1,'Main bottom banners','2013-03-10 05:00:00',NULL,0,'http://www.abantecart.com',4,'2022-02-06 20:03:37','2022-02-06 20:03:37'),(15,1,1,'Main bottom banners','2013-03-10 05:00:00',NULL,0,'http://www.abantecart.com',3,'2022-02-06 20:03:37','2022-02-06 20:03:37'),(14,1,1,'Main bottom banners','2013-03-10 05:00:00',NULL,0,'http://www.abantecart.com',2,'2022-02-06 20:03:37','2022-02-06 20:03:37'),(13,1,1,'Main bottom banners','2013-03-10 05:00:00',NULL,0,'http://www.abantecart.com',1,'2022-02-06 20:03:37','2022-02-06 20:03:37'),(11,1,2,'Main Page Banners','2013-03-10 05:00:00',NULL,0,'',4,'2022-02-06 20:03:37','2022-02-06 20:03:37'),(10,1,2,'Main Page Banners','2013-03-10 05:00:00',NULL,0,'',3,'2022-02-06 20:03:37','2022-02-06 20:03:37'),(9,1,2,'Main Page Banners','2013-03-10 05:00:00',NULL,0,'',2,'2022-02-06 20:03:37','2022-02-06 20:03:37'),(8,1,2,'Main Page Banners','2013-03-10 05:00:00',NULL,0,'',1,'2022-02-06 20:03:37','2022-02-06 20:03:37');

--
-- Table structure for table `aba6_block_descriptions`
--

CREATE TABLE `aba6_block_descriptions` (
  `block_description_id` int(10) NOT NULL AUTO_INCREMENT,
  `custom_block_id` int(10) NOT NULL,
  `language_id` int(10) NOT NULL,
  `block_wrapper` varchar(255) NOT NULL DEFAULT '0',
  `block_framed` tinyint(1) DEFAULT '1',
  `name` varchar(255) NOT NULL COMMENT 'translatable',
  `title` varchar(255) NOT NULL COMMENT 'translatable',
  `description` varchar(255) NOT NULL DEFAULT '' COMMENT 'translatable',
  `content` longtext NOT NULL,
  `date_added` timestamp NOT NULL DEFAULT '0000-00-00 00:00:00',
  `date_modified` timestamp NOT NULL DEFAULT CURRENT_TIMESTAMP ON UPDATE CURRENT_TIMESTAMP,
  PRIMARY KEY (`block_description_id`,`custom_block_id`,`language_id`)
) ENGINE=MyISAM AUTO_INCREMENT=31 DEFAULT CHARSET=utf8;

--
-- Dumping data for table `aba6_block_descriptions`
--

INSERT INTO `aba6_block_descriptions` VALUES (1,1,1,'0',0,'home page static banner','home page banner','','&lt;div style=&quot;text-align: center;&quot;&gt;&lt;a href=&quot;index.php?rt=product/special&quot;&gt; &lt;img alt=&quot;banner&quot; src=&quot;storefront/view/default/image/banner1.jpg&quot; /&gt; &lt;/a&gt;&lt;/div&gt;','2015-06-12 13:56:24','2015-06-12 13:56:24'),(2,2,1,'0',0,'Video block','Video','','a:3:{s:18:\"listing_datasource\";s:5:\"media\";s:13:\"resource_type\";s:5:\"video\";s:5:\"limit\";s:1:\"1\";}','2015-06-12 13:56:24','2015-06-12 13:56:24'),(3,3,1,'0',1,'Custom Listing block','Popular','','a:2:{s:18:\"listing_datasource\";s:34:\"catalog_product_getPopularProducts\";s:5:\"limit\";s:2:\"12\";}','2015-06-12 13:56:24','2015-06-12 13:56:24'),(30,16,1,'0',1,'Testimonials','Testimonials','Flexislider testimonials','&lt;div style=&quot;font-family: \'Open Sans\', sans-serif;&quot; class=&quot;flexslider&quot; id=&quot;testimonialsidebar&quot;&gt;\r\n	&lt;ul class=&quot;slides&quot;&gt;\r\n		&lt;li&gt;\r\n			&quot; I was working with many shopping carts, free and hosted for my clients. There is always something missing. In abantecart I find this gap to be much less. Interface is very easy to use and support is very responsive. This is considering its is free. Go abantecart go!&quot;&lt;br /&gt;\r\n			&lt;span class=&quot;pull-left orange&quot;&gt;By : TopShop on reviewcentre.com&lt;/span&gt;&lt;/li&gt;\r\n		&lt;li&gt;\r\n			&quot; Without a doubt the best cart I have used. The title says it all - abantecart is undoubtedly the best I have used. I\'m not an expert in site setup, so something this great looking and easy to use is absolutely perfect ... &quot;&lt;br /&gt;\r\n			&lt;span class=&quot;pull-left orange&quot;&gt;By : johnstenson80 on venturebeat.com&lt;/span&gt;&lt;/li&gt;\r\n		&lt;li&gt;\r\n			&quot; Will not regret using this cart. All good is already mentioned, I want to add my experience with support. My problems with some configuration were resolved quick. Faster than paid shopping cart we had before.&quot;&lt;br /&gt;\r\n			&lt;span class=&quot;pull-left orange&quot;&gt;By : shopper23 at bestshoppingcartreviews.com&lt;/span&gt;&lt;/li&gt;\r\n		&lt;li&gt;\r\n			&quot; Wow! Abante Cart is really a catch! What a nice experience it was for me. I mean, to have all these features so direct, so quick and easy was really essential for my website. I was able to add some features and a cart to my website in no time ...&quot;&lt;br /&gt;\r\n			&lt;span class=&quot;pull-left orange&quot;&gt;By : EcommerceSport at hotscripts.com&lt;/span&gt;&lt;/li&gt;\r\n		&lt;li&gt;\r\n			&quot; Love the cart. I installed it a while back and use it since when. Some features a hidden, but fun to discover them.&quot;&lt;br /&gt;\r\n			&lt;span class=&quot;pull-left orange&quot;&gt;By : Liz Wattkins at shopping-cart-reviews.com&lt;/span&gt;&lt;/li&gt;\r\n\r\n	&lt;/ul&gt;\r\n&lt;/div&gt;\r\n','2015-06-12 13:56:24','2015-06-12 13:56:24'),(28,15,1,'0',0,'Social Icons','Social Icons','This is a an HTML block to show social icons and link.\r\nNOTE: Need to edit HTML in block content to add  personal link to social media sites','      &lt;div class=&quot;social_icons&quot;&gt;\r\n        &lt;a href=&quot;http://www.facebook.com/AbanteCart&quot; target=&quot;_blank&quot; title=&quot;Facebook&quot; class=&quot;facebook&quot;&gt;Facebook&lt;/a&gt;\r\n        &lt;a href=&quot;https://twitter.com/abantecart&quot; target=&quot;_blank&quot; title=&quot;Twitter&quot; class=&quot;twitter&quot;&gt;Twitter&lt;/a&gt;\r\n        &lt;a href=&quot;#&quot; title=&quot;Linkedin&quot; class=&quot;linkedin&quot;&gt;Linkedin&lt;/a&gt;\r\n        &lt;a href=&quot;#&quot; title=&quot;rss&quot; class=&quot;rss&quot;&gt;rss&lt;/a&gt;\r\n        &lt;a href=&quot;#&quot; target=&quot;_blank&quot; title=&quot;Googleplus&quot; class=&quot;googleplus&quot;&gt;Googleplus&lt;/a&gt;\r\n        &lt;a href=&quot;#&quot; target=&quot;_blank&quot; title=&quot;Skype&quot; class=&quot;skype&quot;&gt;Skype&lt;/a&gt;\r\n        &lt;a href=&quot;#&quot; target=&quot;_blank&quot; title=&quot;Flickr&quot; class=&quot;flickr&quot;&gt;Flickr&lt;/a&gt;\r\n      &lt;/div&gt;\r\n','2015-06-12 13:56:24','2015-06-12 13:56:24'),(26,14,1,'0',1,'Contact us','Contact Us','','&lt;ul class=&quot;contact&quot;&gt;	&lt;li&gt;&lt;span class=&quot;phone&quot;&gt;&nbsp;&lt;/span&gt;+123 456 7890, +123 456 7890&lt;/li&gt;	&lt;li&gt;&lt;span class=&quot;mobile&quot;&gt;&nbsp;&lt;/span&gt;+123 456 7890, +123 456 78900&lt;/li&gt;	&lt;li&gt;&lt;span class=&quot;email&quot;&gt;&nbsp;&lt;/span&gt;help at abantecart.com&lt;/li&gt;	&lt;li&gt;&lt;span class=&quot;email&quot;&gt;&nbsp;&lt;/span&gt;help at abantecart.com&lt;/li&gt;&lt;/ul&gt;','2015-06-12 13:56:24','2015-06-12 13:56:24'),(24,13,1,'0',1,'About Us','About Us','','&lt;p&gt;\r\n	AbanteCart is a free eCommerce solution for merchants to provide ability creating online business and sell products or services online. AbanteCart application is built and supported by experienced enthusiasts that are passionate about their work and contribution to rapidly evolving eCommerce industry. AbanteCart is more than just a shopping cart, it is rapidly growing eCommerce platform with many benefits.&lt;/p&gt;\r\n','2015-06-12 13:56:24','2015-06-12 13:56:24'),(22,12,1,'blocks/listing_block/popular_brands_content_bottom.tpl',1,'Brands Scrolling List','Brands Scrolling List','','a:1:{s:18:\"listing_datasource\";s:20:\"custom_manufacturers\";}','2015-06-12 13:56:24','2015-06-12 13:56:24'),(20,11,1,'0',0,'Main Page Banner Bottom','Bottom Banners','','a:1:{s:17:\"banner_group_name\";s:19:\"Main bottom banners\";}','2015-06-12 13:56:24','2015-06-12 13:56:24'),(18,10,1,'0',0,'Main Page Promo','Promo','','	&lt;section class=&quot;row promo_section&quot;&gt;\r\n	&lt;div class=&quot;col-md-3 col-xs-6 promo_block&quot;&gt;\r\n		&lt;div class=&quot;promo_icon&quot;&gt;&lt;i class=&quot;fa fa-truck fa-fw&quot;&gt;&lt;/i&gt;&lt;/div&gt;\r\n		&lt;div class=&quot;promo_text&quot;&gt;\r\n			&lt;h2&gt;\r\n				Free shipping&lt;/h2&gt;\r\n			All over in world over $200\r\n		&lt;/div&gt;\r\n	&lt;/div&gt;\r\n	&lt;div class=&quot;col-md-3 col-xs-6 promo_block&quot;&gt;\r\n		&lt;div class=&quot;promo_icon&quot;&gt;&lt;i class=&quot;fa fa-money fa-fw&quot;&gt;&lt;/i&gt;&lt;/div&gt;\r\n		&lt;div class=&quot;promo_text&quot;&gt;\r\n			&lt;h2&gt;\r\n				Easy Payment&lt;/h2&gt;\r\n			Payment Gateway support&lt;/div&gt;\r\n	&lt;/div&gt;\r\n	&lt;div class=&quot;col-md-3 col-xs-6 promo_block&quot;&gt;\r\n		&lt;div class=&quot;promo_icon&quot;&gt;&lt;i class=&quot;fa fa-clock-o fa-fw&quot;&gt;&lt;/i&gt;&lt;/div&gt;\r\n		&lt;div class=&quot;promo_text&quot;&gt;\r\n			&lt;h2&gt;\r\n				24hrs Shipping&lt;/h2&gt;\r\n			For All US States&lt;/div&gt;\r\n	&lt;/div&gt;\r\n	&lt;div class=&quot;col-md-3 col-xs-6 promo_block&quot;&gt;\r\n		&lt;div class=&quot;promo_icon&quot;&gt;&lt;i class=&quot;fa fa-tags fa-fw&quot;&gt;&lt;/i&gt;&lt;/div&gt;\r\n		&lt;div class=&quot;promo_text&quot;&gt;\r\n			&lt;h2&gt;\r\n				Large Variety&lt;/h2&gt;\r\n			50,000+ Products&lt;/div&gt;\r\n	&lt;/div&gt;\r\n	&lt;/section&gt;','2015-06-12 13:56:24','2015-06-12 13:56:24'),(16,9,1,'blocks/banner_block/one_by_one_slider_banner_block.tpl',0,'Main Page Banner Slider','Main Page Banner Slider','','a:1:{s:17:\"banner_group_name\";s:17:\"Main Page Banners\";}','2015-06-12 13:56:24','2015-06-12 13:56:24');

--
-- Table structure for table `aba6_block_layouts`
--

CREATE TABLE `aba6_block_layouts` (
  `instance_id` int(10) NOT NULL AUTO_INCREMENT,
  `layout_id` int(10) NOT NULL DEFAULT '0',
  `block_id` int(10) NOT NULL DEFAULT '0',
  `custom_block_id` int(10) NOT NULL DEFAULT '0',
  `parent_instance_id` int(10) NOT NULL DEFAULT '0',
  `position` smallint(5) NOT NULL DEFAULT '0',
  `status` smallint(1) NOT NULL DEFAULT '0',
  `date_added` timestamp NOT NULL DEFAULT '0000-00-00 00:00:00',
  `date_modified` timestamp NOT NULL DEFAULT CURRENT_TIMESTAMP ON UPDATE CURRENT_TIMESTAMP,
  PRIMARY KEY (`instance_id`),
  UNIQUE KEY `ac_block_layouts_idx` (`instance_id`,`layout_id`,`block_id`,`parent_instance_id`,`custom_block_id`)
) ENGINE=MyISAM AUTO_INCREMENT=2086 DEFAULT CHARSET=utf8;

--
-- Dumping data for table `aba6_block_layouts`
--

INSERT INTO `aba6_block_layouts` VALUES (330,11,1,0,0,10,1,'2022-02-06 20:03:37','2022-02-06 20:03:37'),(331,11,2,0,0,20,1,'2022-02-06 20:03:37','2022-02-06 20:03:37'),(332,11,3,0,0,30,1,'2022-02-06 20:03:37','2022-02-06 20:03:37'),(333,11,4,0,0,40,1,'2022-02-06 20:03:37','2022-02-06 20:03:37'),(334,11,5,0,0,50,1,'2022-02-06 20:03:37','2022-02-06 20:03:37'),(335,11,6,0,0,60,1,'2022-02-06 20:03:37','2022-02-06 20:03:37'),(336,11,7,0,0,70,1,'2022-02-06 20:03:37','2022-02-06 20:03:37'),(337,11,8,0,0,80,1,'2022-02-06 20:03:37','2022-02-06 20:03:37'),(1839,11,25,0,337,40,1,'2022-02-06 20:03:37','2022-02-06 20:03:37'),(1840,11,11,0,337,50,1,'2022-02-06 20:03:37','2022-02-06 20:03:37'),(1835,11,9,0,331,10,1,'2022-02-06 20:03:37','2022-02-06 20:03:37'),(1842,11,24,0,337,70,1,'2022-02-06 20:03:37','2022-02-06 20:03:37'),(1843,11,21,0,337,80,1,'2022-02-06 20:03:37','2022-02-06 20:03:37'),(1844,11,31,0,330,20,1,'2022-02-06 20:03:37','2022-02-06 20:03:37'),(1829,11,27,0,330,30,1,'2022-02-06 20:03:37','2022-02-06 20:03:37'),(1830,11,26,0,330,40,1,'2022-02-06 20:03:37','2022-02-06 20:03:37'),(1831,11,14,0,330,60,1,'2022-02-06 20:03:37','2022-02-06 20:03:37'),(1832,11,13,0,330,50,1,'2022-02-06 20:03:37','2022-02-06 20:03:37'),(1833,11,15,0,330,70,1,'2022-02-06 20:03:37','2022-02-06 20:03:37'),(1950,11,28,0,331,20,1,'2022-02-06 20:03:37','2022-02-06 20:03:37'),(1782,12,21,0,356,80,1,'2022-02-06 20:03:37','2022-02-06 20:03:37'),(354,12,6,0,0,60,0,'2022-02-06 20:03:37','2022-02-06 20:03:37'),(352,12,4,0,0,40,1,'2022-02-06 20:03:37','2022-02-06 20:03:37'),(351,12,3,0,0,30,0,'2022-02-06 20:03:37','2022-02-06 20:03:37'),(350,12,2,0,0,20,1,'2022-02-06 20:03:37','2022-02-06 20:03:37'),(353,12,5,0,0,50,1,'2022-02-06 20:03:37','2022-02-06 20:03:37'),(1781,12,24,0,356,70,1,'2022-02-06 20:03:37','2022-02-06 20:03:37'),(355,12,7,0,0,70,1,'2022-02-06 20:03:37','2022-02-06 20:03:37'),(356,12,8,0,0,80,1,'2022-02-06 20:03:37','2022-02-06 20:03:37'),(349,12,1,0,0,10,1,'2022-02-06 20:03:37','2022-02-06 20:03:37'),(1763,12,14,0,349,60,1,'2022-02-06 20:03:37','2022-02-06 20:03:37'),(1764,12,15,0,349,70,1,'2022-02-06 20:03:37','2022-02-06 20:03:37'),(1761,12,26,0,349,40,1,'2022-02-06 20:03:37','2022-02-06 20:03:37'),(1762,12,13,0,349,50,1,'2022-02-06 20:03:37','2022-02-06 20:03:37'),(1770,12,12,0,353,20,1,'2022-02-06 20:03:37','2022-02-06 20:03:37'),(1771,12,18,0,353,30,1,'2022-02-06 20:03:37','2022-02-06 20:03:37'),(1772,12,22,0,353,40,1,'2022-02-06 20:03:37','2022-02-06 20:03:37'),(1766,12,9,0,350,10,1,'2022-02-06 20:03:37','2022-02-06 20:03:37'),(1779,12,11,0,356,50,1,'2022-02-06 20:03:37','2022-02-06 20:03:37'),(1769,12,19,0,353,10,1,'2022-02-06 20:03:37','2022-02-06 20:03:37'),(1778,12,25,0,356,40,1,'2022-02-06 20:03:37','2022-02-06 20:03:37'),(1845,12,31,0,349,20,1,'2022-02-06 20:03:37','2022-02-06 20:03:37'),(1760,12,27,0,349,30,1,'2022-02-06 20:03:37','2022-02-06 20:03:37'),(1846,13,31,0,378,20,1,'2022-02-06 20:03:37','2022-02-06 20:03:37'),(1799,13,27,0,378,30,1,'2022-02-06 20:03:37','2022-02-06 20:03:37'),(1810,13,11,0,379,50,1,'2022-02-06 20:03:37','2022-02-06 20:03:37'),(1805,13,9,0,375,10,1,'2022-02-06 20:03:37','2022-02-06 20:03:37'),(1951,13,28,0,375,20,1,'2022-02-06 20:03:37','2022-02-06 20:03:37'),(1801,13,13,0,378,50,1,'2022-02-06 20:03:37','2022-02-06 20:03:37'),(1813,13,21,0,379,80,1,'2022-02-06 20:03:37','2022-02-06 20:03:37'),(1809,13,25,0,379,40,1,'2022-02-06 20:03:37','2022-02-06 20:03:37'),(1800,13,26,0,378,40,1,'2022-02-06 20:03:37','2022-02-06 20:03:37'),(1812,13,24,0,379,70,1,'2022-02-06 20:03:37','2022-02-06 20:03:37'),(1802,13,14,0,378,60,1,'2022-02-06 20:03:37','2022-02-06 20:03:37'),(1803,13,15,0,378,70,1,'2022-02-06 20:03:37','2022-02-06 20:03:37'),(379,13,8,0,0,80,1,'2022-02-06 20:03:37','2022-02-06 20:03:37'),(378,13,1,0,0,10,1,'2022-02-06 20:03:37','2022-02-06 20:03:37'),(370,13,7,0,0,70,1,'2022-02-06 20:03:37','2022-02-06 20:03:37'),(371,13,6,0,0,60,0,'2022-02-06 20:03:37','2022-02-06 20:03:37'),(372,13,5,0,0,50,1,'2022-02-06 20:03:37','2022-02-06 20:03:37'),(373,13,4,0,0,40,1,'2022-02-06 20:03:37','2022-02-06 20:03:37'),(374,13,3,0,0,30,0,'2022-02-06 20:03:37','2022-02-06 20:03:37'),(375,13,2,0,0,20,1,'2022-02-06 20:03:37','2022-02-06 20:03:37'),(1795,14,11,0,392,50,1,'2022-02-06 20:03:37','2022-02-06 20:03:37'),(1794,14,25,0,392,40,1,'2022-02-06 20:03:37','2022-02-06 20:03:37'),(1790,14,12,0,387,10,1,'2022-02-06 20:03:37','2022-02-06 20:03:37'),(1847,14,31,0,391,20,1,'2022-02-06 20:03:37','2022-02-06 20:03:37'),(1783,14,27,0,391,30,1,'2022-02-06 20:03:37','2022-02-06 20:03:37'),(1784,14,26,0,391,40,1,'2022-02-06 20:03:37','2022-02-06 20:03:37'),(1785,14,13,0,391,50,1,'2022-02-06 20:03:37','2022-02-06 20:03:37'),(1786,14,14,0,391,60,1,'2022-02-06 20:03:37','2022-02-06 20:03:37'),(1789,14,9,0,388,10,1,'2022-02-06 20:03:37','2022-02-06 20:03:37'),(1952,14,28,0,388,20,1,'2022-02-06 20:03:37','2022-02-06 20:03:37'),(1787,14,15,0,391,70,1,'2022-02-06 20:03:37','2022-02-06 20:03:37'),(1797,14,24,0,392,70,1,'2022-02-06 20:03:37','2022-02-06 20:03:37'),(1798,14,21,0,392,80,1,'2022-02-06 20:03:37','2022-02-06 20:03:37'),(388,14,2,0,0,20,1,'2022-02-06 20:03:37','2022-02-06 20:03:37'),(386,14,4,0,0,40,1,'2022-02-06 20:03:37','2022-02-06 20:03:37'),(387,14,3,0,0,30,1,'2022-02-06 20:03:37','2022-02-06 20:03:37'),(384,14,6,0,0,60,0,'2022-02-06 20:03:37','2022-02-06 20:03:37'),(383,14,7,0,0,70,1,'2022-02-06 20:03:37','2022-02-06 20:03:37'),(391,14,1,0,0,10,1,'2022-02-06 20:03:37','2022-02-06 20:03:37'),(392,14,8,0,0,80,1,'2022-02-06 20:03:37','2022-02-06 20:03:37'),(385,14,5,0,0,50,1,'2022-02-06 20:03:37','2022-02-06 20:03:37'),(1827,15,24,0,403,70,1,'2022-02-06 20:03:37','2022-02-06 20:03:37'),(1818,15,15,0,395,70,1,'2022-02-06 20:03:37','2022-02-06 20:03:37'),(1817,15,14,0,395,60,1,'2022-02-06 20:03:37','2022-02-06 20:03:37'),(1816,15,13,0,395,50,1,'2022-02-06 20:03:37','2022-02-06 20:03:37'),(1828,15,21,0,403,80,1,'2022-02-06 20:03:37','2022-02-06 20:03:37'),(1815,15,26,0,395,40,1,'2022-02-06 20:03:37','2022-02-06 20:03:37'),(1848,15,31,0,395,20,1,'2022-02-06 20:03:37','2022-02-06 20:03:37'),(1814,15,27,0,395,30,1,'2022-02-06 20:03:37','2022-02-06 20:03:37'),(1820,15,9,0,399,10,1,'2022-02-06 20:03:37','2022-02-06 20:03:37'),(1953,15,28,0,399,20,1,'2022-02-06 20:03:37','2022-02-06 20:03:37'),(1825,15,11,0,403,50,1,'2022-02-06 20:03:37','2022-02-06 20:03:37'),(402,15,5,0,0,50,1,'2022-02-06 20:03:37','2022-02-06 20:03:37'),(401,15,4,0,0,40,1,'2022-02-06 20:03:37','2022-02-06 20:03:37'),(400,15,3,0,0,30,0,'2022-02-06 20:03:37','2022-02-06 20:03:37'),(399,15,2,0,0,20,1,'2022-02-06 20:03:37','2022-02-06 20:03:37'),(398,15,5,0,0,50,1,'2022-02-06 20:03:37','2022-02-06 20:03:37'),(397,15,6,0,0,60,1,'2022-02-06 20:03:37','2022-02-06 20:03:37'),(396,15,7,0,0,70,1,'2022-02-06 20:03:37','2022-02-06 20:03:37'),(395,15,1,0,0,10,1,'2022-02-06 20:03:37','2022-02-06 20:03:37'),(1824,15,25,0,403,40,1,'2022-02-06 20:03:37','2022-02-06 20:03:37'),(2021,15,16,0,397,10,1,'2022-02-06 20:03:37','2022-02-06 20:03:37'),(403,15,8,0,0,80,1,'2022-02-06 20:03:37','2022-02-06 20:03:37'),(942,17,5,0,0,50,1,'2022-02-06 20:03:37','2022-02-06 20:03:37'),(943,17,6,0,0,60,1,'2022-02-06 20:03:37','2022-02-06 20:03:37'),(944,17,7,0,0,70,1,'2022-02-06 20:03:37','2022-02-06 20:03:37'),(945,17,8,0,0,80,1,'2022-02-06 20:03:37','2022-02-06 20:03:37'),(940,17,3,0,0,30,1,'2022-02-06 20:03:37','2022-02-06 20:03:37'),(939,17,2,0,0,20,1,'2022-02-06 20:03:37','2022-02-06 20:03:37'),(938,17,1,0,0,10,1,'2022-02-06 20:03:37','2022-02-06 20:03:37'),(941,17,4,0,0,40,1,'2022-02-06 20:03:37','2022-02-06 20:03:37'),(1954,17,28,0,939,20,1,'2022-02-06 20:03:37','2022-02-06 20:03:37'),(1900,18,5,0,0,50,1,'2022-02-06 20:03:37','2022-02-06 20:03:37'),(1901,18,4,0,0,40,1,'2022-02-06 20:03:37','2022-02-06 20:03:37'),(1902,18,3,0,0,30,0,'2022-02-06 20:03:37','2022-02-06 20:03:37'),(1903,18,2,0,0,20,1,'2022-02-06 20:03:37','2022-02-06 20:03:37'),(1904,18,5,0,0,50,1,'2022-02-06 20:03:37','2022-02-06 20:03:37'),(1905,18,6,0,0,60,1,'2022-02-06 20:03:37','2022-02-06 20:03:37'),(1906,18,7,0,0,70,1,'2022-02-06 20:03:37','2022-02-06 20:03:37'),(1907,18,1,0,0,10,1,'2022-02-06 20:03:37','2022-02-06 20:03:37'),(1908,18,8,0,0,80,1,'2022-02-06 20:03:37','2022-02-06 20:03:37'),(1920,18,24,0,1908,70,1,'2022-02-06 20:03:37','2022-02-06 20:03:37'),(1921,18,15,0,1907,70,1,'2022-02-06 20:03:37','2022-02-06 20:03:37'),(1922,18,14,0,1907,60,1,'2022-02-06 20:03:37','2022-02-06 20:03:37'),(1923,18,13,0,1907,50,1,'2022-02-06 20:03:37','2022-02-06 20:03:37'),(1924,18,21,0,1908,80,1,'2022-02-06 20:03:37','2022-02-06 20:03:37'),(1925,18,26,0,1907,40,1,'2022-02-06 20:03:37','2022-02-06 20:03:37'),(1849,18,31,0,1907,20,1,'2022-02-06 20:03:37','2022-02-06 20:03:37'),(1926,18,27,0,1907,30,1,'2022-02-06 20:03:37','2022-02-06 20:03:37'),(1927,18,9,0,1903,10,1,'2022-02-06 20:03:37','2022-02-06 20:03:37'),(1955,18,28,0,1903,20,1,'2022-02-06 20:03:37','2022-02-06 20:03:37'),(1930,18,11,0,1908,50,1,'2022-02-06 20:03:37','2022-02-06 20:03:37'),(1932,18,25,0,1908,40,1,'2022-02-06 20:03:37','2022-02-06 20:03:37'),(1935,18,29,0,1905,10,1,'2022-02-06 20:03:37','2022-02-06 20:03:37'),(2000,19,24,0,2019,70,1,'2022-02-06 20:03:37','2022-02-06 20:03:37'),(2001,19,15,0,2017,70,1,'2022-02-06 20:03:37','2022-02-06 20:03:37'),(2002,19,14,0,2017,60,1,'2022-02-06 20:03:37','2022-02-06 20:03:37'),(2003,19,13,0,2017,50,1,'2022-02-06 20:03:37','2022-02-06 20:03:37'),(2004,19,21,0,2019,80,1,'2022-02-06 20:03:37','2022-02-06 20:03:37'),(2005,19,26,0,2017,40,1,'2022-02-06 20:03:37','2022-02-06 20:03:37'),(2006,19,31,0,2017,20,1,'2022-02-06 20:03:37','2022-02-06 20:03:37'),(2007,19,27,0,2017,30,1,'2022-02-06 20:03:37','2022-02-06 20:03:37'),(2008,19,9,0,2013,10,1,'2022-02-06 20:03:37','2022-02-06 20:03:37'),(2009,19,11,0,2019,50,1,'2022-02-06 20:03:37','2022-02-06 20:03:37'),(2010,19,5,0,0,50,1,'2022-02-06 20:03:37','2022-02-06 20:03:37'),(2011,19,4,0,0,40,1,'2022-02-06 20:03:37','2022-02-06 20:03:37'),(2012,19,3,0,0,30,0,'2022-02-06 20:03:37','2022-02-06 20:03:37'),(2013,19,2,0,0,20,1,'2022-02-06 20:03:37','2022-02-06 20:03:37'),(2014,19,5,0,0,50,1,'2022-02-06 20:03:37','2022-02-06 20:03:37'),(2015,19,6,0,0,60,1,'2022-02-06 20:03:37','2022-02-06 20:03:37'),(2016,19,7,0,0,70,1,'2022-02-06 20:03:37','2022-02-06 20:03:37'),(2017,19,1,0,0,10,1,'2022-02-06 20:03:37','2022-02-06 20:03:37'),(2018,19,25,0,2019,40,1,'2022-02-06 20:03:37','2022-02-06 20:03:37'),(2019,19,8,0,0,80,1,'2022-02-06 20:03:37','2022-02-06 20:03:37'),(2020,19,28,0,2013,20,1,'2022-02-06 20:03:37','2022-02-06 20:03:37'),(2043,20,1,0,0,10,1,'2022-02-06 20:03:37','2022-02-06 20:03:37'),(2044,20,2,0,0,20,1,'2022-02-06 20:03:37','2022-02-06 20:03:37'),(2045,20,3,0,0,30,1,'2022-02-06 20:03:37','2022-02-06 20:03:37'),(2046,20,4,0,0,40,1,'2022-02-06 20:03:37','2022-02-06 20:03:37'),(2047,20,5,0,0,50,1,'2022-02-06 20:03:37','2022-02-06 20:03:37'),(2048,20,6,0,0,60,1,'2022-02-06 20:03:37','2022-02-06 20:03:37'),(2049,20,7,0,0,70,1,'2022-02-06 20:03:37','2022-02-06 20:03:37'),(2050,20,8,0,0,80,1,'2022-02-06 20:03:37','2022-02-06 20:03:37'),(2051,20,25,0,2050,40,1,'2022-02-06 20:03:37','2022-02-06 20:03:37'),(2052,20,11,0,2050,50,1,'2022-02-06 20:03:37','2022-02-06 20:03:37'),(2053,20,9,0,2044,10,1,'2022-02-06 20:03:37','2022-02-06 20:03:37'),(2054,20,24,0,2050,70,1,'2022-02-06 20:03:37','2022-02-06 20:03:37'),(2055,20,21,0,2050,80,1,'2022-02-06 20:03:37','2022-02-06 20:03:37'),(2056,20,31,0,2043,20,1,'2022-02-06 20:03:37','2022-02-06 20:03:37'),(2057,20,27,0,2043,30,1,'2022-02-06 20:03:37','2022-02-06 20:03:37'),(2058,20,26,0,2043,40,1,'2022-02-06 20:03:37','2022-02-06 20:03:37'),(2059,20,14,0,2043,60,1,'2022-02-06 20:03:37','2022-02-06 20:03:37'),(2060,20,13,0,2043,50,1,'2022-02-06 20:03:37','2022-02-06 20:03:37'),(2061,20,15,0,2043,70,1,'2022-02-06 20:03:37','2022-02-06 20:03:37'),(2062,20,17,15,2043,80,1,'2022-02-06 20:03:37','2022-02-06 20:03:37'),(2063,20,28,0,2044,20,1,'2022-02-06 20:03:37','2022-02-06 20:03:37'),(2064,20,17,13,2050,10,1,'2022-02-06 20:03:37','2022-02-06 20:03:37'),(2065,20,17,14,2050,20,1,'2022-02-06 20:03:37','2022-02-06 20:03:37'),(2066,20,17,16,2050,30,1,'2022-02-06 20:03:37','2022-02-06 20:03:37'),(2067,20,17,15,2050,60,1,'2022-02-06 20:03:37','2022-02-06 20:03:37'),(2068,21,1,0,0,10,1,'2022-02-06 20:03:37','2022-02-06 20:03:37'),(2069,21,32,0,2068,40,1,'2022-02-06 20:03:37','2022-02-06 20:03:37'),(2070,21,2,0,0,20,0,'2022-02-06 20:03:37','2022-02-06 20:03:37'),(2071,21,3,0,0,30,0,'2022-02-06 20:03:37','2022-02-06 20:03:37'),(2072,21,4,0,0,40,0,'2022-02-06 20:03:37','2022-02-06 20:03:37'),(2073,21,5,0,0,50,0,'2022-02-06 20:03:37','2022-02-06 20:03:37'),(2074,21,6,0,0,60,1,'2022-02-06 20:03:37','2022-02-06 20:03:37'),(2075,21,33,0,2074,10,1,'2022-02-06 20:03:37','2022-02-06 20:03:37'),(2076,21,7,0,0,70,0,'2022-02-06 20:03:37','2022-02-06 20:03:37'),(2077,21,8,0,0,80,1,'2022-02-06 20:03:37','2022-02-06 20:03:37'),(2078,22,1,0,0,10,1,'2022-02-06 20:03:37','2022-02-06 20:03:37'),(2079,22,2,0,0,20,0,'2022-02-06 20:03:37','2022-02-06 20:03:37'),(2080,22,3,0,0,30,0,'2022-02-06 20:03:37','2022-02-06 20:03:37'),(2081,22,4,0,0,40,0,'2022-02-06 20:03:37','2022-02-06 20:03:37'),(2082,22,5,0,0,50,0,'2022-02-06 20:03:37','2022-02-06 20:03:37'),(2083,22,6,0,0,60,1,'2022-02-06 20:03:37','2022-02-06 20:03:37'),(2084,22,7,0,0,70,0,'2022-02-06 20:03:37','2022-02-06 20:03:37'),(2085,22,8,0,0,80,1,'2022-02-06 20:03:37','2022-02-06 20:03:37'),(34,2,17,1,19,10,1,'2022-02-06 20:03:37','2022-02-06 20:03:37'),(1836,11,17,13,337,10,1,'2022-02-06 20:03:37','2022-02-06 20:03:37'),(1841,11,17,15,337,60,1,'2022-02-06 20:03:37','2022-02-06 20:03:37'),(1838,11,17,16,337,30,1,'2022-02-06 20:03:37','2022-02-06 20:03:37'),(1837,11,17,14,337,20,1,'2022-02-06 20:03:37','2022-02-06 20:03:37'),(1834,11,17,15,330,80,1,'2022-02-06 20:03:37','2022-02-06 20:03:37'),(1780,12,17,15,356,60,1,'2022-02-06 20:03:37','2022-02-06 20:03:37'),(366,12,17,1,19,10,1,'2022-02-06 20:03:37','2022-02-06 20:03:37'),(1774,12,20,12,353,60,1,'2022-02-06 20:03:37','2022-02-06 20:03:37'),(1775,12,17,13,356,10,1,'2022-02-06 20:03:37','2022-02-06 20:03:37'),(1765,12,17,15,349,80,1,'2022-02-06 20:03:37','2022-02-06 20:03:37'),(1776,12,17,14,356,20,1,'2022-02-06 20:03:37','2022-02-06 20:03:37'),(1767,12,23,9,350,20,1,'2022-02-06 20:03:37','2022-02-06 20:03:37'),(1768,12,17,10,352,10,1,'2022-02-06 20:03:37','2022-02-06 20:03:37'),(1773,12,23,11,353,50,1,'2022-02-06 20:03:37','2022-02-06 20:03:37'),(1777,12,17,16,356,30,1,'2022-02-06 20:03:37','2022-02-06 20:03:37'),(1808,13,17,16,379,30,1,'2022-02-06 20:03:37','2022-02-06 20:03:37'),(1811,13,17,15,379,60,1,'2022-02-06 20:03:37','2022-02-06 20:03:37'),(1807,13,17,14,379,20,1,'2022-02-06 20:03:37','2022-02-06 20:03:37'),(1806,13,17,13,379,10,1,'2022-02-06 20:03:37','2022-02-06 20:03:37'),(1804,13,17,15,378,80,1,'2022-02-06 20:03:37','2022-02-06 20:03:37'),(1793,14,17,16,392,30,1,'2022-02-06 20:03:37','2022-02-06 20:03:37'),(1792,14,17,14,392,20,1,'2022-02-06 20:03:37','2022-02-06 20:03:37'),(1796,14,17,15,392,60,1,'2022-02-06 20:03:37','2022-02-06 20:03:37'),(1791,14,17,13,392,10,1,'2022-02-06 20:03:37','2022-02-06 20:03:37'),(1788,14,17,15,391,80,1,'2022-02-06 20:03:37','2022-02-06 20:03:37'),(1819,15,17,15,395,80,1,'2022-02-06 20:03:37','2022-02-06 20:03:37'),(1822,15,17,14,403,20,1,'2022-02-06 20:03:37','2022-02-06 20:03:37'),(1821,15,17,13,403,10,1,'2022-02-06 20:03:37','2022-02-06 20:03:37'),(1823,15,17,16,403,30,1,'2022-02-06 20:03:37','2022-02-06 20:03:37'),(1826,15,17,15,403,60,1,'2022-02-06 20:03:37','2022-02-06 20:03:37'),(1928,18,17,15,1907,80,1,'2022-02-06 20:03:37','2022-02-06 20:03:37'),(1929,18,17,14,1908,20,1,'2022-02-06 20:03:37','2022-02-06 20:03:37'),(1931,18,17,13,1908,10,1,'2022-02-06 20:03:37','2022-02-06 20:03:37'),(1933,18,17,16,1908,30,1,'2022-02-06 20:03:37','2022-02-06 20:03:37'),(1934,18,17,15,1908,60,1,'2022-02-06 20:03:37','2022-02-06 20:03:37'),(2030,19,17,15,2017,80,1,'2022-02-06 20:03:37','2022-02-06 20:03:37'),(2031,19,17,14,2019,20,1,'2022-02-06 20:03:37','2022-02-06 20:03:37'),(2032,19,17,13,2019,10,1,'2022-02-06 20:03:37','2022-02-06 20:03:37'),(2033,19,17,16,2019,30,1,'2022-02-06 20:03:37','2022-02-06 20:03:37'),(2034,19,17,15,2019,60,1,'2022-02-06 20:03:37','2022-02-06 20:03:37');

--
-- Table structure for table `aba6_block_templates`
--

CREATE TABLE `aba6_block_templates` (
  `block_id` int(10) NOT NULL AUTO_INCREMENT,
  `parent_block_id` int(10) NOT NULL DEFAULT '0',
  `template` varchar(255) NOT NULL,
  `date_added` timestamp NOT NULL DEFAULT '0000-00-00 00:00:00',
  `date_modified` timestamp NOT NULL DEFAULT CURRENT_TIMESTAMP ON UPDATE CURRENT_TIMESTAMP,
  PRIMARY KEY (`block_id`,`parent_block_id`)
) ENGINE=MyISAM AUTO_INCREMENT=34 DEFAULT CHARSET=utf8;

--
-- Dumping data for table `aba6_block_templates`
--

INSERT INTO `aba6_block_templates` VALUES (15,1,'blocks/cart_top.tpl','2022-02-06 20:03:37','2022-02-06 20:03:37'),(15,6,'blocks/cart.tpl','2022-02-06 20:03:37','2022-02-06 20:03:37'),(9,1,'blocks/category_top.tpl','2022-02-06 20:03:37','2022-02-06 20:03:37'),(9,2,'blocks/category_top.tpl','2022-02-06 20:03:37','2022-02-06 20:03:37'),(9,3,'blocks/category.tpl','2022-02-06 20:03:37','2022-02-06 20:03:37'),(9,6,'blocks/category.tpl','2022-02-06 20:03:37','2022-02-06 20:03:37'),(9,7,'blocks/category_bottom.tpl','2022-02-06 20:03:37','2022-02-06 20:03:37'),(9,8,'blocks/category_bottom.tpl','2022-02-06 20:03:37','2022-02-06 20:03:37'),(10,3,'blocks/manufacturer.tpl','2022-02-06 20:03:37','2022-02-06 20:03:37'),(10,6,'blocks/manufacturer.tpl','2022-02-06 20:03:37','2022-02-06 20:03:37'),(11,3,'blocks/content.tpl','2022-02-06 20:03:37','2022-02-06 20:03:37'),(11,1,'blocks/content_header.tpl','2022-02-06 20:03:37','2022-02-06 20:03:37'),(11,6,'blocks/content.tpl','2022-02-06 20:03:37','2022-02-06 20:03:37'),(11,8,'blocks/content_footer.tpl','2022-02-06 20:03:37','2022-02-06 20:03:37'),(12,3,'blocks/latest.tpl','2022-02-06 20:03:37','2022-02-06 20:03:37'),(12,6,'blocks/latest.tpl','2022-02-06 20:03:37','2022-02-06 20:03:37'),(12,5,'blocks/latest_home.tpl','2022-02-06 20:03:37','2022-02-06 20:03:37'),(12,4,'blocks/latest_home.tpl','2022-02-06 20:03:37','2022-02-06 20:03:37'),(13,1,'blocks/language.tpl','2022-02-06 20:03:37','2022-02-06 20:03:37'),(14,1,'blocks/currency.tpl','2022-02-06 20:03:37','2022-02-06 20:03:37'),(16,6,'blocks/order_summary.tpl','2022-02-06 20:03:37','2022-02-06 20:03:37'),(17,1,'blocks/html_block_header.tpl','2022-02-06 20:03:37','2022-02-06 20:03:37'),(17,2,'blocks/html_block_content.tpl','2022-02-06 20:03:37','2022-02-06 20:03:37'),(17,3,'blocks/html_block.tpl','2022-02-06 20:03:37','2022-02-06 20:03:37'),(17,4,'blocks/html_block_content.tpl','2022-02-06 20:03:37','2022-02-06 20:03:37'),(17,5,'blocks/html_block_content.tpl','2022-02-06 20:03:37','2022-02-06 20:03:37'),(17,6,'blocks/html_block.tpl','2022-02-06 20:03:37','2022-02-06 20:03:37'),(17,7,'blocks/html_block_content.tpl','2022-02-06 20:03:37','2022-02-06 20:03:37'),(17,8,'blocks/html_block_footer.tpl','2022-02-06 20:03:37','2022-02-06 20:03:37'),(18,3,'blocks/bestseller.tpl','2022-02-06 20:03:37','2022-02-06 20:03:37'),(18,6,'blocks/bestseller.tpl','2022-02-06 20:03:37','2022-02-06 20:03:37'),(18,5,'blocks/bestseller_home.tpl','2022-02-06 20:03:37','2022-02-06 20:03:37'),(19,3,'blocks/featured.tpl','2022-02-06 20:03:37','2022-02-06 20:03:37'),(19,6,'blocks/featured.tpl','2022-02-06 20:03:37','2022-02-06 20:03:37'),(19,5,'blocks/featured_home.tpl','2022-02-06 20:03:37','2022-02-06 20:03:37'),(20,1,'blocks/listing_block_header.tpl','2022-02-06 20:03:37','2022-02-06 20:03:37'),(20,2,'blocks/listing_block_header_bottom.tpl','2022-02-06 20:03:37','2022-02-06 20:03:37'),(20,3,'blocks/listing_block_column_left.tpl','2022-02-06 20:03:37','2022-02-06 20:03:37'),(20,4,'blocks/listing_block_content_top.tpl','2022-02-06 20:03:37','2022-02-06 20:03:37'),(20,5,'blocks/listing_block_content_bottom.tpl','2022-02-06 20:03:37','2022-02-06 20:03:37'),(20,6,'blocks/listing_block_column_right.tpl','2022-02-06 20:03:37','2022-02-06 20:03:37'),(20,7,'blocks/listing_block_footer_top.tpl','2022-02-06 20:03:37','2022-02-06 20:03:37'),(20,8,'blocks/listing_block_footer.tpl','2022-02-06 20:03:37','2022-02-06 20:03:37'),(21,8,'blocks/donate.tpl','2022-02-06 20:03:37','2022-02-06 20:03:37'),(22,3,'blocks/special.tpl','2022-02-06 20:03:37','2022-02-06 20:03:37'),(22,5,'blocks/special_home.tpl','2022-02-06 20:03:37','2022-02-06 20:03:37'),(22,6,'blocks/special.tpl','2022-02-06 20:03:37','2022-02-06 20:03:37'),(23,1,'blocks/banner_block_header.tpl','2022-02-06 20:03:37','2022-02-06 20:03:37'),(23,2,'blocks/banner_block_content.tpl','2022-02-06 20:03:37','2022-02-06 20:03:37'),(23,3,'blocks/banner_block.tpl','2022-02-06 20:03:37','2022-02-06 20:03:37'),(23,4,'blocks/banner_block_content.tpl','2022-02-06 20:03:37','2022-02-06 20:03:37'),(23,5,'blocks/banner_block_content.tpl','2022-02-06 20:03:37','2022-02-06 20:03:37'),(23,6,'blocks/banner_block.tpl','2022-02-06 20:03:37','2022-02-06 20:03:37'),(23,7,'blocks/banner_block_content.tpl','2022-02-06 20:03:37','2022-02-06 20:03:37'),(23,8,'blocks/banner_block_header.tpl','2022-02-06 20:03:37','2022-02-06 20:03:37'),(24,8,'blocks/credit_cards.tpl','2022-02-06 20:03:37','2022-02-06 20:03:37'),(25,1,'blocks/newsletter_signup_header.tpl','2022-02-06 20:03:37','2022-02-06 20:03:37'),(25,2,'blocks/newsletter_signup_header_bottom.tpl','2022-02-06 20:03:37','2022-02-06 20:03:37'),(25,3,'blocks/newsletter_signup_column_left.tpl','2022-02-06 20:03:37','2022-02-06 20:03:37'),(25,4,'blocks/newsletter_signup_content_top.tpl','2022-02-06 20:03:37','2022-02-06 20:03:37'),(25,5,'blocks/newsletter_signup_content_bottom.tpl','2022-02-06 20:03:37','2022-02-06 20:03:37'),(25,6,'blocks/newsletter_signup_column_right.tpl','2022-02-06 20:03:37','2022-02-06 20:03:37'),(25,7,'blocks/newsletter_signup_footer_top.tpl','2022-02-06 20:03:37','2022-02-06 20:03:37'),(25,8,'blocks/newsletter_signup_footer.tpl','2022-02-06 20:03:37','2022-02-06 20:03:37'),(26,1,'blocks/search_top.tpl','2022-02-06 20:03:37','2022-02-06 20:03:37'),(26,2,'blocks/search_top.tpl','2022-02-06 20:03:37','2022-02-06 20:03:37'),(26,3,'blocks/search.tpl','2022-02-06 20:03:37','2022-02-06 20:03:37'),(26,6,'blocks/search.tpl','2022-02-06 20:03:37','2022-02-06 20:03:37'),(27,1,'blocks/menu_top.tpl','2022-02-06 20:03:37','2022-02-06 20:03:37'),(27,2,'blocks/menu.tpl','2022-02-06 20:03:37','2022-02-06 20:03:37'),(27,8,'blocks/menu_bottom.tpl','2022-02-06 20:03:37','2022-02-06 20:03:37'),(27,3,'blocks/menu.tpl','2022-02-06 20:03:37','2022-02-06 20:03:37'),(27,6,'blocks/menu.tpl','2022-02-06 20:03:37','2022-02-06 20:03:37'),(28,2,'blocks/breadcrumbs.tpl','2022-02-06 20:03:37','2022-02-06 20:03:37'),(29,3,'blocks/account.tpl','2022-02-06 20:03:37','2022-02-06 20:03:37'),(29,6,'blocks/account.tpl','2022-02-06 20:03:37','2022-02-06 20:03:37'),(30,1,'blocks/custom_form_block_header.tpl','2022-02-06 20:03:37','2022-02-06 20:03:37'),(30,2,'blocks/custom_form_block_content.tpl','2022-02-06 20:03:37','2022-02-06 20:03:37'),(30,3,'blocks/custom_form_block.tpl','2022-02-06 20:03:37','2022-02-06 20:03:37'),(30,4,'blocks/custom_form_block_content.tpl','2022-02-06 20:03:37','2022-02-06 20:03:37'),(30,5,'blocks/custom_form_block_content.tpl','2022-02-06 20:03:37','2022-02-06 20:03:37'),(30,6,'blocks/custom_form_block.tpl','2022-02-06 20:03:37','2022-02-06 20:03:37'),(30,7,'blocks/custom_form_block_content.tpl','2022-02-06 20:03:37','2022-02-06 20:03:37'),(30,8,'blocks/custom_form_block_header.tpl','2022-02-06 20:03:37','2022-02-06 20:03:37'),(31,1,'blocks/customer.tpl','2022-02-06 20:03:37','2022-02-06 20:03:37'),(32,1,'blocks/fast_checkout_cart_btn.tpl','2022-02-06 20:03:37','2022-02-06 20:03:37'),(33,6,'blocks/fast_checkout_summary.tpl','2022-02-06 20:03:37','2022-02-06 20:03:37');

--
-- Table structure for table `aba6_blocks`
--

CREATE TABLE `aba6_blocks` (
  `block_id` int(10) NOT NULL AUTO_INCREMENT,
  `block_txt_id` varchar(255) NOT NULL,
  `controller` varchar(255) NOT NULL,
  `date_added` timestamp NOT NULL DEFAULT '0000-00-00 00:00:00',
  `date_modified` timestamp NOT NULL DEFAULT CURRENT_TIMESTAMP ON UPDATE CURRENT_TIMESTAMP,
  PRIMARY KEY (`block_id`)
) ENGINE=MyISAM AUTO_INCREMENT=34 DEFAULT CHARSET=utf8;

--
-- Dumping data for table `aba6_blocks`
--

INSERT INTO `aba6_blocks` VALUES (1,'header','common/header','2022-02-06 20:03:37','2022-02-06 20:03:37'),(2,'header_bottom','common/header_bottom','2022-02-06 20:03:37','2022-02-06 20:03:37'),(3,'column_left','common/column_left','2022-02-06 20:03:37','2022-02-06 20:03:37'),(4,'content_top','common/content_top','2022-02-06 20:03:37','2022-02-06 20:03:37'),(5,'content_bottom','common/content_bottom','2022-02-06 20:03:37','2022-02-06 20:03:37'),(6,'column_right','common/column_right','2022-02-06 20:03:37','2022-02-06 20:03:37'),(7,'footer_top','common/footer_top','2022-02-06 20:03:37','2022-02-06 20:03:37'),(8,'footer','common/footer','2022-02-06 20:03:37','2022-02-06 20:03:37'),(9,'category','blocks/category','2022-02-06 20:03:37','2022-02-06 20:03:37'),(10,'manufacturer','blocks/manufacturer','2022-02-06 20:03:37','2022-02-06 20:03:37'),(11,'content','blocks/content','2022-02-06 20:03:37','2022-02-06 20:03:37'),(12,'latest','blocks/latest','2022-02-06 20:03:37','2022-02-06 20:03:37'),(13,'language','blocks/language','2022-02-06 20:03:37','2022-02-06 20:03:37'),(14,'currency','blocks/currency','2022-02-06 20:03:37','2022-02-06 20:03:37'),(15,'cart','blocks/cart','2022-02-06 20:03:37','2022-02-06 20:03:37'),(16,'order_summary','blocks/order_summary','2022-02-06 20:03:37','2022-02-06 20:03:37'),(17,'html_block','blocks/html_block','2022-02-06 20:03:37','2022-02-06 20:03:37'),(18,'bestsellers','blocks/bestseller','2022-02-06 20:03:37','2022-02-06 20:03:37'),(19,'featured','blocks/featured','2022-02-06 20:03:37','2022-02-06 20:03:37'),(20,'listing_block','blocks/listing_block','2022-02-06 20:03:37','2022-02-06 20:03:37'),(21,'donate','blocks/donate','2022-02-06 20:03:37','2022-02-06 20:03:37'),(22,'special','blocks/special','2022-02-06 20:03:37','2022-02-06 20:03:37'),(23,'banner_block','blocks/banner_block','2022-02-06 20:03:37','2022-02-06 20:03:37'),(24,'credit_cards','blocks/credit_cards','2022-02-06 20:03:37','2022-02-06 20:03:37'),(25,'newsletter_signup','blocks/newsletter_signup','2022-02-06 20:03:37','2022-02-06 20:03:37'),(26,'search','blocks/search','2022-02-06 20:03:37','2022-02-06 20:03:37'),(27,'menu','blocks/menu','2022-02-06 20:03:37','2022-02-06 20:03:37'),(28,'breadcrumbs','blocks/breadcrumbs','2022-02-06 20:03:37','2022-02-06 20:03:37'),(29,'account','blocks/account','2022-02-06 20:03:37','2022-02-06 20:03:37'),(30,'custom_form_block','blocks/custom_form_block','2022-02-06 20:03:37','2022-02-06 20:03:37'),(31,'customer','blocks/customer','2022-02-06 20:03:37','2022-02-06 20:03:37'),(32,'fast_checkout_cart_btn','blocks/fast_checkout_cart_btn','2022-02-06 20:03:37','2022-02-06 20:03:37'),(33,'fast_checkout_summary','blocks/fast_checkout_summary','2022-02-06 20:03:37','2022-02-06 20:03:37');

--
-- Table structure for table `aba6_categories`
--

CREATE TABLE `aba6_categories` (
  `category_id` int(11) NOT NULL AUTO_INCREMENT,
  `parent_id` int(11) NOT NULL DEFAULT '0',
  `sort_order` int(3) NOT NULL DEFAULT '0',
  `status` int(1) NOT NULL DEFAULT '1',
  `date_added` timestamp NOT NULL DEFAULT '0000-00-00 00:00:00',
  `date_modified` timestamp NOT NULL DEFAULT CURRENT_TIMESTAMP ON UPDATE CURRENT_TIMESTAMP,
  PRIMARY KEY (`category_id`),
  KEY `ac_categories_idx` (`category_id`,`parent_id`,`status`)
) ENGINE=MyISAM AUTO_INCREMENT=71 DEFAULT CHARSET=utf8;

--
-- Dumping data for table `aba6_categories`
--

INSERT INTO `aba6_categories` VALUES (46,43,0,1,'2022-02-06 20:03:37','2022-02-06 20:03:37'),(47,43,0,1,'2022-02-06 20:03:37','2022-02-06 20:03:37'),(38,36,0,1,'2022-02-06 20:03:37','2022-02-06 20:03:37'),(40,36,0,1,'2022-02-06 20:03:37','2022-02-06 20:03:37'),(41,36,0,1,'2022-02-06 20:03:37','2022-02-06 20:03:37'),(42,36,0,1,'2022-02-06 20:03:37','2022-02-06 20:03:37'),(43,0,2,1,'2022-02-06 20:03:37','2022-02-06 20:03:37'),(44,43,0,1,'2022-02-06 20:03:37','2022-02-06 20:03:37'),(45,43,0,1,'2022-02-06 20:03:37','2022-02-06 20:03:37'),(39,36,0,1,'2022-02-06 20:03:37','2022-02-06 20:03:37'),(36,0,1,1,'2022-02-06 20:03:37','2022-02-06 20:03:37'),(37,36,0,1,'2022-02-06 20:03:37','2022-02-06 20:03:37'),(48,43,0,1,'2022-02-06 20:03:37','2022-02-06 20:03:37'),(49,0,3,1,'2022-02-06 20:03:37','2022-02-06 20:03:37'),(50,49,0,1,'2022-02-06 20:03:37','2022-02-06 20:03:37'),(51,49,0,1,'2022-02-06 20:03:37','2022-02-06 20:03:37'),(52,0,98,1,'2022-02-06 20:03:37','2022-02-06 20:03:37'),(53,52,0,1,'2022-02-06 20:03:37','2022-02-06 20:03:37'),(54,52,0,1,'2022-02-06 20:03:37','2022-02-06 20:03:37'),(58,0,4,1,'2022-02-06 20:03:37','2022-02-06 20:03:37'),(59,58,0,1,'2022-02-06 20:03:37','2022-02-06 20:03:37'),(60,58,0,1,'2022-02-06 20:03:37','2022-02-06 20:03:37'),(61,58,0,1,'2022-02-06 20:03:37','2022-02-06 20:03:37'),(62,58,0,0,'2022-02-06 20:03:37','2022-02-06 20:03:37'),(63,58,0,1,'2022-02-06 20:03:37','2022-02-06 20:03:37'),(64,0,99,0,'2022-02-06 20:03:37','2022-02-06 20:03:37'),(65,0,100,1,'2022-02-06 20:03:37','2022-02-06 20:03:37'),(66,65,0,1,'2022-02-06 20:03:37','2022-02-06 20:03:37'),(67,65,0,1,'2022-02-06 20:03:37','2022-02-06 20:03:37'),(68,0,0,1,'2022-02-06 20:03:37','2022-02-06 20:03:37'),(69,68,0,1,'2022-02-06 20:03:37','2022-02-06 20:03:37'),(70,68,0,1,'2022-02-06 20:03:37','2022-02-06 20:03:37');

--
-- Table structure for table `aba6_categories_to_stores`
--

CREATE TABLE `aba6_categories_to_stores` (
  `category_id` int(11) NOT NULL,
  `store_id` int(11) NOT NULL,
  PRIMARY KEY (`category_id`,`store_id`)
) ENGINE=MyISAM DEFAULT CHARSET=utf8;

--
-- Dumping data for table `aba6_categories_to_stores`
--

INSERT INTO `aba6_categories_to_stores` VALUES (36,0),(37,0),(38,0),(39,0),(40,0),(41,0),(42,0),(43,0),(44,0),(45,0),(46,0),(47,0),(48,0),(49,0),(50,0),(51,0),(52,0),(53,0),(54,0),(58,0),(59,0),(60,0),(61,0),(62,0),(63,0),(64,0),(65,0),(66,0),(67,0),(68,0),(69,0),(70,0);

--
-- Table structure for table `aba6_category_descriptions`
--

CREATE TABLE `aba6_category_descriptions` (
  `category_id` int(11) NOT NULL,
  `language_id` int(11) NOT NULL,
  `name` varchar(255) NOT NULL DEFAULT '' COMMENT 'translatable',
  `meta_keywords` varchar(255) NOT NULL COMMENT 'translatable',
  `meta_description` varchar(255) NOT NULL COMMENT 'translatable',
  `description` text NOT NULL COMMENT 'translatable',
  PRIMARY KEY (`category_id`,`language_id`),
  KEY `name` (`name`)
) ENGINE=MyISAM DEFAULT CHARSET=utf8;

--
-- Dumping data for table `aba6_category_descriptions`
--

INSERT INTO `aba6_category_descriptions` VALUES (43,1,'Skincare','','','&lt;p&gt;\r\n	Products from award-winning skin care brands&lt;/p&gt;\r\n'),(41,1,'Lips','','',''),(42,1,'Nails','','',''),(38,1,'Face','','',''),(39,1,'Eyes','','',''),(36,1,'Makeup','Makeup','','&lt;p&gt;\r\n	All your makeup needs, from foundation to eye shadow in hundreds of different assortments and colors.&lt;/p&gt;\r\n'),(40,1,'Cheeks','','',''),(37,1,'Value Sets','value sets makeup','',''),(44,1,'Sun','','',''),(45,1,'Gift Ideas &amp; Sets','','',''),(46,1,'Face','','','&lt;p&gt;\r\n	Find face skin care solutions&lt;/p&gt;\r\n'),(47,1,'Eyes','','',''),(48,1,'Hands &amp; Nails','','','&lt;p&gt;\r\n	Keep your hands looking fresh&lt;/p&gt;\r\n'),(49,1,'Fragrance','','','&lt;p&gt;\r\n	Looking for a new scent? Check out our fragrance&lt;/p&gt;\r\n'),(50,1,'Women','','','&lt;p&gt;\r\n	Fragrance for Women&lt;/p&gt;\r\n'),(51,1,'Men','','',''),(52,1,'Hair Care','','','&lt;p&gt;\r\n	The widest range of premium hair products&lt;/p&gt;\r\n'),(53,1,'Shampoo','','',''),(54,1,'Conditioner','','',''),(58,1,'Men','','',''),(59,1,'Fragrance Sets','','',''),(60,1,'Skincare','','',''),(61,1,'Pre-Shave &amp; Shaving','','',''),(62,1,'Post-Shave &amp; Moisturizers','','',''),(63,1,'Body &amp; Shower','','',''),(64,1,'Bath &amp; Body','','',''),(65,1,'Books','','','Find the Items You&amp;#39;d Like to read'),(66,1,'Audio CD','','',''),(67,1,'Paperback','','',''),(68,1,'Apparel &amp; accessories','','',''),(69,1,'Shoes','','',''),(70,1,'T-shirts','','','Shop men&amp;#39;s T-shirts');

--
-- Table structure for table `aba6_collection_descriptions`
--

CREATE TABLE `aba6_collection_descriptions` (
  `id` int(11) NOT NULL AUTO_INCREMENT,
  `collection_id` int(11) NOT NULL,
  `language_id` int(11) NOT NULL,
  `title` varchar(255) CHARACTER SET utf8 COLLATE utf8_bin DEFAULT NULL,
  `meta_keywords` text CHARACTER SET utf8 COLLATE utf8_bin,
  `meta_description` text CHARACTER SET utf8 COLLATE utf8_bin,
  PRIMARY KEY (`id`),
  UNIQUE KEY `collection_language_idx` (`collection_id`,`language_id`)
) ENGINE=MyISAM DEFAULT CHARSET=utf8;

--
-- Dumping data for table `aba6_collection_descriptions`
--


--
-- Table structure for table `aba6_collections`
--

CREATE TABLE `aba6_collections` (
  `id` int(11) NOT NULL AUTO_INCREMENT,
  `status` tinyint(4) NOT NULL DEFAULT '0',
  `name` varchar(255) CHARACTER SET utf8 COLLATE utf8_bin DEFAULT NULL,
  `description` text CHARACTER SET utf8 COLLATE utf8_bin,
  `conditions` text CHARACTER SET utf8 COLLATE utf8_bin,
  `store_id` int(11) NOT NULL DEFAULT '0',
  `date_added` timestamp NOT NULL DEFAULT CURRENT_TIMESTAMP,
  PRIMARY KEY (`id`)
) ENGINE=MyISAM DEFAULT CHARSET=utf8;

--
-- Dumping data for table `aba6_collections`
--


--
-- Table structure for table `aba6_content_descriptions`
--

CREATE TABLE `aba6_content_descriptions` (
  `content_id` int(10) NOT NULL DEFAULT '0',
  `language_id` int(11) NOT NULL,
  `name` varchar(255) NOT NULL COMMENT 'translatable',
  `title` varchar(255) NOT NULL COMMENT 'translatable',
  `description` varchar(255) NOT NULL DEFAULT '' COMMENT 'translatable',
  `meta_keywords` varchar(255) NOT NULL COMMENT 'translatable',
  `meta_description` varchar(255) NOT NULL COMMENT 'translatable',
  `content` longtext NOT NULL COMMENT 'translatable',
  `date_added` timestamp NOT NULL DEFAULT '0000-00-00 00:00:00',
  `date_modified` timestamp NOT NULL DEFAULT CURRENT_TIMESTAMP ON UPDATE CURRENT_TIMESTAMP,
  PRIMARY KEY (`content_id`,`language_id`)
) ENGINE=MyISAM DEFAULT CHARSET=utf8;

--
-- Dumping data for table `aba6_content_descriptions`
--

INSERT INTO `aba6_content_descriptions` VALUES (1,1,'About Us','About Us','some description','','','text about your store','2022-02-06 20:03:37','2022-02-06 20:03:37'),(2,1,'Privacy Policy','Privacy Policy','some description','','','some text about privacy policy','2022-02-06 20:03:37','2022-02-06 20:03:37'),(3,1,'Return Policy','Return Policy','some description','','','some text about return policy','2022-02-06 20:03:37','2022-02-06 20:03:37'),(4,1,'Shipping','Shipping','some description','','','some text about shipping','2022-02-06 20:03:37','2022-02-06 20:03:37'),(1,9,'Acerca de Nosotros','Acerca de Nosotros','alguna descripción','','','texto acerca de su tienda','2022-02-06 20:03:37','2022-02-06 20:03:37'),(2,9,'Política de Privacidad','Política de Privacidad','alguna descripción','','','un texto sobre la política','2022-02-06 20:03:37','2022-02-06 20:03:37'),(3,9,'Política de devoluciones','Política de devoluciones','alguna descripción','','','un texto sobre la política de retorno','2022-02-06 20:03:37','2022-02-06 20:03:37'),(4,9,'Entrega','Entrega','alguna descripción','','','un texto sobre el envío','2022-02-06 20:03:37','2022-02-06 20:03:37');

--
-- Table structure for table `aba6_contents`
--

CREATE TABLE `aba6_contents` (
  `content_id` int(11) NOT NULL AUTO_INCREMENT,
  `parent_content_id` int(11) NOT NULL DEFAULT '0',
  `sort_order` int(3) NOT NULL DEFAULT '0',
  `status` int(1) NOT NULL DEFAULT '0',
  PRIMARY KEY (`content_id`,`parent_content_id`)
) ENGINE=MyISAM AUTO_INCREMENT=5 DEFAULT CHARSET=utf8;

--
-- Dumping data for table `aba6_contents`
--

INSERT INTO `aba6_contents` VALUES (1,0,1,1),(2,0,2,1),(3,0,3,1),(4,0,4,1);

--
-- Table structure for table `aba6_contents_to_stores`
--

CREATE TABLE `aba6_contents_to_stores` (
  `content_id` int(11) NOT NULL,
  `store_id` int(11) NOT NULL,
  PRIMARY KEY (`content_id`,`store_id`)
) ENGINE=MyISAM DEFAULT CHARSET=utf8;

--
-- Dumping data for table `aba6_contents_to_stores`
--


--
-- Table structure for table `aba6_countries`
--

CREATE TABLE `aba6_countries` (
  `country_id` int(11) NOT NULL AUTO_INCREMENT,
  `iso_code_2` varchar(2) NOT NULL DEFAULT '',
  `iso_code_3` varchar(3) NOT NULL DEFAULT '',
  `address_format` text NOT NULL,
  `status` int(1) NOT NULL DEFAULT '1',
  `sort_order` int(3) NOT NULL DEFAULT '0',
  PRIMARY KEY (`country_id`),
  KEY `ac_countries_idx` (`iso_code_2`,`iso_code_3`,`status`)
) ENGINE=MyISAM AUTO_INCREMENT=241 DEFAULT CHARSET=utf8;

--
-- Dumping data for table `aba6_countries`
--

INSERT INTO `aba6_countries` VALUES (1,'AF','AFG','',1,0),(2,'AL','ALB','',1,0),(3,'DZ','DZA','',1,0),(4,'AS','ASM','',1,0),(5,'AD','AND','',1,0),(6,'AO','AGO','',1,0),(7,'AI','AIA','',1,0),(8,'AQ','ATA','',1,0),(9,'AG','ATG','',1,0),(10,'AR','ARG','',1,0),(11,'AM','ARM','',1,0),(12,'AW','ABW','',1,0),(13,'AU','AUS','',1,0),(14,'AT','AUT','',1,0),(15,'AZ','AZE','',1,0),(16,'BS','BHS','',1,0),(17,'BH','BHR','',1,0),(18,'BD','BGD','',1,0),(19,'BB','BRB','',1,0),(20,'BY','BLR','',1,0),(21,'BE','BEL','',1,0),(22,'BZ','BLZ','',1,0),(23,'BJ','BEN','',1,0),(24,'BM','BMU','',1,0),(25,'BT','BTN','',1,0),(26,'BO','BOL','',1,0),(27,'BA','BIH','',1,0),(28,'BW','BWA','',1,0),(29,'BV','BVT','',1,0),(30,'BR','BRA','',1,0),(31,'IO','IOT','',1,0),(32,'BN','BRN','',1,0),(33,'BG','BGR','',1,0),(34,'BF','BFA','',1,0),(35,'BI','BDI','',1,0),(36,'KH','KHM','',1,0),(37,'CM','CMR','',1,0),(38,'CA','CAN','',1,0),(39,'CV','CPV','',1,0),(40,'KY','CYM','',1,0),(41,'CF','CAF','',1,0),(42,'TD','TCD','',1,0),(43,'CL','CHL','',1,0),(44,'CN','CHN','',1,0),(45,'CX','CXR','',1,0),(46,'CC','CCK','',1,0),(47,'CO','COL','',1,0),(48,'KM','COM','',1,0),(49,'CG','COG','',1,0),(50,'CK','COK','',1,0),(51,'CR','CRI','',1,0),(52,'CI','CIV','',1,0),(53,'HR','HRV','',1,0),(54,'CU','CUB','',1,0),(55,'CY','CYP','',1,0),(56,'CZ','CZE','',1,0),(57,'DK','DNK','',1,0),(58,'DJ','DJI','',1,0),(59,'DM','DMA','',1,0),(60,'DO','DOM','',1,0),(61,'TP','TMP','',1,0),(62,'EC','ECU','',1,0),(63,'EG','EGY','',1,0),(64,'SV','SLV','',1,0),(65,'GQ','GNQ','',1,0),(66,'ER','ERI','',1,0),(67,'EE','EST','',1,0),(68,'ET','ETH','',1,0),(69,'FK','FLK','',1,0),(70,'FO','FRO','',1,0),(71,'FJ','FJI','',1,0),(72,'FI','FIN','',1,0),(73,'FR','FRA','',1,0),(74,'FX','FXX','',1,0),(75,'GF','GUF','',1,0),(76,'PF','PYF','',1,0),(77,'TF','ATF','',1,0),(78,'GA','GAB','',1,0),(79,'GM','GMB','',1,0),(80,'GE','GEO','',1,0),(81,'DE','DEU','',1,0),(82,'GH','GHA','',1,0),(83,'GI','GIB','',1,0),(84,'GR','GRC','',1,0),(85,'GL','GRL','',1,0),(86,'GD','GRD','',1,0),(87,'GP','GLP','',1,0),(88,'GU','GUM','',1,0),(89,'GT','GTM','',1,0),(90,'GN','GIN','',1,0),(91,'GW','GNB','',1,0),(92,'GY','GUY','',1,0),(93,'HT','HTI','',1,0),(94,'HM','HMD','',1,0),(95,'HN','HND','',1,0),(96,'HK','HKG','',1,0),(97,'HU','HUN','',1,0),(98,'IS','ISL','',1,0),(99,'IN','IND','',1,0),(100,'ID','IDN','',1,0),(101,'IR','IRN','',1,0),(102,'IQ','IRQ','',1,0),(103,'IE','IRL','',1,0),(104,'IL','ISR','',1,0),(105,'IT','ITA','',1,0),(106,'JM','JAM','',1,0),(107,'JP','JPN','',1,0),(108,'JO','JOR','',1,0),(109,'KZ','KAZ','',1,0),(110,'KE','KEN','',1,0),(111,'KI','KIR','',1,0),(112,'KP','PRK','',1,0),(113,'KR','KOR','',1,0),(114,'KW','KWT','',1,0),(115,'KG','KGZ','',1,0),(116,'LA','LAO','',1,0),(117,'LV','LVA','',1,0),(118,'LB','LBN','',1,0),(119,'LS','LSO','',1,0),(120,'LR','LBR','',1,0),(121,'LY','LBY','',1,0),(122,'LI','LIE','',1,0),(123,'LT','LTU','',1,0),(124,'LU','LUX','',1,0),(125,'MO','MAC','',1,0),(126,'MK','MKD','',1,0),(127,'MG','MDG','',1,0),(128,'MW','MWI','',1,0),(129,'MY','MYS','',1,0),(130,'MV','MDV','',1,0),(131,'ML','MLI','',1,0),(132,'MT','MLT','',1,0),(133,'MH','MHL','',1,0),(134,'MQ','MTQ','',1,0),(135,'MR','MRT','',1,0),(136,'MU','MUS','',1,0),(137,'YT','MYT','',1,0),(138,'MX','MEX','',1,0),(139,'FM','FSM','',1,0),(140,'MD','MDA','',1,0),(141,'MC','MCO','',1,0),(142,'MN','MNG','',1,0),(143,'MS','MSR','',1,0),(144,'MA','MAR','',1,0),(145,'MZ','MOZ','',1,0),(146,'MM','MMR','',1,0),(147,'NA','NAM','',1,0),(148,'NR','NRU','',1,0),(149,'NP','NPL','',1,0),(150,'NL','NLD','',1,0),(151,'AN','ANT','',1,0),(152,'NC','NCL','',1,0),(153,'NZ','NZL','',1,0),(154,'NI','NIC','',1,0),(155,'NE','NER','',1,0),(156,'NG','NGA','',1,0),(157,'NU','NIU','',1,0),(158,'NF','NFK','',1,0),(159,'MP','MNP','',1,0),(160,'NO','NOR','',1,0),(161,'OM','OMN','',1,0),(162,'PK','PAK','',1,0),(163,'PW','PLW','',1,0),(164,'PA','PAN','',1,0),(165,'PG','PNG','',1,0),(166,'PY','PRY','',1,0),(167,'PE','PER','',1,0),(168,'PH','PHL','',1,0),(169,'PN','PCN','',1,0),(170,'PL','POL','',1,0),(171,'PT','PRT','',1,0),(172,'PR','PRI','',1,0),(173,'QA','QAT','',1,0),(174,'RE','REU','',1,0),(175,'RO','ROM','',1,0),(176,'RU','RUS','',1,0),(177,'RW','RWA','',1,0),(178,'KN','KNA','',1,0),(179,'LC','LCA','',1,0),(180,'VC','VCT','',1,0),(181,'WS','WSM','',1,0),(182,'SM','SMR','',1,0),(183,'ST','STP','',1,0),(184,'SA','SAU','',1,0),(185,'SN','SEN','',1,0),(186,'SC','SYC','',1,0),(187,'SL','SLE','',1,0),(188,'SG','SGP','',1,0),(189,'SK','SVK','',1,0),(190,'SI','SVN','',1,0),(191,'SB','SLB','',1,0),(192,'SO','SOM','',1,0),(193,'ZA','ZAF','',1,0),(194,'GS','SGS','',1,0),(195,'ES','ESP','',1,0),(196,'LK','LKA','',1,0),(197,'SH','SHN','',1,0),(198,'PM','SPM','',1,0),(199,'SD','SDN','',1,0),(200,'SR','SUR','',1,0),(201,'SJ','SJM','',1,0),(202,'SZ','SWZ','',1,0),(203,'SE','SWE','',1,0),(204,'CH','CHE','',1,0),(205,'SY','SYR','',1,0),(206,'TW','TWN','',1,0),(207,'TJ','TJK','',1,0),(208,'TZ','TZA','',1,0),(209,'TH','THA','',1,0),(210,'TG','TGO','',1,0),(211,'TK','TKL','',1,0),(212,'TO','TON','',1,0),(213,'TT','TTO','',1,0),(214,'TN','TUN','',1,0),(215,'TR','TUR','',1,0),(216,'TM','TKM','',1,0),(217,'TC','TCA','',1,0),(218,'TV','TUV','',1,0),(219,'UG','UGA','',1,0),(220,'UA','UKR','',1,0),(221,'AE','ARE','',1,0),(222,'GB','GBR','',1,0),(223,'US','USA','{firstname} {lastname}\r\n{company}\r\n{address_1}\r\n{address_2}\r\n{city}, {zone} {postcode}\r\n{country}',1,0),(224,'UM','UMI','',1,0),(225,'UY','URY','',1,0),(226,'UZ','UZB','',1,0),(227,'VU','VUT','',1,0),(228,'VA','VAT','',1,0),(229,'VE','VEN','',1,0),(230,'VN','VNM','',1,0),(231,'VG','VGB','',1,0),(232,'VI','VIR','',1,0),(233,'WF','WLF','',1,0),(234,'EH','ESH','',1,0),(235,'YE','YEM','',1,0),(236,'YU','YUG','',1,0),(237,'ZR','ZAR','',1,0),(238,'ZM','ZMB','',1,0),(239,'ZW','ZWE','',1,0),(240,'GB','NIR','',1,0);

--
-- Table structure for table `aba6_country_descriptions`
--

CREATE TABLE `aba6_country_descriptions` (
  `country_id` int(11) NOT NULL,
  `language_id` int(11) NOT NULL,
  `name` varchar(128) NOT NULL COMMENT 'translatable',
  PRIMARY KEY (`country_id`,`language_id`)
) ENGINE=MyISAM DEFAULT CHARSET=utf8;

--
-- Dumping data for table `aba6_country_descriptions`
--

INSERT INTO `aba6_country_descriptions` VALUES (1,1,'Afghanistan'),(2,1,'Albania'),(3,1,'Algeria'),(4,1,'American Samoa'),(5,1,'Andorra'),(6,1,'Angola'),(7,1,'Anguilla'),(8,1,'Antarctica'),(9,1,'Antigua and Barbuda'),(10,1,'Argentina'),(11,1,'Armenia'),(12,1,'Aruba'),(13,1,'Australia'),(14,1,'Austria'),(15,1,'Azerbaijan'),(16,1,'Bahamas'),(17,1,'Bahrain'),(18,1,'Bangladesh'),(19,1,'Barbados'),(20,1,'Belarus'),(21,1,'Belgium'),(22,1,'Belize'),(23,1,'Benin'),(24,1,'Bermuda'),(25,1,'Bhutan'),(26,1,'Bolivia'),(27,1,'Bosnia and Herzegowina'),(28,1,'Botswana'),(29,1,'Bouvet Island'),(30,1,'Brazil'),(31,1,'British Indian Ocean Territory'),(32,1,'Brunei Darussalam'),(33,1,'Bulgaria'),(34,1,'Burkina Faso'),(35,1,'Burundi'),(36,1,'Cambodia'),(37,1,'Cameroon'),(38,1,'Canada'),(39,1,'Cape Verde'),(40,1,'Cayman Islands'),(41,1,'Central African Republic'),(42,1,'Chad'),(43,1,'Chile'),(44,1,'China'),(45,1,'Christmas Island'),(46,1,'Cocos (Keeling) Islands'),(47,1,'Colombia'),(48,1,'Comoros'),(49,1,'Congo'),(50,1,'Cook Islands'),(51,1,'Costa Rica'),(52,1,'Cote D\'Ivoire'),(53,1,'Croatia'),(54,1,'Cuba'),(55,1,'Cyprus'),(56,1,'Czech Republic'),(57,1,'Denmark'),(58,1,'Djibouti'),(59,1,'Dominica'),(60,1,'Dominican Republic'),(61,1,'East Timor'),(62,1,'Ecuador'),(63,1,'Egypt'),(64,1,'El Salvador'),(65,1,'Equatorial Guinea'),(66,1,'Eritrea'),(67,1,'Estonia'),(68,1,'Ethiopia'),(69,1,'Falkland Islands (Malvinas)'),(70,1,'Faroe Islands'),(71,1,'Fiji'),(72,1,'Finland'),(73,1,'France'),(74,1,'France, Metropolitan'),(75,1,'French Guiana'),(76,1,'French Polynesia'),(77,1,'French Southern Territories'),(78,1,'Gabon'),(79,1,'Gambia'),(80,1,'Georgia'),(81,1,'Germany'),(82,1,'Ghana'),(83,1,'Gibraltar'),(84,1,'Greece'),(85,1,'Greenland'),(86,1,'Grenada'),(87,1,'Guadeloupe'),(88,1,'Guam'),(89,1,'Guatemala'),(90,1,'Guinea'),(91,1,'Guinea-bissau'),(92,1,'Guyana'),(93,1,'Haiti'),(94,1,'Heard and Mc Donald Islands'),(95,1,'Honduras'),(96,1,'Hong Kong'),(97,1,'Hungary'),(98,1,'Iceland'),(99,1,'India'),(100,1,'Indonesia'),(101,1,'Iran (Islamic Republic of)'),(102,1,'Iraq'),(103,1,'Ireland'),(104,1,'Israel'),(105,1,'Italy'),(106,1,'Jamaica'),(107,1,'Japan'),(108,1,'Jordan'),(109,1,'Kazakhstan'),(110,1,'Kenya'),(111,1,'Kiribati'),(112,1,'North Korea'),(113,1,'Korea, Republic of'),(114,1,'Kuwait'),(115,1,'Kyrgyzstan'),(116,1,'Lao People\'s Democratic Republic'),(117,1,'Latvia'),(118,1,'Lebanon'),(119,1,'Lesotho'),(120,1,'Liberia'),(121,1,'Libyan Arab Jamahiriya'),(122,1,'Liechtenstein'),(123,1,'Lithuania'),(124,1,'Luxembourg'),(125,1,'Macau'),(126,1,'Macedonia'),(127,1,'Madagascar'),(128,1,'Malawi'),(129,1,'Malaysia'),(130,1,'Maldives'),(131,1,'Mali'),(132,1,'Malta'),(133,1,'Marshall Islands'),(134,1,'Martinique'),(135,1,'Mauritania'),(136,1,'Mauritius'),(137,1,'Mayotte'),(138,1,'Mexico'),(139,1,'Micronesia, Federated States of'),(140,1,'Moldova, Republic of'),(141,1,'Monaco'),(142,1,'Mongolia'),(143,1,'Montserrat'),(144,1,'Morocco'),(145,1,'Mozambique'),(146,1,'Myanmar'),(147,1,'Namibia'),(148,1,'Nauru'),(149,1,'Nepal'),(150,1,'Netherlands'),(151,1,'Netherlands Antilles'),(152,1,'New Caledonia'),(153,1,'New Zealand'),(154,1,'Nicaragua'),(155,1,'Niger'),(156,1,'Nigeria'),(157,1,'Niue'),(158,1,'Norfolk Island'),(159,1,'Northern Mariana Islands'),(160,1,'Norway'),(161,1,'Oman'),(162,1,'Pakistan'),(163,1,'Palau'),(164,1,'Panama'),(165,1,'Papua New Guinea'),(166,1,'Paraguay'),(167,1,'Peru'),(168,1,'Philippines'),(169,1,'Pitcairn'),(170,1,'Poland'),(171,1,'Portugal'),(172,1,'Puerto Rico'),(173,1,'Qatar'),(174,1,'Reunion'),(175,1,'Romania'),(176,1,'Russia'),(177,1,'Rwanda'),(178,1,'Saint Kitts and Nevis'),(179,1,'Saint Lucia'),(180,1,'Saint Vincent and the Grenadines'),(181,1,'Samoa'),(182,1,'San Marino'),(183,1,'Sao Tome and Principe'),(184,1,'Saudi Arabia'),(185,1,'Senegal'),(186,1,'Seychelles'),(187,1,'Sierra Leone'),(188,1,'Singapore'),(189,1,'Slovak Republic'),(190,1,'Slovenia'),(191,1,'Solomon Islands'),(192,1,'Somalia'),(193,1,'South Africa'),(194,1,'South Georgia &amp; South Sandwich Islands'),(195,1,'Spain'),(196,1,'Sri Lanka'),(197,1,'St. Helena'),(198,1,'St. Pierre and Miquelon'),(199,1,'Sudan'),(200,1,'Suriname'),(201,1,'Svalbard and Jan Mayen Islands'),(202,1,'Swaziland'),(203,1,'Sweden'),(204,1,'Switzerland'),(205,1,'Syrian Arab Republic'),(206,1,'Taiwan'),(207,1,'Tajikistan'),(208,1,'Tanzania, United Republic of'),(209,1,'Thailand'),(210,1,'Togo'),(211,1,'Tokelau'),(212,1,'Tonga'),(213,1,'Trinidad and Tobago'),(214,1,'Tunisia'),(215,1,'Turkey'),(216,1,'Turkmenistan'),(217,1,'Turks and Caicos Islands'),(218,1,'Tuvalu'),(219,1,'Uganda'),(220,1,'Ukraine'),(221,1,'United Arab Emirates'),(222,1,'United Kingdom'),(223,1,'United States'),(224,1,'United States Minor Outlying Islands'),(225,1,'Uruguay'),(226,1,'Uzbekistan'),(227,1,'Vanuatu'),(228,1,'Vatican City State (Holy See)'),(229,1,'Venezuela'),(230,1,'Viet Nam'),(231,1,'Virgin Islands (British)'),(232,1,'Virgin Islands (U.S.)'),(233,1,'Wallis and Futuna Islands'),(234,1,'Western Sahara'),(235,1,'Yemen'),(236,1,'Yugoslavia'),(237,1,'Zaire'),(238,1,'Zambia'),(239,1,'Zimbabwe'),(240,1,'Northern Ireland');

--
-- Table structure for table `aba6_coupon_descriptions`
--

CREATE TABLE `aba6_coupon_descriptions` (
  `coupon_id` int(11) NOT NULL,
  `language_id` int(11) NOT NULL,
  `name` varchar(128) NOT NULL COMMENT 'translatable',
  `description` text NOT NULL COMMENT 'translatable',
  PRIMARY KEY (`coupon_id`,`language_id`)
) ENGINE=MyISAM DEFAULT CHARSET=utf8;

--
-- Dumping data for table `aba6_coupon_descriptions`
--

INSERT INTO `aba6_coupon_descriptions` VALUES (4,1,'Coupon (-10%)','10% Discount'),(5,1,'Coupon (Free Shipping)','Free Shipping'),(6,1,'Coupon (-10.00)','Fixed Amount Discount');

--
-- Table structure for table `aba6_coupons`
--

CREATE TABLE `aba6_coupons` (
  `coupon_id` int(11) NOT NULL AUTO_INCREMENT,
  `code` varchar(10) NOT NULL,
  `type` char(1) NOT NULL,
  `discount` decimal(15,4) NOT NULL,
  `logged` int(1) NOT NULL,
  `shipping` int(1) NOT NULL,
  `total` decimal(15,4) NOT NULL,
  `date_start` date NOT NULL DEFAULT '0000-00-00',
  `date_end` date NOT NULL DEFAULT '0000-00-00',
  `uses_total` int(11) NOT NULL,
  `uses_customer` varchar(11) NOT NULL,
  `status` int(1) NOT NULL,
  `condition_rule` enum('OR','AND') NOT NULL DEFAULT 'OR',
  `date_added` timestamp NOT NULL DEFAULT '0000-00-00 00:00:00',
  `date_modified` timestamp NOT NULL DEFAULT CURRENT_TIMESTAMP ON UPDATE CURRENT_TIMESTAMP,
  PRIMARY KEY (`coupon_id`)
) ENGINE=MyISAM AUTO_INCREMENT=7 DEFAULT CHARSET=utf8;

--
-- Dumping data for table `aba6_coupons`
--

INSERT INTO `aba6_coupons` VALUES (4,'2222','P',10.0000,0,0,0.0000,'2015-01-01','2019-01-01',10,'10',1,'OR','2022-02-06 20:03:37','2022-02-06 20:03:37'),(5,'3333','P',0.0000,0,1,100.0000,'2015-01-01','2019-01-01',10,'10',1,'OR','2022-02-06 20:03:37','2022-02-06 20:03:37'),(6,'1111','F',10.0000,0,0,10.0000,'2015-01-01','2019-01-01',10,'10',1,'OR','2022-02-06 20:03:37','2022-02-06 20:03:37');

--
-- Table structure for table `aba6_coupons_categories`
--

CREATE TABLE `aba6_coupons_categories` (
  `coupon_category_id` int(11) NOT NULL AUTO_INCREMENT,
  `coupon_id` int(11) NOT NULL,
  `category_id` int(11) NOT NULL,
  PRIMARY KEY (`coupon_category_id`),
  KEY `ac_coupons_categories_idx` (`coupon_id`,`category_id`)
) ENGINE=MyISAM DEFAULT CHARSET=utf8;

--
-- Dumping data for table `aba6_coupons_categories`
--


--
-- Table structure for table `aba6_coupons_products`
--

CREATE TABLE `aba6_coupons_products` (
  `coupon_product_id` int(11) NOT NULL AUTO_INCREMENT,
  `coupon_id` int(11) NOT NULL,
  `product_id` int(11) NOT NULL,
  PRIMARY KEY (`coupon_product_id`),
  KEY `ac_coupons_products_idx` (`coupon_id`,`product_id`)
) ENGINE=MyISAM AUTO_INCREMENT=9 DEFAULT CHARSET=utf8;

--
-- Dumping data for table `aba6_coupons_products`
--

INSERT INTO `aba6_coupons_products` VALUES (8,6,68);

--
-- Table structure for table `aba6_currencies`
--

CREATE TABLE `aba6_currencies` (
  `currency_id` int(11) NOT NULL AUTO_INCREMENT,
  `title` varchar(32) NOT NULL DEFAULT '',
  `code` varchar(3) NOT NULL DEFAULT '',
  `symbol_left` varchar(12) NOT NULL,
  `symbol_right` varchar(12) NOT NULL,
  `decimal_place` char(1) NOT NULL,
  `value` decimal(15,8) NOT NULL,
  `status` int(1) NOT NULL,
  `date_modified` timestamp NOT NULL DEFAULT CURRENT_TIMESTAMP ON UPDATE CURRENT_TIMESTAMP,
  PRIMARY KEY (`currency_id`)
) ENGINE=MyISAM AUTO_INCREMENT=4 DEFAULT CHARSET=utf8;

--
-- Dumping data for table `aba6_currencies`
--

INSERT INTO `aba6_currencies` VALUES (1,'US Dollar','USD','$','','2',1.00000000,1,'2011-06-21 01:00:00'),(2,'Euro','EUR','','€','2',0.93850000,1,'2011-06-21 01:00:00'),(3,'Pound Sterling','GBP','£','','2',0.79330000,1,'2011-06-21 01:00:00');

--
-- Table structure for table `aba6_custom_blocks`
--

CREATE TABLE `aba6_custom_blocks` (
  `custom_block_id` int(10) NOT NULL AUTO_INCREMENT,
  `block_id` int(10) NOT NULL,
  `date_added` timestamp NOT NULL DEFAULT '0000-00-00 00:00:00',
  `date_modified` timestamp NOT NULL DEFAULT CURRENT_TIMESTAMP ON UPDATE CURRENT_TIMESTAMP,
  PRIMARY KEY (`custom_block_id`,`block_id`)
) ENGINE=MyISAM AUTO_INCREMENT=17 DEFAULT CHARSET=utf8;

--
-- Dumping data for table `aba6_custom_blocks`
--

INSERT INTO `aba6_custom_blocks` VALUES (1,17,'2015-06-12 13:56:24','2015-06-12 13:56:24'),(2,20,'2015-06-12 13:56:24','2015-06-12 13:56:24'),(3,20,'2015-06-12 13:56:24','2015-06-12 13:56:24'),(12,20,'2015-06-12 13:56:24','2015-06-12 13:56:24'),(13,17,'2015-06-12 13:56:24','2015-06-12 13:56:24'),(11,23,'2015-06-12 13:56:24','2015-06-12 13:56:24'),(9,23,'2015-06-12 13:56:24','2015-06-12 13:56:24'),(10,17,'2015-06-12 13:56:24','2015-06-12 13:56:24'),(14,17,'2015-06-12 13:56:24','2015-06-12 13:56:24'),(15,17,'2015-06-12 13:56:24','2015-06-12 13:56:24'),(16,17,'2015-06-12 13:56:24','2015-06-12 13:56:24');

--
-- Table structure for table `aba6_custom_lists`
--

CREATE TABLE `aba6_custom_lists` (
  `rowid` int(11) NOT NULL AUTO_INCREMENT,
  `custom_block_id` int(10) NOT NULL,
  `data_type` varchar(70) NOT NULL,
  `id` int(10) NOT NULL,
  `store_id` int(10) DEFAULT NULL,
  `sort_order` int(10) NOT NULL DEFAULT '0',
  `date_added` timestamp NOT NULL DEFAULT '0000-00-00 00:00:00',
  `date_modified` timestamp NOT NULL DEFAULT CURRENT_TIMESTAMP ON UPDATE CURRENT_TIMESTAMP,
  PRIMARY KEY (`rowid`),
  KEY `ac_custom_block_id_list_idx` (`custom_block_id`,`store_id`)
) ENGINE=MyISAM AUTO_INCREMENT=11 DEFAULT CHARSET=utf8;

--
-- Dumping data for table `aba6_custom_lists`
--

INSERT INTO `aba6_custom_lists` VALUES (1,12,'manufacturer_id',12,0,0,'2022-02-06 20:03:37','2022-02-06 20:03:37'),(2,12,'manufacturer_id',14,0,0,'2022-02-06 20:03:37','2022-02-06 20:03:37'),(3,12,'manufacturer_id',13,0,0,'2022-02-06 20:03:37','2022-02-06 20:03:37'),(4,12,'manufacturer_id',18,0,0,'2022-02-06 20:03:37','2022-02-06 20:03:37'),(5,12,'manufacturer_id',19,0,0,'2022-02-06 20:03:37','2022-02-06 20:03:37'),(6,12,'manufacturer_id',20,0,0,'2022-02-06 20:03:37','2022-02-06 20:03:37'),(7,12,'manufacturer_id',15,0,0,'2022-02-06 20:03:37','2022-02-06 20:03:37'),(8,12,'manufacturer_id',11,0,0,'2022-02-06 20:03:37','2022-02-06 20:03:37'),(9,12,'manufacturer_id',17,0,0,'2022-02-06 20:03:37','2022-02-06 20:03:37'),(10,12,'manufacturer_id',16,0,0,'2022-02-06 20:03:37','2022-02-06 20:03:37');

--
-- Table structure for table `aba6_customer_groups`
--

CREATE TABLE `aba6_customer_groups` (
  `customer_group_id` int(11) NOT NULL AUTO_INCREMENT,
  `name` varchar(32) NOT NULL,
  `tax_exempt` tinyint(1) NOT NULL DEFAULT '0',
  PRIMARY KEY (`customer_group_id`)
) ENGINE=MyISAM AUTO_INCREMENT=4 DEFAULT CHARSET=utf8;

--
-- Dumping data for table `aba6_customer_groups`
--

INSERT INTO `aba6_customer_groups` VALUES (1,'Default',0),(2,'Wholesalers',1),(3,'Newsletter Subscribers',0);

--
-- Table structure for table `aba6_customer_notifications`
--

CREATE TABLE `aba6_customer_notifications` (
  `customer_id` int(11) NOT NULL,
  `sendpoint` varchar(255) NOT NULL,
  `protocol` varchar(30) NOT NULL,
  `status` int(1) NOT NULL DEFAULT '0',
  `date_added` timestamp NOT NULL DEFAULT '0000-00-00 00:00:00',
  `date_modified` timestamp NOT NULL DEFAULT CURRENT_TIMESTAMP ON UPDATE CURRENT_TIMESTAMP,
  PRIMARY KEY (`customer_id`,`sendpoint`,`protocol`)
) ENGINE=MyISAM DEFAULT CHARSET=utf8;

--
-- Dumping data for table `aba6_customer_notifications`
--


--
-- Table structure for table `aba6_customer_transactions`
--

CREATE TABLE `aba6_customer_transactions` (
  `customer_transaction_id` int(11) NOT NULL AUTO_INCREMENT,
  `customer_id` int(11) NOT NULL DEFAULT '0',
  `order_id` int(11) NOT NULL DEFAULT '0',
  `created_by` int(11) NOT NULL COMMENT 'user_id for admin, customer_id for storefront section',
  `section` smallint(1) NOT NULL DEFAULT '0' COMMENT '1 - admin, 0 - customer',
  `credit` decimal(15,4) DEFAULT '0.0000',
  `debit` decimal(15,4) DEFAULT '0.0000',
  `transaction_type` varchar(255) NOT NULL DEFAULT '' COMMENT 'text type of transaction',
  `comment` text COMMENT 'comment for internal use',
  `description` text COMMENT 'text for customer',
  `date_added` timestamp NOT NULL DEFAULT '0000-00-00 00:00:00',
  `date_modified` timestamp NOT NULL DEFAULT CURRENT_TIMESTAMP ON UPDATE CURRENT_TIMESTAMP,
  PRIMARY KEY (`customer_transaction_id`),
  KEY `ac_customer_transactions_idx` (`customer_id`,`order_id`)
) ENGINE=MyISAM DEFAULT CHARSET=utf8;

--
-- Dumping data for table `aba6_customer_transactions`
--


--
-- Table structure for table `aba6_customers`
--

CREATE TABLE `aba6_customers` (
  `customer_id` int(11) NOT NULL AUTO_INCREMENT,
  `store_id` int(11) NOT NULL DEFAULT '0',
  `firstname` varchar(32) NOT NULL DEFAULT '',
  `lastname` varchar(32) NOT NULL DEFAULT '',
  `loginname` varchar(96) NOT NULL DEFAULT '',
  `email` varchar(96) NOT NULL DEFAULT '',
  `telephone` varchar(32) NOT NULL DEFAULT '',
  `fax` varchar(32) NOT NULL DEFAULT '',
  `sms` varchar(32) NOT NULL DEFAULT '' COMMENT 'mobile phone number',
  `salt` varchar(8) NOT NULL DEFAULT '',
  `password` varchar(40) NOT NULL DEFAULT '',
  `cart` longtext,
  `wishlist` longtext,
  `newsletter` int(1) NOT NULL DEFAULT '0',
  `address_id` int(11) NOT NULL DEFAULT '0',
  `status` int(1) NOT NULL,
  `approved` int(1) NOT NULL DEFAULT '0',
  `customer_group_id` int(11) NOT NULL,
  `ip` varchar(50) NOT NULL DEFAULT '0',
  `data` text,
  `date_added` timestamp NOT NULL DEFAULT '0000-00-00 00:00:00',
  `date_modified` timestamp NOT NULL DEFAULT CURRENT_TIMESTAMP ON UPDATE CURRENT_TIMESTAMP,
  `last_login` timestamp NOT NULL DEFAULT '0000-00-00 00:00:00',
  PRIMARY KEY (`customer_id`),
  UNIQUE KEY `customers_loginname` (`loginname`),
  KEY `ac_customers_idx` (`store_id`,`address_id`,`customer_group_id`),
  FULLTEXT KEY `ac_customers_name_idx` (`firstname`,`lastname`)
) ENGINE=MyISAM AUTO_INCREMENT=17 DEFAULT CHARSET=utf8;

--
-- Dumping data for table `aba6_customers`
--

INSERT INTO `aba6_customers` VALUES (2,0,'Juliana','Davis','julidavis@abantecart.com','julidavis@abantecart.com','6021417191','','','','6b006ba67f3c172e146991a2ad46d865','a:0:{}',NULL,0,1,1,1,1,'109.104.166.98',NULL,'2013-08-31 18:25:37','2015-06-12 13:56:24','0000-00-00 00:00:00'),(3,0,'Keely','Mccoy','keelymccoy@abantecart.com','keelymccoy@abantecart.com','6029161822','','','','6b006ba67f3c172e146991a2ad46d865','a:0:{}',NULL,0,2,1,1,1,'109.104.166.98',NULL,'2013-08-31 18:39:08','2015-06-12 13:56:24','0000-00-00 00:00:00'),(4,0,'Zelda','Weiss','zeldaweiss@abantecart.com','zeldaweiss@abantecart.com','5398389210','','','','6b006ba67f3c172e146991a2ad46d865','a:0:{}',NULL,0,3,1,1,1,'109.104.166.138',NULL,'2013-08-31 18:42:58','2015-06-12 13:56:24','0000-00-00 00:00:00'),(5,0,'Gloria','Macias','gloriamacias@abantecart.com','gloriamacias@abantecart.com','5735002105','','','','6b006ba67f3c172e146991a2ad46d865','a:0:{}',NULL,0,4,1,1,1,'109.104.166.98',NULL,'2013-08-31 18:46:58','2015-06-12 13:56:24','0000-00-00 00:00:00'),(6,0,'Bernard','Horne','bernardhorne@abantecart.com','bernardhorne@abantecart.com','5735002105','','','','6b006ba67f3c172e146991a2ad46d865','a:0:{}',NULL,0,5,1,1,1,'109.104.166.138',NULL,'2013-08-31 18:50:27','2015-06-12 13:56:24','0000-00-00 00:00:00'),(7,0,'James','Curtis','jamescurtis@abantecart.com','jamescurtis@abantecart.com','6029161822','','','','6b006ba67f3c172e146991a2ad46d865','a:0:{}',NULL,0,6,1,1,1,'109.104.166.138',NULL,'2013-08-31 19:00:03','2015-06-12 13:56:24','0000-00-00 00:00:00'),(8,0,'Bruce','Rosarini','brucerosarini@abantecart.com','brucerosarini@abantecart.com','5398389210','','','','6b006ba67f3c172e146991a2ad46d865','a:0:{}',NULL,0,7,1,1,1,'109.104.166.98',NULL,'2013-08-31 19:08:23','2015-06-12 13:56:24','0000-00-00 00:00:00'),(9,0,'Carlos','Compton','carloscmpton@abantecart.com','carloscmpton@abantecart.com','9282050511','','','','6b006ba67f3c172e146991a2ad46d865','a:0:{}',NULL,0,8,1,1,1,'109.104.166.98',NULL,'2013-08-31 19:13:14','2015-06-12 13:56:24','0000-00-00 00:00:00'),(10,0,'Garrison','Baxter','garrisonbaxter@abantecart.com','garrisonbaxter@abantecart.com','8031895001','','','','6b006ba67f3c172e146991a2ad46d865','a:0:{}',NULL,0,9,1,1,1,'109.104.166.138',NULL,'2013-09-01 16:51:47','2015-06-12 13:56:24','0000-00-00 00:00:00'),(11,0,'Anthony','Blair','anthonyblair@abantecart.com','anthonyblair@abantecart.com','4024566398','','','','6b006ba67f3c172e146991a2ad46d865','a:0:{}',NULL,0,10,1,1,1,'171.98.12.12',NULL,'2013-09-01 16:54:26','2015-06-12 13:56:24','0000-00-00 00:00:00'),(12,0,'Allen','Waters','allenwaters','allenwaters@abantecart.com','4172807406','','','vkmQqxNw','e9aa1fed0f5c85e84ef9c9e8860c2732326e790b','a:0:{}',NULL,0,11,1,1,1,'77.111.246.147',NULL,'2013-09-01 17:12:56','2019-05-06 10:20:01','2019-03-18 16:19:54'),(13,0,'Michael','Neal','michael','michaelj@abantecart.com','5555555555555','','','QqHpW6DV','189212083ca9de5f584e624b7a7c256af90fdcfb','a:0:{}','a:2:{i:108;i:1552911485;i:111;i:1552911579;}',1,12,1,1,1,'77.111.246.167',NULL,'2013-09-08 19:28:20','2019-03-18 16:19:39','2019-03-18 16:12:59'),(14,0,'Yuri','Howard','howard566','howardinc@abantecart.com','16943733146','','','1IVINJ6A','9980a6c101c48ba14277e5fcc7277fed31a8eb34','a:0:{}',NULL,1,13,1,1,1,'85.235.65.198','N;','2019-03-18 17:37:18','2019-03-18 17:39:25','2019-03-18 17:37:18'),(15,0,'Regan','Shields','RiaGardner','ricuvif@abantecart.com','12671255153','','','QaPiKdCR','30a96d6489cc8089d2f66f1b3407334cfd5a5490','a:0:{}',NULL,1,14,1,1,1,'23.129.64.106','N;','2019-03-19 12:32:50','2019-03-19 12:33:16','2019-03-19 12:32:50'),(16,0,'Randall','Richards','randallri','randallri@abantecart.com','17887737896','','','oMSzNPSe','47de3df0f279b2edb9d4062a0c1495a738fdb5c7','a:1:{s:7:\"store_0\";a:1:{i:96;a:2:{s:3:\"qty\";i:2;s:7:\"options\";a:0:{}}}}',NULL,0,15,1,1,1,'205.185.126.56','N;','2019-03-21 16:08:29','2019-03-21 16:12:32','2019-03-21 16:08:29');

--
-- Table structure for table `aba6_dataset_column_properties`
--

CREATE TABLE `aba6_dataset_column_properties` (
  `rowid` int(11) NOT NULL AUTO_INCREMENT,
  `dataset_column_id` int(11) NOT NULL,
  `dataset_column_property_name` varchar(255) NOT NULL,
  `dataset_column_property_value` varchar(255) DEFAULT NULL,
  PRIMARY KEY (`rowid`),
  KEY `dataset_column_properties_idx` (`dataset_column_id`)
) ENGINE=MyISAM DEFAULT CHARSET=utf8;

--
-- Dumping data for table `aba6_dataset_column_properties`
--


--
-- Table structure for table `aba6_dataset_definition`
--

CREATE TABLE `aba6_dataset_definition` (
  `dataset_id` int(11) NOT NULL,
  `dataset_column_id` int(11) NOT NULL AUTO_INCREMENT,
  `dataset_column_name` varchar(255) NOT NULL,
  `dataset_column_type` varchar(100) NOT NULL,
  `dataset_column_sort_order` int(11) NOT NULL DEFAULT '0',
  PRIMARY KEY (`dataset_column_id`),
  KEY `dataset_definition_idx` (`dataset_id`)
) ENGINE=MyISAM AUTO_INCREMENT=41 DEFAULT CHARSET=utf8;

--
-- Dumping data for table `aba6_dataset_definition`
--

INSERT INTO `aba6_dataset_definition` VALUES (1,1,'item_id','varchar',1),(1,2,'item_icon','varchar',2),(1,3,'item_url','varchar',3),(1,4,'parent_id','varchar',4),(1,5,'sort_order','integer',5),(1,6,'item_type','varchar',6),(1,7,'item_icon_rl_id','integer',7),(2,10,'item_id','varchar',1),(2,11,'item_text','varchar',2),(2,12,'item_url','varchar',3),(2,13,'parent_id','varchar',4),(2,14,'sort_order','integer',5),(2,15,'item_type','varchar',6),(2,40,'item_icon_rl_id','varchar',7),(3,16,'item_id','varchar',1),(3,17,'item_text','varchar',2),(3,18,'language_id','integer',3),(4,20,'date_added','timestamp',1),(4,21,'name','varchar',2),(4,22,'version','varchar',3),(4,23,'backup_file','varchar',4),(4,24,'backup_date','timestamp',5),(4,25,'type','varchar',6),(4,26,'user','varchar',7),(5,30,'date_added','timestamp',1),(5,31,'name','varchar',2),(5,32,'type','varchar',3),(5,33,'section','varchar',4),(5,34,'section_id','integer',5),(5,35,'path','varchar',6);

--
-- Table structure for table `aba6_dataset_properties`
--

CREATE TABLE `aba6_dataset_properties` (
  `rowid` int(11) NOT NULL AUTO_INCREMENT,
  `dataset_id` int(11) NOT NULL,
  `dataset_property_name` varchar(255) NOT NULL,
  `dataset_property_value` varchar(255) DEFAULT NULL,
  PRIMARY KEY (`rowid`),
  KEY `dataset_property_idx` (`dataset_id`)
) ENGINE=MyISAM AUTO_INCREMENT=4 DEFAULT CHARSET=utf8;

--
-- Dumping data for table `aba6_dataset_properties`
--

INSERT INTO `aba6_dataset_properties` VALUES (1,1,'controller','design/menu'),(2,4,'controller','tool/install_upgrade_history'),(3,5,'controller','tool/files');

--
-- Table structure for table `aba6_dataset_values`
--

CREATE TABLE `aba6_dataset_values` (
  `dataset_column_id` int(11) NOT NULL,
  `value_integer` int(11) DEFAULT NULL,
  `value_float` float DEFAULT NULL,
  `value_varchar` varchar(255) DEFAULT NULL,
  `value_text` text,
  `value_timestamp` timestamp NOT NULL DEFAULT CURRENT_TIMESTAMP,
  `value_boolean` tinyint(1) DEFAULT NULL,
  `value_sort_order` int(11) NOT NULL AUTO_INCREMENT,
  `row_id` int(10) unsigned NOT NULL DEFAULT '0',
  PRIMARY KEY (`value_sort_order`),
  KEY `dataset_values_idx` (`value_integer`,`value_float`,`value_varchar`,`value_boolean`,`row_id`)
) ENGINE=MyISAM AUTO_INCREMENT=768 DEFAULT CHARSET=utf8;

--
-- Dumping data for table `aba6_dataset_values`
--

INSERT INTO `aba6_dataset_values` VALUES (1,NULL,NULL,'home',NULL,'2022-02-06 20:03:37',NULL,1,1),(1,NULL,NULL,'login',NULL,'2022-02-06 20:03:37',NULL,2,2),(1,NULL,NULL,'logout',NULL,'2022-02-06 20:03:37',NULL,3,3),(1,NULL,NULL,'account',NULL,'2022-02-06 20:03:37',NULL,4,4),(1,NULL,NULL,'cart',NULL,'2022-02-06 20:03:37',NULL,5,5),(1,NULL,NULL,'checkout',NULL,'2022-02-06 20:03:37',NULL,6,6),(1,NULL,NULL,'specials',NULL,'2022-02-06 20:03:37',NULL,7,7),(1,NULL,NULL,'order',NULL,'2022-02-06 20:03:37',NULL,8,8),(2,NULL,NULL,'',NULL,'2022-02-06 20:03:37',NULL,9,1),(2,NULL,NULL,'',NULL,'2022-02-06 20:03:37',NULL,10,2),(2,NULL,NULL,'',NULL,'2022-02-06 20:03:37',NULL,11,3),(2,NULL,NULL,'',NULL,'2022-02-06 20:03:37',NULL,12,4),(2,NULL,NULL,'',NULL,'2022-02-06 20:03:37',NULL,13,5),(2,NULL,NULL,'',NULL,'2022-02-06 20:03:37',NULL,14,6),(2,NULL,NULL,'',NULL,'2022-02-06 20:03:37',NULL,15,7),(2,NULL,NULL,'',NULL,'2022-02-06 20:03:37',NULL,16,8),(3,NULL,NULL,'index/home',NULL,'2022-02-06 20:03:37',NULL,17,1),(3,NULL,NULL,'account/login',NULL,'2022-02-06 20:03:37',NULL,18,2),(3,NULL,NULL,'account/logout',NULL,'2022-02-06 20:03:37',NULL,19,3),(3,NULL,NULL,'account/account',NULL,'2022-02-06 20:03:37',NULL,20,4),(3,NULL,NULL,'checkout/cart',NULL,'2022-02-06 20:03:37',NULL,21,5),(3,NULL,NULL,'checkout/shipping',NULL,'2022-02-06 20:03:37',NULL,22,6),(3,NULL,NULL,'product/special',NULL,'2022-02-06 20:03:37',NULL,23,7),(3,NULL,NULL,'account/invoice',NULL,'2022-02-06 20:03:37',NULL,24,8),(4,NULL,NULL,'',NULL,'2022-02-06 20:03:37',NULL,25,1),(4,NULL,NULL,'account',NULL,'2022-02-06 20:03:37',NULL,26,2),(4,NULL,NULL,'account',NULL,'2022-02-06 20:03:37',NULL,27,3),(4,NULL,NULL,'',NULL,'2022-02-06 20:03:37',NULL,28,4),(4,NULL,NULL,'',NULL,'2022-02-06 20:03:37',NULL,29,5),(4,NULL,NULL,'',NULL,'2022-02-06 20:03:37',NULL,30,6),(4,NULL,NULL,'',NULL,'2022-02-06 20:03:37',NULL,31,7),(4,NULL,NULL,'account',NULL,'2022-02-06 20:03:37',NULL,32,8),(5,10,NULL,NULL,NULL,'2022-02-06 20:03:37',NULL,33,1),(5,20,NULL,NULL,NULL,'2022-02-06 20:03:37',NULL,34,2),(5,30,NULL,NULL,NULL,'2022-02-06 20:03:37',NULL,35,3),(5,40,NULL,NULL,NULL,'2022-02-06 20:03:37',NULL,36,4),(5,50,NULL,NULL,NULL,'2022-02-06 20:03:37',NULL,37,5),(5,60,NULL,NULL,NULL,'2022-02-06 20:03:37',NULL,38,6),(5,11,NULL,NULL,NULL,'2022-02-06 20:03:37',NULL,39,7),(5,20,NULL,NULL,NULL,'2022-02-06 20:03:37',NULL,40,8),(6,NULL,NULL,'core',NULL,'2022-02-06 20:03:37',NULL,41,1),(6,NULL,NULL,'core',NULL,'2022-02-06 20:03:37',NULL,42,2),(6,NULL,NULL,'core',NULL,'2022-02-06 20:03:37',NULL,43,3),(6,NULL,NULL,'core',NULL,'2022-02-06 20:03:37',NULL,44,4),(6,NULL,NULL,'core',NULL,'2022-02-06 20:03:37',NULL,45,5),(6,NULL,NULL,'core',NULL,'2022-02-06 20:03:37',NULL,46,6),(6,NULL,NULL,'core',NULL,'2022-02-06 20:03:37',NULL,47,7),(6,NULL,NULL,'core',NULL,'2022-02-06 20:03:37',NULL,48,8),(7,2,NULL,NULL,NULL,'2022-02-06 20:03:37',NULL,49,1),(7,4,NULL,NULL,NULL,'2022-02-06 20:03:37',NULL,50,2),(7,3,NULL,NULL,NULL,'2022-02-06 20:03:37',NULL,51,3),(7,4,NULL,NULL,NULL,'2022-02-06 20:03:37',NULL,52,4),(7,250,NULL,NULL,NULL,'2022-02-06 20:03:37',NULL,53,5),(7,260,NULL,NULL,NULL,'2022-02-06 20:03:37',NULL,54,6),(7,244,NULL,NULL,NULL,'2022-02-06 20:03:37',NULL,55,7),(7,266,NULL,NULL,NULL,'2022-02-06 20:03:37',NULL,56,8),(10,NULL,NULL,'catalog',NULL,'2022-02-06 20:03:37',NULL,57,1),(10,NULL,NULL,'sale',NULL,'2022-02-06 20:03:37',NULL,58,2),(10,NULL,NULL,'design',NULL,'2022-02-06 20:03:37',NULL,59,3),(10,NULL,NULL,'extension',NULL,'2022-02-06 20:03:37',NULL,60,4),(10,NULL,NULL,'system',NULL,'2022-02-06 20:03:37',NULL,61,5),(10,NULL,NULL,'reports',NULL,'2022-02-06 20:03:37',NULL,62,6),(10,NULL,NULL,'help',NULL,'2022-02-06 20:03:37',NULL,63,7),(11,NULL,NULL,'text_catalog',NULL,'2022-02-06 20:03:37',NULL,64,1),(11,NULL,NULL,'text_sale',NULL,'2022-02-06 20:03:37',NULL,65,2),(11,NULL,NULL,'text_design',NULL,'2022-02-06 20:03:37',NULL,66,3),(11,NULL,NULL,'text_extension',NULL,'2022-02-06 20:03:37',NULL,67,4),(11,NULL,NULL,'text_system',NULL,'2022-02-06 20:03:37',NULL,68,5),(11,NULL,NULL,'text_reports',NULL,'2022-02-06 20:03:37',NULL,69,6),(11,NULL,NULL,'text_help',NULL,'2022-02-06 20:03:37',NULL,70,7),(12,NULL,NULL,'catalog/category',NULL,'2022-02-06 20:03:37',NULL,71,1),(12,NULL,NULL,'sale/order',NULL,'2022-02-06 20:03:37',NULL,72,2),(12,NULL,NULL,'extension/extensions/template',NULL,'2022-02-06 20:03:37',NULL,73,3),(12,NULL,NULL,'extension/extensions/extensions',NULL,'2022-02-06 20:03:37',NULL,74,4),(12,NULL,NULL,'setting/setting',NULL,'2022-02-06 20:03:37',NULL,75,5),(12,NULL,NULL,'report/sale/orders',NULL,'2022-02-06 20:03:37',NULL,76,6),(12,NULL,NULL,'',NULL,'2022-02-06 20:03:37',NULL,77,7),(13,NULL,NULL,'',NULL,'2022-02-06 20:03:37',NULL,78,1),(13,NULL,NULL,'',NULL,'2022-02-06 20:03:37',NULL,79,2),(13,NULL,NULL,'',NULL,'2022-02-06 20:03:37',NULL,80,3),(13,NULL,NULL,'',NULL,'2022-02-06 20:03:37',NULL,81,4),(13,NULL,NULL,'',NULL,'2022-02-06 20:03:37',NULL,82,5),(13,NULL,NULL,'',NULL,'2022-02-06 20:03:37',NULL,83,6),(13,NULL,NULL,'',NULL,'2022-02-06 20:03:37',NULL,84,7),(14,1,NULL,NULL,NULL,'2022-02-06 20:03:37',NULL,85,1),(14,2,NULL,NULL,NULL,'2022-02-06 20:03:37',NULL,86,2),(14,3,NULL,NULL,NULL,'2022-02-06 20:03:37',NULL,87,3),(14,4,NULL,NULL,NULL,'2022-02-06 20:03:37',NULL,88,4),(14,5,NULL,NULL,NULL,'2022-02-06 20:03:37',NULL,89,5),(14,6,NULL,NULL,NULL,'2022-02-06 20:03:37',NULL,90,6),(14,7,NULL,NULL,NULL,'2022-02-06 20:03:37',NULL,91,7),(15,NULL,NULL,'core',NULL,'2022-02-06 20:03:37',NULL,92,1),(15,NULL,NULL,'core',NULL,'2022-02-06 20:03:37',NULL,93,2),(15,NULL,NULL,'core',NULL,'2022-02-06 20:03:37',NULL,94,3),(15,NULL,NULL,'core',NULL,'2022-02-06 20:03:37',NULL,95,4),(15,NULL,NULL,'core',NULL,'2022-02-06 20:03:37',NULL,96,5),(15,NULL,NULL,'core',NULL,'2022-02-06 20:03:37',NULL,97,6),(15,NULL,NULL,'core',NULL,'2022-02-06 20:03:37',NULL,98,7),(40,NULL,NULL,'200',NULL,'2022-02-06 20:03:37',NULL,99,1),(40,NULL,NULL,'201',NULL,'2022-02-06 20:03:37',NULL,100,2),(40,NULL,NULL,'202',NULL,'2022-02-06 20:03:37',NULL,101,3),(40,NULL,NULL,'203',NULL,'2022-02-06 20:03:37',NULL,102,4),(40,NULL,NULL,'204',NULL,'2022-02-06 20:03:37',NULL,103,5),(40,NULL,NULL,'205',NULL,'2022-02-06 20:03:37',NULL,104,6),(40,NULL,NULL,'206',NULL,'2022-02-06 20:03:37',NULL,105,7),(10,NULL,NULL,'category',NULL,'2022-02-06 20:03:37',NULL,106,11),(10,NULL,NULL,'product',NULL,'2022-02-06 20:03:37',NULL,107,12),(10,NULL,NULL,'manufacturer',NULL,'2022-02-06 20:03:37',NULL,108,13),(10,NULL,NULL,'download',NULL,'2022-02-06 20:03:37',NULL,109,14),(10,NULL,NULL,'review',NULL,'2022-02-06 20:03:37',NULL,110,15),(10,NULL,NULL,'attributes',NULL,'2022-02-06 20:03:37',NULL,111,16),(10,NULL,NULL,'collections',NULL,'2022-02-06 20:03:37',NULL,112,17),(10,NULL,NULL,'rl_manager',NULL,'2022-02-06 20:03:37',NULL,113,220),(11,NULL,NULL,'text_category',NULL,'2022-02-06 20:03:37',NULL,114,11),(11,NULL,NULL,'text_product',NULL,'2022-02-06 20:03:37',NULL,115,12),(11,NULL,NULL,'text_manufacturer',NULL,'2022-02-06 20:03:37',NULL,116,13),(11,NULL,NULL,'text_download',NULL,'2022-02-06 20:03:37',NULL,117,14),(11,NULL,NULL,'text_review',NULL,'2022-02-06 20:03:37',NULL,118,15),(11,NULL,NULL,'text_attribute',NULL,'2022-02-06 20:03:37',NULL,119,16),(11,NULL,NULL,'text_collection',NULL,'2022-02-06 20:03:37',NULL,120,17),(11,NULL,NULL,'text_rl_manager',NULL,'2022-02-06 20:03:37',NULL,121,220),(12,NULL,NULL,'catalog/category',NULL,'2022-02-06 20:03:37',NULL,122,11),(12,NULL,NULL,'catalog/product',NULL,'2022-02-06 20:03:37',NULL,123,12),(12,NULL,NULL,'catalog/manufacturer',NULL,'2022-02-06 20:03:37',NULL,124,13),(12,NULL,NULL,'catalog/download',NULL,'2022-02-06 20:03:37',NULL,125,14),(12,NULL,NULL,'catalog/review',NULL,'2022-02-06 20:03:37',NULL,126,15),(12,NULL,NULL,'catalog/attribute',NULL,'2022-02-06 20:03:37',NULL,127,16),(12,NULL,NULL,'catalog/collections',NULL,'2022-02-06 20:03:37',NULL,128,17),(12,NULL,NULL,'tool/rl_manager',NULL,'2022-02-06 20:03:37',NULL,129,220),(13,NULL,NULL,'catalog',NULL,'2022-02-06 20:03:37',NULL,130,11),(13,NULL,NULL,'catalog',NULL,'2022-02-06 20:03:37',NULL,131,12),(13,NULL,NULL,'catalog',NULL,'2022-02-06 20:03:37',NULL,132,13),(13,NULL,NULL,'catalog',NULL,'2022-02-06 20:03:37',NULL,133,14),(13,NULL,NULL,'catalog',NULL,'2022-02-06 20:03:37',NULL,134,15),(13,NULL,NULL,'catalog',NULL,'2022-02-06 20:03:37',NULL,135,16),(13,NULL,NULL,'catalog',NULL,'2022-02-06 20:03:37',NULL,136,17),(13,NULL,NULL,'catalog',NULL,'2022-02-06 20:03:37',NULL,137,220),(14,1,NULL,NULL,NULL,'2022-02-06 20:03:37',NULL,138,11),(14,2,NULL,NULL,NULL,'2022-02-06 20:03:37',NULL,139,12),(14,3,NULL,NULL,NULL,'2022-02-06 20:03:37',NULL,140,13),(14,4,NULL,NULL,NULL,'2022-02-06 20:03:37',NULL,141,14),(14,5,NULL,NULL,NULL,'2022-02-06 20:03:37',NULL,142,15),(14,6,NULL,NULL,NULL,'2022-02-06 20:03:37',NULL,143,16),(14,8,NULL,NULL,NULL,'2022-02-06 20:03:37',NULL,144,17),(14,7,NULL,NULL,NULL,'2022-02-06 20:03:37',NULL,145,220),(15,NULL,NULL,'core',NULL,'2022-02-06 20:03:37',NULL,146,11),(15,NULL,NULL,'core',NULL,'2022-02-06 20:03:37',NULL,147,12),(15,NULL,NULL,'core',NULL,'2022-02-06 20:03:37',NULL,148,13),(15,NULL,NULL,'core',NULL,'2022-02-06 20:03:37',NULL,149,14),(15,NULL,NULL,'core',NULL,'2022-02-06 20:03:37',NULL,150,15),(15,NULL,NULL,'core',NULL,'2022-02-06 20:03:37',NULL,151,16),(15,NULL,NULL,'core',NULL,'2022-02-06 20:03:37',NULL,152,17),(15,NULL,NULL,'core',NULL,'2022-02-06 20:03:37',NULL,153,220),(40,NULL,NULL,'207',NULL,'2022-02-06 20:03:37',NULL,154,11),(40,NULL,NULL,'208',NULL,'2022-02-06 20:03:37',NULL,155,12),(40,NULL,NULL,'209',NULL,'2022-02-06 20:03:37',NULL,156,13),(40,NULL,NULL,'210',NULL,'2022-02-06 20:03:37',NULL,157,14),(40,NULL,NULL,'211',NULL,'2022-02-06 20:03:37',NULL,158,15),(40,NULL,NULL,'212',NULL,'2022-02-06 20:03:37',NULL,159,16),(40,NULL,NULL,'279',NULL,'2022-02-06 20:03:37',NULL,160,17),(40,NULL,NULL,'277',NULL,'2022-02-06 20:03:37',NULL,161,220),(10,NULL,NULL,'extensions',NULL,'2022-02-06 20:03:37',NULL,162,31),(10,NULL,NULL,'shipping',NULL,'2022-02-06 20:03:37',NULL,163,32),(10,NULL,NULL,'payment',NULL,'2022-02-06 20:03:37',NULL,164,33),(10,NULL,NULL,'templates',NULL,'2022-02-06 20:03:37',NULL,165,34),(10,NULL,NULL,'languages',NULL,'2022-02-06 20:03:37',NULL,166,35),(10,NULL,NULL,'taxes',NULL,'2022-02-06 20:03:37',NULL,167,36),(10,NULL,NULL,'total',NULL,'2022-02-06 20:03:37',NULL,168,37),(10,NULL,NULL,'add_extension',NULL,'2022-02-06 20:03:37',NULL,169,38),(10,NULL,NULL,'extensions_stores',NULL,'2022-02-06 20:03:37',NULL,170,39),(11,NULL,NULL,'text_extensions',NULL,'2022-02-06 20:03:37',NULL,171,31),(11,NULL,NULL,'text_shipping',NULL,'2022-02-06 20:03:37',NULL,172,32),(11,NULL,NULL,'text_payment',NULL,'2022-02-06 20:03:37',NULL,173,33),(11,NULL,NULL,'text_templates',NULL,'2022-02-06 20:03:37',NULL,174,34),(11,NULL,NULL,'text_language',NULL,'2022-02-06 20:03:37',NULL,175,35),(11,NULL,NULL,'text_taxes',NULL,'2022-02-06 20:03:37',NULL,176,36),(11,NULL,NULL,'text_total',NULL,'2022-02-06 20:03:37',NULL,177,37),(11,NULL,NULL,'text_add_extension',NULL,'2022-02-06 20:03:37',NULL,178,38),(11,NULL,NULL,'text_extensions_store',NULL,'2022-02-06 20:03:37',NULL,179,39),(12,NULL,NULL,'extension/extensions/extensions',NULL,'2022-02-06 20:03:37',NULL,180,31),(12,NULL,NULL,'extension/extensions/shipping',NULL,'2022-02-06 20:03:37',NULL,181,32),(12,NULL,NULL,'extension/extensions/payment',NULL,'2022-02-06 20:03:37',NULL,182,33),(12,NULL,NULL,'extension/extensions/template',NULL,'2022-02-06 20:03:37',NULL,183,34),(12,NULL,NULL,'extension/extensions/language',NULL,'2022-02-06 20:03:37',NULL,184,35),(12,NULL,NULL,'extension/extensions/tax',NULL,'2022-02-06 20:03:37',NULL,185,36),(12,NULL,NULL,'extension/total',NULL,'2022-02-06 20:03:37',NULL,186,37),(12,NULL,NULL,'tool/package_installer',NULL,'2022-02-06 20:03:37',NULL,187,38),(12,NULL,NULL,'extension/extensions_store',NULL,'2022-02-06 20:03:37',NULL,188,39),(13,NULL,NULL,'extension',NULL,'2022-02-06 20:03:37',NULL,189,31),(13,NULL,NULL,'extension',NULL,'2022-02-06 20:03:37',NULL,190,32),(13,NULL,NULL,'extension',NULL,'2022-02-06 20:03:37',NULL,191,33),(13,NULL,NULL,'extension',NULL,'2022-02-06 20:03:37',NULL,192,34),(13,NULL,NULL,'extension',NULL,'2022-02-06 20:03:37',NULL,193,35),(13,NULL,NULL,'extension',NULL,'2022-02-06 20:03:37',NULL,194,36),(13,NULL,NULL,'extension',NULL,'2022-02-06 20:03:37',NULL,195,37),(13,NULL,NULL,'extension',NULL,'2022-02-06 20:03:37',NULL,196,38),(13,NULL,NULL,'extension',NULL,'2022-02-06 20:03:37',NULL,197,39),(14,1,NULL,NULL,NULL,'2022-02-06 20:03:37',NULL,198,31),(14,2,NULL,NULL,NULL,'2022-02-06 20:03:37',NULL,199,32),(14,3,NULL,NULL,NULL,'2022-02-06 20:03:37',NULL,200,33),(14,4,NULL,NULL,NULL,'2022-02-06 20:03:37',NULL,201,34),(14,5,NULL,NULL,NULL,'2022-02-06 20:03:37',NULL,202,35),(14,6,NULL,NULL,NULL,'2022-02-06 20:03:37',NULL,203,36),(14,7,NULL,NULL,NULL,'2022-02-06 20:03:37',NULL,204,37),(14,8,NULL,NULL,NULL,'2022-02-06 20:03:37',NULL,205,38),(14,9,NULL,NULL,NULL,'2022-02-06 20:03:37',NULL,206,39),(15,NULL,NULL,'core',NULL,'2022-02-06 20:03:37',NULL,207,31),(15,NULL,NULL,'core',NULL,'2022-02-06 20:03:37',NULL,208,32),(15,NULL,NULL,'core',NULL,'2022-02-06 20:03:37',NULL,209,33),(15,NULL,NULL,'core',NULL,'2022-02-06 20:03:37',NULL,210,34),(15,NULL,NULL,'core',NULL,'2022-02-06 20:03:37',NULL,211,35),(15,NULL,NULL,'core',NULL,'2022-02-06 20:03:37',NULL,212,36),(15,NULL,NULL,'core',NULL,'2022-02-06 20:03:37',NULL,213,37),(40,NULL,NULL,'213',NULL,'2022-02-06 20:03:37',NULL,214,31),(40,NULL,NULL,'214',NULL,'2022-02-06 20:03:37',NULL,215,32),(40,NULL,NULL,'260',NULL,'2022-02-06 20:03:37',NULL,216,33),(40,NULL,NULL,'216',NULL,'2022-02-06 20:03:37',NULL,217,34),(40,NULL,NULL,'217',NULL,'2022-02-06 20:03:37',NULL,218,35),(40,NULL,NULL,'215',NULL,'2022-02-06 20:03:37',NULL,219,36),(40,NULL,NULL,'218',NULL,'2022-02-06 20:03:37',NULL,220,37),(40,NULL,NULL,'219',NULL,'2022-02-06 20:03:37',NULL,221,38),(40,NULL,NULL,'220',NULL,'2022-02-06 20:03:37',NULL,222,39),(10,NULL,NULL,'order',NULL,'2022-02-06 20:03:37',NULL,223,51),(10,NULL,NULL,'customer',NULL,'2022-02-06 20:03:37',NULL,224,52),(10,NULL,NULL,'customer_group',NULL,'2022-02-06 20:03:37',NULL,225,53),(10,NULL,NULL,'coupon',NULL,'2022-02-06 20:03:37',NULL,226,54),(10,NULL,NULL,'contact',NULL,'2022-02-06 20:03:37',NULL,227,55),(11,NULL,NULL,'text_order',NULL,'2022-02-06 20:03:37',NULL,228,51),(11,NULL,NULL,'text_customer',NULL,'2022-02-06 20:03:37',NULL,229,52),(11,NULL,NULL,'text_customer_group',NULL,'2022-02-06 20:03:37',NULL,230,53),(11,NULL,NULL,'text_coupon',NULL,'2022-02-06 20:03:37',NULL,231,54),(11,NULL,NULL,'text_contact',NULL,'2022-02-06 20:03:37',NULL,232,55),(12,NULL,NULL,'sale/order',NULL,'2022-02-06 20:03:37',NULL,233,51),(12,NULL,NULL,'sale/customer',NULL,'2022-02-06 20:03:37',NULL,234,52),(12,NULL,NULL,'sale/customer_group',NULL,'2022-02-06 20:03:37',NULL,235,53),(12,NULL,NULL,'sale/coupon',NULL,'2022-02-06 20:03:37',NULL,236,54),(12,NULL,NULL,'sale/contact',NULL,'2022-02-06 20:03:37',NULL,237,55),(13,NULL,NULL,'sale',NULL,'2022-02-06 20:03:37',NULL,238,51),(13,NULL,NULL,'sale',NULL,'2022-02-06 20:03:37',NULL,239,52),(13,NULL,NULL,'sale',NULL,'2022-02-06 20:03:37',NULL,240,53),(13,NULL,NULL,'sale',NULL,'2022-02-06 20:03:37',NULL,241,54),(13,NULL,NULL,'sale',NULL,'2022-02-06 20:03:37',NULL,242,55),(14,1,NULL,NULL,NULL,'2022-02-06 20:03:37',NULL,243,51),(14,2,NULL,NULL,NULL,'2022-02-06 20:03:37',NULL,244,52),(14,3,NULL,NULL,NULL,'2022-02-06 20:03:37',NULL,245,53),(14,4,NULL,NULL,NULL,'2022-02-06 20:03:37',NULL,246,54),(14,5,NULL,NULL,NULL,'2022-02-06 20:03:37',NULL,247,55),(15,NULL,NULL,'core',NULL,'2022-02-06 20:03:37',NULL,248,51),(15,NULL,NULL,'core',NULL,'2022-02-06 20:03:37',NULL,249,52),(15,NULL,NULL,'core',NULL,'2022-02-06 20:03:37',NULL,250,53),(15,NULL,NULL,'core',NULL,'2022-02-06 20:03:37',NULL,251,54),(15,NULL,NULL,'core',NULL,'2022-02-06 20:03:37',NULL,252,55),(40,NULL,NULL,'221',NULL,'2022-02-06 20:03:37',NULL,253,51),(40,NULL,NULL,'222',NULL,'2022-02-06 20:03:37',NULL,254,52),(40,NULL,NULL,'223',NULL,'2022-02-06 20:03:37',NULL,255,53),(40,NULL,NULL,'224',NULL,'2022-02-06 20:03:37',NULL,256,54),(40,NULL,NULL,'225',NULL,'2022-02-06 20:03:37',NULL,257,55),(10,NULL,NULL,'setting',NULL,'2022-02-06 20:03:37',NULL,258,71),(10,NULL,NULL,'users',NULL,'2022-02-06 20:03:37',NULL,259,72),(10,NULL,NULL,'localisation',NULL,'2022-02-06 20:03:37',NULL,260,73),(10,NULL,NULL,'data',NULL,'2022-02-06 20:03:37',NULL,261,74),(10,NULL,NULL,'updater',NULL,'2022-02-06 20:03:37',NULL,262,77),(10,NULL,NULL,'cache',NULL,'2022-02-06 20:03:37',NULL,263,78),(10,NULL,NULL,'messages',NULL,'2022-02-06 20:03:37',NULL,264,79),(10,NULL,NULL,'logs',NULL,'2022-02-06 20:03:37',NULL,265,80),(11,NULL,NULL,'text_setting',NULL,'2022-02-06 20:03:37',NULL,266,71),(11,NULL,NULL,'text_users',NULL,'2022-02-06 20:03:37',NULL,267,72),(11,NULL,NULL,'text_localisation',NULL,'2022-02-06 20:03:37',NULL,268,73),(11,NULL,NULL,'text_data',NULL,'2022-02-06 20:03:37',NULL,269,74),(11,NULL,NULL,'text_updater',NULL,'2022-02-06 20:03:37',NULL,270,77),(11,NULL,NULL,'text_cache',NULL,'2022-02-06 20:03:37',NULL,271,78),(11,NULL,NULL,'text_messages',NULL,'2022-02-06 20:03:37',NULL,272,79),(11,NULL,NULL,'text_logs',NULL,'2022-02-06 20:03:37',NULL,273,80),(12,NULL,NULL,'setting/setting',NULL,'2022-02-06 20:03:37',NULL,274,71),(12,NULL,NULL,'',NULL,'2022-02-06 20:03:37',NULL,275,72),(12,NULL,NULL,'',NULL,'2022-02-06 20:03:37',NULL,276,73),(12,NULL,NULL,'',NULL,'2022-02-06 20:03:37',NULL,277,74),(12,NULL,NULL,'tool/updater',NULL,'2022-02-06 20:03:37',NULL,278,77),(12,NULL,NULL,'tool/cache',NULL,'2022-02-06 20:03:37',NULL,279,78),(12,NULL,NULL,'tool/message_manager',NULL,'2022-02-06 20:03:37',NULL,280,79),(12,NULL,NULL,'',NULL,'2022-02-06 20:03:37',NULL,281,80),(13,NULL,NULL,'system',NULL,'2022-02-06 20:03:37',NULL,282,71),(13,NULL,NULL,'system',NULL,'2022-02-06 20:03:37',NULL,283,72),(13,NULL,NULL,'system',NULL,'2022-02-06 20:03:37',NULL,284,73),(13,NULL,NULL,'system',NULL,'2022-02-06 20:03:37',NULL,285,74),(13,NULL,NULL,'system',NULL,'2022-02-06 20:03:37',NULL,286,77),(13,NULL,NULL,'system',NULL,'2022-02-06 20:03:37',NULL,287,78),(13,NULL,NULL,'system',NULL,'2022-02-06 20:03:37',NULL,288,79),(13,NULL,NULL,'system',NULL,'2022-02-06 20:03:37',NULL,289,80),(14,1,NULL,NULL,NULL,'2022-02-06 20:03:37',NULL,290,71),(14,2,NULL,NULL,NULL,'2022-02-06 20:03:37',NULL,291,72),(14,3,NULL,NULL,NULL,'2022-02-06 20:03:37',NULL,292,73),(14,4,NULL,NULL,NULL,'2022-02-06 20:03:37',NULL,293,74),(14,7,NULL,NULL,NULL,'2022-02-06 20:03:37',NULL,294,77),(14,8,NULL,NULL,NULL,'2022-02-06 20:03:37',NULL,295,78),(14,9,NULL,NULL,NULL,'2022-02-06 20:03:37',NULL,296,79),(14,10,NULL,NULL,NULL,'2022-02-06 20:03:37',NULL,297,80),(15,NULL,NULL,'core',NULL,'2022-02-06 20:03:37',NULL,298,71),(15,NULL,NULL,'core',NULL,'2022-02-06 20:03:37',NULL,299,72),(15,NULL,NULL,'core',NULL,'2022-02-06 20:03:37',NULL,300,73),(15,NULL,NULL,'core',NULL,'2022-02-06 20:03:37',NULL,301,74),(15,NULL,NULL,'core',NULL,'2022-02-06 20:03:37',NULL,302,77),(15,NULL,NULL,'core',NULL,'2022-02-06 20:03:37',NULL,303,78),(15,NULL,NULL,'core',NULL,'2022-02-06 20:03:37',NULL,304,79),(15,NULL,NULL,'core',NULL,'2022-02-06 20:03:37',NULL,305,80),(40,NULL,NULL,'226',NULL,'2022-02-06 20:03:37',NULL,306,71),(40,NULL,NULL,'227',NULL,'2022-02-06 20:03:37',NULL,307,72),(40,NULL,NULL,'228',NULL,'2022-02-06 20:03:37',NULL,308,73),(40,NULL,NULL,'229',NULL,'2022-02-06 20:03:37',NULL,309,74),(40,NULL,NULL,'230',NULL,'2022-02-06 20:03:37',NULL,310,77),(40,NULL,NULL,'231',NULL,'2022-02-06 20:03:37',NULL,311,78),(40,NULL,NULL,'232',NULL,'2022-02-06 20:03:37',NULL,312,79),(40,NULL,NULL,'233',NULL,'2022-02-06 20:03:37',NULL,313,80),(10,NULL,NULL,'report_sale',NULL,'2022-02-06 20:03:37',NULL,314,91),(10,NULL,NULL,'report_customer',NULL,'2022-02-06 20:03:37',NULL,315,92),(10,NULL,NULL,'report_product',NULL,'2022-02-06 20:03:37',NULL,316,93),(10,NULL,NULL,'report_analytics',NULL,'2022-02-06 20:03:37',NULL,317,221),(10,NULL,NULL,'banner_manager_stat',NULL,'2022-02-06 20:03:37',NULL,318,94),(11,NULL,NULL,'text_report_sale',NULL,'2022-02-06 20:03:37',NULL,319,91),(11,NULL,NULL,'text_customer',NULL,'2022-02-06 20:03:37',NULL,320,92),(11,NULL,NULL,'text_product',NULL,'2022-02-06 20:03:37',NULL,321,93),(11,NULL,NULL,'text_analytics',NULL,'2022-02-06 20:03:37',NULL,322,221),(11,NULL,NULL,'banner_manager_name_stat',NULL,'2022-02-06 20:03:37',NULL,323,94),(12,NULL,NULL,'report/sale/orders',NULL,'2022-02-06 20:03:37',NULL,324,91),(12,NULL,NULL,'report/customer/online',NULL,'2022-02-06 20:03:37',NULL,325,92),(12,NULL,NULL,'',NULL,'2022-02-06 20:03:37',NULL,326,93),(12,NULL,NULL,'',NULL,'2022-02-06 20:03:37',NULL,327,221),(12,NULL,NULL,'extension/banner_manager_stat',NULL,'2022-02-06 20:03:37',NULL,328,94),(13,NULL,NULL,'reports',NULL,'2022-02-06 20:03:37',NULL,329,91),(13,NULL,NULL,'reports',NULL,'2022-02-06 20:03:37',NULL,330,92),(13,NULL,NULL,'reports',NULL,'2022-02-06 20:03:37',NULL,331,93),(13,NULL,NULL,'reports',NULL,'2022-02-06 20:03:37',NULL,332,221),(13,NULL,NULL,'reports',NULL,'2022-02-06 20:03:37',NULL,333,94),(14,1,NULL,NULL,NULL,'2022-02-06 20:03:37',NULL,334,91),(14,2,NULL,NULL,NULL,'2022-02-06 20:03:37',NULL,335,92),(14,3,NULL,NULL,NULL,'2022-02-06 20:03:37',NULL,336,93),(14,4,NULL,NULL,NULL,'2022-02-06 20:03:37',NULL,337,221),(14,5,NULL,NULL,NULL,'2022-02-06 20:03:37',NULL,338,94),(15,NULL,NULL,'core',NULL,'2022-02-06 20:03:37',NULL,339,91),(15,NULL,NULL,'core',NULL,'2022-02-06 20:03:37',NULL,340,92),(15,NULL,NULL,'core',NULL,'2022-02-06 20:03:37',NULL,341,93),(15,NULL,NULL,'core',NULL,'2022-02-06 20:03:37',NULL,342,221),(15,NULL,NULL,'extension',NULL,'2022-02-06 20:03:37',NULL,343,94),(40,NULL,NULL,'234',NULL,'2022-02-06 20:03:37',NULL,344,91),(40,NULL,NULL,'222',NULL,'2022-02-06 20:03:37',NULL,345,92),(40,NULL,NULL,'208',NULL,'2022-02-06 20:03:37',NULL,346,93),(40,NULL,NULL,'234',NULL,'2022-02-06 20:03:37',NULL,347,221),(40,NULL,NULL,'237',NULL,'2022-02-06 20:03:37',NULL,348,94),(10,NULL,NULL,'abantecart',NULL,'2022-02-06 20:03:37',NULL,349,111),(10,NULL,NULL,'documentation',NULL,'2022-02-06 20:03:37',NULL,350,112),(10,NULL,NULL,'support',NULL,'2022-02-06 20:03:37',NULL,351,113),(10,NULL,NULL,'marketplace',NULL,'2022-02-06 20:03:37',NULL,352,114),(11,NULL,NULL,'text_abantecart',NULL,'2022-02-06 20:03:37',NULL,353,111),(11,NULL,NULL,'text_documentation',NULL,'2022-02-06 20:03:37',NULL,354,112),(11,NULL,NULL,'text_support',NULL,'2022-02-06 20:03:37',NULL,355,113),(11,NULL,NULL,'text_extensions_store',NULL,'2022-02-06 20:03:37',NULL,356,114),(12,NULL,NULL,'window.open(\'http://www.abantecart.com\');',NULL,'2022-02-06 20:03:37',NULL,357,111),(12,NULL,NULL,'window.open(\'http://docs.abantecart.com\');',NULL,'2022-02-06 20:03:37',NULL,358,112),(12,NULL,NULL,'window.open(\'http://forum.abantecart.com\');',NULL,'2022-02-06 20:03:37',NULL,359,113),(12,NULL,NULL,'window.open(\'http://marketplace.abantecart.com\');',NULL,'2022-02-06 20:03:37',NULL,360,114),(13,NULL,NULL,'help',NULL,'2022-02-06 20:03:37',NULL,361,111),(13,NULL,NULL,'help',NULL,'2022-02-06 20:03:37',NULL,362,112),(13,NULL,NULL,'help',NULL,'2022-02-06 20:03:37',NULL,363,113),(13,NULL,NULL,'help',NULL,'2022-02-06 20:03:37',NULL,364,114),(14,1,NULL,NULL,NULL,'2022-02-06 20:03:37',NULL,365,111),(14,2,NULL,NULL,NULL,'2022-02-06 20:03:37',NULL,366,112),(14,3,NULL,NULL,NULL,'2022-02-06 20:03:37',NULL,367,113),(14,4,NULL,NULL,NULL,'2022-02-06 20:03:37',NULL,368,114),(15,NULL,NULL,'core',NULL,'2022-02-06 20:03:37',NULL,369,111),(15,NULL,NULL,'core',NULL,'2022-02-06 20:03:37',NULL,370,112),(15,NULL,NULL,'core',NULL,'2022-02-06 20:03:37',NULL,371,113),(15,NULL,NULL,'core',NULL,'2022-02-06 20:03:37',NULL,372,114),(40,NULL,NULL,'238',NULL,'2022-02-06 20:03:37',NULL,373,111),(40,NULL,NULL,'239',NULL,'2022-02-06 20:03:37',NULL,374,112),(40,NULL,NULL,'240',NULL,'2022-02-06 20:03:37',NULL,375,113),(40,NULL,NULL,'203',NULL,'2022-02-06 20:03:37',NULL,376,114),(10,NULL,NULL,'template',NULL,'2022-02-06 20:03:37',NULL,377,131),(10,NULL,NULL,'layout',NULL,'2022-02-06 20:03:37',NULL,378,132),(10,NULL,NULL,'blocks',NULL,'2022-02-06 20:03:37',NULL,379,133),(10,NULL,NULL,'menu',NULL,'2022-02-06 20:03:37',NULL,380,134),(10,NULL,NULL,'content',NULL,'2022-02-06 20:03:37',NULL,381,135),(10,NULL,NULL,'banner_manager',NULL,'2022-02-06 20:03:37',NULL,382,136),(10,NULL,NULL,'forms_manager',NULL,'2022-02-06 20:03:37',NULL,383,200),(10,NULL,NULL,'email_templates',NULL,'2022-02-06 20:03:37',NULL,384,137),(11,NULL,NULL,'text_templates',NULL,'2022-02-06 20:03:37',NULL,385,131),(11,NULL,NULL,'text_layout',NULL,'2022-02-06 20:03:37',NULL,386,132),(11,NULL,NULL,'text_blocks',NULL,'2022-02-06 20:03:37',NULL,387,133),(11,NULL,NULL,'text_menu',NULL,'2022-02-06 20:03:37',NULL,388,134),(11,NULL,NULL,'text_content',NULL,'2022-02-06 20:03:37',NULL,389,135),(11,NULL,NULL,'banner_manager_name',NULL,'2022-02-06 20:03:37',NULL,390,136),(11,NULL,NULL,'forms_manager_name',NULL,'2022-02-06 20:03:37',NULL,391,200),(11,NULL,NULL,'email_templates',NULL,'2022-02-06 20:03:37',NULL,392,137),(12,NULL,NULL,'design/template',NULL,'2022-02-06 20:03:37',NULL,393,131),(12,NULL,NULL,'design/layout',NULL,'2022-02-06 20:03:37',NULL,394,132),(12,NULL,NULL,'design/blocks',NULL,'2022-02-06 20:03:37',NULL,395,133),(12,NULL,NULL,'design/menu',NULL,'2022-02-06 20:03:37',NULL,396,134),(12,NULL,NULL,'design/content',NULL,'2022-02-06 20:03:37',NULL,397,135),(12,NULL,NULL,'extension/banner_manager',NULL,'2022-02-06 20:03:37',NULL,398,136),(12,NULL,NULL,'design/email_templates',NULL,'2022-02-06 20:03:37',NULL,399,137),(12,NULL,NULL,'tool/forms_manager',NULL,'2022-02-06 20:03:37',NULL,400,200),(13,NULL,NULL,'design',NULL,'2022-02-06 20:03:37',NULL,401,131),(13,NULL,NULL,'design',NULL,'2022-02-06 20:03:37',NULL,402,132),(13,NULL,NULL,'design',NULL,'2022-02-06 20:03:37',NULL,403,133),(13,NULL,NULL,'design',NULL,'2022-02-06 20:03:37',NULL,404,134),(13,NULL,NULL,'design',NULL,'2022-02-06 20:03:37',NULL,405,135),(13,NULL,NULL,'design',NULL,'2022-02-06 20:03:37',NULL,406,136),(13,NULL,NULL,'design',NULL,'2022-02-06 20:03:37',NULL,407,137),(13,NULL,NULL,'design',NULL,'2022-02-06 20:03:37',NULL,408,200),(14,1,NULL,NULL,NULL,'2022-02-06 20:03:37',NULL,409,131),(14,2,NULL,NULL,NULL,'2022-02-06 20:03:37',NULL,410,132),(14,3,NULL,NULL,NULL,'2022-02-06 20:03:37',NULL,411,133),(14,4,NULL,NULL,NULL,'2022-02-06 20:03:37',NULL,412,134),(14,5,NULL,NULL,NULL,'2022-02-06 20:03:37',NULL,413,135),(14,6,NULL,NULL,NULL,'2022-02-06 20:03:37',NULL,414,136),(14,8,NULL,NULL,NULL,'2022-02-06 20:03:37',NULL,415,137),(14,7,NULL,NULL,NULL,'2022-02-06 20:03:37',NULL,416,200),(15,NULL,NULL,'core',NULL,'2022-02-06 20:03:37',NULL,417,131),(15,NULL,NULL,'core',NULL,'2022-02-06 20:03:37',NULL,418,132),(15,NULL,NULL,'core',NULL,'2022-02-06 20:03:37',NULL,419,133),(15,NULL,NULL,'core',NULL,'2022-02-06 20:03:37',NULL,420,134),(15,NULL,NULL,'core',NULL,'2022-02-06 20:03:37',NULL,421,135),(15,NULL,NULL,'extension',NULL,'2022-02-06 20:03:37',NULL,422,136),(15,NULL,NULL,'core',NULL,'2022-02-06 20:03:37',NULL,423,137),(15,NULL,NULL,'extension',NULL,'2022-02-06 20:03:37',NULL,424,200),(40,NULL,NULL,'241',NULL,'2022-02-06 20:03:37',NULL,425,131),(40,NULL,NULL,'242',NULL,'2022-02-06 20:03:37',NULL,426,132),(40,NULL,NULL,'243',NULL,'2022-02-06 20:03:37',NULL,427,133),(40,NULL,NULL,'244',NULL,'2022-02-06 20:03:37',NULL,428,134),(40,NULL,NULL,'245',NULL,'2022-02-06 20:03:37',NULL,429,135),(40,NULL,NULL,'246',NULL,'2022-02-06 20:03:37',NULL,430,136),(40,NULL,NULL,'280',NULL,'2022-02-06 20:03:37',NULL,431,137),(40,NULL,NULL,'248',NULL,'2022-02-06 20:03:37',NULL,432,200),(10,NULL,NULL,'all_settings',NULL,'2022-02-06 20:03:37',NULL,433,191),(10,NULL,NULL,'settings_details',NULL,'2022-02-06 20:03:37',NULL,434,192),(10,NULL,NULL,'settings_general',NULL,'2022-02-06 20:03:37',NULL,435,193),(10,NULL,NULL,'settings_checkout',NULL,'2022-02-06 20:03:37',NULL,436,194),(10,NULL,NULL,'settings_appearance',NULL,'2022-02-06 20:03:37',NULL,437,195),(10,NULL,NULL,'settings_mail',NULL,'2022-02-06 20:03:37',NULL,438,196),(10,NULL,NULL,'settings_im',NULL,'2022-02-06 20:03:37',NULL,439,219),(10,NULL,NULL,'settings_api',NULL,'2022-02-06 20:03:37',NULL,440,197),(10,NULL,NULL,'settings_system',NULL,'2022-02-06 20:03:37',NULL,441,198),(10,NULL,NULL,'settings_newstore',NULL,'2022-02-06 20:03:37',NULL,442,199),(11,NULL,NULL,'text_all_settings',NULL,'2022-02-06 20:03:37',NULL,443,191),(11,NULL,NULL,'text_settings_details',NULL,'2022-02-06 20:03:37',NULL,444,192),(11,NULL,NULL,'text_settings_general',NULL,'2022-02-06 20:03:37',NULL,445,193),(11,NULL,NULL,'text_settings_checkout',NULL,'2022-02-06 20:03:37',NULL,446,194),(11,NULL,NULL,'text_settings_appearance',NULL,'2022-02-06 20:03:37',NULL,447,195),(11,NULL,NULL,'text_settings_mail',NULL,'2022-02-06 20:03:37',NULL,448,196),(11,NULL,NULL,'text_settings_im',NULL,'2022-02-06 20:03:37',NULL,449,219),(11,NULL,NULL,'text_settings_api',NULL,'2022-02-06 20:03:37',NULL,450,197),(11,NULL,NULL,'text_settings_system',NULL,'2022-02-06 20:03:37',NULL,451,198),(11,NULL,NULL,'text_settings_newstore',NULL,'2022-02-06 20:03:37',NULL,452,199),(12,NULL,NULL,'setting/setting/all',NULL,'2022-02-06 20:03:37',NULL,453,191),(12,NULL,NULL,'setting/setting/details',NULL,'2022-02-06 20:03:37',NULL,454,192),(12,NULL,NULL,'setting/setting/general',NULL,'2022-02-06 20:03:37',NULL,455,193),(12,NULL,NULL,'setting/setting/checkout',NULL,'2022-02-06 20:03:37',NULL,456,194),(12,NULL,NULL,'setting/setting/appearance',NULL,'2022-02-06 20:03:37',NULL,457,195),(12,NULL,NULL,'setting/setting/mail',NULL,'2022-02-06 20:03:37',NULL,458,196),(12,NULL,NULL,'setting/setting/im',NULL,'2022-02-06 20:03:37',NULL,459,219),(12,NULL,NULL,'setting/setting/api',NULL,'2022-02-06 20:03:37',NULL,460,197),(12,NULL,NULL,'setting/setting/system',NULL,'2022-02-06 20:03:37',NULL,461,198),(12,NULL,NULL,'setting/store/insert',NULL,'2022-02-06 20:03:37',NULL,462,199),(13,NULL,NULL,'setting',NULL,'2022-02-06 20:03:37',NULL,463,191),(13,NULL,NULL,'setting',NULL,'2022-02-06 20:03:37',NULL,464,192),(13,NULL,NULL,'setting',NULL,'2022-02-06 20:03:37',NULL,465,193),(13,NULL,NULL,'setting',NULL,'2022-02-06 20:03:37',NULL,466,194),(13,NULL,NULL,'setting',NULL,'2022-02-06 20:03:37',NULL,467,195),(13,NULL,NULL,'setting',NULL,'2022-02-06 20:03:37',NULL,468,196),(13,NULL,NULL,'setting',NULL,'2022-02-06 20:03:37',NULL,469,219),(13,NULL,NULL,'setting',NULL,'2022-02-06 20:03:37',NULL,470,197),(13,NULL,NULL,'setting',NULL,'2022-02-06 20:03:37',NULL,471,198),(13,NULL,NULL,'setting',NULL,'2022-02-06 20:03:37',NULL,472,199),(14,1,NULL,NULL,NULL,'2022-02-06 20:03:37',NULL,473,191),(14,2,NULL,NULL,NULL,'2022-02-06 20:03:37',NULL,474,192),(14,3,NULL,NULL,NULL,'2022-02-06 20:03:37',NULL,475,193),(14,4,NULL,NULL,NULL,'2022-02-06 20:03:37',NULL,476,194),(14,5,NULL,NULL,NULL,'2022-02-06 20:03:37',NULL,477,195),(14,6,NULL,NULL,NULL,'2022-02-06 20:03:37',NULL,478,196),(14,7,NULL,NULL,NULL,'2022-02-06 20:03:37',NULL,479,219),(14,8,NULL,NULL,NULL,'2022-02-06 20:03:37',NULL,480,197),(14,9,NULL,NULL,NULL,'2022-02-06 20:03:37',NULL,481,198),(14,10,NULL,NULL,NULL,'2022-02-06 20:03:37',NULL,482,199),(15,NULL,NULL,'core',NULL,'2022-02-06 20:03:37',NULL,483,191),(15,NULL,NULL,'core',NULL,'2022-02-06 20:03:37',NULL,484,192),(15,NULL,NULL,'core',NULL,'2022-02-06 20:03:37',NULL,485,193),(15,NULL,NULL,'core',NULL,'2022-02-06 20:03:37',NULL,486,194),(15,NULL,NULL,'core',NULL,'2022-02-06 20:03:37',NULL,487,195),(15,NULL,NULL,'core',NULL,'2022-02-06 20:03:37',NULL,488,196),(15,NULL,NULL,'core',NULL,'2022-02-06 20:03:37',NULL,489,219),(15,NULL,NULL,'core',NULL,'2022-02-06 20:03:37',NULL,490,197),(15,NULL,NULL,'core',NULL,'2022-02-06 20:03:37',NULL,491,198),(15,NULL,NULL,'core',NULL,'2022-02-06 20:03:37',NULL,492,199),(40,NULL,NULL,'247',NULL,'2022-02-06 20:03:37',NULL,493,191),(40,NULL,NULL,'248',NULL,'2022-02-06 20:03:37',NULL,494,192),(40,NULL,NULL,'249',NULL,'2022-02-06 20:03:37',NULL,495,193),(40,NULL,NULL,'250',NULL,'2022-02-06 20:03:37',NULL,496,194),(40,NULL,NULL,'251',NULL,'2022-02-06 20:03:37',NULL,497,195),(40,NULL,NULL,'252',NULL,'2022-02-06 20:03:37',NULL,498,196),(40,NULL,NULL,'276',NULL,'2022-02-06 20:03:37',NULL,499,219),(40,NULL,NULL,'253',NULL,'2022-02-06 20:03:37',NULL,500,197),(40,NULL,NULL,'254',NULL,'2022-02-06 20:03:37',NULL,501,198),(40,NULL,NULL,'255',NULL,'2022-02-06 20:03:37',NULL,502,199),(10,NULL,NULL,'user',NULL,'2022-02-06 20:03:37',NULL,503,151),(10,NULL,NULL,'permission',NULL,'2022-02-06 20:03:37',NULL,504,152),(11,NULL,NULL,'text_user',NULL,'2022-02-06 20:03:37',NULL,505,151),(11,NULL,NULL,'text_user_group',NULL,'2022-02-06 20:03:37',NULL,506,152),(12,NULL,NULL,'user/user',NULL,'2022-02-06 20:03:37',NULL,507,151),(12,NULL,NULL,'user/user_permission',NULL,'2022-02-06 20:03:37',NULL,508,152),(13,NULL,NULL,'users',NULL,'2022-02-06 20:03:37',NULL,509,151),(13,NULL,NULL,'users',NULL,'2022-02-06 20:03:37',NULL,510,152),(14,1,NULL,NULL,NULL,'2022-02-06 20:03:37',NULL,511,151),(14,2,NULL,NULL,NULL,'2022-02-06 20:03:37',NULL,512,152),(15,NULL,NULL,'core',NULL,'2022-02-06 20:03:37',NULL,513,151),(15,NULL,NULL,'core',NULL,'2022-02-06 20:03:37',NULL,514,152),(40,NULL,NULL,'256',NULL,'2022-02-06 20:03:37',NULL,515,151),(40,NULL,NULL,'257',NULL,'2022-02-06 20:03:37',NULL,516,152),(10,NULL,NULL,'language',NULL,'2022-02-06 20:03:37',NULL,517,171),(10,NULL,NULL,'language_definitions',NULL,'2022-02-06 20:03:37',NULL,518,172),(10,NULL,NULL,'currency',NULL,'2022-02-06 20:03:37',NULL,519,173),(10,NULL,NULL,'stockstatus',NULL,'2022-02-06 20:03:37',NULL,520,174),(10,NULL,NULL,'orderstatus',NULL,'2022-02-06 20:03:37',NULL,521,175),(10,NULL,NULL,'country',NULL,'2022-02-06 20:03:37',NULL,522,176),(10,NULL,NULL,'zone',NULL,'2022-02-06 20:03:37',NULL,523,177),(10,NULL,NULL,'location',NULL,'2022-02-06 20:03:37',NULL,524,178),(10,NULL,NULL,'taxclass',NULL,'2022-02-06 20:03:37',NULL,525,179),(10,NULL,NULL,'lengthclass',NULL,'2022-02-06 20:03:37',NULL,526,180),(10,NULL,NULL,'weightclass',NULL,'2022-02-06 20:03:37',NULL,527,181),(11,NULL,NULL,'text_language',NULL,'2022-02-06 20:03:37',NULL,528,171),(11,NULL,NULL,'text_language_definitions',NULL,'2022-02-06 20:03:37',NULL,529,172),(11,NULL,NULL,'text_currency',NULL,'2022-02-06 20:03:37',NULL,530,173),(11,NULL,NULL,'text_stock_status',NULL,'2022-02-06 20:03:37',NULL,531,174),(11,NULL,NULL,'text_order_status',NULL,'2022-02-06 20:03:37',NULL,532,175),(11,NULL,NULL,'text_country',NULL,'2022-02-06 20:03:37',NULL,533,176),(11,NULL,NULL,'text_zone',NULL,'2022-02-06 20:03:37',NULL,534,177),(11,NULL,NULL,'text_location',NULL,'2022-02-06 20:03:37',NULL,535,178),(11,NULL,NULL,'text_tax_class',NULL,'2022-02-06 20:03:37',NULL,536,179),(11,NULL,NULL,'text_length_class',NULL,'2022-02-06 20:03:37',NULL,537,180),(11,NULL,NULL,'text_weight_class',NULL,'2022-02-06 20:03:37',NULL,538,181),(12,NULL,NULL,'localisation/language',NULL,'2022-02-06 20:03:37',NULL,539,171),(12,NULL,NULL,'localisation/language_definitions',NULL,'2022-02-06 20:03:37',NULL,540,172),(12,NULL,NULL,'localisation/currency',NULL,'2022-02-06 20:03:37',NULL,541,173),(12,NULL,NULL,'localisation/stock_status',NULL,'2022-02-06 20:03:37',NULL,542,174),(12,NULL,NULL,'localisation/order_status',NULL,'2022-02-06 20:03:37',NULL,543,175),(12,NULL,NULL,'localisation/country',NULL,'2022-02-06 20:03:37',NULL,544,176),(12,NULL,NULL,'localisation/zone',NULL,'2022-02-06 20:03:37',NULL,545,177),(12,NULL,NULL,'localisation/location',NULL,'2022-02-06 20:03:37',NULL,546,178),(12,NULL,NULL,'localisation/tax_class',NULL,'2022-02-06 20:03:37',NULL,547,179),(12,NULL,NULL,'localisation/length_class',NULL,'2022-02-06 20:03:37',NULL,548,180),(12,NULL,NULL,'localisation/weight_class',NULL,'2022-02-06 20:03:37',NULL,549,181),(13,NULL,NULL,'localisation',NULL,'2022-02-06 20:03:37',NULL,550,171),(13,NULL,NULL,'localisation',NULL,'2022-02-06 20:03:37',NULL,551,172),(13,NULL,NULL,'localisation',NULL,'2022-02-06 20:03:37',NULL,552,173),(13,NULL,NULL,'localisation',NULL,'2022-02-06 20:03:37',NULL,553,174),(13,NULL,NULL,'localisation',NULL,'2022-02-06 20:03:37',NULL,554,175),(13,NULL,NULL,'localisation',NULL,'2022-02-06 20:03:37',NULL,555,176),(13,NULL,NULL,'localisation',NULL,'2022-02-06 20:03:37',NULL,556,177),(13,NULL,NULL,'localisation',NULL,'2022-02-06 20:03:37',NULL,557,178),(13,NULL,NULL,'localisation',NULL,'2022-02-06 20:03:37',NULL,558,179),(13,NULL,NULL,'localisation',NULL,'2022-02-06 20:03:37',NULL,559,180),(13,NULL,NULL,'localisation',NULL,'2022-02-06 20:03:37',NULL,560,181),(14,1,NULL,NULL,NULL,'2022-02-06 20:03:37',NULL,561,171),(14,2,NULL,NULL,NULL,'2022-02-06 20:03:37',NULL,562,172),(14,3,NULL,NULL,NULL,'2022-02-06 20:03:37',NULL,563,173),(14,4,NULL,NULL,NULL,'2022-02-06 20:03:37',NULL,564,174),(14,5,NULL,NULL,NULL,'2022-02-06 20:03:37',NULL,565,175),(14,6,NULL,NULL,NULL,'2022-02-06 20:03:37',NULL,566,176),(14,7,NULL,NULL,NULL,'2022-02-06 20:03:37',NULL,567,177),(14,8,NULL,NULL,NULL,'2022-02-06 20:03:37',NULL,568,178),(14,9,NULL,NULL,NULL,'2022-02-06 20:03:37',NULL,569,179),(14,10,NULL,NULL,NULL,'2022-02-06 20:03:37',NULL,570,180),(14,11,NULL,NULL,NULL,'2022-02-06 20:03:37',NULL,571,181),(15,NULL,NULL,'core',NULL,'2022-02-06 20:03:37',NULL,572,171),(15,NULL,NULL,'core',NULL,'2022-02-06 20:03:37',NULL,573,172),(15,NULL,NULL,'core',NULL,'2022-02-06 20:03:37',NULL,574,173),(15,NULL,NULL,'core',NULL,'2022-02-06 20:03:37',NULL,575,174),(15,NULL,NULL,'core',NULL,'2022-02-06 20:03:37',NULL,576,175),(15,NULL,NULL,'core',NULL,'2022-02-06 20:03:37',NULL,577,176),(15,NULL,NULL,'core',NULL,'2022-02-06 20:03:37',NULL,578,177),(15,NULL,NULL,'core',NULL,'2022-02-06 20:03:37',NULL,579,178),(15,NULL,NULL,'core',NULL,'2022-02-06 20:03:37',NULL,580,179),(15,NULL,NULL,'core',NULL,'2022-02-06 20:03:37',NULL,581,180),(15,NULL,NULL,'core',NULL,'2022-02-06 20:03:37',NULL,582,181),(40,NULL,NULL,'258',NULL,'2022-02-06 20:03:37',NULL,583,171),(40,NULL,NULL,'259',NULL,'2022-02-06 20:03:37',NULL,584,172),(40,NULL,NULL,'260',NULL,'2022-02-06 20:03:37',NULL,585,173),(40,NULL,NULL,'261',NULL,'2022-02-06 20:03:37',NULL,586,174),(40,NULL,NULL,'262',NULL,'2022-02-06 20:03:37',NULL,587,175),(40,NULL,NULL,'263',NULL,'2022-02-06 20:03:37',NULL,588,176),(40,NULL,NULL,'264',NULL,'2022-02-06 20:03:37',NULL,589,177),(40,NULL,NULL,'265',NULL,'2022-02-06 20:03:37',NULL,590,178),(40,NULL,NULL,'266',NULL,'2022-02-06 20:03:37',NULL,591,179),(40,NULL,NULL,'267',NULL,'2022-02-06 20:03:37',NULL,592,180),(40,NULL,NULL,'268',NULL,'2022-02-06 20:03:37',NULL,593,181),(10,NULL,NULL,'backup',NULL,'2022-02-06 20:03:37',NULL,594,183),(10,NULL,NULL,'migrate',NULL,'2022-02-06 20:03:37',NULL,595,184),(10,NULL,NULL,'datasets',NULL,'2022-02-06 20:03:37',NULL,596,185),(10,NULL,NULL,'import_export',NULL,'2022-02-06 20:03:37',NULL,597,182),(10,NULL,NULL,'file_uploads',NULL,'2022-02-06 20:03:37',NULL,598,188),(11,NULL,NULL,'text_backup',NULL,'2022-02-06 20:03:37',NULL,599,183),(11,NULL,NULL,'text_migrate',NULL,'2022-02-06 20:03:37',NULL,600,184),(11,NULL,NULL,'text_datasets_manager',NULL,'2022-02-06 20:03:37',NULL,601,185),(11,NULL,NULL,'text_import_export',NULL,'2022-02-06 20:03:37',NULL,602,182),(11,NULL,NULL,'text_file_uploads',NULL,'2022-02-06 20:03:37',NULL,603,188),(12,NULL,NULL,'tool/backup',NULL,'2022-02-06 20:03:37',NULL,604,183),(12,NULL,NULL,'tool/migration/step_one',NULL,'2022-02-06 20:03:37',NULL,605,184),(12,NULL,NULL,'tool/datasets_manager',NULL,'2022-02-06 20:03:37',NULL,606,185),(12,NULL,NULL,'tool/import_export',NULL,'2022-02-06 20:03:37',NULL,607,182),(12,NULL,NULL,'tool/files',NULL,'2022-02-06 20:03:37',NULL,608,188),(13,NULL,NULL,'data',NULL,'2022-02-06 20:03:37',NULL,609,183),(13,NULL,NULL,'data',NULL,'2022-02-06 20:03:37',NULL,610,184),(13,NULL,NULL,'data',NULL,'2022-02-06 20:03:37',NULL,611,185),(13,NULL,NULL,'data',NULL,'2022-02-06 20:03:37',NULL,612,182),(13,NULL,NULL,'data',NULL,'2022-02-06 20:03:37',NULL,613,188),(14,1,NULL,NULL,NULL,'2022-02-06 20:03:37',NULL,614,183),(14,2,NULL,NULL,NULL,'2022-02-06 20:03:37',NULL,615,184),(14,3,NULL,NULL,NULL,'2022-02-06 20:03:37',NULL,616,185),(14,4,NULL,NULL,NULL,'2022-02-06 20:03:37',NULL,617,182),(14,5,NULL,NULL,NULL,'2022-02-06 20:03:37',NULL,618,188),(15,NULL,NULL,'core',NULL,'2022-02-06 20:03:37',NULL,619,183),(15,NULL,NULL,'core',NULL,'2022-02-06 20:03:37',NULL,620,184),(15,NULL,NULL,'core',NULL,'2022-02-06 20:03:37',NULL,621,185),(15,NULL,NULL,'core',NULL,'2022-02-06 20:03:37',NULL,622,182),(15,NULL,NULL,'core',NULL,'2022-02-06 20:03:37',NULL,623,188),(40,NULL,NULL,'269',NULL,'2022-02-06 20:03:37',NULL,624,183),(40,NULL,NULL,'270',NULL,'2022-02-06 20:03:37',NULL,625,184),(40,NULL,NULL,'271',NULL,'2022-02-06 20:03:37',NULL,626,185),(40,NULL,NULL,'272',NULL,'2022-02-06 20:03:37',NULL,627,182),(40,NULL,NULL,'273',NULL,'2022-02-06 20:03:37',NULL,628,188),(10,NULL,NULL,'installlog',NULL,'2022-02-06 20:03:37',NULL,629,186),(10,NULL,NULL,'error_log',NULL,'2022-02-06 20:03:37',NULL,630,187),(10,NULL,NULL,'task',NULL,'2022-02-06 20:03:37',NULL,631,189),(11,NULL,NULL,'text_install_upgrade_history',NULL,'2022-02-06 20:03:37',NULL,632,186),(11,NULL,NULL,'text_error_log',NULL,'2022-02-06 20:03:37',NULL,633,187),(11,NULL,NULL,'text_tasks',NULL,'2022-02-06 20:03:37',NULL,634,189),(12,NULL,NULL,'tool/install_upgrade_history',NULL,'2022-02-06 20:03:37',NULL,635,186),(12,NULL,NULL,'tool/error_log',NULL,'2022-02-06 20:03:37',NULL,636,187),(12,NULL,NULL,'tool/task',NULL,'2022-02-06 20:03:37',NULL,637,189),(13,NULL,NULL,'logs',NULL,'2022-02-06 20:03:37',NULL,638,186),(13,NULL,NULL,'logs',NULL,'2022-02-06 20:03:37',NULL,639,187),(13,NULL,NULL,'logs',NULL,'2022-02-06 20:03:37',NULL,640,189),(14,1,NULL,NULL,NULL,'2022-02-06 20:03:37',NULL,641,186),(14,2,NULL,NULL,NULL,'2022-02-06 20:03:37',NULL,642,187),(14,3,NULL,NULL,NULL,'2022-02-06 20:03:37',NULL,643,189),(15,NULL,NULL,'core',NULL,'2022-02-06 20:03:37',NULL,644,186),(15,NULL,NULL,'core',NULL,'2022-02-06 20:03:37',NULL,645,187),(15,NULL,NULL,'core',NULL,'2022-02-06 20:03:37',NULL,646,189),(40,NULL,NULL,'274',NULL,'2022-02-06 20:03:37',NULL,647,186),(40,NULL,NULL,'275',NULL,'2022-02-06 20:03:37',NULL,648,187),(40,NULL,NULL,'254',NULL,'2022-02-06 20:03:37',NULL,649,189),(10,NULL,NULL,'report_sale_orders',NULL,'2022-02-06 20:03:37',NULL,650,210),(10,NULL,NULL,'report_sale_tax',NULL,'2022-02-06 20:03:37',NULL,651,211),(10,NULL,NULL,'report_sale_shipping',NULL,'2022-02-06 20:03:37',NULL,652,212),(10,NULL,NULL,'report_sale_coupon',NULL,'2022-02-06 20:03:37',NULL,653,213),(11,NULL,NULL,'text_order',NULL,'2022-02-06 20:03:37',NULL,654,210),(11,NULL,NULL,'text_tax',NULL,'2022-02-06 20:03:37',NULL,655,211),(11,NULL,NULL,'text_shipping',NULL,'2022-02-06 20:03:37',NULL,656,212),(11,NULL,NULL,'text_discount',NULL,'2022-02-06 20:03:37',NULL,657,213),(12,NULL,NULL,'report/sale/orders',NULL,'2022-02-06 20:03:37',NULL,658,210),(12,NULL,NULL,'report/sale/taxes',NULL,'2022-02-06 20:03:37',NULL,659,211),(12,NULL,NULL,'report/sale/shipping',NULL,'2022-02-06 20:03:37',NULL,660,212),(12,NULL,NULL,'report/sale/coupons',NULL,'2022-02-06 20:03:37',NULL,661,213),(13,NULL,NULL,'report_sale',NULL,'2022-02-06 20:03:37',NULL,662,210),(13,NULL,NULL,'report_sale',NULL,'2022-02-06 20:03:37',NULL,663,211),(13,NULL,NULL,'report_sale',NULL,'2022-02-06 20:03:37',NULL,664,212),(13,NULL,NULL,'report_sale',NULL,'2022-02-06 20:03:37',NULL,665,213),(14,1,NULL,NULL,NULL,'2022-02-06 20:03:37',NULL,666,210),(14,2,NULL,NULL,NULL,'2022-02-06 20:03:37',NULL,667,211),(14,3,NULL,NULL,NULL,'2022-02-06 20:03:37',NULL,668,212),(14,4,NULL,NULL,NULL,'2022-02-06 20:03:37',NULL,669,213),(15,NULL,NULL,'core',NULL,'2022-02-06 20:03:37',NULL,670,210),(15,NULL,NULL,'core',NULL,'2022-02-06 20:03:37',NULL,671,211),(15,NULL,NULL,'core',NULL,'2022-02-06 20:03:37',NULL,672,212),(15,NULL,NULL,'core',NULL,'2022-02-06 20:03:37',NULL,673,213),(40,NULL,NULL,'221',NULL,'2022-02-06 20:03:37',NULL,674,210),(40,NULL,NULL,'266',NULL,'2022-02-06 20:03:37',NULL,675,211),(40,NULL,NULL,'214',NULL,'2022-02-06 20:03:37',NULL,676,212),(40,NULL,NULL,'224',NULL,'2022-02-06 20:03:37',NULL,677,213),(10,NULL,NULL,'report_customer_online',NULL,'2022-02-06 20:03:37',NULL,678,214),(10,NULL,NULL,'report_customer_order',NULL,'2022-02-06 20:03:37',NULL,679,215),(10,NULL,NULL,'report_customer_transactions',NULL,'2022-02-06 20:03:37',NULL,680,216),(11,NULL,NULL,'text_online',NULL,'2022-02-06 20:03:37',NULL,681,214),(11,NULL,NULL,'text_order',NULL,'2022-02-06 20:03:37',NULL,682,215),(11,NULL,NULL,'text_transactions',NULL,'2022-02-06 20:03:37',NULL,683,216),(12,NULL,NULL,'report/customer/online',NULL,'2022-02-06 20:03:37',NULL,684,214),(12,NULL,NULL,'report/customer/orders',NULL,'2022-02-06 20:03:37',NULL,685,215),(12,NULL,NULL,'report/customer/transactions',NULL,'2022-02-06 20:03:37',NULL,686,216),(13,NULL,NULL,'report_customer',NULL,'2022-02-06 20:03:37',NULL,687,214),(13,NULL,NULL,'report_customer',NULL,'2022-02-06 20:03:37',NULL,688,215),(13,NULL,NULL,'report_customer',NULL,'2022-02-06 20:03:37',NULL,689,216),(14,1,NULL,NULL,NULL,'2022-02-06 20:03:37',NULL,690,214),(14,2,NULL,NULL,NULL,'2022-02-06 20:03:37',NULL,691,215),(14,3,NULL,NULL,NULL,'2022-02-06 20:03:37',NULL,692,216),(15,NULL,NULL,'core',NULL,'2022-02-06 20:03:37',NULL,693,214),(15,NULL,NULL,'core',NULL,'2022-02-06 20:03:37',NULL,694,215),(15,NULL,NULL,'core',NULL,'2022-02-06 20:03:37',NULL,695,216),(40,NULL,NULL,'222',NULL,'2022-02-06 20:03:37',NULL,696,214),(40,NULL,NULL,'221',NULL,'2022-02-06 20:03:37',NULL,697,215),(40,NULL,NULL,'260',NULL,'2022-02-06 20:03:37',NULL,698,216),(10,NULL,NULL,'report_product_viewed',NULL,'2022-02-06 20:03:37',NULL,699,217),(10,NULL,NULL,'report_product_purchased',NULL,'2022-02-06 20:03:37',NULL,700,218),(11,NULL,NULL,'text_report_viewed',NULL,'2022-02-06 20:03:37',NULL,701,217),(11,NULL,NULL,'text_report_purchased',NULL,'2022-02-06 20:03:37',NULL,702,218),(12,NULL,NULL,'report/viewed',NULL,'2022-02-06 20:03:37',NULL,703,217),(12,NULL,NULL,'report/purchased',NULL,'2022-02-06 20:03:37',NULL,704,218),(13,NULL,NULL,'report_product',NULL,'2022-02-06 20:03:37',NULL,705,217),(13,NULL,NULL,'report_product',NULL,'2022-02-06 20:03:37',NULL,706,218),(14,1,NULL,NULL,NULL,'2022-02-06 20:03:37',NULL,707,217),(14,2,NULL,NULL,NULL,'2022-02-06 20:03:37',NULL,708,218),(15,NULL,NULL,'core',NULL,'2022-02-06 20:03:37',NULL,709,217),(15,NULL,NULL,'core',NULL,'2022-02-06 20:03:37',NULL,710,218),(40,NULL,NULL,'235',NULL,'2022-02-06 20:03:37',NULL,711,217),(40,NULL,NULL,'236',NULL,'2022-02-06 20:03:37',NULL,712,218),(16,NULL,NULL,'home',NULL,'2022-02-06 20:03:37',NULL,713,1),(16,NULL,NULL,'login',NULL,'2022-02-06 20:03:37',NULL,714,2),(16,NULL,NULL,'logout',NULL,'2022-02-06 20:03:37',NULL,715,3),(16,NULL,NULL,'account',NULL,'2022-02-06 20:03:37',NULL,716,4),(16,NULL,NULL,'cart',NULL,'2022-02-06 20:03:37',NULL,717,5),(16,NULL,NULL,'checkout',NULL,'2022-02-06 20:03:37',NULL,718,6),(16,NULL,NULL,'specials',NULL,'2022-02-06 20:03:37',NULL,719,14),(16,NULL,NULL,'order',NULL,'2022-02-06 20:03:37',NULL,720,15),(17,NULL,NULL,'Home',NULL,'2022-02-06 20:03:37',NULL,721,1),(17,NULL,NULL,'Login',NULL,'2022-02-06 20:03:37',NULL,722,2),(17,NULL,NULL,'Logout',NULL,'2022-02-06 20:03:37',NULL,723,3),(17,NULL,NULL,'Account',NULL,'2022-02-06 20:03:37',NULL,724,4),(17,NULL,NULL,'Cart',NULL,'2022-02-06 20:03:37',NULL,725,5),(17,NULL,NULL,'Checkout',NULL,'2022-02-06 20:03:37',NULL,726,6),(17,NULL,NULL,'Specials',NULL,'2022-02-06 20:03:37',NULL,727,14),(17,NULL,NULL,'Check Your Order',NULL,'2022-02-06 20:03:37',NULL,728,15),(18,1,NULL,NULL,NULL,'2022-02-06 20:03:37',NULL,729,1),(18,1,NULL,NULL,NULL,'2022-02-06 20:03:37',NULL,730,2),(18,1,NULL,NULL,NULL,'2022-02-06 20:03:37',NULL,731,3),(18,1,NULL,NULL,NULL,'2022-02-06 20:03:37',NULL,732,4),(18,1,NULL,NULL,NULL,'2022-02-06 20:03:37',NULL,733,5),(18,1,NULL,NULL,NULL,'2022-02-06 20:03:37',NULL,734,6),(18,1,NULL,NULL,NULL,'2022-02-06 20:03:37',NULL,735,14),(18,1,NULL,NULL,NULL,'2022-02-06 20:03:37',NULL,736,15),(16,NULL,NULL,'home',NULL,'2022-02-06 20:03:37',NULL,737,7),(16,NULL,NULL,'login',NULL,'2022-02-06 20:03:37',NULL,738,8),(16,NULL,NULL,'logout',NULL,'2022-02-06 20:03:37',NULL,739,9),(16,NULL,NULL,'account',NULL,'2022-02-06 20:03:37',NULL,740,10),(16,NULL,NULL,'cart',NULL,'2022-02-06 20:03:37',NULL,741,11),(16,NULL,NULL,'checkout',NULL,'2022-02-06 20:03:37',NULL,742,12),(16,NULL,NULL,'specials',NULL,'2022-02-06 20:03:37',NULL,743,13),(16,NULL,NULL,'order',NULL,'2022-02-06 20:03:37',NULL,744,16),(17,NULL,NULL,'Casa',NULL,'2022-02-06 20:03:37',NULL,745,7),(17,NULL,NULL,'Iniciar Sesión',NULL,'2022-02-06 20:03:37',NULL,746,8),(17,NULL,NULL,'Cerrar sesión',NULL,'2022-02-06 20:03:37',NULL,747,9),(17,NULL,NULL,'Cuenta',NULL,'2022-02-06 20:03:37',NULL,748,10),(17,NULL,NULL,'Carro',NULL,'2022-02-06 20:03:37',NULL,749,11),(17,NULL,NULL,'Caja',NULL,'2022-02-06 20:03:37',NULL,750,12),(17,NULL,NULL,'Especiales',NULL,'2022-02-06 20:03:37',NULL,751,13),(17,NULL,NULL,'Comprobar el Orden',NULL,'2022-02-06 20:03:37',NULL,752,16),(18,9,NULL,NULL,NULL,'2022-02-06 20:03:37',NULL,753,7),(18,9,NULL,NULL,NULL,'2022-02-06 20:03:37',NULL,754,8),(18,9,NULL,NULL,NULL,'2022-02-06 20:03:37',NULL,755,9),(18,9,NULL,NULL,NULL,'2022-02-06 20:03:37',NULL,756,10),(18,9,NULL,NULL,NULL,'2022-02-06 20:03:37',NULL,757,11),(18,9,NULL,NULL,NULL,'2022-02-06 20:03:37',NULL,758,12),(18,9,NULL,NULL,NULL,'2022-02-06 20:03:37',NULL,759,13),(18,9,NULL,NULL,NULL,'2022-02-06 20:03:37',NULL,760,16),(20,NULL,NULL,NULL,NULL,'2022-02-06 20:03:37',NULL,761,1),(21,NULL,NULL,'AbanteCart',NULL,'2022-02-06 20:03:37',NULL,762,1),(22,NULL,NULL,'1.3.2',NULL,'2022-02-06 20:03:37',NULL,763,1),(23,NULL,NULL,'',NULL,'2022-02-06 20:03:37',NULL,764,1),(24,NULL,NULL,'',NULL,'2022-02-06 20:03:37',NULL,765,1),(25,NULL,NULL,'install',NULL,'2022-02-06 20:03:37',NULL,766,1),(26,NULL,NULL,'admin',NULL,'2022-02-06 20:03:37',NULL,767,1);

--
-- Table structure for table `aba6_datasets`
--

CREATE TABLE `aba6_datasets` (
  `dataset_id` int(11) NOT NULL AUTO_INCREMENT,
  `dataset_name` varchar(255) NOT NULL,
  `dataset_key` varchar(255) DEFAULT '',
  PRIMARY KEY (`dataset_id`)
) ENGINE=MyISAM AUTO_INCREMENT=6 DEFAULT CHARSET=utf8;

--
-- Dumping data for table `aba6_datasets`
--

INSERT INTO `aba6_datasets` VALUES (1,'menu','storefront'),(2,'menu','admin'),(3,'menu','storefront_description'),(4,'install_upgrade_history','admin'),(5,'file_uploads','admin');

--
-- Table structure for table `aba6_download_attribute_values`
--

CREATE TABLE `aba6_download_attribute_values` (
  `download_attribute_id` int(11) NOT NULL AUTO_INCREMENT,
  `attribute_id` int(11) NOT NULL,
  `download_id` int(11) NOT NULL,
  `attribute_value_ids` text,
  PRIMARY KEY (`download_attribute_id`),
  KEY `ac_download_attribute_values_idx` (`attribute_id`,`download_id`)
) ENGINE=MyISAM DEFAULT CHARSET=utf8;

--
-- Dumping data for table `aba6_download_attribute_values`
--


--
-- Table structure for table `aba6_download_descriptions`
--

CREATE TABLE `aba6_download_descriptions` (
  `download_id` int(11) NOT NULL,
  `language_id` int(11) NOT NULL,
  `name` varchar(64) NOT NULL DEFAULT '' COMMENT 'translatable',
  PRIMARY KEY (`download_id`,`language_id`)
) ENGINE=MyISAM DEFAULT CHARSET=utf8;

--
-- Dumping data for table `aba6_download_descriptions`
--

INSERT INTO `aba6_download_descriptions` VALUES (1,1,'Audio CD1'),(2,1,'audio sample mp3'),(5,1,'Find your fit');

--
-- Table structure for table `aba6_downloads`
--

CREATE TABLE `aba6_downloads` (
  `download_id` int(11) NOT NULL AUTO_INCREMENT,
  `filename` varchar(128) NOT NULL DEFAULT '',
  `mask` varchar(128) NOT NULL DEFAULT '',
  `max_downloads` int(11) DEFAULT NULL,
  `expire_days` int(11) DEFAULT NULL,
  `sort_order` int(11) NOT NULL,
  `activate` varchar(64) NOT NULL,
  `activate_order_status_id` int(11) NOT NULL DEFAULT '0',
  `shared` int(1) NOT NULL DEFAULT '0',
  `status` int(1) NOT NULL DEFAULT '0',
  `date_added` timestamp NOT NULL DEFAULT '0000-00-00 00:00:00',
  `date_modified` timestamp NOT NULL DEFAULT CURRENT_TIMESTAMP ON UPDATE CURRENT_TIMESTAMP,
  PRIMARY KEY (`download_id`),
  KEY `ac_downloads_idx` (`activate_order_status_id`,`shared`)
) ENGINE=MyISAM AUTO_INCREMENT=6 DEFAULT CHARSET=utf8;

--
-- Dumping data for table `aba6_downloads`
--

INSERT INTO `aba6_downloads` VALUES (1,'download/18/76/4.mp3','audio-cd.mp3',50,NULL,0,'order_status',5,0,1,'2022-02-06 20:03:37','2022-02-06 20:03:37'),(2,'download/18/76/5.mp3','sample.mp3',NULL,NULL,0,'before_order',0,0,1,'2022-02-06 20:03:37','2022-02-06 20:03:37'),(5,'download/18/79/f.pdf','size-fit-guide-print.pdf',NULL,NULL,0,'before_order',0,1,1,'2022-02-06 20:03:37','2022-02-06 20:03:37');

--
-- Table structure for table `aba6_email_templates`
--

CREATE TABLE `aba6_email_templates` (
  `id` int(11) NOT NULL AUTO_INCREMENT,
  `status` tinyint(1) NOT NULL,
  `text_id` varchar(255) CHARACTER SET utf8 COLLATE utf8_unicode_ci NOT NULL,
  `language_id` int(11) NOT NULL,
  `headers` varchar(255) CHARACTER SET utf8 COLLATE utf8_unicode_ci NOT NULL,
  `subject` varchar(255) CHARACTER SET utf8 COLLATE utf8_unicode_ci NOT NULL,
  `html_body` text CHARACTER SET utf8 COLLATE utf8_unicode_ci NOT NULL,
  `text_body` text CHARACTER SET utf8 COLLATE utf8_unicode_ci NOT NULL,
  `allowed_placeholders` text CHARACTER SET utf8 COLLATE utf8_unicode_ci NOT NULL,
  `date_added` timestamp NOT NULL DEFAULT CURRENT_TIMESTAMP,
  `date_modified` timestamp NOT NULL DEFAULT CURRENT_TIMESTAMP ON UPDATE CURRENT_TIMESTAMP,
  `date_deleted` timestamp NULL DEFAULT NULL,
  `store_id` int(11) NOT NULL DEFAULT '0',
  PRIMARY KEY (`id`),
  UNIQUE KEY `email_templates_text_id_idx` (`text_id`,`language_id`,`store_id`)
) ENGINE=MyISAM AUTO_INCREMENT=25 DEFAULT CHARSET=utf8;

--
-- Dumping data for table `aba6_email_templates`
--

INSERT INTO `aba6_email_templates` VALUES (1,1,'storefront_reset_password_link',1,'','{{store_name}} - Password reset','A password reset was requested from {{store_name}}&lt;br /&gt;\r\nTo reset your password click link below:&lt;br /&gt;\r\n{{ reset_link }}\r\n&lt;br /&gt;&lt;br /&gt;\r\n{{{ text_project_label }}}','A password reset was requested from {{store_name}} \r\nTo reset your password click link below:\r\n{{ reset_link }}\r\n\r\n\r\n{{{ text_project_label }}}','store_name, reset_link, text_project_label','2022-02-06 20:03:37','2022-02-06 20:03:37',NULL,0),(2,1,'storefront_welcome_email_activated',1,'','Welcome, {{store_name}}','&lt;html&gt;\r\n	&lt;head&gt;\r\n		&lt;meta http-equiv=&quot;Content-Type&quot; content=&quot;text/html; charset=utf-8&quot;&gt;\r\n	&lt;/head&gt;\r\n	&lt;body&gt;\r\n		&lt;table style=&quot;font-family: Verdana,sans-serif; font-size: 11px; color: #374953; width: 600px;&quot;&gt;\r\n			&lt;tr&gt;\r\n				&lt;td class=&quot;align_left&quot;&gt;\r\n				&lt;a href=&quot;{{ store_url }}&quot; title=&quot;{{ store_name }}&quot;&gt;\r\n						{{# logo_uri}}\r\n				&lt;img src=&quot;{{ logo_uri }}&quot; alt=&quot;{{store_name}}&quot; style=&quot;border: none;&quot;&gt;\r\n                                                 {{/ logo_uri}}\r\n                                                 {{^ logo_uri}}\r\n                                                       {{# logo_html}}\r\n                                                        {{logo_html}}\r\n                                                       {{/ logo_html}}\r\n                                                 {{/ logo_uri}}\r\n					&lt;/a&gt;\r\n				&lt;/td&gt;\r\n			&lt;/td&gt;\r\n			&lt;/tr&gt;\r\n			&lt;tr&gt;\r\n				&lt;td&gt;&amp;nbsp;&lt;/td&gt;\r\n			&lt;/tr&gt;\r\n			&lt;tr&gt;\r\n		&lt;td&gt;Welcome and thank you for registering at {{ store_name }}&lt;/td&gt;\r\n		&lt;/tr&gt;\r\n			&lt;tr&gt;\r\n				&lt;td&gt;&amp;nbsp;&lt;/td&gt;\r\n		&lt;/tr&gt;\r\n			&lt;tr&gt;\r\n				&lt;td&gt;\r\n                          Your account has now been created and you can log in by using your email address and password by visiting our website or at the following URL:&lt;br/&gt;\r\n&lt;a href=&quot;{{ login_url }}&quot;&gt;{{ login_url }}&lt;/a&gt;&lt;br/&gt;\r\nOnce you logging in, you will be able to access, your wishlist, order history, printing invoices and editing your account information.\r\n	&lt;/td&gt;\r\n			&lt;/tr&gt;\r\n			&lt;tr&gt;\r\n				&lt;td&gt;&amp;nbsp;&lt;/td&gt;\r\n			&lt;/tr&gt;\r\n			&lt;tr&gt;\r\n				&lt;td&gt;\r\n					Thank you.&lt;br/&gt;\r\n                                        {{ store_name }}\r\n&lt;br/&gt;&lt;br/&gt;\r\n{{{ text_project_label }}}\r\n		&lt;/td&gt;\r\n			&lt;/tr&gt;\r\n		&lt;/table&gt;\r\n	&lt;/body&gt;\r\n&lt;/html&gt;','Welcome and thank you for registering at {{ store_name }}\r\n\r\nYour account has now been created and you can log in by using your email address and password by visiting our website or at the following URL:\r\n{{ login_url }}\r\n\r\nOnce you logging in, you will be able to access, your wishlist, order history, printing invoices and editing your account information.\r\n\r\nThank you.\r\n{{ store_name }}\r\n{{{ text_project_label }}}','store_name, login_url, store_url, logo_html, logo_uri, text_project_label','2022-02-06 20:03:37','2022-02-06 20:03:37',NULL,0),(3,1,'storefront_welcome_email_approval',1,'','Welcome, {{store_name}}','&lt;html&gt;\r\n	&lt;head&gt;\r\n		&lt;meta http-equiv=&quot;Content-Type&quot; content=&quot;text/html; charset=utf-8&quot;&gt;\r\n	&lt;/head&gt;\r\n	&lt;body&gt;\r\n		&lt;table style=&quot;font-family: Verdana,sans-serif; font-size: 11px; color: #374953; width: 600px;&quot;&gt;\r\n			&lt;tr&gt;\r\n				&lt;td class=&quot;align_left&quot;&gt;\r\n					&lt;a href=&quot;{{ store_url }}&quot; title=&quot;{{ store_name }}&quot;&gt;\r\n				{{#logo_uri}}\r\n				&lt;img src=&quot;{{ logo_uri }}&quot; alt=&quot;{{store_name}}&quot; style=&quot;border: none;&quot;&gt;\r\n                                                 {{/logo_uri}}\r\n                                                 {{^logo_uri}}\r\n                                                       {{#logo_html}}\r\n                                                        {{logo_html}}\r\n                                                       {{/logo_html}}\r\n                                                 {{/logo_uri}}\r\n					&lt;/a&gt;\r\n				&lt;/td&gt;\r\n			&lt;/tr&gt;\r\n			&lt;tr&gt;\r\n				&lt;td&gt;&amp;nbsp;&lt;/td&gt;\r\n			&lt;/tr&gt;\r\n			&lt;tr&gt;\r\n				&lt;td&gt;Welcome and thank you for registering at {{ store_name }}&lt;/td&gt;\r\n			&lt;/tr&gt;\r\n			&lt;tr&gt;\r\n				&lt;td&gt;&amp;nbsp;&lt;/td&gt;\r\n			&lt;/tr&gt;\r\n			&lt;tr&gt;\r\n				&lt;td&gt;\r\n                          Your account must be approved before you can login. Once approved you can log in by using your email address and password by visiting our website or at the following URL:&lt;br/&gt;\r\n&lt;a href=&quot;{{ login_url }}&quot;&gt;{{ login_url }}&lt;/a&gt;&lt;br/&gt;\r\nOnce you logging in, you will be able to access, your wishlist, order history, printing invoices and editing your account information.\r\n		&lt;/td&gt;\r\n			&lt;/tr&gt;\r\n			&lt;tr&gt;\r\n				&lt;td&gt;&amp;nbsp;&lt;/td&gt;\r\n		&lt;/tr&gt;\r\n			&lt;tr&gt;\r\n				&lt;td&gt;\r\n					Thank you.&lt;br/&gt;\r\n                                        {{ store_name }}\r\n&lt;br/&gt;&lt;br/&gt;\r\n{{{ text_project_label }}}\r\n		&lt;/td&gt;\r\n			&lt;/tr&gt;\r\n		&lt;/table&gt;\r\n	&lt;/body&gt;\r\n&lt;/html&gt;','Welcome and thank you for registering at {{ store_name }}\r\n\r\nYour account must be approved before you can login. Once approved you can log in by using your email address and password by visiting our website or at the following URL:\r\n{{ login_url }}\r\n\r\nOnce you logging in, you will be able to access, your wishlist, order history, printing invoices and editing your account information.\r\n\r\nThank you.\r\n{{ store_name }}\r\n{{{ text_project_label }}}','store_name, login_url, store_url, logo_html, logo_uri, text_project_label','2022-02-06 20:03:37','2022-02-06 20:03:37',NULL,0),(4,1,'storefront_send_activate_link',1,'','{{store_name}} - Thank you for registering','&lt;html&gt;\r\n	&lt;head&gt;\r\n		&lt;meta http-equiv=&quot;Content-Type&quot; content=&quot;text/html; charset=utf-8&quot;&gt;\r\n	&lt;/head&gt;\r\n	&lt;body&gt;\r\n		&lt;table style=&quot;font-family: Verdana,sans-serif; font-size: 11px; color: #374953; width: 600px;&quot;&gt;\r\n			&lt;tr&gt;\r\n				&lt;td class=&quot;align_left&quot;&gt;\r\n					&lt;a href=&quot;{{ store_url }}&quot; title=&quot;{{ store_name }}&quot;&gt;\r\n					{{#logo_uri}}\r\n							&lt;img src=&quot;{{ logo_uri }}&quot; alt=&quot;{{store_name}}&quot; style=&quot;border: none;&quot;&gt;\r\n                                                 {{/logo_uri}}\r\n                                                 {{^logo_uri}}\r\n                                                       {{#logo_html}}\r\n                                                        {{logo_html}}\r\n                                                       {{/logo_html}}\r\n                                                 {{/logo_uri}}\r\n					&lt;/a&gt;\r\n			&lt;/td&gt;\r\n			&lt;/tr&gt;\r\n			&lt;tr&gt;\r\n				&lt;td&gt;&amp;nbsp;&lt;/td&gt;\r\n			&lt;/tr&gt;\r\n			&lt;tr&gt;\r\n		&lt;td&gt;Welcome and thank you for registering at {{ store_name }}&lt;/td&gt;\r\n		&lt;/tr&gt;\r\n			&lt;tr&gt;\r\n				&lt;td&gt;&amp;nbsp;&lt;/td&gt;\r\n		&lt;/tr&gt;\r\n			&lt;tr&gt;\r\n				&lt;td&gt;\r\n                          Before we can activate your account one last step must be taken to complete your registration.&lt;br/&gt;\r\nYou must complete this last step to become a registered member. Please click the following link to activate your account:&lt;br/&gt;\r\n{{{ activate_url }}}&lt;br/&gt;\r\n\r\n				&lt;/td&gt;\r\n			&lt;/tr&gt;\r\n			&lt;tr&gt;\r\n				&lt;td&gt;&amp;nbsp;&lt;/td&gt;\r\n			&lt;/tr&gt;\r\n			&lt;tr&gt;\r\n		&lt;td&gt;\r\n					Thank you.&lt;br/&gt;\r\n                                        {{ store_name }}\r\n&lt;br/&gt;\r\n&lt;br/&gt;\r\n{{{ text_project_label }}}\r\n			 	&lt;/td&gt;\r\n			&lt;/tr&gt;\r\n		&lt;/table&gt;\r\n	&lt;/body&gt;\r\n&lt;/html&gt;','Welcome and thank you for registering at {{ store_name }}!\r\n\r\nBefore we can activate your account one last step must be taken to complete your registration.\r\nYou must complete this last step to become a registered member. Please click the following link to activate your account\r\n{{ activate_url }}\r\n\r\nThank you,\r\n{{ store_name }}\r\n\r\n{{{ text_project_label }}}','store_name, activate_url, logo_uri, logo_html, store_url, text_project_label','2022-02-06 20:03:37','2022-02-06 20:03:37',NULL,0),(5,1,'storefront_reset_password_notify',1,'','{{store_name}} - Password reset','Your password was successfully reset on {{store_name}}\r\n&lt;br/&gt;\r\n{{{ text_project_label }}}','Your password was successfully reset on {{store_name}}\r\n\r\n{{{ text_project_label }}}','store_name, text_project_label','2022-02-06 20:03:37','2022-02-06 20:03:37',NULL,0),(6,1,'storefront_send_login_name',1,'','{{store_name}} - Login name reminder','Login name reminder was requested from {{store_name}} &lt;br/&gt;\r\n&lt;br/&gt;\r\nYour login name is: {{ login_name }}\r\n\r\n&lt;br/&gt;\r\n{{store_name}} \r\n&lt;br/&gt;\r\n&lt;br/&gt;\r\n{{{ text_project_label }}}','Login name reminder was requested from {{store_name}} \r\n\r\nYour login name is: {{ login_name }}\r\n\r\n{{store_name}} \r\n\r\n{{{ text_project_label }}}','store_name, login_name, text_project_label','2022-02-06 20:03:37','2022-02-06 20:03:37',NULL,0),(7,1,'storefront_order_confirm',1,'','{{store_name}} - Order {{ order_id }}','&lt;html&gt;\r\n&lt;head&gt;\r\n	&lt;meta http-equiv=&quot;Content-Type&quot; content=&quot;text/html; charset=utf-8&quot;&gt;\r\n	&lt;title&gt; {{store_name}} - Order {{ order_id }} &lt;/title&gt;\r\n&lt;/head&gt;\r\n&lt;body&gt;\r\n&lt;table style=&quot;font-family: Verdana,sans-serif; font-size: 11px; color: #374953; width: 600px;&quot;&gt;\r\n	&lt;tr&gt;\r\n		&lt;td class=&quot;align_left&quot;&gt;\r\n					&lt;a href=&quot;{{ store_url }}&quot; title=&quot;{{ store_name }}&quot;&gt;\r\n						{{# logo_uri}}\r\n			&lt;img src=&quot;{{ logo_uri }}&quot; alt=&quot;{{store_name}}&quot; style=&quot;border: none;&quot;&gt;\r\n                                                 {{/ logo_uri}}\r\n                                                 {{^ logo_uri}}\r\n                                                       {{# logo_html}}\r\n                                                        {{logo_html}}\r\n                                                       {{/ logo_html}}\r\n                                                 {{/ logo_uri}}\r\n					&lt;/a&gt;\r\n				&lt;/td&gt;\r\n	&lt;/tr&gt;\r\n	&lt;tr&gt;\r\n		&lt;td&gt;&amp;nbsp;&lt;/td&gt;\r\n	&lt;/tr&gt;\r\n	&lt;tr&gt;\r\n		&lt;td class=&quot;align_left&quot;&gt;Thank you for your interest in {{store_name}} products. Your order has been received and will be processed after payment is confirmed.&lt;/td&gt;\r\n	&lt;/tr&gt;\r\n	&lt;tr&gt;\r\n		&lt;td&gt;&amp;nbsp;&lt;/td&gt;\r\n	&lt;/tr&gt;\r\n	&lt;tr&gt;\r\n		&lt;td class=&quot;align_left&quot;\r\n		    style=&quot;background-color: #069; color:#FFF; font-size: 12px; font-weight: bold; padding: 0.5em 1em;&quot;&gt;Order Details&lt;/td&gt;\r\n	&lt;/tr&gt;\r\n	&lt;tr&gt;\r\n		&lt;td&gt;&amp;nbsp;&lt;/td&gt;\r\n	&lt;/tr&gt;\r\n	&lt;tr&gt;\r\n		&lt;td class=&quot;align_left&quot;&gt;Order ID: &lt;span\r\n					style=&quot;color: #069; font-weight: bold;&quot;&gt;{{ order_id }}&lt;/span&gt;&lt;br/&gt;\r\n			Date Ordered: {{ date_added }}&lt;br&gt;\r\n			Payment Method: &lt;strong&gt;{{ payment_method }}&lt;/strong&gt;&lt;br/&gt;\r\n			Shipping Method: &lt;strong&gt;{{ shipping_method }}&lt;/strong&gt;&lt;br/&gt;\r\n			&lt;br/&gt;\r\n			Email: &lt;strong&gt;{{ customer_email }}&lt;/strong&gt;&lt;br/&gt;\r\n			Telephone: &lt;strong&gt;{{ customer_telephone }}&lt;/strong&gt;&lt;br/&gt;\r\n                         {{# customer_mobile_phone }}\r\n                            Telephone: &lt;strong&gt;{{ customer_mobile_phone }}&lt;/strong&gt;&lt;br/&gt;\r\n                         {{/ customer_mobile_phone }}\r\n		         {{# customer_fax }}\r\n                            Fax: &lt;strong&gt;{{ customer_fax }}&lt;/strong&gt;&lt;br/&gt;\r\n                         {{/ customer_fax }}\r\n                         IP Address:&lt;strong&gt;{{ customer_ip }}&lt;/strong&gt;\r\n		&lt;/td&gt;\r\n	&lt;/tr&gt;\r\n	&lt;tr&gt;\r\n		&lt;td&gt;&amp;nbsp;&lt;/td&gt;\r\n	&lt;/tr&gt;\r\n	&lt;tr&gt;\r\n		&lt;td&gt;\r\n			&lt;table style=&quot;width: 100%; font-family: Verdana,sans-serif; font-size: 11px; color: #FFFFFF;&quot;&gt;\r\n				&lt;tr style=&quot;background-color: #CCCCCC; text-transform: uppercase;&quot;&gt;\r\n		&lt;th style=&quot;text-align: left; padding: 0.3em;&quot;&gt;Shipping Address&lt;/th&gt;\r\n					&lt;th style=&quot;text-align: left; padding: 0.3em;&quot;&gt;Payment Address&lt;/th&gt;\r\n				&lt;/tr&gt;\r\n				&lt;tr&gt;\r\n					&lt;td style=&quot;padding: 0.3em; background-color: #EEEEEE; color: #000;&quot;&gt;\r\n{{# shipping_data }}\r\n{{ firstname }} {{lastname}} &lt;br/&gt;\r\n{{# company }}\r\n{{{ company }}} &lt;br/&gt; \r\n{{/ company }}\r\n{{# address_1 }}\r\n{{{ address_1 }}} &lt;br/&gt; \r\n{{/ address_1 }}\r\n{{# address_2 }}\r\n{{{ address_2 }}} &lt;br/&gt; \r\n{{/ address_2 }}\r\n{{{ city }}} {{{ postcode }}} &lt;br/&gt; \r\n{{# zone }}\r\n{{{ zone }}} &lt;br/&gt; \r\n{{/ zone }}\r\n{{{ country }}}\r\n{{/ shipping_data }}\r\n&lt;/td&gt;\r\n&lt;td style=&quot;padding: 0.3em; background-color: #EEEEEE; color: #000;&quot;&gt;\r\n{{# payment_data }}\r\n{{ firstname }} {{lastname}} &lt;br/&gt;\r\n{{# company }}\r\n{{{ company }}} &lt;br/&gt; \r\n{{/ company }}\r\n{{# address_1 }}\r\n{{{ address_1 }}} &lt;br/&gt; \r\n{{/ address_1 }}\r\n{{# address_2 }}\r\n{{{ address_2 }}} &lt;br/&gt; \r\n{{/ address_2 }}\r\n{{{ city }}} {{{ postcode }}} &lt;br/&gt; \r\n{{# zone }}\r\n{{{ zone }}} &lt;br/&gt; \r\n{{/ zone }}\r\n{{{ country }}}\r\n{{/ payment_data }}\r\n&lt;/td&gt;\r\n				&lt;/tr&gt;\r\n			&lt;/table&gt;\r\n		&lt;/td&gt;\r\n	&lt;/tr&gt;\r\n	&lt;tr&gt;\r\n		&lt;td&gt;&amp;nbsp;&lt;/td&gt;\r\n	&lt;/tr&gt;\r\n	&lt;tr&gt;\r\n		&lt;td class=&quot;align_left&quot;&gt;\r\n			&lt;table style=&quot;width: 100%; font-family: Verdana,sans-serif; font-size: 11px; color: #000000;&quot;&gt;\r\n				&lt;tr style=&quot;background-color: #CCCCCC;&quot;&gt;\r\n					&lt;th style=&quot;width: 40%; padding: 0.3em; color: #FFFFFF;&quot;&gt;Product&lt;/th&gt;\r\n					&lt;th class=&quot;align_left&quot; style=&quot;color: #FFFFFF;&quot;&gt;Model&lt;/th&gt;\r\n&lt;th class=&quot;align_right&quot;\r\n		    style=&quot;width: 10%; padding: 0.3em; color: #FFFFFF;&quot;&gt;Price&lt;/th&gt;\r\n					&lt;th class=&quot;align_right&quot;\r\n					    style=&quot;width: 15%; padding: 0.3em; color: #FFFFFF;&quot;&gt;Quantity&lt;/th&gt;\r\n					&lt;th class=&quot;align_right&quot;\r\n	    style=&quot;width: 20%; padding: 0.3em; color: #FFFFFF;&quot;&gt;Total&lt;/th&gt;\r\n				&lt;/tr&gt;\r\n				{{# products }}\r\n					&lt;tr style=&quot;background-color: #EEEEEE; text-align: center;&quot;&gt;\r\n						&lt;td class=&quot;align_left&quot; style=&quot;text-align: left;&quot;&gt;{{ name }}\r\n	{{# option }}\r\n								&lt;br/&gt;\r\n								&amp;nbsp;&amp;nbsp;- {{ name}} {{ value }} \r\n	{{/ option }}\r\n						&lt;td class=&quot;align_left&quot;&gt; {{ model }} &lt;/td&gt;\r\n						&lt;td class=&quot;align_right&quot;&gt; {{ price }} &lt;/td&gt;\r\n						&lt;td class=&quot;align_right&quot;&gt; {{ quantity }} &lt;/td&gt;\r\n						&lt;td class=&quot;align_right&quot;&gt; {{ total }}&lt;/td&gt;\r\n					&lt;/tr&gt;\r\n                                {{/ products }}\r\n                                         {{# totals }}\r\n			&lt;tr style=&quot;text-align: right;&quot;&gt;\r\n						&lt;td colspan=&quot;3&quot;&gt;&amp;nbsp;&lt;/td&gt;\r\n						&lt;td style=&quot;background-color: #EEEEEE; font-weight: bold; padding: 0.3em;&quot;&gt;{{ title }} &lt;/td&gt;\r\n						&lt;td style=&quot;background-color: #EEEEEE; padding: 0.3em;&quot;&gt; {{ text }}&lt;/td&gt;\r\n					&lt;/tr&gt;\r\n                                         {{/ totals }}\r\n			&lt;/table&gt;\r\n		&lt;/td&gt;\r\n	&lt;/tr&gt;\r\n	&lt;tr&gt;\r\n		&lt;td&gt;&amp;nbsp;&lt;/td&gt;\r\n	&lt;/tr&gt;\r\n	&lt;tr&gt;\r\n		&lt;td class=&quot;align_left&quot;\r\n		    style=&quot;background-color: #069; color: #FFF; font-size: 12px; font-weight: bold; padding: 0.5em 1em;&quot;&gt;&lt;/td&gt;\r\n	&lt;/tr&gt;\r\n	&lt;tr&gt;\r\n		&lt;td&gt;&amp;nbsp;&lt;/td&gt;\r\n	&lt;/tr&gt;\r\n {{# comment }}\r\n	&lt;tr&gt;\r\n&lt;td class=&quot;align_left&quot;\r\n			    style=&quot;background-color: #069; color: #FFF; font-size: 12px; font-weight: bold; padding: 0.5em 1em;&quot;&gt;The comments for your order are:&lt;/td&gt;\r\n		&lt;/tr&gt;\r\n		&lt;tr&gt;\r\n			&lt;td&gt;&amp;nbsp;&lt;/td&gt;\r\n		&lt;/tr&gt;\r\n		&lt;tr&gt;\r\n			&lt;td class=&quot;align_left&quot;&gt; {{{ comment }}} &lt;/td&gt;\r\n		&lt;/tr&gt;\r\n		&lt;tr&gt;\r\n			&lt;td&gt;&amp;nbsp;&lt;/td&gt;\r\n		&lt;/tr&gt;\r\n {{/ comment }}\r\n {{# invoice }}\r\n		&lt;tr&gt;\r\n			&lt;td class=&quot;align_left&quot;\r\n			    style=&quot;background-color: #069; color: #FFF; font-size: 12px; font-weight: bold; padding: 0.5em 1em;&quot;&gt;To view your order click on the link below:&lt;/td&gt;\r\n		&lt;/tr&gt;\r\n		&lt;tr&gt;\r\n			&lt;td&gt;&amp;nbsp;&lt;/td&gt;\r\n		&lt;/tr&gt;\r\n		&lt;tr&gt;\r\n		&lt;td class=&quot;align_left&quot;&gt;&lt;a href=&quot;{{ invoice }}&quot;&gt; {{ invoice }}&lt;/a&gt;&lt;/td&gt;\r\n		&lt;/tr&gt;\r\n		&lt;tr&gt;\r\n			&lt;td&gt;&amp;nbsp;&lt;/td&gt;\r\n		&lt;/tr&gt;\r\n{{/ invoice }}\r\n	&lt;tr&gt;\r\n		&lt;td class=&quot;align_center&quot;\r\n		    style=&quot;font-size: 10px; border-top: 1px solid #069; text-decoration: none; color: #374953;&quot;&gt;\r\n			&lt;a href=&quot;{{ store_url }}&quot;\r\n			   style=&quot;color: #069; font-weight: bold; text-decoration: none;&quot;&gt;{{ store_name }}&lt;/a&gt;\r\n{{{ text_project_label }}}\r\n		&lt;/td&gt;\r\n	&lt;/tr&gt;\r\n&lt;/table&gt;\r\n&lt;/body&gt;\r\n&lt;/html&gt;\r\n','Thank you for your interest in {{store_name}} products. Your order has been received and will be processed after payment is confirmed.\r\n\r\nOrder Details\r\n\r\nOrder ID: {{ order_id }}\r\nDate Ordered: {{ date_added }}\r\nPayment Method: {{ payment_method }}\r\nShipping Method: {{ shipping_method }}\r\n\r\nEmail: {{ customer_email }}\r\nTelephone: {{ customer_telephone }}\r\n{{# customer_mobile_phone }}\r\nTelephone: {{ customer_mobile_phone }}\r\n{{/ customer_mobile_phone }}\r\n{{# customer_fax }}\r\nFax: {{ customer_fax }}\r\n{{/ customer_fax }}\r\nIP Address: {{ customer_ip }}\r\n\r\n{{# shipping_data }}\r\nShipping Address:\r\n{{{ firstname }}} {{{lastname}}}\r\n{{{ company }}} \r\n{{{ address_1 }}} \r\n{{{ address_2 }}}\r\n{{{ city }}} {{{ postcode }}}\r\n{{{ zone }}}\r\n{{{ country }}}\r\n{{/ shipping_data }}\r\n\r\n{{# payment_data }}\r\nPayment Address:\r\n{{{ firstname }}} {{{lastname}}}\r\n{{{ company }}} \r\n{{{ address_1 }}} \r\n{{{ address_2 }}}\r\n{{{ city }}} {{{ postcode }}}\r\n{{{ zone }}}\r\n{{{ country }}}\r\n{{/ payment_data }}\r\n\r\n\r\nProduct                                                 Model                             Price                  Quantity              Total\r\n{{# products }}\r\n					\r\n{{ name }}                                               {{ model }}                       {{ price }}            {{ quantity }}        {{ total }}\r\n   {{# option }}\r\n    - {{ name}} {{ value }} \r\n   {{/ option }}\r\n\r\n\r\n{{/ products }}\r\n{{# totals }}\r\n  {{ title }}  {{ text }}\r\n{{/ totals }}\r\n\r\n\r\n{{# comment }}\r\n	The comments for your order are:\r\n {{{ comment }}} \r\n{{/ comment }}\r\n\r\n{{# invoice }}\r\nTo view your order click on the link below:\r\n{{ invoice }}\r\n{{/ invoice }}\r\n\r\n{{ store_name }}\r\n{{ text_project_label }}','store_name, order_id, store_url, logo_uri, logo_html, date_added, payment_method, shipping_method, customer_email, customer_telephone, customer_mobile_phone, customer_fax, customer_ip, shipping_data, payment_data, products, totals, comment, invoice,  text_project_label, ','2022-02-06 20:03:37','2022-02-06 20:03:37',NULL,0),(8,1,'storefront_order_confirm_admin_notify',1,'','{{store_name}} - Order {{ order_id }}','&lt;html&gt;\r\n&lt;head&gt;\r\n	&lt;meta http-equiv=&quot;Content-Type&quot; content=&quot;text/html; charset=utf-8&quot;&gt;\r\n	&lt;title&gt; {{store_name}} - Order {{ order_id }} &lt;/title&gt;\r\n&lt;/head&gt;\r\n&lt;body&gt;\r\n&lt;table style=&quot;font-family: Verdana,sans-serif; font-size: 11px; color: #374953; width: 600px;&quot;&gt;\r\n	&lt;tr&gt;\r\n		&lt;td class=&quot;align_left&quot;&gt;\r\n				&lt;a href=&quot;{{ store_url }}&quot; title=&quot;{{ store_name }}&quot;&gt;\r\n						{{# logo_uri}}\r\n				&lt;img src=&quot;{{ logo_uri }}&quot; alt=&quot;{{store_name}}&quot; style=&quot;border: none;&quot;&gt;\r\n                                                 {{/ logo_uri}}\r\n                                                 {{^ logo_uri}}\r\n                                                       {{# logo_html}}\r\n                                                        {{logo_html}}\r\n                                                       {{/ logo_html}}\r\n                                                 {{/ logo_uri}}\r\n					&lt;/a&gt;\r\n				&lt;/td&gt;\r\n	&lt;/tr&gt;\r\n	&lt;tr&gt;\r\n		&lt;td&gt;&amp;nbsp;&lt;/td&gt;\r\n	&lt;/tr&gt;\r\n	&lt;tr&gt;\r\n		&lt;td class=&quot;align_left&quot;&gt;You have received an order.&lt;/td&gt;\r\n	&lt;/tr&gt;\r\n	&lt;tr&gt;\r\n		&lt;td&gt;&amp;nbsp;&lt;/td&gt;\r\n	&lt;/tr&gt;\r\n	&lt;tr&gt;\r\n		&lt;td class=&quot;align_left&quot;\r\n		    style=&quot;background-color: #069; color:#FFF; font-size: 12px; font-weight: bold; padding: 0.5em 1em;&quot;&gt;Order Details&lt;/td&gt;\r\n	&lt;/tr&gt;\r\n	&lt;tr&gt;\r\n		&lt;td&gt;&amp;nbsp;&lt;/td&gt;\r\n	&lt;/tr&gt;\r\n	&lt;tr&gt;\r\n		&lt;td class=&quot;align_left&quot;&gt;Order ID: &lt;span\r\n			style=&quot;color: #069; font-weight: bold;&quot;&gt;{{ order_id }}&lt;/span&gt;&lt;br/&gt;\r\n			Date Ordered: {{ date_added }}&lt;br&gt;\r\n			Payment Method: &lt;strong&gt;{{ payment_method }}&lt;/strong&gt;&lt;br/&gt;\r\n			Shipping Method: &lt;strong&gt;{{ shipping_method }}&lt;/strong&gt;&lt;br/&gt;\r\n			&lt;br/&gt;\r\n			Email: &lt;strong&gt;{{ customer_email }}&lt;/strong&gt;&lt;br/&gt;\r\n			Telephone: &lt;strong&gt;{{ customer_telephone }}&lt;/strong&gt;&lt;br/&gt;\r\n                         {{# customer_mobile_phone }}\r\n                            Telephone: &lt;strong&gt;{{ customer_mobile_phone }}&lt;/strong&gt;&lt;br/&gt;\r\n                         {{/ customer_mobile_phone }}\r\n		         {{# customer_fax }}\r\n                            Fax: &lt;strong&gt;{{ customer_fax }}&lt;/strong&gt;&lt;br/&gt;\r\n                         {{/ customer_fax }}\r\n                         IP Address:&lt;strong&gt;{{ customer_ip }}&lt;/strong&gt;\r\n		&lt;/td&gt;\r\n	&lt;/tr&gt;\r\n	&lt;tr&gt;\r\n		&lt;td&gt;&amp;nbsp;&lt;/td&gt;\r\n	&lt;/tr&gt;\r\n	&lt;tr&gt;\r\n		&lt;td&gt;\r\n			&lt;table style=&quot;width: 100%; font-family: Verdana,sans-serif; font-size: 11px; color: #FFFFFF;&quot;&gt;\r\n		&lt;tr style=&quot;background-color: #CCCCCC; text-transform: uppercase;&quot;&gt;\r\n					&lt;th style=&quot;text-align: left; padding: 0.3em;&quot;&gt;Shipping Address&lt;/th&gt;\r\n		&lt;th style=&quot;text-align: left; padding: 0.3em;&quot;&gt;Payment Address&lt;/th&gt;\r\n				&lt;/tr&gt;\r\n				&lt;tr&gt;\r\n					&lt;td style=&quot;padding: 0.3em; background-color: #EEEEEE; color: #000;&quot;&gt;\r\n{{# shipping_data }}\r\n{{ firstname }} {{lastname}} &lt;br/&gt;\r\n{{# company }}\r\n{{{ company }}} &lt;br/&gt; \r\n{{/ company }}\r\n{{# address_1 }}\r\n{{{ address_1 }}} &lt;br/&gt; \r\n{{/ address_1 }}\r\n{{# address_2 }}\r\n{{{ address_2 }}} &lt;br/&gt; \r\n{{/ address_2 }}\r\n{{{ city }}} {{{ postcode }}} &lt;br/&gt; \r\n{{# zone }}\r\n{{{ zone }}} &lt;br/&gt; \r\n{{/ zone }}\r\n{{{ country }}}\r\n{{/ shipping_data }}\r\n&lt;/td&gt;\r\n					&lt;td style=&quot;padding: 0.3em; background-color: #EEEEEE; color: #000;&quot;&gt;\r\n{{# payment_data }}\r\n{{ firstname }} {{lastname}} &lt;br/&gt;\r\n{{# company }}\r\n{{{ company }}} &lt;br/&gt; \r\n{{/ company }}\r\n{{# address_1 }}\r\n{{{ address_1 }}} &lt;br/&gt; \r\n{{/ address_1 }}\r\n{{# address_2 }}\r\n{{{ address_2 }}} &lt;br/&gt; \r\n{{/ address_2 }}\r\n{{{ city }}} {{{ postcode }}} &lt;br/&gt; \r\n{{# zone }}\r\n{{{ zone }}} &lt;br/&gt; \r\n{{/ zone }}\r\n{{{ country }}}\r\n{{/ payment_data }}\r\n&lt;/td&gt;\r\n				&lt;/tr&gt;\r\n			&lt;/table&gt;\r\n		&lt;/td&gt;\r\n	&lt;/tr&gt;\r\n	&lt;tr&gt;\r\n&lt;td&gt;&amp;nbsp;&lt;/td&gt;\r\n	&lt;/tr&gt;\r\n	&lt;tr&gt;\r\n		&lt;td class=&quot;align_left&quot;&gt;\r\n			&lt;table style=&quot;width: 100%; font-family: Verdana,sans-serif; font-size: 11px; color: #000000;&quot;&gt;\r\n				&lt;tr style=&quot;background-color: #CCCCCC;&quot;&gt;\r\n					&lt;th style=&quot;width: 40%; padding: 0.3em; color: #FFFFFF;&quot;&gt;Product&lt;/th&gt;\r\n					&lt;th class=&quot;align_left&quot; style=&quot;color: #FFFFFF;&quot;&gt;Model&lt;/th&gt;\r\n					&lt;th class=&quot;align_right&quot;\r\n		    style=&quot;width: 10%; padding: 0.3em; color: #FFFFFF;&quot;&gt;Price&lt;/th&gt;\r\n					&lt;th class=&quot;align_right&quot;\r\n					    style=&quot;width: 15%; padding: 0.3em; color: #FFFFFF;&quot;&gt;Quantity&lt;/th&gt;\r\n					&lt;th class=&quot;align_right&quot;\r\n					    style=&quot;width: 20%; padding: 0.3em; color: #FFFFFF;&quot;&gt;Total&lt;/th&gt;\r\n				&lt;/tr&gt;\r\n				{{# products }}\r\n					&lt;tr style=&quot;background-color: #EEEEEE; text-align: center;&quot;&gt;\r\n						&lt;td class=&quot;align_left&quot; style=&quot;text-align: left;&quot;&gt;{{ name }}\r\n					{{# option }}\r\n			&lt;br/&gt;\r\n								&amp;nbsp;&amp;nbsp;- {{ name}} {{ value }} \r\n	{{/ option }}\r\n						&lt;td class=&quot;align_left&quot;&gt; {{ model }} &lt;/td&gt;\r\n						&lt;td class=&quot;align_right&quot;&gt; {{ price }} &lt;/td&gt;\r\n						&lt;td class=&quot;align_right&quot;&gt; {{ quantity }} &lt;/td&gt;\r\n						&lt;td class=&quot;align_right&quot;&gt; {{ total }}&lt;/td&gt;\r\n					&lt;/tr&gt;\r\n                                {{/ products }}\r\n                                         {{# totals }}\r\n			&lt;tr style=&quot;text-align: right;&quot;&gt;\r\n						&lt;td colspan=&quot;3&quot;&gt;&amp;nbsp;&lt;/td&gt;\r\n						&lt;td style=&quot;background-color: #EEEEEE; font-weight: bold; padding: 0.3em;&quot;&gt;{{ title }} &lt;/td&gt;\r\n					&lt;td style=&quot;background-color: #EEEEEE; padding: 0.3em;&quot;&gt; {{ text }}&lt;/td&gt;\r\n					&lt;/tr&gt;\r\n                                         {{/ totals }}\r\n		&lt;/table&gt;\r\n		&lt;/td&gt;\r\n	&lt;/tr&gt;\r\n	&lt;tr&gt;\r\n		&lt;td&gt;&amp;nbsp;&lt;/td&gt;\r\n	&lt;/tr&gt;\r\n	&lt;tr&gt;\r\n		&lt;td class=&quot;align_left&quot;\r\n		    style=&quot;background-color: #069; color: #FFF; font-size: 12px; font-weight: bold; padding: 0.5em 1em;&quot;&gt;&lt;/td&gt;\r\n	&lt;/tr&gt;\r\n	&lt;tr&gt;\r\n		&lt;td&gt;&amp;nbsp;&lt;/td&gt;\r\n	&lt;/tr&gt;\r\n {{# comment }}\r\n	&lt;tr&gt;\r\n			&lt;td class=&quot;align_left&quot;\r\n			    style=&quot;background-color: #069; color: #FFF; font-size: 12px; font-weight: bold; padding: 0.5em 1em;&quot;&gt;The comments for your order are:&lt;/td&gt;\r\n		&lt;/tr&gt;\r\n		&lt;tr&gt;\r\n			&lt;td&gt;&amp;nbsp;&lt;/td&gt;\r\n		&lt;/tr&gt;\r\n		&lt;tr&gt;\r\n			&lt;td class=&quot;align_left&quot;&gt; {{{ comment }}} &lt;/td&gt;\r\n		&lt;/tr&gt;\r\n		&lt;tr&gt;\r\n			&lt;td&gt;&amp;nbsp;&lt;/td&gt;\r\n		&lt;/tr&gt;\r\n {{/ comment }}\r\n {{# invoice }}\r\n		&lt;tr&gt;\r\n			&lt;td class=&quot;align_left&quot;\r\n			    style=&quot;background-color: #069; color: #FFF; font-size: 12px; font-weight: bold; padding: 0.5em 1em;&quot;&gt;To view your order click on the link below:&lt;/td&gt;\r\n		&lt;/tr&gt;\r\n		&lt;tr&gt;\r\n			&lt;td&gt;&amp;nbsp;&lt;/td&gt;\r\n		&lt;/tr&gt;\r\n		&lt;tr&gt;\r\n&lt;td class=&quot;align_left&quot;&gt;&lt;a href=&quot;{{ invoice }}&quot;&gt; {{ invoice }}&lt;/a&gt;&lt;/td&gt;\r\n		&lt;/tr&gt;\r\n		&lt;tr&gt;\r\n			&lt;td&gt;&amp;nbsp;&lt;/td&gt;\r\n		&lt;/tr&gt;\r\n{{/ invoice }}\r\n	&lt;tr&gt;\r\n		&lt;td class=&quot;align_center&quot;\r\n		    style=&quot;font-size: 10px; border-top: 1px solid #069; text-decoration: none; color: #374953;&quot;&gt;\r\n			&lt;a href=&quot;{{ store_url }}&quot;\r\n			   style=&quot;color: #069; font-weight: bold; text-decoration: none;&quot;&gt;{{ store_name }}&lt;/a&gt;\r\n{{{ text_project_label }}}\r\n	&lt;/td&gt;\r\n	&lt;/tr&gt;\r\n&lt;/table&gt;\r\n&lt;/body&gt;\r\n&lt;/html&gt;\r\n','You have received an order.\r\n\r\nOrder Details\r\n\r\nOrder ID: {{ order_id }}\r\nDate Ordered: {{ date_added }}\r\nPayment Method: {{ payment_method }}\r\nShipping Method: {{ shipping_method }}\r\n\r\nEmail: {{ customer_email }}\r\nTelephone: {{ customer_telephone }}\r\n{{# customer_mobile_phone }}\r\nTelephone: {{ customer_mobile_phone }}\r\n{{/ customer_mobile_phone }}\r\n{{# customer_fax }}\r\nFax: {{ customer_fax }}\r\n{{/ customer_fax }}\r\nIP Address: {{ customer_ip }}\r\n\r\n{{# shipping_data }}\r\nShipping Address:\r\n{{{ firstname }}} {{{lastname}}}\r\n{{{ company }}}\r\n{{{ address_1 }}} \r\n{{{ address_2 }}}\r\n{{{ city }}} {{{ postcode }}}\r\n{{{ zone }}}\r\n{{{ country }}}\r\n{{/ shipping_data }}\r\n\r\n{{# payment_data }}\r\nPayment Address:\r\n{{{ firstname }}} {{{lastname}}} \r\n{{{ company }}}\r\n{{{ address_1 }}}\r\n{{{ address_2 }}}\r\n{{{ city }}} {{{ postcode }}}\r\n{{{ zone }}}\r\n{{{ country }}}\r\n{{/ payment_data }}\r\n\r\n\r\nProduct                                                 Model                             Price                  Quantity              Total\r\n{{# products }}\r\n					\r\n{{ name }}                                               {{ model }}                       {{ price }}            {{ quantity }}        {{ total }}\r\n   {{# option }}\r\n    - {{ name}} {{ value }} \r\n   {{/ option }}\r\n\r\n\r\n{{/ products }}\r\n{{# totals }}\r\n  {{ title }}  {{ text }}\r\n{{/ totals }}\r\n\r\n\r\n{{# comment }}\r\n	The comments for your order are:\r\n {{{ comment }}} \r\n{{/ comment }}\r\n\r\n{{# invoice }}\r\nTo view your order click on the link below:\r\n{{ invoice }}\r\n{{/ invoice }}\r\n\r\n{{ store_name }}\r\n{{ text_project_label }}','store_name, order_id, store_url, logo_uri, logo_html, date_added, payment_method, shipping_method, customer_email, customer_telephone, customer_mobile_phone, customer_fax, customer_ip, shipping_data, payment_data, products, totals, comment, invoice,  text_project_label, order_total','2022-02-06 20:03:37','2022-02-06 20:03:37',NULL,0),(11,1,'admin_order_status_notify',1,'','{{ store_name }} - Order Update {{ order_id }}','Order:  {{ order_id }} &lt;br/&gt;\r\nDate added: {{ order_date_added }} &lt;br/&gt;\r\nOrder status: {{ order_status }} &lt;br/&gt;\r\nInvoice: {{ invoice }}&lt;br/&gt;\r\n&lt;br/&gt;\r\n\r\nComment:&lt;br/&gt;\r\n{{{ comment }}}&lt;br/&gt;\r\n\r\n&lt;br/&gt;\r\n\r\nPlease reply to this email if you have any questions.\r\n','Order:  {{ order_id }} \r\nDate added: {{ order_date_added }} \r\nOrder status: {{ order_status }} \r\nInvoice: {{ invoice }}\r\n\r\nComment:\r\n{{{ comment }}}\r\n\r\nPlease reply to this email if you have any questions.\r\n','store_name, order_id, order_date_added, order_status, invoice, comment','2022-02-06 20:03:37','2022-02-06 20:03:37',NULL,0),(12,1,'admin_new_transaction_notify',1,'','New transaction has been posted to your {{store_name}} account','New transaction has been posted to your {{ store_name }} account in the amount of {{ amount }}. For more details, login to {{ store_name }} account','New transaction has been posted to your {{ store_name }} account in the amount of {{ amount }}. For more details, login to {{ store_name }} account','store_name, amount, transactions_url','2022-02-06 20:03:37','2022-02-06 20:03:37',NULL,0),(13,1,'admin_approval_email',1,'','{{ store_name}} - Your Account has been activated!','&lt;a href=\"{{ store_url }}\" title=\"{{ store_name }}\"&gt;\r\n						{{# logo_uri}}\r\n				&lt;img src=\"{{ logo_uri }}\" alt=\"{{store_name}}\" style=\"border: none;\"&gt;\r\n                                                 {{/ logo_uri}}\r\n                                                 {{^ logo_uri}}\r\n                                                       {{# logo_html}}\r\n                                                        {{logo_html}}\r\n                                                       {{/ logo_html}}\r\n                                                 {{/ logo_uri}}\r\n					&lt;/a&gt;\r\n\r\nWelcome and thank you for registering at {{ store_name }} &lt;br/&gt;\r\nYour account has now been created and you can log in by using your email address and password by visiting our website or at the following URL: &lt;br/&gt;\r\n{{ store_url }}&lt;br/&gt;\r\n&lt;br/&gt;\r\n\r\nOnce you logging in, you will be able to access, your wishlist, order history, printing invoices and editing your account information.&lt;br/&gt;\r\n&lt;br/&gt;\r\nThank you,&lt;br/&gt;\r\n {{ store_name}} &lt;br/&gt;\r\n\r\n{{ text_project_label }}','Welcome and thank you for registering at {{ store_name }} \r\nYour account has now been created and you can log in by using your email address and password by visiting our website or at the following URL: \r\n{{ store_url }}\r\n\r\nOnce you logging in, you will be able to access, your wishlist, order history, printing invoices and editing your account information.\r\n\r\nThank you,\r\n {{ store_name}} \r\n\r\n{{text_project_label}}','store_name, store_url, text_project_label, logo_uri, logo_html','2022-02-06 20:03:37','2022-02-06 20:03:37',NULL,0),(14,1,'storefront_password_reset_notify',1,'','{{store_name}} Notification','Your password has been updated! If you did not do any changes, please contact site owner&lt;br/&gt;','Your password has been updated! If you did not do any changes, please contact site owner','store_name, loginname, customer_id, firstname, lastname','2022-02-06 20:03:37','2022-02-06 20:03:37',NULL,0),(15,1,'storefront_customer_account_update',1,'','{{store_name}} Account update notification','Your account has been updated! If you did not do any changes, please contact site owner ',' Your account has been updated! If you did not do any changes, please contact site owner ','store_name, firstname, lastname, telephone, fax, email, loginname, customer_id, old_loginname, old_email','2022-02-06 20:03:37','2022-02-06 20:03:37',NULL,0),(16,1,'storefront_contact_us_mail',1,'','Enquiry from {{ first_name }}','&lt;html&gt;\r\n&lt;head&gt;\r\n	&lt;meta http-equiv=&quot;Content-Type&quot; content=&quot;text/html; charset=utf-8&quot;&gt;\r\n	&lt;title&gt;{{ title }}&lt;/title&gt;\r\n&lt;/head&gt;\r\n&lt;body&gt;\r\n&lt;table style=&quot;font-family: Verdana,sans-serif; font-size: 11px; color: #374953; width: 600px;&quot;&gt;\r\n	&lt;tr&gt;\r\n		&lt;td class=&quot;align_left&quot;&gt;\r\n			&lt;a href=&quot;{{ store_url }}&quot; title=&quot;{{ store_name }}&quot;&gt;\r\n				{{# logo_uri }}\r\n					&lt;img src=&quot;{{ logo_uri }}&quot; alt=&quot;{{ store_name }}&quot; style=&quot;border: none;&quot;&gt;\r\n				{{/ logo_uri }}\r\n				{{# logo_html }}\r\n					{{ logo_html }}\r\n				{{/ logo_html }}				 \r\n			&lt;/a&gt;\r\n		&lt;/td&gt;\r\n	&lt;/tr&gt;\r\n	&lt;tr&gt;\r\n		&lt;td&gt;&amp;nbsp;&lt;/td&gt;\r\n	&lt;/tr&gt;\r\n	&lt;tr&gt;\r&lt;td&gt;&amp;nbsp;&lt;/td&gt;\r\n	&lt;/tr&gt;\r\n	&lt;tr&gt;\r\n		&lt;td class=&quot;align_left&quot;\r\n		    style=&quot;background-color: #069; color:#FFF; font-size: 12px; font-weight: bold; padding: 0.5em 1em;&quot;&gt;{{ entry_enquiry }}&lt;/td&gt;\r\n	&lt;/tr&gt;\r\n	&lt;tr&gt;\r\n		&lt;td class=&quot;align_left&quot;\r\n		    style=&quot; font-size: 12px; padding: 0.5em 1em;&quot;&gt;{{{ enquiry }}}&lt;/td&gt;\r\n	&lt;/tr&gt;\r\n	&lt;tr&gt;\r\n		&lt;td&gt;&amp;nbsp;&lt;/td&gt;\r\n	&lt;/tr&gt;\r\n	&lt;tr&gt;\r\n		&lt;td&gt;\r\n			&lt;table style=&quot;width: 100%; font-family: Verdana,sans-serif; font-size: 11px; color: #FFFFFF;&quot;&gt;\r\n				{{# tpl_form_fields }}\r\n				&lt;tr&gt;\r\n				&lt;td style=&quot;padding: 0.3em; background-color: #EEEEEE; color: #000;&quot;&gt;{{ name }}&lt;/td&gt;\r\n					&lt;td style=&quot;padding: 0.3em; background-color: #EEEEEE; color: #000;&quot;&gt;{{ value }}&lt;/td&gt;\r\n				&lt;/tr&gt;\r\n				{{/ tpl_form_fields }}\r\n			&lt;/table&gt;\r\n		&lt;/td&gt;\r\n	&lt;/tr&gt;\r\n	&lt;tr&gt;\r\n		&lt;td&gt;&amp;nbsp;&lt;/td&gt;\r\n	&lt;/tr&gt;\r\n	&lt;tr&gt;\r\n		&lt;td class=&quot;align_center&quot;\r\n		    style=&quot;font-size: 10px; border-top: 1px solid #069; text-decoration: none; color: #374953;&quot;&gt;\r\n			&lt;a href=&quot;{{ store_url }}&quot;\r\n			   style=&quot;color: #069; font-weight: bold; text-decoration: none;&quot;&gt;{{ store_name }}&lt;/a&gt;&lt;br&gt;\r\n{{{ text_project_label }}}\r\n		&lt;/td&gt;\r\n	&lt;/tr&gt;\r\n&lt;/table&gt;\r\n&lt;/body&gt;\r\n&lt;/html&gt;\r\n','{{ store_name }}\r\n\r\n{{ entry_enquiry }}\r\n{{{ enquiry }}}\r\n\r\n\r\n{{# tpl_form_fields }}\r\n{{ name }}  {{ value }}\r\n{{/ tpl_form_fields }}\r\n\r\n{{{ text_project_label }}}','first_name, title, store_url, store_name, logo_uri, logo_html, entry_enquiry, enquiry, tpl_form_fields, form_fields, text_project_label','2022-02-06 20:03:37','2022-02-06 20:03:37',NULL,0),(17,1,'storefront_contact_us_mail_admin_notify',1,'','New enquiry from customer',' You have got new enquiry from customer ({{first_name}}, {{email}})!',' You have got new enquiry from customer ({{first_name}}, {{email}})! ','first_name, email','2022-02-06 20:03:37','2022-02-06 20:03:37',NULL,0),(18,1,'storefront_new_customer_admin_notify',1,'',' New Customer {{ firstname }} {{ lastname }} has been registered!',' New Customer {{ firstname }} {{ lastname }}  has been registered!',' New Customer {{ firstname }} {{ lastname }}  has been registered!','firstname, lastname','2022-02-06 20:03:37','2022-02-06 20:03:37',NULL,0),(19,1,'storefront_new_subscriber_admin_notify',1,'',' New Subscriber {{ firstname }} {{ lastname }} has been registered!',' New Subscriber {{ firstname }} {{ lastname }} has been registered!',' New Subscriber {{ firstname }} {{ lastname }} has been registered!','firstname, lastname','2022-02-06 20:03:37','2022-02-06 20:03:37',NULL,0),(21,1,'storefront_product_out_of_stock_admin_notify',1,'','Product with ID #{{ product_id }} is out of Stock. ',' Product with ID #{{ product_id }} is out of Stock. \r\n&lt;br/&gt;&lt;br/&gt;\r\n{{{ text_project_label }}}',' Product with ID #{{ product_id }} is out of Stock. \r\n\r\n{{{ text_project_label }}}','product_id, text_project_label','2022-02-06 20:03:37','2022-02-06 20:03:37',NULL,0),(22,1,'storefront_product_review_admin_notify',1,'',' New product review has been added.',' New product review has been added. See details {{ product_url }}\r\n&lt;br/&gt;&lt;br/&gt;\r\n{{{ text_project_label }}}',' New product review has been added. See details {{ product_url }}\r\n\r\n{{{ text_project_label }}}','product_url, product_id, text_project_label','2022-02-06 20:03:37','2022-02-06 20:03:37',NULL,0),(23,1,'storefront_welcome_email_approved',1,'','Welcome, {{store_name}} ','&lt;html&gt;\r\n	&lt;head&gt;\r\n		&lt;meta http-equiv=&quot;Content-Type&quot; content=&quot;text/html; charset=utf-8&quot;&gt;\r\n	&lt;/head&gt;\r\n	&lt;body&gt;\r\n		&lt;table style=&quot;font-family: Verdana,sans-serif; font-size: 11px; color: #374953; width: 600px;&quot;&gt;\r\n			&lt;tr&gt;\r\n				&lt;td class=&quot;align_left&quot;&gt;\r\n				&lt;a href=&quot;{{ store_url }}&quot; title=&quot;{{ store_name }}&quot;&gt;\r\n						{{# logo_uri}}\r\n				&lt;img src=&quot;{{ logo_uri }}&quot; alt=&quot;{{store_name}}&quot; style=&quot;border: none;&quot;&gt;\r\n                                                 {{/ logo_uri}}\r\n                                                 {{^ logo_uri}}\r\n                                                       {{# logo_html}}\r\n                                                        {{logo_html}}\r\n                                                       {{/ logo_html}}\r\n                                                 {{/ logo_uri}}\r\n					&lt;/a&gt;\r\n				&lt;/td&gt;\r\n			&lt;/td&gt;\r\n			&lt;/tr&gt;\r\n			&lt;tr&gt;\r\n				&lt;td&gt;&amp;nbsp;&lt;/td&gt;\r\n			&lt;/tr&gt;\r\n			&lt;tr&gt;\r\n		&lt;td&gt;Welcome and thank you for registering at {{ store_name }}&lt;/td&gt;\r\n		&lt;/tr&gt;\r\n			&lt;tr&gt;\r\n				&lt;td&gt;&amp;nbsp;&lt;/td&gt;\r\n		&lt;/tr&gt;\r\n			&lt;tr&gt;\r\n				&lt;td&gt;\r\n                          Your account has now been created and you can log in by using your email address and password by visiting our website or at the following URL:&lt;br/&gt;\r\n&lt;a href=&quot;{{ login_url }}&quot;&gt;{{ login_url }}&lt;/a&gt;&lt;br/&gt;\r\nOnce you logging in, you will be able to access, your wishlist, order history, printing invoices and editing your account information.\r\n	&lt;/td&gt;\r\n			&lt;/tr&gt;\r\n			&lt;tr&gt;\r\n				&lt;td&gt;&amp;nbsp;&lt;/td&gt;\r\n			&lt;/tr&gt;\r\n			&lt;tr&gt;\r\n				&lt;td&gt;\r\n					Thank you.&lt;br/&gt;\r\n                                        {{ store_name }}\r\n&lt;br/&gt;&lt;br/&gt;\r\n{{{ text_project_label }}}\r\n		&lt;/td&gt;\r\n			&lt;/tr&gt;\r\n		&lt;/table&gt;\r\n	&lt;/body&gt;\r\n&lt;/html&gt;','Welcome and thank you for registering at {{ store_name }}\r\n\r\nYour account has now been created and you can log in by using your email address and password by visiting our website or at the following URL:\r\n{{ login_url }}\r\n\r\nOnce you logging in, you will be able to access, your wishlist, order history, printing invoices and editing your account information.\r\n\r\nThank you.\r\n{{ store_name }}\r\n{{{ text_project_label }}}','store_name, login_url, store_url, logo_html, logo_uri, text_project_label','2022-02-06 20:03:37','2022-02-06 20:03:37',NULL,0),(24,1,'fast_checkout_welcome_email_guest_registration',1,'','Welcome, {{store_name}}','&lt;html&gt;\r\n	&lt;head&gt;\r\n		&lt;meta http-equiv=&quot;Content-Type&quot; content=&quot;text/html; charset=utf-8&quot;&gt;\r\n	&lt;/head&gt;\r\n	&lt;body&gt;\r\n		&lt;table style=&quot;font-family: Verdana,sans-serif; font-size: 11px; color: #374953; width: 600px;&quot;&gt;\r\n			&lt;tr&gt;\r\n				&lt;td class=&quot;align_left&quot;&gt;\r\n				&lt;a href=&quot;{{ store_url }}&quot; title=&quot;{{ store_name }}&quot;&gt;\r\n						{{# logo_uri}}\r\n				&lt;img src=&quot;{{ logo_uri }}&quot; alt=&quot;{{store_name}}&quot; style=&quot;border: none;&quot;&gt;\r\n                                                 {{/ logo_uri}}\r\n                                                 {{^ logo_uri}}\r\n                                                       {{# logo_html}}\r\n                                                        {{logo_html}}\r\n                                                       {{/ logo_html}}\r\n                                                 {{/ logo_uri}}\r\n					&lt;/a&gt;\r\n				&lt;/td&gt;\r\n			&lt;/td&gt;\r\n			&lt;/tr&gt;\r\n			&lt;tr&gt;\r\n				&lt;td&gt;&amp;nbsp;&lt;/td&gt;\r\n			&lt;/tr&gt;\r\n			&lt;tr&gt;\r\n		&lt;td&gt;Welcome and thank you for registering at {{ store_name }}&lt;/td&gt;\r\n		&lt;/tr&gt;\r\n			&lt;tr&gt;\r\n				&lt;td&gt;&amp;nbsp;&lt;/td&gt;\r\n		&lt;/tr&gt;\r\n			&lt;tr&gt;\r\n				&lt;td&gt;\r\n                          Your account has now been created and you can log in by using your email address and password by visiting our website or at the following URL:&lt;br/&gt;\r\n&lt;a href=&quot;{{ login_url }}&quot;&gt;{{ login_url }}&lt;/a&gt;&lt;br/&gt;\r\n&lt;br/&gt;\r\nYour Login Name: {{login}}  &lt;br/&gt;\r\nYour Password: {{password}}  &lt;br/&gt;\r\n	&lt;/td&gt;\r\n			&lt;/tr&gt;\r\n			&lt;tr&gt;\r\n				&lt;td&gt;&amp;nbsp;&lt;/td&gt;\r\n			&lt;/tr&gt;\r\n			&lt;tr&gt;\r\n				&lt;td&gt;\r\n					Thank you.&lt;br/&gt;\r\n                                        {{ store_name }}\r\n&lt;br/&gt;&lt;br/&gt;\r\n{{{ text_project_label }}}\r\n		&lt;/td&gt;\r\n			&lt;/tr&gt;\r\n		&lt;/table&gt;\r\n	&lt;/body&gt;\r\n&lt;/html&gt;','Welcome and thank you for registering at {{ store_name }}\r\n\r\nYour account has now been created and you can log in by using your email address and password by visiting our website or at the following URL:\r\n{{ login_url }}\r\n\r\nYour Login Name: {{login}}\r\nYour Password: {{password}}\r\n\r\n\r\nThank you.\r\n{{ store_name }}\r\n{{{ text_project_label }}}','store_name, login_url, store_url, logo_html, logo_uri, text_project_label, login, password','2022-02-06 20:03:37','2022-02-06 20:03:37',NULL,0);

--
-- Table structure for table `aba6_encryption_keys`
--

CREATE TABLE `aba6_encryption_keys` (
  `key_id` int(3) NOT NULL AUTO_INCREMENT,
  `key_name` varchar(32) NOT NULL DEFAULT '',
  `status` int(1) NOT NULL,
  `comment` text NOT NULL,
  PRIMARY KEY (`key_id`),
  UNIQUE KEY `encryption_keys_key_name` (`key_name`)
) ENGINE=MyISAM DEFAULT CHARSET=utf8;

--
-- Dumping data for table `aba6_encryption_keys`
--


--
-- Table structure for table `aba6_extension_dependencies`
--

CREATE TABLE `aba6_extension_dependencies` (
  `extension_id` int(11) NOT NULL,
  `extension_parent_id` int(11) NOT NULL,
  PRIMARY KEY (`extension_id`,`extension_parent_id`)
) ENGINE=MyISAM DEFAULT CHARSET=utf8;

--
-- Dumping data for table `aba6_extension_dependencies`
--


--
-- Table structure for table `aba6_extensions`
--

CREATE TABLE `aba6_extensions` (
  `extension_id` int(11) NOT NULL AUTO_INCREMENT,
  `type` varchar(32) NOT NULL,
  `key` varchar(32) NOT NULL,
  `category` varchar(32) NOT NULL,
  `status` smallint(1) NOT NULL,
  `priority` smallint(1) NOT NULL DEFAULT '0',
  `version` varchar(32) DEFAULT NULL,
  `license_key` varchar(32) DEFAULT NULL,
  `date_installed` timestamp NOT NULL DEFAULT '0000-00-00 00:00:00',
  `support_expiration` datetime DEFAULT NULL,
  `mp_product_url` varchar(255) DEFAULT '',
  `date_added` timestamp NOT NULL DEFAULT '0000-00-00 00:00:00',
  `date_modified` timestamp NOT NULL DEFAULT CURRENT_TIMESTAMP ON UPDATE CURRENT_TIMESTAMP,
  PRIMARY KEY (`extension_id`),
  UNIQUE KEY `extension_key` (`key`)
) ENGINE=MyISAM AUTO_INCREMENT=54 DEFAULT CHARSET=utf8;

--
-- Dumping data for table `aba6_extensions`
--

INSERT INTO `aba6_extensions` VALUES (1,'total','coupon','',1,1,'',NULL,'2022-02-06 20:03:37',NULL,'','2022-02-06 20:03:37','2022-02-06 20:03:37'),(2,'total','shipping','shipping',1,1,'',NULL,'2022-02-06 20:03:37',NULL,'','2022-02-06 20:03:37','2022-02-06 20:03:37'),(3,'total','low_order_fee','',0,1,'',NULL,'2022-02-06 20:03:37',NULL,'','2022-02-06 20:03:37','2022-02-06 20:03:37'),(4,'total','handling','',0,1,'',NULL,'2022-02-06 20:03:37',NULL,'','2022-02-06 20:03:37','2022-02-06 20:03:37'),(5,'total','sub_total','',1,1,'',NULL,'2022-02-06 20:03:37',NULL,'','2022-02-06 20:03:37','2022-02-06 20:03:37'),(6,'total','tax','',1,1,'',NULL,'2022-02-06 20:03:37',NULL,'','2022-02-06 20:03:37','2022-02-06 20:03:37'),(7,'total','total','',1,1,'',NULL,'2022-02-06 20:03:37',NULL,'','2022-02-06 20:03:37','2022-02-06 20:03:37'),(8,'total','balance','',1,1,'',NULL,'2022-02-06 20:03:37',NULL,'','2022-02-06 20:03:37','2022-02-06 20:03:37'),(9,'block','cart','',1,1,'',NULL,'2022-02-06 20:03:37',NULL,'','2022-02-06 20:03:37','2022-02-06 20:03:37'),(10,'block','category','',1,1,'',NULL,'2022-02-06 20:03:37',NULL,'','2022-02-06 20:03:37','2022-02-06 20:03:37'),(11,'block','content','',1,1,'',NULL,'2022-02-06 20:03:37',NULL,'','2022-02-06 20:03:37','2022-02-06 20:03:37'),(12,'block','manufacturer','',1,1,'',NULL,'2022-02-06 20:03:37',NULL,'','2022-02-06 20:03:37','2022-02-06 20:03:37'),(13,'block','bestseller','',1,1,'',NULL,'2022-02-06 20:03:37',NULL,'','2022-02-06 20:03:37','2022-02-06 20:03:37'),(14,'block','latest','',1,1,'',NULL,'2022-02-06 20:03:37',NULL,'','2022-02-06 20:03:37','2022-02-06 20:03:37'),(15,'block','featured','',1,1,'',NULL,'2022-02-06 20:03:37',NULL,'','2022-02-06 20:03:37','2022-02-06 20:03:37'),(16,'extensions','banner_manager','extensions',1,1,'1.0.1',NULL,'2022-02-06 20:03:37',NULL,'','2022-02-06 20:03:37','2022-02-06 20:03:37'),(17,'extensions','forms_manager','extensions',1,1,'1.0.2',NULL,'2022-02-06 20:03:37',NULL,'','2022-02-06 20:03:37','2022-02-06 20:03:37'),(18,'extensions','fast_checkout','Checkout',1,10,'1.3.0',NULL,'2022-02-06 20:03:37',NULL,'','2022-02-06 20:03:37','2022-02-06 20:03:37'),(19,'payment','default_cod','payment',1,1,'1.0.1',NULL,'2022-02-06 20:03:37',NULL,'','2022-02-06 20:03:37','2022-02-06 20:03:37'),(20,'shipping','default_flat_rate_shipping','shipping',1,1,'1.0.1',NULL,'2022-02-06 20:03:37',NULL,'','2022-02-06 20:03:37','2022-02-06 20:03:37'),(21,'payment','2checkout','payment',0,10,'1.1.0','','0000-00-00 00:00:00','0000-00-00 00:00:00','','2022-02-06 20:05:31','2022-02-06 20:05:31'),(22,'tax','avatax_integration','tax',0,10,'1.1.0','','0000-00-00 00:00:00','0000-00-00 00:00:00','','2022-02-06 20:05:31','2022-02-06 20:05:31'),(23,'payment','cardconnect','payment',0,10,'1.1.0','','0000-00-00 00:00:00','0000-00-00 00:00:00','','2022-02-06 20:05:31','2022-02-06 20:05:31'),(24,'payment','cardknox','payment',0,102,'1.0.0','','0000-00-00 00:00:00','0000-00-00 00:00:00','','2022-02-06 20:05:31','2022-02-06 20:05:31'),(25,'payment','default_authorizenet','payment',0,101,'1.2.0','','0000-00-00 00:00:00','0000-00-00 00:00:00','','2022-02-06 20:05:31','2022-02-06 20:05:31'),(26,'payment','default_banktransfer','payment',0,10,'1.1.0','','0000-00-00 00:00:00','0000-00-00 00:00:00','','2022-02-06 20:05:31','2022-02-06 20:05:31'),(27,'payment','default_cashflows','payment',0,10,'1.1.0','','0000-00-00 00:00:00','0000-00-00 00:00:00','','2022-02-06 20:05:31','2022-02-06 20:05:31'),(28,'payment','default_cheque','payment',0,10,'1.1.0','','0000-00-00 00:00:00','0000-00-00 00:00:00','','2022-02-06 20:05:31','2022-02-06 20:05:31'),(29,'shipping','default_fedex','shipping',0,10,'1.1.0','','0000-00-00 00:00:00','0000-00-00 00:00:00','','2022-02-06 20:05:31','2022-02-06 20:05:31'),(30,'shipping','default_free_shipping','shipping',0,10,'1.1.0','','0000-00-00 00:00:00','0000-00-00 00:00:00','','2022-02-06 20:05:31','2022-02-06 20:05:31'),(31,'language','default_italian','languages',0,10,'1.1.0','','0000-00-00 00:00:00','0000-00-00 00:00:00','','2022-02-06 20:05:31','2022-02-06 20:05:31'),(32,'payment','default_liqpay','payment',0,10,'1.1.0','','0000-00-00 00:00:00','0000-00-00 00:00:00','','2022-02-06 20:05:31','2022-02-06 20:05:31'),(33,'shipping','default_local_delivery','shipping',0,10,'1.1.0','','0000-00-00 00:00:00','0000-00-00 00:00:00','','2022-02-06 20:05:31','2022-02-06 20:05:31'),(34,'shipping','default_parcelforce_48','shipping',0,10,'1.1.0','','0000-00-00 00:00:00','0000-00-00 00:00:00','','2022-02-06 20:05:31','2022-02-06 20:05:31'),(35,'payment','default_paymate','payment',0,10,'1.1.0','','0000-00-00 00:00:00','0000-00-00 00:00:00','','2022-02-06 20:05:31','2022-02-06 20:05:31'),(36,'payment','default_paypoint','payment',0,10,'1.1.0','','0000-00-00 00:00:00','0000-00-00 00:00:00','','2022-02-06 20:05:31','2022-02-06 20:05:31'),(37,'shipping','default_per_item_shipping','shipping',0,10,'1.1.0','','0000-00-00 00:00:00','0000-00-00 00:00:00','','2022-02-06 20:05:31','2022-02-06 20:05:31'),(38,'payment','default_pp_express','payment',0,10,'1.1.0','','0000-00-00 00:00:00','0000-00-00 00:00:00','','2022-02-06 20:05:31','2022-02-06 20:05:31'),(39,'payment','default_pp_pro','payment',0,10,'1.1.0','','0000-00-00 00:00:00','0000-00-00 00:00:00','','2022-02-06 20:05:31','2022-02-06 20:05:31'),(40,'payment','default_pp_standart','payment',0,10,'1.1.0','','0000-00-00 00:00:00','0000-00-00 00:00:00','','2022-02-06 20:05:31','2022-02-06 20:05:31'),(41,'payment','default_realex','payment',0,10,'1.1.0','','0000-00-00 00:00:00','0000-00-00 00:00:00','','2022-02-06 20:05:31','2022-02-06 20:05:31'),(42,'shipping','default_royal_mail','shipping',0,10,'1.1.0','','0000-00-00 00:00:00','0000-00-00 00:00:00','','2022-02-06 20:05:31','2022-02-06 20:05:31'),(43,'language','default_russian','languages',0,10,'1.2.0','','0000-00-00 00:00:00','0000-00-00 00:00:00','','2022-02-06 20:05:31','2022-02-06 20:05:31'),(44,'payment','default_skrill','payment',0,10,'1.1.0','','0000-00-00 00:00:00','0000-00-00 00:00:00','','2022-02-06 20:05:31','2022-02-06 20:05:31'),(45,'language','default_spanish','languages',0,10,'1.2.0','','0000-00-00 00:00:00','0000-00-00 00:00:00','','2022-02-06 20:05:31','2022-02-06 20:05:31'),(46,'shipping','default_store_pickup','shipping',0,10,'1.3.0','','0000-00-00 00:00:00','0000-00-00 00:00:00','','2022-02-06 20:05:31','2022-02-06 20:05:31'),(47,'payment','default_stripe','payment',0,103,'1.1.1','','0000-00-00 00:00:00','0000-00-00 00:00:00','','2022-02-06 20:05:31','2022-02-06 20:05:31'),(48,'extensions','default_textmarketer','Communication',0,10,'1.1.0','','0000-00-00 00:00:00','0000-00-00 00:00:00','','2022-02-06 20:05:31','2022-02-06 20:05:31'),(49,'extensions','default_twilio','Communication',0,10,'1.1.0','','0000-00-00 00:00:00','0000-00-00 00:00:00','','2022-02-06 20:05:32','2022-02-06 20:05:32'),(50,'shipping','default_ups','shipping',0,10,'1.1.0','','0000-00-00 00:00:00','0000-00-00 00:00:00','','2022-02-06 20:05:32','2022-02-06 20:05:32'),(51,'shipping','default_usps','shipping',0,10,'1.1.0','','0000-00-00 00:00:00','0000-00-00 00:00:00','','2022-02-06 20:05:32','2022-02-06 20:05:32'),(52,'shipping','default_weight','shipping',0,10,'1.1.0','','0000-00-00 00:00:00','0000-00-00 00:00:00','','2022-02-06 20:05:32','2022-02-06 20:05:32'),(53,'extensions','encryption_data_manager','utility',0,10,'1.1.0','','0000-00-00 00:00:00','0000-00-00 00:00:00','','2022-02-06 20:05:32','2022-02-06 20:05:32');

--
-- Table structure for table `aba6_field_descriptions`
--

CREATE TABLE `aba6_field_descriptions` (
  `field_id` int(11) NOT NULL DEFAULT '0',
  `name` varchar(255) NOT NULL COMMENT 'translatable',
  `description` varchar(255) NOT NULL DEFAULT '' COMMENT 'translatable',
  `language_id` int(11) NOT NULL,
  `error_text` varchar(255) NOT NULL DEFAULT '' COMMENT 'translatable',
  PRIMARY KEY (`field_id`,`language_id`)
) ENGINE=MyISAM DEFAULT CHARSET=utf8;

--
-- Dumping data for table `aba6_field_descriptions`
--

INSERT INTO `aba6_field_descriptions` VALUES (11,'First name:','',1,'Name must be between 3 and 32 characters!'),(12,'Email:','',1,'E-Mail Address does not appear to be valid!'),(13,'Enquiry:','',1,'Enquiry must be between 10 and 3000 characters!'),(14,'Enter the code in the box below:','',1,'Human verification has failed! Please try agan.');

--
-- Table structure for table `aba6_field_values`
--

CREATE TABLE `aba6_field_values` (
  `value_id` int(11) NOT NULL AUTO_INCREMENT,
  `field_id` int(11) NOT NULL DEFAULT '0',
  `value` text NOT NULL COMMENT 'translatable',
  `language_id` int(11) NOT NULL,
  PRIMARY KEY (`value_id`)
) ENGINE=MyISAM DEFAULT CHARSET=utf8;

--
-- Dumping data for table `aba6_field_values`
--


--
-- Table structure for table `aba6_fields`
--

CREATE TABLE `aba6_fields` (
  `field_id` int(11) NOT NULL AUTO_INCREMENT,
  `form_id` int(11) NOT NULL DEFAULT '0',
  `field_name` varchar(40) NOT NULL,
  `element_type` char(1) NOT NULL DEFAULT 'I',
  `sort_order` int(3) NOT NULL,
  `attributes` varchar(255) NOT NULL,
  `settings` text NOT NULL,
  `required` char(1) NOT NULL DEFAULT 'N',
  `status` smallint(1) NOT NULL DEFAULT '0',
  `regexp_pattern` varchar(255) NOT NULL DEFAULT '',
  PRIMARY KEY (`field_id`),
  KEY `field_id` (`field_id`,`form_id`,`status`)
) ENGINE=MyISAM AUTO_INCREMENT=15 DEFAULT CHARSET=utf8;

--
-- Dumping data for table `aba6_fields`
--

INSERT INTO `aba6_fields` VALUES (11,2,'first_name','I',1,'','','Y',1,'/^.{3,100}$/u'),(12,2,'email','I',2,'','','Y',1,'/^[A-Z0-9._%-]+@[A-Z0-9.-]{0,61}[A-Z0-9].[A-Z]{2,16}$/i'),(13,2,'enquiry','T',3,'cols=\"50\" rows=\"8\"','','Y',1,'/^.{3,1000}$/su'),(14,2,'captcha','K',4,'','','Y',1,'');

--
-- Table structure for table `aba6_fields_group_descriptions`
--

CREATE TABLE `aba6_fields_group_descriptions` (
  `group_id` int(11) NOT NULL DEFAULT '0',
  `name` varchar(255) NOT NULL COMMENT 'translatable',
  `description` varchar(255) NOT NULL DEFAULT '' COMMENT 'translatable',
  `language_id` int(11) NOT NULL,
  PRIMARY KEY (`group_id`,`language_id`)
) ENGINE=MyISAM DEFAULT CHARSET=utf8;

--
-- Dumping data for table `aba6_fields_group_descriptions`
--


--
-- Table structure for table `aba6_fields_groups`
--

CREATE TABLE `aba6_fields_groups` (
  `field_id` int(11) NOT NULL,
  `group_id` int(11) NOT NULL,
  `sort_order` int(3) NOT NULL,
  PRIMARY KEY (`field_id`),
  KEY `field_id` (`field_id`,`group_id`)
) ENGINE=MyISAM DEFAULT CHARSET=utf8;

--
-- Dumping data for table `aba6_fields_groups`
--


--
-- Table structure for table `aba6_form_descriptions`
--

CREATE TABLE `aba6_form_descriptions` (
  `form_id` int(11) NOT NULL DEFAULT '0',
  `language_id` int(11) NOT NULL,
  `description` varchar(255) NOT NULL DEFAULT '' COMMENT 'translatable',
  PRIMARY KEY (`form_id`,`language_id`)
) ENGINE=MyISAM DEFAULT CHARSET=utf8;

--
-- Dumping data for table `aba6_form_descriptions`
--

INSERT INTO `aba6_form_descriptions` VALUES (2,1,'Contact Us Form');

--
-- Table structure for table `aba6_form_groups`
--

CREATE TABLE `aba6_form_groups` (
  `group_id` int(11) NOT NULL AUTO_INCREMENT,
  `group_name` varchar(40) NOT NULL DEFAULT '',
  `form_id` int(11) NOT NULL DEFAULT '0',
  `sort_order` int(3) NOT NULL,
  `status` smallint(1) NOT NULL DEFAULT '0',
  PRIMARY KEY (`group_id`),
  KEY `group_id` (`group_id`,`form_id`)
) ENGINE=MyISAM DEFAULT CHARSET=utf8;

--
-- Dumping data for table `aba6_form_groups`
--


--
-- Table structure for table `aba6_forms`
--

CREATE TABLE `aba6_forms` (
  `form_id` int(11) NOT NULL AUTO_INCREMENT,
  `form_name` varchar(40) NOT NULL DEFAULT '',
  `controller` varchar(100) NOT NULL DEFAULT '',
  `success_page` varchar(100) NOT NULL DEFAULT '',
  `status` smallint(1) NOT NULL DEFAULT '0',
  PRIMARY KEY (`form_id`),
  UNIQUE KEY `form_name` (`form_name`)
) ENGINE=MyISAM AUTO_INCREMENT=3 DEFAULT CHARSET=utf8;

--
-- Dumping data for table `aba6_forms`
--

INSERT INTO `aba6_forms` VALUES (2,'ContactUsFrm','content/contact','content/contact/success',1);

--
-- Table structure for table `aba6_global_attributes`
--

CREATE TABLE `aba6_global_attributes` (
  `attribute_id` int(11) NOT NULL AUTO_INCREMENT,
  `attribute_parent_id` int(11) NOT NULL DEFAULT '0',
  `attribute_group_id` int(11) DEFAULT NULL,
  `attribute_type_id` int(11) NOT NULL,
  `element_type` char(1) NOT NULL DEFAULT 'I',
  `sort_order` int(3) NOT NULL DEFAULT '0',
  `required` smallint(1) NOT NULL DEFAULT '0',
  `settings` text NOT NULL,
  `status` smallint(1) NOT NULL DEFAULT '0',
  `regexp_pattern` varchar(255) DEFAULT NULL,
  PRIMARY KEY (`attribute_id`),
  KEY `ac_global_attributes_idx` (`attribute_parent_id`,`attribute_group_id`,`attribute_type_id`)
) ENGINE=MyISAM AUTO_INCREMENT=9 DEFAULT CHARSET=utf8;

--
-- Dumping data for table `aba6_global_attributes`
--

INSERT INTO `aba6_global_attributes` VALUES (1,0,0,1,'S',1,1,'',1,NULL),(2,0,0,1,'C',0,0,'',1,NULL),(5,0,0,1,'G',1,1,'',1,NULL),(6,0,0,1,'S',0,0,'a:4:{s:10:\"extensions\";s:0:\"\";s:8:\"min_size\";s:0:\"\";s:8:\"max_size\";s:0:\"\";s:9:\"directory\";s:0:\"\";}',1,''),(7,6,0,1,'S',0,0,'a:4:{s:10:\"extensions\";s:0:\"\";s:8:\"min_size\";s:0:\"\";s:8:\"max_size\";s:0:\"\";s:9:\"directory\";s:0:\"\";}',1,''),(8,6,0,1,'S',0,0,'a:4:{s:10:\"extensions\";s:0:\"\";s:8:\"min_size\";s:0:\"\";s:8:\"max_size\";s:0:\"\";s:9:\"directory\";s:0:\"\";}',1,'');

--
-- Table structure for table `aba6_global_attributes_descriptions`
--

CREATE TABLE `aba6_global_attributes_descriptions` (
  `attribute_id` int(11) NOT NULL,
  `language_id` int(11) NOT NULL,
  `name` varchar(64) NOT NULL COMMENT 'translatable',
  `placeholder` varchar(255) DEFAULT '' COMMENT 'translatable',
  `error_text` varchar(255) NOT NULL COMMENT 'translatable',
  PRIMARY KEY (`attribute_id`,`language_id`)
) ENGINE=MyISAM DEFAULT CHARSET=utf8;

--
-- Dumping data for table `aba6_global_attributes_descriptions`
--

INSERT INTO `aba6_global_attributes_descriptions` VALUES (1,1,'Size','',''),(2,1,'Gift Wrapping','',''),(5,1,'Fragrance Type','',''),(6,1,'Color&amp;Size','',''),(7,1,'UK Size','',''),(8,1,'Color','','');

--
-- Table structure for table `aba6_global_attributes_groups`
--

CREATE TABLE `aba6_global_attributes_groups` (
  `attribute_group_id` int(11) NOT NULL AUTO_INCREMENT,
  `sort_order` int(3) NOT NULL DEFAULT '0',
  `status` smallint(1) NOT NULL DEFAULT '0',
  PRIMARY KEY (`attribute_group_id`)
) ENGINE=MyISAM DEFAULT CHARSET=utf8;

--
-- Dumping data for table `aba6_global_attributes_groups`
--


--
-- Table structure for table `aba6_global_attributes_groups_descriptions`
--

CREATE TABLE `aba6_global_attributes_groups_descriptions` (
  `attribute_group_id` int(11) NOT NULL,
  `language_id` int(11) NOT NULL,
  `name` varchar(64) NOT NULL COMMENT 'translatable',
  PRIMARY KEY (`attribute_group_id`,`language_id`)
) ENGINE=MyISAM DEFAULT CHARSET=utf8;

--
-- Dumping data for table `aba6_global_attributes_groups_descriptions`
--


--
-- Table structure for table `aba6_global_attributes_type_descriptions`
--

CREATE TABLE `aba6_global_attributes_type_descriptions` (
  `attribute_type_id` int(11) NOT NULL,
  `language_id` int(11) NOT NULL,
  `type_name` varchar(64) NOT NULL COMMENT 'translatable',
  `date_added` timestamp NOT NULL DEFAULT '0000-00-00 00:00:00',
  `date_modified` timestamp NOT NULL DEFAULT CURRENT_TIMESTAMP ON UPDATE CURRENT_TIMESTAMP,
  PRIMARY KEY (`attribute_type_id`,`language_id`)
) ENGINE=MyISAM DEFAULT CHARSET=utf8 COMMENT='utf8_general_ci';

--
-- Dumping data for table `aba6_global_attributes_type_descriptions`
--

INSERT INTO `aba6_global_attributes_type_descriptions` VALUES (1,1,'Product Option','2022-02-06 20:03:37','2022-02-06 20:03:37'),(2,1,'Download Attribute','2022-02-06 20:03:37','2022-02-06 20:03:37');

--
-- Table structure for table `aba6_global_attributes_types`
--

CREATE TABLE `aba6_global_attributes_types` (
  `attribute_type_id` int(11) NOT NULL AUTO_INCREMENT,
  `type_key` varchar(64) NOT NULL,
  `controller` varchar(100) NOT NULL,
  `sort_order` int(3) NOT NULL DEFAULT '0',
  `status` smallint(1) NOT NULL DEFAULT '0',
  PRIMARY KEY (`attribute_type_id`)
) ENGINE=MyISAM AUTO_INCREMENT=3 DEFAULT CHARSET=utf8;

--
-- Dumping data for table `aba6_global_attributes_types`
--

INSERT INTO `aba6_global_attributes_types` VALUES (1,'product_option','responses/catalog/attribute/getProductOptionSubform',1,1),(2,'download_attribute','responses/catalog/attribute/getDownloadAttributeSubform',2,1);

--
-- Table structure for table `aba6_global_attributes_value_descriptions`
--

CREATE TABLE `aba6_global_attributes_value_descriptions` (
  `attribute_value_id` int(11) NOT NULL,
  `attribute_id` int(11) NOT NULL,
  `language_id` int(11) NOT NULL,
  `value` text NOT NULL COMMENT 'translatable',
  PRIMARY KEY (`attribute_value_id`,`attribute_id`,`language_id`)
) ENGINE=MyISAM DEFAULT CHARSET=utf8;

--
-- Dumping data for table `aba6_global_attributes_value_descriptions`
--

INSERT INTO `aba6_global_attributes_value_descriptions` VALUES (53,1,1,'1 oz'),(52,1,1,'75ml'),(51,1,1,'50ml'),(50,1,1,'30ml'),(49,1,1,'2.5 oz'),(48,1,1,'1.5 oz'),(47,1,1,'33.8 oz'),(46,1,1,'15.2 oz'),(45,1,1,'8.45 oz'),(32,2,1,''),(42,1,1,'1.7 oz'),(43,1,1,'3.4 oz'),(44,1,1,'100ml'),(76,5,1,'Eau de Toilette'),(77,5,1,'Eau de Cologne'),(75,5,1,'Eau de Parfum'),(78,6,1,''),(79,7,1,'UK 3'),(80,7,1,'UK 3.5'),(81,7,1,'UK 4'),(82,7,1,'UK 4.5'),(83,7,1,'UK 5'),(84,7,1,'UK 5.5'),(85,7,1,'UK 6'),(86,7,1,'UK 7'),(87,7,1,'UK 8'),(88,8,1,'Red'),(89,8,1,'White'),(90,8,1,'Black'),(91,8,1,'Blue'),(92,8,1,'Green'),(93,7,1,'XXL'),(94,7,1,'XL'),(95,7,1,'S'),(96,7,1,'L'),(97,7,1,'M'),(98,8,1,'Yellow');

--
-- Table structure for table `aba6_global_attributes_values`
--

CREATE TABLE `aba6_global_attributes_values` (
  `attribute_value_id` int(11) NOT NULL AUTO_INCREMENT,
  `attribute_id` int(11) NOT NULL,
  `sort_order` int(3) NOT NULL DEFAULT '0',
  PRIMARY KEY (`attribute_value_id`),
  KEY `ac_global_attributes_values_idx` (`attribute_id`)
) ENGINE=MyISAM AUTO_INCREMENT=99 DEFAULT CHARSET=utf8;

--
-- Dumping data for table `aba6_global_attributes_values`
--

INSERT INTO `aba6_global_attributes_values` VALUES (53,1,0),(52,1,0),(51,1,0),(50,1,0),(49,1,0),(48,1,0),(47,1,0),(46,1,0),(45,1,0),(32,2,0),(43,1,0),(44,1,0),(76,5,0),(77,5,0),(75,5,0),(78,6,0),(79,7,0),(80,7,0),(81,7,0),(82,7,0),(83,7,0),(84,7,0),(85,7,0),(86,7,0),(87,7,0),(88,8,0),(89,8,0),(90,8,0),(91,8,0),(92,8,0),(93,7,0),(94,7,0),(95,7,0),(96,7,0),(97,7,0),(98,8,0);

--
-- Table structure for table `aba6_language_definitions`
--

CREATE TABLE `aba6_language_definitions` (
  `language_definition_id` int(11) NOT NULL AUTO_INCREMENT,
  `language_id` int(11) NOT NULL,
  `section` tinyint(1) NOT NULL DEFAULT '0' COMMENT '0-SF, 1-ADMIN',
  `block` varchar(160) NOT NULL,
  `language_key` varchar(170) NOT NULL,
  `language_value` text NOT NULL COMMENT 'translatable',
  `date_added` timestamp NOT NULL DEFAULT '0000-00-00 00:00:00',
  `date_modified` timestamp NOT NULL DEFAULT CURRENT_TIMESTAMP ON UPDATE CURRENT_TIMESTAMP,
  PRIMARY KEY (`language_definition_id`,`language_id`,`section`,`block`,`language_key`),
  KEY `ac_lang_definition_idx` (`language_value`(333))
) ENGINE=MyISAM AUTO_INCREMENT=4958 DEFAULT CHARSET=utf8;

--
-- Dumping data for table `aba6_language_definitions`
--

INSERT INTO `aba6_language_definitions` VALUES (1,1,1,'2checkout_2checkout','2checkout_name','2Checkout','2022-02-06 20:03:37','2022-02-06 20:03:37'),(2,1,1,'2checkout_2checkout','text_payment','Payment','2022-02-06 20:03:37','2022-02-06 20:03:37'),(3,1,1,'2checkout_2checkout','text_success','Success: You have modified 2Checkout account details!','2022-02-06 20:03:37','2022-02-06 20:03:37'),(4,1,1,'2checkout_2checkout','2checkout_note','With this extension you can use 2Checkout payment system to accept payments from your customers.<br>\n<b>Sign up free today!  Use promo code ABANTECART2CO for a waiver of your application service fee (a savings of $10.99) and start selling online today! </b> Visit <a href=\"https://www.2checkout.com/signup/\">www.2checkout.com</a>, complete the application, and then enter the code into the promo code field to take advantage of this special offer today!\n<br> Once register login to get account credentials to configure this extension\n<br>Don\'t forget to setup INS URL and Redirect URL here <a href=\"https://secure.2checkout.com/cpanel/webhooks_api.php\">https://secure.2checkout.com/cpanel/webhooks_api.php</a>.\n<br><br>Your INS URL is <h4>#storefront#rt=extension/2checkout/callback</h4>\n<br><br>Also setup the Redirect URL and choose Return method \"Header redirect\".\n<br><br>Your Redirect URL is <h4>#storefront#rt=checkout/success</h4>\n		 ','2022-02-06 20:03:37','2022-02-06 20:03:37'),(5,1,1,'2checkout_2checkout','2checkout_account','2Checkout Merchant Code:','2022-02-06 20:03:37','2022-02-06 20:03:37'),(6,1,1,'2checkout_2checkout','2checkout_secret','Secret Key:<br /><span class=\"help\">The secret word to confirm transactions with (must be the same as defined on the merchant account configuration page.</span>','2022-02-06 20:03:37','2022-02-06 20:03:37'),(7,1,1,'2checkout_2checkout','2checkout_test','Test Mode:','2022-02-06 20:03:37','2022-02-06 20:03:37'),(8,1,1,'2checkout_2checkout','2checkout_test_1','Yes','2022-02-06 20:03:37','2022-02-06 20:03:37'),(9,1,1,'2checkout_2checkout','2checkout_test_0','No','2022-02-06 20:03:37','2022-02-06 20:03:37'),(10,1,1,'2checkout_2checkout','2checkout_order_status_id','Order Status:','2022-02-06 20:03:37','2022-02-06 20:03:37'),(11,1,1,'2checkout_2checkout','2checkout_location_id','Location:','2022-02-06 20:03:37','2022-02-06 20:03:37'),(12,1,1,'2checkout_2checkout','2checkout_location_id_0','All Locations','2022-02-06 20:03:37','2022-02-06 20:03:37'),(13,1,1,'2checkout_2checkout','error_permission','Warning: You do not have permission to modify payment 2Checkout!','2022-02-06 20:03:37','2022-02-06 20:03:37'),(14,1,1,'2checkout_2checkout','error_account','Merchant Code Required!','2022-02-06 20:03:37','2022-02-06 20:03:37'),(15,1,1,'2checkout_2checkout','error_secret','Secret Key Required!','2022-02-06 20:03:37','2022-02-06 20:03:37'),(16,1,1,'avatax_integration_avatax_integration','avatax_integration_name','Avatax integration','2022-02-06 20:03:37','2022-02-06 20:03:37'),(17,1,1,'avatax_integration_avatax_integration','avatax_integration_note','If you have standard tax enabled, it will function together with Avatax and you might need to disable standard taxes. Check System -> Localization -> <a target=\"_new\" href=\"#admin#rt=localisation/tax_class\">Tax Class</a><br>Also don\'t forget to enable extension <a href=\"#admin#rt=total/avatax_integration_total\">Avatax Integration Total</a><br>Important! Avatax Integration Total calculation order in extension totals must be after subtotal. Subtotal calculation should precede this extension total calculation. Check this in extensions total settings.','2022-02-06 20:03:37','2022-02-06 20:03:37'),(18,1,1,'avatax_integration_avatax_integration','avatax_integration_account_number','Account Number:<br /><span class=\"help\">Account number provided by Avalara</span>','2022-02-06 20:03:37','2022-02-06 20:03:37'),(19,1,1,'avatax_integration_avatax_integration','avatax_integration_license_key','License Key:<br /><span class=\"help\">License key provided by Avalara</span>','2022-02-06 20:03:37','2022-02-06 20:03:37'),(20,1,1,'avatax_integration_avatax_integration','avatax_integration_service_url','Service URL:<br /><span class=\"help\">Avalara service URL (live or development)</span>','2022-02-06 20:03:37','2022-02-06 20:03:37'),(21,1,1,'avatax_integration_avatax_integration','avatax_integration_service_url_https://avatax.avalara.net','https://avatax.avalara.net','2022-02-06 20:03:37','2022-02-06 20:03:37'),(22,1,1,'avatax_integration_avatax_integration','avatax_integration_service_url_https://development.avalara.net','https://development.avalara.net','2022-02-06 20:03:37','2022-02-06 20:03:37'),(23,1,1,'avatax_integration_avatax_integration','avatax_integration_tax_name','Tax Name:<br /><span class=\"help\">Tax name to be shown to the customer in the totals section</span>','2022-02-06 20:03:37','2022-02-06 20:03:37'),(24,1,1,'avatax_integration_avatax_integration','avatax_integration_company_code','Company Code:<br /><span class=\"help\">Company code to be used with Avalara</span>','2022-02-06 20:03:37','2022-02-06 20:03:37'),(25,1,1,'avatax_integration_avatax_integration','avatax_integration_postal_code','Store ZIP/Postal code:','2022-02-06 20:03:37','2022-02-06 20:03:37'),(26,1,1,'avatax_integration_avatax_integration','error_turn_extension_on','Error! Please check if extension is turned ON.','2022-02-06 20:03:37','2022-02-06 20:03:37'),(27,1,1,'avatax_integration_avatax_integration','avatax_integration_default_taxcode','Product Default TaxCode','2022-02-06 20:03:37','2022-02-06 20:03:37'),(28,1,1,'avatax_integration_avatax_integration','avatax_integration_shipping_taxcode','Shipping Methods Default TaxCodes','2022-02-06 20:03:37','2022-02-06 20:03:37'),(29,1,1,'avatax_integration_avatax_integration','avatax_integration_text_shipping_method','Shipping Method','2022-02-06 20:03:37','2022-02-06 20:03:37'),(30,1,1,'avatax_integration_avatax_integration','avatax_integration_text_shipping_taxcode','Freight Tax Code','2022-02-06 20:03:37','2022-02-06 20:03:37'),(31,1,1,'avatax_integration_avatax_integration','text_test','Test connection','2022-02-06 20:03:37','2022-02-06 20:03:37'),(32,1,1,'avatax_integration_avatax_integration','text_connection_success','Connection is successful and API Credentials are configured correctly.','2022-02-06 20:03:37','2022-02-06 20:03:37'),(33,1,1,'avatax_integration_avatax_integration','text_test_connection','Test connection:','2022-02-06 20:03:37','2022-02-06 20:03:37'),(34,1,1,'avatax_integration_avatax_integration','avatax_integration_address_validation','Address Validation:<br /><span class=\"help\">Address validation will be performed at customer checkout step</span>','2022-02-06 20:03:37','2022-02-06 20:03:37'),(35,1,1,'avatax_integration_avatax_integration','avatax_integration_address_validate_button_title','Title for Address Validation Button:','2022-02-06 20:03:37','2022-02-06 20:03:37'),(36,1,1,'avatax_integration_avatax_integration','avatax_integration_commit_documents','Commit documents on Avatax Service:<br /><span class=\"help\">If enable tax document will be committed at specified order status</span>','2022-02-06 20:03:37','2022-02-06 20:03:37'),(37,1,1,'avatax_integration_avatax_integration','avatax_integration_return_documents','Return documents on Avatax Service:<br /><span class=\"help\">Return will be recorded at specified order status</span>','2022-02-06 20:03:37','2022-02-06 20:03:37'),(38,1,1,'avatax_integration_avatax_integration','button_add_tax_code','Save','2022-02-06 20:03:37','2022-02-06 20:03:37'),(39,1,1,'avatax_integration_avatax_integration','button_delete_tax_code','Clear TaxCode','2022-02-06 20:03:37','2022-02-06 20:03:37'),(40,1,1,'avatax_integration_avatax_integration','avatax_integration_taxcode_name','Product TaxCode:','2022-02-06 20:03:37','2022-02-06 20:03:37'),(41,1,1,'avatax_integration_avatax_integration','avatax_integration_button_find_taxcode','Find Tax Code','2022-02-06 20:03:37','2022-02-06 20:03:37'),(42,1,1,'avatax_integration_avatax_integration','exemption_status','Exemption Status:','2022-02-06 20:03:37','2022-02-06 20:03:37'),(43,1,1,'avatax_integration_avatax_integration','exemption_status_pending','Pending','2022-02-06 20:03:37','2022-02-06 20:03:37'),(44,1,1,'avatax_integration_avatax_integration','exemption_status_approved','Approved','2022-02-06 20:03:37','2022-02-06 20:03:37'),(45,1,1,'avatax_integration_avatax_integration','exemption_status_declined','Declined','2022-02-06 20:03:37','2022-02-06 20:03:37'),(46,1,1,'avatax_integration_avatax_integration','avatax_integration_subject','Your tax exempt number has been declined','2022-02-06 20:03:37','2022-02-06 20:03:37'),(47,1,1,'avatax_integration_avatax_integration','avatax_integration_mail_text','Your tax exempt number has been declined. To check validity please visit your account details page %s','2022-02-06 20:03:37','2022-02-06 20:03:37'),(48,1,1,'avatax_integration_avatax_integration','exemption_number_name','Exemption Number:<br /><span class=\"help\">Tax exemption number</span>','2022-02-06 20:03:37','2022-02-06 20:03:37'),(49,1,1,'avatax_integration_avatax_integration','entity_use_code_name','Entity\\Use Code:<br /><span class=\"help\">AvaTax has a group of codes that indicate the type of exemption. See the standard codes or create custom codes in AvaTax site</span>','2022-02-06 20:03:37','2022-02-06 20:03:37'),(50,1,1,'avatax_integration_avatax_integration','avatax_integration_status_success_settled','Commit on Order status:','2022-02-06 20:03:37','2022-02-06 20:03:37'),(51,1,1,'avatax_integration_avatax_integration','avatax_integration_status_return_settled','Return on Order status:','2022-02-06 20:03:37','2022-02-06 20:03:37'),(52,1,1,'avatax_integration_avatax_integration','avatax_integration_status_cancel_settled','Cancel on Order status:','2022-02-06 20:03:37','2022-02-06 20:03:37'),(53,1,1,'avatax_integration_avatax_integration','avatax_integration_account_number_validation_error','Account Number error. Check it!','2022-02-06 20:03:37','2022-02-06 20:03:37'),(54,1,1,'avatax_integration_avatax_integration','avatax_integration_address_validation_countries_Both','Both','2022-02-06 20:03:37','2022-02-06 20:03:37'),(55,1,1,'avatax_integration_avatax_integration','avatax_integration_address_validation_countries_US','USA','2022-02-06 20:03:37','2022-02-06 20:03:37'),(56,1,1,'avatax_integration_avatax_integration','avatax_integration_address_validation_countries_CA','Canada','2022-02-06 20:03:37','2022-02-06 20:03:37'),(57,1,1,'avatax_integration_avatax_integration','avatax_integration_address_validation_countries','Countries for address validation','2022-02-06 20:03:37','2022-02-06 20:03:37'),(58,1,1,'avatax_integration_avatax_integration','total_name','Avatax Integration Total','2022-02-06 20:03:37','2022-02-06 20:03:37'),(59,1,1,'avatax_integration_avatax_integration','avatax_integration_logging','Enable transaction logging','2022-02-06 20:03:37','2022-02-06 20:03:37'),(60,1,1,'banner_manager_banner_manager','banner_manager_name','Banner Manager','2022-02-06 20:03:37','2022-02-06 20:03:37'),(61,1,1,'banner_manager_banner_manager','banner_manager_note','To manage banners follow menu <b>Design -> Banner Mannger</b> after extension is enabled <br>\n		To see banner statistic follow <b>Reports -> Banner Statistic</b> after extension is enabled and banners created','2022-02-06 20:03:37','2022-02-06 20:03:37'),(62,1,1,'banner_manager_banner_manager','banner_manager_list','Banner List','2022-02-06 20:03:37','2022-02-06 20:03:37'),(63,1,1,'banner_manager_banner_manager','banner_manager_name_stat','Banner Statistic','2022-02-06 20:03:37','2022-02-06 20:03:37'),(64,1,1,'banner_manager_banner_manager','column_banner_id',' Id ','2022-02-06 20:03:37','2022-02-06 20:03:37'),(65,1,1,'banner_manager_banner_manager','column_banner_name',' Name ','2022-02-06 20:03:37','2022-02-06 20:03:37'),(66,1,1,'banner_manager_banner_manager','column_banner_group',' Group ','2022-02-06 20:03:37','2022-02-06 20:03:37'),(67,1,1,'banner_manager_banner_manager','column_banner_type',' Type ','2022-02-06 20:03:37','2022-02-06 20:03:37'),(68,1,1,'banner_manager_banner_manager','column_status',' Status ','2022-02-06 20:03:37','2022-02-06 20:03:37'),(69,1,1,'banner_manager_banner_manager','column_update_date',' Update Date ','2022-02-06 20:03:37','2022-02-06 20:03:37'),(70,1,1,'banner_manager_banner_manager','column_clicked',' Clicks ','2022-02-06 20:03:37','2022-02-06 20:03:37'),(71,1,1,'banner_manager_banner_manager','column_viewed',' Viewed ','2022-02-06 20:03:37','2022-02-06 20:03:37'),(72,1,1,'banner_manager_banner_manager','column_percent',' Conversion ','2022-02-06 20:03:37','2022-02-06 20:03:37'),(73,1,1,'banner_manager_banner_manager','text_create',' Create New Banner ','2022-02-06 20:03:37','2022-02-06 20:03:37'),(74,1,1,'banner_manager_banner_manager','text_graphic_banner',' Graphic Banner ','2022-02-06 20:03:37','2022-02-06 20:03:37'),(75,1,1,'banner_manager_banner_manager','text_text_banner',' Text Banner ','2022-02-06 20:03:37','2022-02-06 20:03:37'),(76,1,1,'banner_manager_banner_manager','entry_banner_name',' Name: ','2022-02-06 20:03:37','2022-02-06 20:03:37'),(77,1,1,'banner_manager_banner_manager','entry_banner_status',' Status: ','2022-02-06 20:03:37','2022-02-06 20:03:37'),(78,1,1,'banner_manager_banner_manager','entry_banner_group_name',' Banner Group Name: ','2022-02-06 20:03:37','2022-02-06 20:03:37'),(79,1,1,'banner_manager_banner_manager','entry_banner_description',' Description: ','2022-02-06 20:03:37','2022-02-06 20:03:37'),(80,1,1,'banner_manager_banner_manager','entry_banner_html',' Banner HTML-code: ','2022-02-06 20:03:37','2022-02-06 20:03:37'),(81,1,1,'banner_manager_banner_manager','entry_banner_meta',' Meta information: <span class=\"help\">SEO keywords etc</span> ','2022-02-06 20:03:37','2022-02-06 20:03:37'),(82,1,1,'banner_manager_banner_manager','entry_banner_url',' URL: ','2022-02-06 20:03:37','2022-02-06 20:03:37'),(83,1,1,'banner_manager_banner_manager','entry_banner_blank',' Open in New Window: ','2022-02-06 20:03:37','2022-02-06 20:03:37'),(84,1,1,'banner_manager_banner_manager','entry_banner_sort_order',' Sort Order in Group: ','2022-02-06 20:03:37','2022-02-06 20:03:37'),(85,1,1,'banner_manager_banner_manager','entry_banner_date_start',' Date Start: ','2022-02-06 20:03:37','2022-02-06 20:03:37'),(86,1,1,'banner_manager_banner_manager','entry_banner_date_end',' Date End: ','2022-02-06 20:03:37','2022-02-06 20:03:37'),(87,1,1,'banner_manager_banner_manager','text_add_new_group',' -- Add New Group -- ','2022-02-06 20:03:37','2022-02-06 20:03:37'),(88,1,1,'banner_manager_banner_manager','text_put_new_group',' Put New Group Name Here ','2022-02-06 20:03:37','2022-02-06 20:03:37'),(89,1,1,'banner_manager_banner_manager','error_empty',' Error: Please Fill All Required Fields of Form. ','2022-02-06 20:03:37','2022-02-06 20:03:37'),(90,1,1,'banner_manager_banner_manager','text_banner_success',' Success : You have modified banner. ','2022-02-06 20:03:37','2022-02-06 20:03:37'),(91,1,1,'banner_manager_banner_manager','text_view_stat',' View Statistic ','2022-02-06 20:03:37','2022-02-06 20:03:37'),(92,1,1,'banner_manager_banner_manager','text_banner_block',' Banner Block ','2022-02-06 20:03:37','2022-02-06 20:03:37'),(93,1,1,'banner_manager_banner_manager','text_create_block',' Create Banner Block ','2022-02-06 20:03:37','2022-02-06 20:03:37'),(94,1,1,'banner_manager_banner_manager','text_banner',' Banner ','2022-02-06 20:03:37','2022-02-06 20:03:37'),(95,1,1,'banner_manager_banner_manager','entry_banners_selected',' Selected banners: ','2022-02-06 20:03:37','2022-02-06 20:03:37'),(96,1,1,'banner_manager_banner_manager','text_select_banners',' Select banners ','2022-02-06 20:03:37','2022-02-06 20:03:37'),(97,1,1,'banner_manager_banner_manager','text_hours',' hours ','2022-02-06 20:03:37','2022-02-06 20:03:37'),(98,1,1,'banner_manager_banner_manager','text_weeks',' week days ','2022-02-06 20:03:37','2022-02-06 20:03:37'),(99,1,1,'banner_manager_banner_manager','text_days',' days ','2022-02-06 20:03:37','2022-02-06 20:03:37'),(100,1,1,'banner_manager_banner_manager','text_months',' months ','2022-02-06 20:03:37','2022-02-06 20:03:37'),(101,1,1,'banner_manager_banner_manager','text_count',' count ','2022-02-06 20:03:37','2022-02-06 20:03:37'),(102,1,1,'banner_manager_banner_manager','text_banners',' Banners ','2022-02-06 20:03:37','2022-02-06 20:03:37'),(103,1,1,'banner_manager_banner_manager','text_delete_statistic',' Delete Statistic ','2022-02-06 20:03:37','2022-02-06 20:03:37'),(104,1,1,'banner_manager_banner_manager','text_delete_success',' Statistic have been successfully deleted! ','2022-02-06 20:03:37','2022-02-06 20:03:37'),(105,1,1,'cardconnect_cardconnect','cardconnect_name','CardConnect','2022-02-06 20:03:37','2022-02-06 20:03:37'),(106,1,1,'cardconnect_cardconnect','cardconnect_note','To obtain API Credentials please visit https://cardconnect.com/signup/developer','2022-02-06 20:03:37','2022-02-06 20:03:37'),(107,1,1,'cardconnect_cardconnect','cardconnect_merchant_id','Merchant ID','2022-02-06 20:03:37','2022-02-06 20:03:37'),(108,1,1,'cardconnect_cardconnect','cardconnect_username','API Username','2022-02-06 20:03:37','2022-02-06 20:03:37'),(109,1,1,'cardconnect_cardconnect','cardconnect_password','API Password','2022-02-06 20:03:37','2022-02-06 20:03:37'),(110,1,1,'cardconnect_cardconnect','cardconnect_logging','Logging:<br /><span class=\"help\">Log file is located in system/logs/cardconnect.txt file</span>','2022-02-06 20:03:37','2022-02-06 20:03:37'),(111,1,1,'cardconnect_cardconnect','cardconnect_test','Test','2022-02-06 20:03:37','2022-02-06 20:03:37'),(112,1,1,'cardconnect_cardconnect','cardconnect_test_connection','Test Connection','2022-02-06 20:03:37','2022-02-06 20:03:37'),(113,1,1,'cardconnect_cardconnect','cardconnect_get_test_api_credentials','Get Test API Credentials','2022-02-06 20:03:37','2022-02-06 20:03:37'),(114,1,1,'cardconnect_cardconnect','cardconnect_test_mode','Test Mode','2022-02-06 20:03:37','2022-02-06 20:03:37'),(115,1,1,'cardconnect_cardconnect','cardconnect_site','Domain portion to API:<br /><span class=\"help\">This value should not be changed, unless different specified by cardConnent.</span>','2022-02-06 20:03:37','2022-02-06 20:03:37'),(116,1,1,'cardconnect_cardconnect','cardconnect_connection_success','Connection is successful and API Credentials are configured correctly.','2022-02-06 20:03:37','2022-02-06 20:03:37'),(117,1,1,'cardconnect_cardconnect','cardconnect_location_id_0','All Locations','2022-02-06 20:03:37','2022-02-06 20:03:37'),(118,1,1,'cardconnect_cardconnect','cardconnect_location_id','Location','2022-02-06 20:03:37','2022-02-06 20:03:37'),(119,1,1,'cardconnect_cardconnect','cardconnect_status_refund','Refunded:<br /><span class=\"help\">Order status you want to be set if payment is refunded in admin/order','2022-02-06 20:03:37','2022-02-06 20:03:37'),(120,1,1,'cardconnect_cardconnect','cardconnect_status_decline','Decline:<br /><span class=\"help\">Order status you want to record in history in response to payment processor status. Main order status is not affected. Order will not be placed only after payment is a success.</span>','2022-02-06 20:03:37','2022-02-06 20:03:37'),(121,1,1,'cardconnect_cardconnect','cardconnect_status_success_unsettled','Success & not settled:<br /><span class=\"help\">Select main order status you want to set in response to payment processor status</span>','2022-02-06 20:03:37','2022-02-06 20:03:37'),(122,1,1,'cardconnect_cardconnect','cardconnect_status_success_settled','Success & settled:<br /><span class=\"help\">Select main order status you want to set in response to payment processor status</span>','2022-02-06 20:03:37','2022-02-06 20:03:37'),(123,1,1,'cardconnect_cardconnect','cardconnect_status_void','Voided:<br /><span class=\"help\">Order status you want to be set if payment is voided in admin/order.</span>','2022-02-06 20:03:37','2022-02-06 20:03:37'),(124,1,1,'cardconnect_cardconnect','cardconnect_settlement_payment','Auto (authorize and capture)','2022-02-06 20:03:37','2022-02-06 20:03:37'),(125,1,1,'cardconnect_cardconnect','cardconnect_settlement_auth','Delayed (authorize only)','2022-02-06 20:03:37','2022-02-06 20:03:37'),(126,1,1,'cardconnect_cardconnect','cardconnect_settlement','Settlement type:<br /><span class=\"help\">If set to \"auto\", then the transaction will be included in today\'s settlement. If set to \'delayed\', then the transaction will be authorised but not settled(captured). You must manually capture transactions within 7 days of authorisation</span>','2022-02-06 20:03:37','2022-02-06 20:03:37'),(127,1,1,'cardconnect_cardconnect','cardconnect_save_cards_limit','Max credit cards saved: <br/><span class=\"help\">Set maximum number of credit cards to be saved by customers (up to 100). If set to 0 or blank saving of cards will not be allowed. Security note: Customer credit card details are saved on CardConnect secure servers to ensure maximum data security measures. No credit card details will be saved on your site.</span>','2022-02-06 20:03:37','2022-02-06 20:03:37'),(128,1,1,'cardconnect_cardconnect','text_column_date_added','Transaction Date','2022-02-06 20:03:37','2022-02-06 20:03:37'),(129,1,1,'cardconnect_cardconnect','text_column_amount','Amount','2022-02-06 20:03:37','2022-02-06 20:03:37'),(130,1,1,'cardconnect_cardconnect','text_captured_ok','Funds were captured successfully','2022-02-06 20:03:37','2022-02-06 20:03:37'),(131,1,1,'cardconnect_cardconnect','text_captured_order','Capture was successful, order status updated to success - settled','2022-02-06 20:03:37','2022-02-06 20:03:37'),(132,1,1,'cardconnect_cardconnect','text_refunded_ok','Refund was processed successfully','2022-02-06 20:03:37','2022-02-06 20:03:37'),(133,1,1,'cardconnect_cardconnect','text_refund_order','Refund was successful, order status updated to refunded','2022-02-06 20:03:37','2022-02-06 20:03:37'),(134,1,1,'cardconnect_cardconnect','text_voided','Void was successful, order status updated to voided','2022-02-06 20:03:37','2022-02-06 20:03:37'),(135,1,1,'cardconnect_cardconnect','text_payment_info','Payment Details','2022-02-06 20:03:37','2022-02-06 20:03:37'),(136,1,1,'cardconnect_cardconnect','text_capture_status','Payment captured','2022-02-06 20:03:37','2022-02-06 20:03:37'),(137,1,1,'cardconnect_cardconnect','text_void_status','Payment voided','2022-02-06 20:03:37','2022-02-06 20:03:37'),(138,1,1,'cardconnect_cardconnect','text_refund_status','Payment refunded','2022-02-06 20:03:37','2022-02-06 20:03:37'),(139,1,1,'cardconnect_cardconnect','text_capture_amount','Capture Amount','2022-02-06 20:03:37','2022-02-06 20:03:37'),(140,1,1,'cardconnect_cardconnect','text_refund_amount','Refund Amount','2022-02-06 20:03:37','2022-02-06 20:03:37'),(141,1,1,'cardconnect_cardconnect','text_order_ref','CardConnect Charge ID','2022-02-06 20:03:37','2022-02-06 20:03:37'),(142,1,1,'cardconnect_cardconnect','text_authorized_ammount','Total amount authorized','2022-02-06 20:03:37','2022-02-06 20:03:37'),(143,1,1,'cardconnect_cardconnect','text_balance','Balance amount','2022-02-06 20:03:37','2022-02-06 20:03:37'),(144,1,1,'cardconnect_cardconnect','text_transactions','Refund Transactions','2022-02-06 20:03:37','2022-02-06 20:03:37'),(145,1,1,'cardconnect_cardconnect','text_confirm_void','Please confirm you want to void the payment?','2022-02-06 20:03:37','2022-02-06 20:03:37'),(146,1,1,'cardconnect_cardconnect','text_confirm_capture','Please confirm you want to capture the payment?','2022-02-06 20:03:37','2022-02-06 20:03:37'),(147,1,1,'cardconnect_cardconnect','text_confirm_refund','Please confirm you want to refund the payment?','2022-02-06 20:03:37','2022-02-06 20:03:37'),(148,1,1,'cardconnect_cardconnect','button_refund','Refund','2022-02-06 20:03:37','2022-02-06 20:03:37'),(149,1,1,'cardconnect_cardconnect','button_void','Void','2022-02-06 20:03:37','2022-02-06 20:03:37'),(150,1,1,'cardconnect_cardconnect','button_capture','Capture','2022-02-06 20:03:37','2022-02-06 20:03:37'),(151,1,1,'cardconnect_cardconnect','error_system','Internal error. Check error log or input parameters!','2022-02-06 20:03:37','2022-02-06 20:03:37'),(152,1,1,'cardconnect_cardconnect','error_missing_amount','Please enter positive amount','2022-02-06 20:03:37','2022-02-06 20:03:37'),(153,1,1,'cardconnect_cardconnect','error_unable_to_void','Unable to void transaction, refresh and check transaction details','2022-02-06 20:03:37','2022-02-06 20:03:37'),(154,1,1,'cardconnect_cardconnect','error_unable_to_capture','Unable to capture, refresh transaction details and check capture amount','2022-02-06 20:03:37','2022-02-06 20:03:37'),(155,1,1,'cardconnect_cardconnect','error_unable_to_refund','Unable to refund, refresh transaction details and check refund amount','2022-02-06 20:03:37','2022-02-06 20:03:37'),(156,1,1,'cardconnect_cardconnect','text_settlement_status','Current Settlement Status','2022-02-06 20:03:37','2022-02-06 20:03:37'),(157,1,1,'cardknox_cardknox','cardknox_name','CardKnox','2022-02-06 20:03:37','2022-02-06 20:03:37'),(158,1,1,'cardknox_cardknox','cardknox_note','','2022-02-06 20:03:37','2022-02-06 20:03:37'),(159,1,1,'cardknox_cardknox','cardknox_transaction_key','Transaction Key (xKey)','2022-02-06 20:03:37','2022-02-06 20:03:37'),(160,1,1,'cardknox_cardknox','cardknox_transaction_token','Transaction Token (xToken)','2022-02-06 20:03:37','2022-02-06 20:03:37'),(161,1,1,'cardknox_cardknox','cardknox_test','Test Mode','2022-02-06 20:03:37','2022-02-06 20:03:37'),(162,1,1,'cardknox_cardknox','cardknox_success_order_status','Order Status:<br /><span class=\"help\">Order status to be set after customer\'s order finished based on set Transaction Method</span>','2022-02-06 20:03:37','2022-02-06 20:03:37'),(163,1,1,'cardknox_cardknox','cardknox_location_id','Location:<br /><span class=\"help\">Restrict to allow only selected locations to use this payment method.','2022-02-06 20:03:37','2022-02-06 20:03:37'),(164,1,1,'cardknox_cardknox','cardknox_location_id_0','All Locations','2022-02-06 20:03:37','2022-02-06 20:03:37'),(165,1,1,'cardknox_cardknox','cardknox_transaction_method','Transaction Method:<br /><span class=\"help\">CardKnox transaction to run at customer\'s checkout before order status is set. Authorization only or capture.</span>','2022-02-06 20:03:37','2022-02-06 20:03:37'),(166,1,1,'cardknox_cardknox','cardknox_transaction_method_capture','Capture','2022-02-06 20:03:37','2022-02-06 20:03:37'),(167,1,1,'cardknox_cardknox','cardknox_transaction_method_authorization','Authorization Only','2022-02-06 20:03:37','2022-02-06 20:03:37'),(168,1,1,'cardknox_cardknox','cardknox_ifields_key','iFields Key','2022-02-06 20:03:37','2022-02-06 20:03:37'),(169,1,1,'cardknox_cardknox','cardknox_text_pending_authorization','Pending Authorization','2022-02-06 20:03:37','2022-02-06 20:03:37'),(170,1,1,'cardknox_cardknox','cardknox_text_capture_funds','Capture Funds','2022-02-06 20:03:37','2022-02-06 20:03:37'),(171,1,1,'cardknox_cardknox','cardknox_text_capture','Capture','2022-02-06 20:03:37','2022-02-06 20:03:37'),(172,1,1,'cardknox_cardknox','cardknox_text_payment_status','Payment Status','2022-02-06 20:03:37','2022-02-06 20:03:37'),(173,1,1,'cardknox_cardknox','cardknox_text_capture_success','Success! Funds have been captured successfully.','2022-02-06 20:03:37','2022-02-06 20:03:37'),(174,1,1,'cardknox_cardknox','cardknox_text_processing','Processing','2022-02-06 20:03:37','2022-02-06 20:03:37'),(175,1,1,'cardknox_cardknox','cardknox_text_do_refund','Do CardKnox Refund:<span class=\"help\">You can enter amount that needs to be refunded.</span>','2022-02-06 20:03:37','2022-02-06 20:03:37'),(176,1,1,'cardknox_cardknox','cardknox_text_refunded','Refunded','2022-02-06 20:03:37','2022-02-06 20:03:37'),(177,1,1,'cardknox_cardknox','cardknox_text_refund','Refund','2022-02-06 20:03:37','2022-02-06 20:03:37'),(178,1,1,'cardknox_cardknox','cardknox_refund_title','CardKnox Refund','2022-02-06 20:03:37','2022-02-06 20:03:37'),(179,1,1,'cardknox_cardknox','cardknox_text_refund_success','Success! Order has been refunded successfully.','2022-02-06 20:03:37','2022-02-06 20:03:37'),(180,1,1,'cardknox_cardknox','cardknox_error_empty_amount','Error! Amount is wrong.','2022-02-06 20:03:37','2022-02-06 20:03:37'),(181,1,1,'cardknox_cardknox','cardknox_error_no_payment_method_data','Error! There is no payment method data for this order.','2022-02-06 20:03:37','2022-02-06 20:03:37'),(182,1,1,'cardknox_cardknox','cardknox_error_no_order_id','Error! There is no order ID.','2022-02-06 20:03:37','2022-02-06 20:03:37'),(183,1,1,'default_authorizenet_default_authorizenet','default_authorizenet_name','Authorize.Net Payment','2022-02-06 20:03:37','2022-02-06 20:03:37'),(184,1,1,'default_authorizenet_default_authorizenet','default_authorizenet_note','Additional settings are required to complete Authorize.Net payment setup. See additional settings tab.','2022-02-06 20:03:37','2022-02-06 20:03:37'),(185,1,1,'default_authorizenet_default_authorizenet','text_payment','Payment','2022-02-06 20:03:37','2022-02-06 20:03:37'),(186,1,1,'default_authorizenet_default_authorizenet','text_success','Success: You have modified Authorize.Net payment settings!','2022-02-06 20:03:37','2022-02-06 20:03:37'),(187,1,1,'default_authorizenet_default_authorizenet','default_authorizenet_location_id','Location:','2022-02-06 20:03:37','2022-02-06 20:03:37'),(188,1,1,'default_authorizenet_default_authorizenet','default_authorizenet_location_id_0','All Locations','2022-02-06 20:03:37','2022-02-06 20:03:37'),(189,1,1,'default_authorizenet_default_authorizenet','default_authorizenet_api_login_id','API Login ID:','2022-02-06 20:03:37','2022-02-06 20:03:37'),(190,1,1,'default_authorizenet_default_authorizenet','default_authorizenet_test_mode','Test mode:<br /><span class=\"help\">Set to ON if you want to use test key</span>','2022-02-06 20:03:37','2022-02-06 20:03:37'),(191,1,1,'default_authorizenet_default_authorizenet','default_authorizenet_api_transaction_key','Transaction Key:','2022-02-06 20:03:37','2022-02-06 20:03:37'),(192,1,1,'default_authorizenet_default_authorizenet','default_authorizenet_api_public_key','Public Key:','2022-02-06 20:03:37','2022-02-06 20:03:37'),(193,1,1,'default_authorizenet_default_authorizenet','default_authorizenet_autoselect','            Auto Select:<br /><span class=\"help\">You can set to skip payment selection page if there is only one payment option. This payment method will be selected automatically</span>','2022-02-06 20:03:37','2022-02-06 20:03:37'),(194,1,1,'default_authorizenet_default_authorizenet','default_authorizenet_save_cards_limit','            Can save credit cards:<br /><span class=\"help\">Set maximum number of credit cards to be saved by customers (up to 100). If set to 0 or blank saving of cards will not be allowed. Security note: Customer credit card details are saved on authorizenet secure servers to ensure maximum data security measures. No credit card details will be saved on your site.</span>','2022-02-06 20:03:37','2022-02-06 20:03:37'),(195,1,1,'default_authorizenet_default_authorizenet','text_authorizenet_connect','You need to connect with authorizenet to set up payment details','2022-02-06 20:03:37','2022-02-06 20:03:37'),(196,1,1,'default_authorizenet_default_authorizenet','text_authorizenet_settings','Authorize.Net settings','2022-02-06 20:03:37','2022-02-06 20:03:37'),(197,1,1,'default_authorizenet_default_authorizenet','text_connect','Connect with Authorize.Net','2022-02-06 20:03:37','2022-02-06 20:03:37'),(198,1,1,'default_authorizenet_default_authorizenet','text_disconnect','Disconnect Authorize.Net','2022-02-06 20:03:37','2022-02-06 20:03:37'),(199,1,1,'default_authorizenet_default_authorizenet','text_skip_connect','Cannot connect?','2022-02-06 20:03:37','2022-02-06 20:03:37'),(200,1,1,'default_authorizenet_default_authorizenet','text_connect_success','Connected to Authorize.Net successfully','2022-02-06 20:03:37','2022-02-06 20:03:37'),(201,1,1,'default_authorizenet_default_authorizenet','text_disconnect_success','Disconnected from Authorize.Net successfully','2022-02-06 20:03:37','2022-02-06 20:03:37'),(202,1,1,'default_authorizenet_default_authorizenet','default_authorizenet_sort_order','Sort Order','2022-02-06 20:03:37','2022-02-06 20:03:37'),(203,1,1,'default_authorizenet_default_authorizenet','default_authorizenet_sk_live','Live Secret Key:<br /><span class=\"help\">Locate this in Authorize.Net API Keys Section. Key starts with sk_live_... </span>','2022-02-06 20:03:37','2022-02-06 20:03:37'),(204,1,1,'default_authorizenet_default_authorizenet','default_authorizenet_pk_live','Live Publishable Key:<br /><span class=\"help\">Locate this in Authorize.Net API Keys Section. Key starts with pk_live_... </span>','2022-02-06 20:03:37','2022-02-06 20:03:37'),(205,1,1,'default_authorizenet_default_authorizenet','default_authorizenet_sk_test','Test Secret Key:<br /><span class=\"help\">Locate this in Authorize.Net API Keys Section. Key starts with sk_test_... </span>','2022-02-06 20:03:37','2022-02-06 20:03:37'),(206,1,1,'default_authorizenet_default_authorizenet','default_authorizenet_pk_test','Test Publishable Key:<br /><span class=\"help\">Locate this in Authorize.Net API Keys Section. Key starts with pk_test_... </span>','2022-02-06 20:03:37','2022-02-06 20:03:37'),(207,1,1,'default_authorizenet_default_authorizenet','default_authorizenet_settlement','Settlement type:','2022-02-06 20:03:37','2022-02-06 20:03:37'),(208,1,1,'default_authorizenet_default_authorizenet','default_authorizenet_settlement_auth','Authorize Only','2022-02-06 20:03:37','2022-02-06 20:03:37'),(209,1,1,'default_authorizenet_default_authorizenet','default_authorizenet_settlement_authcapture','Authorize & Capture ','2022-02-06 20:03:37','2022-02-06 20:03:37'),(210,1,1,'default_authorizenet_default_authorizenet','default_authorizenet_status_success_settled','Success & settled:<br /><span class=\"help\">Select main order status you want to set in responce to payment processor status</span>','2022-02-06 20:03:37','2022-02-06 20:03:37'),(211,1,1,'default_authorizenet_default_authorizenet','default_authorizenet_status_success_unsettled','Success & not settled:<br /><span class=\"help\">Select main order status you want to set in responce to payment processor status</span>','2022-02-06 20:03:37','2022-02-06 20:03:37'),(212,1,1,'default_authorizenet_default_authorizenet','text_column_date_added','Transaction Date','2022-02-06 20:03:37','2022-02-06 20:03:37'),(213,1,1,'default_authorizenet_default_authorizenet','text_column_amount','Amount','2022-02-06 20:03:37','2022-02-06 20:03:37'),(214,1,1,'default_authorizenet_default_authorizenet','default_authorizenet_settlement_auto','Auto (authorize and capture)','2022-02-06 20:03:37','2022-02-06 20:03:37'),(215,1,1,'default_authorizenet_default_authorizenet','default_authorizenet_settlement_delayed','Delayed (authorize only)','2022-02-06 20:03:37','2022-02-06 20:03:37'),(216,1,1,'default_authorizenet_default_authorizenet','text_payment_info','Payment Details','2022-02-06 20:03:37','2022-02-06 20:03:37'),(217,1,1,'default_authorizenet_default_authorizenet','text_order_ref','Authorize.Net Transaction ID','2022-02-06 20:03:37','2022-02-06 20:03:37'),(218,1,1,'default_authorizenet_default_authorizenet','text_transaction_status','Transaction Status','2022-02-06 20:03:37','2022-02-06 20:03:37'),(219,1,1,'default_authorizenet_default_authorizenet','text_order_total','Total amount authorized','2022-02-06 20:03:37','2022-02-06 20:03:37'),(220,1,1,'default_authorizenet_default_authorizenet','text_balance','Balance amount','2022-02-06 20:03:37','2022-02-06 20:03:37'),(221,1,1,'default_authorizenet_default_authorizenet','error_system','Internal error. Check error log or input parameters!','2022-02-06 20:03:37','2022-02-06 20:03:37'),(222,1,1,'default_authorizenet_default_authorizenet','error_missing_amount','Please enter positive amount','2022-02-06 20:03:37','2022-02-06 20:03:37'),(223,1,1,'default_authorizenet_default_authorizenet','error_authorizenet_sk_test','Authorize.Net test key is required','2022-02-06 20:03:37','2022-02-06 20:03:37'),(224,1,1,'default_authorizenet_default_authorizenet','error_authorizenet_sk_live','Authorize.Net live key is required','2022-02-06 20:03:37','2022-02-06 20:03:37'),(225,1,1,'default_authorizenet_default_authorizenet','error_permission','Warning: You do not have permission to modify Authorize.Net Payment!','2022-02-06 20:03:37','2022-02-06 20:03:37'),(226,1,1,'default_banktransfer_default_banktransfer','default_banktransfer_name','Bank Transfer','2022-02-06 20:03:37','2022-02-06 20:03:37'),(227,1,1,'default_banktransfer_default_banktransfer','text_payment','Payment','2022-02-06 20:03:37','2022-02-06 20:03:37'),(228,1,1,'default_banktransfer_default_banktransfer','text_success','Success: You have modified bank transfer settings and details!','2022-02-06 20:03:37','2022-02-06 20:03:37'),(229,1,1,'default_banktransfer_default_banktransfer','default_banktransfer_instructions','Bank Transfer Instructions:<span class=\"help\">Instruction shown to customers to make bank or wire transfer into your bank account</span>','2022-02-06 20:03:37','2022-02-06 20:03:37'),(230,1,1,'default_banktransfer_default_banktransfer','default_banktransfer_order_min','Total Order limit:<span class=\"help\">Minimum order amount to be reached to allow this payment</span>','2022-02-06 20:03:37','2022-02-06 20:03:37'),(231,1,1,'default_banktransfer_default_banktransfer','default_banktransfer_order_status_id','Order Status:','2022-02-06 20:03:37','2022-02-06 20:03:37'),(232,1,1,'default_banktransfer_default_banktransfer','default_banktransfer_location_id','Location:','2022-02-06 20:03:37','2022-02-06 20:03:37'),(233,1,1,'default_banktransfer_default_banktransfer','default_banktransfer_location_id_0','All Locations','2022-02-06 20:03:37','2022-02-06 20:03:37'),(234,1,1,'default_banktransfer_default_banktransfer','error_permission','Warning: You do not have permission to modify payment banktransfer!','2022-02-06 20:03:37','2022-02-06 20:03:37'),(235,1,1,'default_banktransfer_default_banktransfer','error_instructions','Bank Transfer Instructions are required!','2022-02-06 20:03:37','2022-02-06 20:03:37'),(236,1,1,'default_cashflows_default_cashflows','default_cashflows_name','Cashflows Payments','2022-02-06 20:03:37','2022-02-06 20:03:37'),(237,1,1,'default_cashflows_default_cashflows','text_payment','Payment','2022-02-06 20:03:37','2022-02-06 20:03:37'),(238,1,1,'default_cashflows_default_cashflows','text_success','Success: You have modified Cashflows Payments account details!','2022-02-06 20:03:37','2022-02-06 20:03:37'),(239,1,1,'default_cashflows_default_cashflows','default_cashflows_auth_id','Authorization ID:','2022-02-06 20:03:37','2022-02-06 20:03:37'),(240,1,1,'default_cashflows_default_cashflows','default_cashflows_auth_pass','Authorization Password:','2022-02-06 20:03:37','2022-02-06 20:03:37'),(241,1,1,'default_cashflows_default_cashflows','default_cashflows_test','Test Mode:<span class=\"help\">Use this module in Test (YES) or Production mode (NO)?</span>','2022-02-06 20:03:37','2022-02-06 20:03:37'),(242,1,1,'default_cashflows_default_cashflows','default_cashflows_test_1','Yes','2022-02-06 20:03:37','2022-02-06 20:03:37'),(243,1,1,'default_cashflows_default_cashflows','default_cashflows_test_0','No','2022-02-06 20:03:37','2022-02-06 20:03:37'),(244,1,1,'default_cashflows_default_cashflows','default_cashflows_order_status_id','Order Status:','2022-02-06 20:03:37','2022-02-06 20:03:37'),(245,1,1,'default_cashflows_default_cashflows','default_cashflows_location_id','Location:','2022-02-06 20:03:37','2022-02-06 20:03:37'),(246,1,1,'default_cashflows_default_cashflows','default_cashflows_location_id_0','All Locations','2022-02-06 20:03:37','2022-02-06 20:03:37'),(247,1,1,'default_cashflows_default_cashflows','error_permission','Warning: You do not have permission to modify payment Cashflows Payments!','2022-02-06 20:03:37','2022-02-06 20:03:37'),(248,1,1,'default_cashflows_default_cashflows','error_auth_id','Authorization ID Required!','2022-02-06 20:03:37','2022-02-06 20:03:37'),(249,1,1,'default_cashflows_default_cashflows','error_auth_pass','Authorization Password Required!','2022-02-06 20:03:37','2022-02-06 20:03:37'),(250,1,1,'default_cheque_default_cheque','default_cheque_name','Cheque / Money Order','2022-02-06 20:03:37','2022-02-06 20:03:37'),(251,1,1,'default_cheque_default_cheque','text_payment','Payment','2022-02-06 20:03:37','2022-02-06 20:03:37'),(252,1,1,'default_cheque_default_cheque','text_success','Success: You have modified cheque / money order account details!','2022-02-06 20:03:37','2022-02-06 20:03:37'),(253,1,1,'default_cheque_default_cheque','default_cheque_payable','Payable To:<br /><span class=\"help\">Provide name check needs to be written to</span>','2022-02-06 20:03:37','2022-02-06 20:03:37'),(254,1,1,'default_cheque_default_cheque','default_cheque_address','Mail or Send To:<br /><span class=\"help\">Provide address where to send the check. Main store address will be used if blank</span>','2022-02-06 20:03:37','2022-02-06 20:03:37'),(255,1,1,'default_cheque_default_cheque','default_cheque_order_status_id','Order Status:','2022-02-06 20:03:37','2022-02-06 20:03:37'),(256,1,1,'default_cheque_default_cheque','default_cheque_location_id','Location:','2022-02-06 20:03:37','2022-02-06 20:03:37'),(257,1,1,'default_cheque_default_cheque','default_cheque_location_id_0','All Locations','2022-02-06 20:03:37','2022-02-06 20:03:37'),(258,1,1,'default_cheque_default_cheque','error_permission','Warning: You do not have permission to modify payment cheque / money order!','2022-02-06 20:03:37','2022-02-06 20:03:37'),(259,1,1,'default_cheque_default_cheque','error_payable','Payable To Required!','2022-02-06 20:03:37','2022-02-06 20:03:37'),(260,1,1,'default_cod_default_cod','default_cod_name','Cash On Delivery','2022-02-06 20:03:37','2022-02-06 20:03:37'),(261,1,1,'default_cod_default_cod','text_payment','Payment','2022-02-06 20:03:37','2022-02-06 20:03:37'),(262,1,1,'default_cod_default_cod','text_success','Success: You have modified Cash On Delivery payment module!','2022-02-06 20:03:37','2022-02-06 20:03:37'),(263,1,1,'default_cod_default_cod','default_cod_order_status_id','Order Status:','2022-02-06 20:03:37','2022-02-06 20:03:37'),(264,1,1,'default_cod_default_cod','default_cod_location_id','Location:','2022-02-06 20:03:37','2022-02-06 20:03:37'),(265,1,1,'default_cod_default_cod','default_cod_location_id_0','All Locations','2022-02-06 20:03:37','2022-02-06 20:03:37'),(266,1,1,'default_cod_default_cod','error_permission','Warning: You do not have permission to modify payment Cash On Delivery!','2022-02-06 20:03:37','2022-02-06 20:03:37'),(267,1,1,'default_fedex_default_fedex','default_fedex_name','FEDEX','2022-02-06 20:03:37','2022-02-06 20:03:37'),(268,1,1,'default_fedex_default_fedex','text_shipping','Shipping','2022-02-06 20:03:37','2022-02-06 20:03:37'),(269,1,1,'default_fedex_default_fedex','text_success','Success: You have modified shipping FEDEX!','2022-02-06 20:03:37','2022-02-06 20:03:37'),(270,1,1,'default_fedex_default_fedex','default_fedex_key','Fedex Production Key:<br /><span class=\"help\">Enter the Fedex Production Key Assigned to You, Required. </span>','2022-02-06 20:03:37','2022-02-06 20:03:37'),(271,1,1,'default_fedex_default_fedex','default_fedex_password','Fedex Production Password:<br /><span class=\"help\"></span>','2022-02-06 20:03:37','2022-02-06 20:03:37'),(272,1,1,'default_fedex_default_fedex','default_fedex_account','Account Number:<br /><span class=\"help\">Enter the fedex Account Number assigned to you, required.</span>','2022-02-06 20:03:37','2022-02-06 20:03:37'),(273,1,1,'default_fedex_default_fedex','default_fedex_meter','Fedex Meter Number:<br /><span class=\"help\">Enter FedEx Meter Number.</span>','2022-02-06 20:03:37','2022-02-06 20:03:37'),(274,1,1,'default_fedex_default_fedex','default_fedex_address','Address:<br /><span class=\"help\">Shipping from street address.</span>','2022-02-06 20:03:37','2022-02-06 20:03:37'),(275,1,1,'default_fedex_default_fedex','default_fedex_city','City:<br /><span class=\"help\">Shipping from city.</span>','2022-02-06 20:03:37','2022-02-06 20:03:37'),(276,1,1,'default_fedex_default_fedex','default_fedex_state','State:<br /><span class=\"help\">Shipping from state (two letters).</span>','2022-02-06 20:03:37','2022-02-06 20:03:37'),(277,1,1,'default_fedex_default_fedex','default_fedex_zip','Zip/postal code:<br /><span class=\"help\">Shipping from Zip-code.</span>','2022-02-06 20:03:37','2022-02-06 20:03:37'),(278,1,1,'default_fedex_default_fedex','default_fedex_country','Country:<br /><span class=\"help\">Shipping from country(two letters).</span>','2022-02-06 20:03:37','2022-02-06 20:03:37'),(279,1,1,'default_fedex_default_fedex','default_fedex_quote_type','Quote Type:<br /><span class=\"help\">Quote for Residential or Commercial Delivery.</span>','2022-02-06 20:03:37','2022-02-06 20:03:37'),(280,1,1,'default_fedex_default_fedex','default_fedex_quote_type_residential','Residential','2022-02-06 20:03:37','2022-02-06 20:03:37'),(281,1,1,'default_fedex_default_fedex','default_fedex_quote_type_commercial','Commercial','2022-02-06 20:03:37','2022-02-06 20:03:37'),(282,1,1,'default_fedex_default_fedex','default_fedex_add_chrg','Additional Charges:<br /><span class=\"help\">Additional charge applied to fedex quote.</span>','2022-02-06 20:03:37','2022-02-06 20:03:37'),(283,1,1,'default_fedex_default_fedex','default_fedex_default_fedex_us_01',' FEDEX First Overnight ','2022-02-06 20:03:37','2022-02-06 20:03:37'),(284,1,1,'default_fedex_default_fedex','default_fedex_default_fedex_us_02',' FEDEX Priority Overnight  ','2022-02-06 20:03:37','2022-02-06 20:03:37'),(285,1,1,'default_fedex_default_fedex','default_fedex_default_fedex_us_03',' FEDEX Standard Overnight  ','2022-02-06 20:03:37','2022-02-06 20:03:37'),(286,1,1,'default_fedex_default_fedex','default_fedex_default_fedex_us_04',' FEDEX 2nd Day ','2022-02-06 20:03:37','2022-02-06 20:03:37'),(287,1,1,'default_fedex_default_fedex','default_fedex_default_fedex_us_05',' FEDEX Express Saver  ','2022-02-06 20:03:37','2022-02-06 20:03:37'),(288,1,1,'default_fedex_default_fedex','default_fedex_default_fedex_us_06',' FEDEX Ground  ','2022-02-06 20:03:37','2022-02-06 20:03:37'),(289,1,1,'default_fedex_default_fedex','error_permission','Warning: You do not have permission to modify shipping FEDEX!','2022-02-06 20:03:37','2022-02-06 20:03:37'),(290,1,1,'default_fedex_default_fedex','error_account','Account ID Required!','2022-02-06 20:03:37','2022-02-06 20:03:37'),(291,1,1,'default_fedex_default_fedex','error_meter','Fedex Meter ID Required!','2022-02-06 20:03:37','2022-02-06 20:03:37'),(292,1,1,'default_fedex_default_fedex','default_fedex_note','To obtain your Meter Number and Authorization Key, you will need to follow these steps:</br>\n            Go to <a href=\"http://fedex.com/us/developer\" target=\"_blank\">http://fedex.com/us/developer</a><br>\n            Login in with FedEx username and password or click Register Now if they don\'t have one.<br>\n            Click \"Technical Resources\" (left side).<br>\n            Under that click \"FedEx web services for shipping.<br>\n            Click on \"Move To Production\" (right side).<br>\n            Scroll down to button and click \"Obtain Production Key\".<br>\n            On form choose \"No\" on question 1.<br>\n            Check the first box on question 2.<br>\n            Choose \"Corporate Developer\" on question 3.<br>\n            Accept agreement.<br>\n            Fill out the form (do not use dashes in the account number).<br>\n            Receive meter number and key instantly.  Your Production Password will be emailed to you once you complete the above steps.','2022-02-06 20:03:37','2022-02-06 20:03:37'),(293,1,1,'default_fedex_default_fedex','default_fedex_test','Test Mode:<br /><span class=\"help\">Use the live or testing gateway server?</span>','2022-02-06 20:03:37','2022-02-06 20:03:37'),(294,1,1,'default_fedex_default_fedex','default_fedex_test_1',' Yes ','2022-02-06 20:03:37','2022-02-06 20:03:37'),(295,1,1,'default_fedex_default_fedex','default_fedex_test_0',' No ','2022-02-06 20:03:37','2022-02-06 20:03:37'),(296,1,1,'default_fedex_default_fedex','text_test_connection','Test Your Connection:<span class=\"help\">You can test if API credentials that you\'ve entered are correct.</span>','2022-02-06 20:03:37','2022-02-06 20:03:37'),(297,1,1,'default_fedex_default_fedex','text_test','Test','2022-02-06 20:03:37','2022-02-06 20:03:37'),(298,1,1,'default_fedex_default_fedex','text_connection_success','Connection is successful and API Credentials are configured correctly.','2022-02-06 20:03:37','2022-02-06 20:03:37'),(299,1,1,'default_fedex_default_fedex','error_turn_extension_on','Error! Please check if extension is turned ON.','2022-02-06 20:03:37','2022-02-06 20:03:37'),(300,1,1,'default_flat_rate_shipping_default_flat_rate_shipping','default_flat_rate_shipping_name','Flat Rate','2022-02-06 20:03:37','2022-02-06 20:03:37'),(301,1,1,'default_flat_rate_shipping_default_flat_rate_shipping','text_shipping','Shipping','2022-02-06 20:03:37','2022-02-06 20:03:37'),(302,1,1,'default_flat_rate_shipping_default_flat_rate_shipping','text_success','Success: You have modified flat rate shipping!','2022-02-06 20:03:37','2022-02-06 20:03:37'),(303,1,1,'default_flat_rate_shipping_default_flat_rate_shipping','default_flat_rate_shipping_rates','Rates:','2022-02-06 20:03:37','2022-02-06 20:03:37'),(304,1,1,'default_flat_rate_shipping_default_flat_rate_shipping','default_flat_rate_shipping_status','Status:','2022-02-06 20:03:37','2022-02-06 20:03:37'),(305,1,1,'default_flat_rate_shipping_default_flat_rate_shipping','default_flat_rate_shipping_cost','Cost:','2022-02-06 20:03:37','2022-02-06 20:03:37'),(306,1,1,'default_flat_rate_shipping_default_flat_rate_shipping','default_flat_rate_shipping_tax_class_id','Tax Class:','2022-02-06 20:03:37','2022-02-06 20:03:37'),(307,1,1,'default_flat_rate_shipping_default_flat_rate_shipping','default_flat_rate_shipping_tax_class_id_0',' ---None---','2022-02-06 20:03:37','2022-02-06 20:03:37'),(308,1,1,'default_flat_rate_shipping_default_flat_rate_shipping','default_flat_rate_shipping_location_id','Location:','2022-02-06 20:03:37','2022-02-06 20:03:37'),(309,1,1,'default_flat_rate_shipping_default_flat_rate_shipping','default_flat_rate_shipping_location_id_0','All Locations','2022-02-06 20:03:37','2022-02-06 20:03:37'),(310,1,1,'default_flat_rate_shipping_default_flat_rate_shipping','error_permission','Warning: You do not have permission to modify flat rate shipping!','2022-02-06 20:03:37','2022-02-06 20:03:37'),(311,1,1,'default_free_shipping_default_free_shipping','default_free_shipping_name','Free Shipping','2022-02-06 20:03:37','2022-02-06 20:03:37'),(312,1,1,'default_free_shipping_default_free_shipping','text_shipping','Shipping','2022-02-06 20:03:37','2022-02-06 20:03:37'),(313,1,1,'default_free_shipping_default_free_shipping','text_success','Success: You have modified free shipping!','2022-02-06 20:03:37','2022-02-06 20:03:37'),(314,1,1,'default_free_shipping_default_free_shipping','default_free_shipping_total','Total:<br /><span class=\"help\">Sub-Total amount needed before the free shipping module becomes available. Without currency symbol.</span>','2022-02-06 20:03:37','2022-02-06 20:03:37'),(315,1,1,'default_free_shipping_default_free_shipping','default_free_shipping_location_id','Location:','2022-02-06 20:03:37','2022-02-06 20:03:37'),(316,1,1,'default_free_shipping_default_free_shipping','default_free_shipping_location_id_0','All Locations','2022-02-06 20:03:37','2022-02-06 20:03:37'),(317,1,1,'default_free_shipping_default_free_shipping','error_permission','Warning: You do not have permission to modify free shipping!','2022-02-06 20:03:37','2022-02-06 20:03:37'),(318,1,1,'default_italian_default_italian','default_italian_name','Italian Language','2022-02-06 20:03:37','2022-02-06 20:03:37'),(319,1,1,'default_italian_default_italian','default_italian_status','Status','2022-02-06 20:03:37','2022-02-06 20:03:37'),(320,1,1,'default_italian_default_italian','default_italian_note','<b>Attention!</b> Please enable extension and enable language in System->Localizations-><a href=\"#admin#rt=localisation/language\">Languages</a>. \n		<br><b>Edit text</b>: If you notice incorrect translations, you can correct language text in System->Localizations-><a href=\"#admin#rt=localisation/language_definitions\">Language Definitions</a>\n		<br><b>Missing text:</b> If you add new language you need to update store content (dynamic shopping cart data) to have new language translation.   ','2022-02-06 20:03:37','2022-02-06 20:03:37'),(321,1,1,'default_liqpay_default_liqpay','default_liqpay_name','LIQPAY','2022-02-06 20:03:37','2022-02-06 20:03:37'),(322,1,1,'default_liqpay_default_liqpay','text_payment','Payment','2022-02-06 20:03:37','2022-02-06 20:03:37'),(323,1,1,'default_liqpay_default_liqpay','text_success','Success: You have modified LIQPAY account details!','2022-02-06 20:03:37','2022-02-06 20:03:37'),(324,1,1,'default_liqpay_default_liqpay','text_pay','LIQPAY','2022-02-06 20:03:37','2022-02-06 20:03:37'),(325,1,1,'default_liqpay_default_liqpay','text_card','Credit Card','2022-02-06 20:03:37','2022-02-06 20:03:37'),(326,1,1,'default_liqpay_default_liqpay','default_liqpay_merchant','Merchant ID:','2022-02-06 20:03:37','2022-02-06 20:03:37'),(327,1,1,'default_liqpay_default_liqpay','default_liqpay_signature','Signature:','2022-02-06 20:03:37','2022-02-06 20:03:37'),(328,1,1,'default_liqpay_default_liqpay','default_liqpay_public_key','Public Key:','2022-02-06 20:03:37','2022-02-06 20:03:37'),(329,1,1,'default_liqpay_default_liqpay','default_liqpay_private_key','Private Key:','2022-02-06 20:03:37','2022-02-06 20:03:37'),(330,1,1,'default_liqpay_default_liqpay','default_liqpay_type','Type:','2022-02-06 20:03:37','2022-02-06 20:03:37'),(331,1,1,'default_liqpay_default_liqpay','default_liqpay_type_pay','Pay','2022-02-06 20:03:37','2022-02-06 20:03:37'),(332,1,1,'default_liqpay_default_liqpay','default_liqpay_type_card','Card','2022-02-06 20:03:37','2022-02-06 20:03:37'),(333,1,1,'default_liqpay_default_liqpay','default_liqpay_test_mode','Test Mode:','2022-02-06 20:03:37','2022-02-06 20:03:37'),(334,1,1,'default_liqpay_default_liqpay','default_liqpay_order_status_id','Order Status:','2022-02-06 20:03:37','2022-02-06 20:03:37'),(335,1,1,'default_liqpay_default_liqpay','default_liqpay_location_id_0','All Locations','2022-02-06 20:03:37','2022-02-06 20:03:37'),(336,1,1,'default_liqpay_default_liqpay','default_liqpay_location_id','Location:','2022-02-06 20:03:37','2022-02-06 20:03:37'),(337,1,1,'default_liqpay_default_liqpay','error_permission','Warning: You do not have permission to modify payment LIQPAY!','2022-02-06 20:03:37','2022-02-06 20:03:37'),(338,1,1,'default_liqpay_default_liqpay','error_merchant','Merchant ID Required!','2022-02-06 20:03:37','2022-02-06 20:03:37'),(339,1,1,'default_liqpay_default_liqpay','error_signature','Signature Required!','2022-02-06 20:03:37','2022-02-06 20:03:37'),(340,1,1,'default_local_delivery_default_local_delivery','default_local_delivery_name','Local Delivery','2022-02-06 20:03:37','2022-02-06 20:03:37'),(341,1,1,'default_local_delivery_default_local_delivery','text_shipping','Delivery','2022-02-06 20:03:37','2022-02-06 20:03:37'),(342,1,1,'default_local_delivery_default_local_delivery','text_success','Success: You have modified local delivery!','2022-02-06 20:03:37','2022-02-06 20:03:37'),(343,1,1,'default_local_delivery_default_local_delivery','default_local_delivery_total','Min order amount:<br /><span class=\"help\">Minimum sub-total amount to be met for delivery option to be available.</span>','2022-02-06 20:03:37','2022-02-06 20:03:37'),(344,1,1,'default_local_delivery_default_local_delivery','default_local_delivery_cost','Delivery Fee:','2022-02-06 20:03:37','2022-02-06 20:03:37'),(345,1,1,'default_local_delivery_default_local_delivery','default_local_delivery_tax_class_id','Tax Class:','2022-02-06 20:03:37','2022-02-06 20:03:37'),(346,1,1,'default_local_delivery_default_local_delivery','default_local_delivery_tax_class_id_0',' -------- ','2022-02-06 20:03:37','2022-02-06 20:03:37'),(347,1,1,'default_local_delivery_default_local_delivery','default_local_delivery_postal_codes','Postal Codes:<br /><span class=\"help\"> Comma separated postal codes list. Wildcard * supported. Example 30001,3002,40*,*ND</span>','2022-02-06 20:03:37','2022-02-06 20:03:37'),(348,1,1,'default_local_delivery_default_local_delivery','error_permission','Warning: You do not have permission to modify local delivery!','2022-02-06 20:03:37','2022-02-06 20:03:37'),(349,1,1,'default_parcelforce_48_default_parcelforce_48','default_parcelforce_48_name','Parcelforce 48','2022-02-06 20:03:37','2022-02-06 20:03:37'),(350,1,1,'default_parcelforce_48_default_parcelforce_48','text_shipping','Shipping','2022-02-06 20:03:37','2022-02-06 20:03:37'),(351,1,1,'default_parcelforce_48_default_parcelforce_48','text_success','Success: You have modified Parcelforce 48 shipping!','2022-02-06 20:03:37','2022-02-06 20:03:37'),(352,1,1,'default_parcelforce_48_default_parcelforce_48','default_parcelforce_48_rate','Parcelforce 48 Rates:<br /><span class=\"help\">Example: 0:0,10:15.99,12:19.99, - Weights less than or equal to 10 pounds would cost $15.99, Weights less than 12 pounds but more than 10 pounds will cost $19.99. Where Pound is your Store Weight class and $ is Store Base currency. You can change both in the Store Settings. Do not enter KG or any symbols. Enter values upto 5,2 decimal places. (12345.67) </span>','2022-02-06 20:03:37','2022-02-06 20:03:37'),(353,1,1,'default_parcelforce_48_default_parcelforce_48','default_parcelforce_48_display_weight','Display Delivery Weight:<br /><span class=\"help\">Do you want to display the shipping weight? (e.g. Delivery Weight : 2.7674 Kg\'s)</span>','2022-02-06 20:03:37','2022-02-06 20:03:37'),(354,1,1,'default_parcelforce_48_default_parcelforce_48','default_parcelforce_48_display_weight_1','Yes','2022-02-06 20:03:37','2022-02-06 20:03:37'),(355,1,1,'default_parcelforce_48_default_parcelforce_48','default_parcelforce_48_display_weight_0','No','2022-02-06 20:03:37','2022-02-06 20:03:37'),(356,1,1,'default_parcelforce_48_default_parcelforce_48','default_parcelforce_48_display_insurance','Display Insurance:<br /><span class=\"help\">Do you want to display the shipping insurance? (e.g. Insured upto 500)</span>','2022-02-06 20:03:37','2022-02-06 20:03:37'),(357,1,1,'default_parcelforce_48_default_parcelforce_48','default_parcelforce_48_display_insurance_1','Yes','2022-02-06 20:03:37','2022-02-06 20:03:37'),(358,1,1,'default_parcelforce_48_default_parcelforce_48','default_parcelforce_48_display_insurance_0','No','2022-02-06 20:03:37','2022-02-06 20:03:37'),(359,1,1,'default_parcelforce_48_default_parcelforce_48','default_parcelforce_48_display_time','Display Delivery Time:<br /><span class=\"help\">Do you want to display the shipping time? (e.g. Ships within 3 to 5 days)</span>','2022-02-06 20:03:37','2022-02-06 20:03:37'),(360,1,1,'default_parcelforce_48_default_parcelforce_48','default_parcelforce_48_display_time_1','Yes','2022-02-06 20:03:37','2022-02-06 20:03:37'),(361,1,1,'default_parcelforce_48_default_parcelforce_48','default_parcelforce_48_display_time_0','No','2022-02-06 20:03:37','2022-02-06 20:03:37'),(362,1,1,'default_parcelforce_48_default_parcelforce_48','default_parcelforce_48_compensation','Parcelforce48 Compensation Rates:<br /><span class=\"help\">Enter values upto 5,2 decimal places. (12345.67) Example: 34:0,100:1,250:2.25 - Insurance cover for cart values upto 34 would cost 0.00 extra, those values more than 100 and upto 250 will cost 2.25 extra. Do not enter currency symbols.</span>','2022-02-06 20:03:37','2022-02-06 20:03:37'),(363,1,1,'default_parcelforce_48_default_parcelforce_48','default_parcelforce_48_tax','Tax Class:','2022-02-06 20:03:37','2022-02-06 20:03:37'),(364,1,1,'default_parcelforce_48_default_parcelforce_48','default_parcelforce_48_tax_0','---None---','2022-02-06 20:03:37','2022-02-06 20:03:37'),(365,1,1,'default_parcelforce_48_default_parcelforce_48','default_parcelforce_48_location_id','Location:','2022-02-06 20:03:37','2022-02-06 20:03:37'),(366,1,1,'default_parcelforce_48_default_parcelforce_48','default_parcelforce_48_location_id_0','All Locations','2022-02-06 20:03:37','2022-02-06 20:03:37'),(367,1,1,'default_parcelforce_48_default_parcelforce_48','error_permission','Warning: You do not have permission to modify Parcelforce 48 shipping!','2022-02-06 20:03:37','2022-02-06 20:03:37'),(368,1,1,'default_paymate_default_paymate','default_paymate_name','Paymate','2022-02-06 20:03:37','2022-02-06 20:03:37'),(369,1,1,'default_paymate_default_paymate','text_payment','Payment','2022-02-06 20:03:37','2022-02-06 20:03:37'),(370,1,1,'default_paymate_default_paymate','text_success','Success: You have modified Paymate account details!','2022-02-06 20:03:37','2022-02-06 20:03:37'),(371,1,1,'default_paymate_default_paymate','default_paymate_username','Paymate Username:','2022-02-06 20:03:37','2022-02-06 20:03:37'),(372,1,1,'default_paymate_default_paymate','default_paymate_order_status_id','Order Status:','2022-02-06 20:03:37','2022-02-06 20:03:37'),(373,1,1,'default_paymate_default_paymate','default_paymate_location_id','Location:','2022-02-06 20:03:37','2022-02-06 20:03:37'),(374,1,1,'default_paymate_default_paymate','default_paymate_location_id_0','All Locations','2022-02-06 20:03:37','2022-02-06 20:03:37'),(375,1,1,'default_paymate_default_paymate','error_permission','Warning: You do not have permission to modify payment Paymate!','2022-02-06 20:03:37','2022-02-06 20:03:37'),(376,1,1,'default_paymate_default_paymate','error_username','Paymate Username required!','2022-02-06 20:03:37','2022-02-06 20:03:37'),(377,1,1,'default_paypoint_default_paypoint','default_paypoint_name','PayPoint','2022-02-06 20:03:37','2022-02-06 20:03:37'),(378,1,1,'default_paypoint_default_paypoint','text_payment','Payment','2022-02-06 20:03:37','2022-02-06 20:03:37'),(379,1,1,'default_paypoint_default_paypoint','text_success','Success: You have modified PayPoint account details!','2022-02-06 20:03:37','2022-02-06 20:03:37'),(380,1,1,'default_paypoint_default_paypoint','text_paypoint','<a onclick=\"window.open(\'https://www.paypoint.net/partners/abantecart\');\"><img src=\"extension/default_paypoint/image/paypoint.png\" alt=\"PayPoint\" title=\"PayPoint\" style=\"border: 1px solid #EEEEEE;\" /></a>','2022-02-06 20:03:37','2022-02-06 20:03:37'),(381,1,1,'default_paypoint_default_paypoint','default_paypoint_test_live','Production','2022-02-06 20:03:37','2022-02-06 20:03:37'),(382,1,1,'default_paypoint_default_paypoint','default_paypoint_test_successful','Always Successful','2022-02-06 20:03:37','2022-02-06 20:03:37'),(383,1,1,'default_paypoint_default_paypoint','default_paypoint_test_fail','Always Fail','2022-02-06 20:03:37','2022-02-06 20:03:37'),(384,1,1,'default_paypoint_default_paypoint','default_paypoint_merchant','Merchant ID:','2022-02-06 20:03:37','2022-02-06 20:03:37'),(385,1,1,'default_paypoint_default_paypoint','default_paypoint_test','Test Mode:','2022-02-06 20:03:37','2022-02-06 20:03:37'),(386,1,1,'default_paypoint_default_paypoint','default_paypoint_order_status_id','Order Status:','2022-02-06 20:03:37','2022-02-06 20:03:37'),(387,1,1,'default_paypoint_default_paypoint','default_paypoint_location_id','Location:','2022-02-06 20:03:37','2022-02-06 20:03:37'),(388,1,1,'default_paypoint_default_paypoint','default_paypoint_location_id_0','All Locations','2022-02-06 20:03:37','2022-02-06 20:03:37'),(389,1,1,'default_paypoint_default_paypoint','error_permission','Warning: You do not have permission to modify payment PayPoint!','2022-02-06 20:03:37','2022-02-06 20:03:37'),(390,1,1,'default_paypoint_default_paypoint','error_merchant','Merchant ID Required!','2022-02-06 20:03:37','2022-02-06 20:03:37'),(391,1,1,'default_per_item_shipping_default_per_item_shipping','default_per_item_shipping_name','Per Item','2022-02-06 20:03:37','2022-02-06 20:03:37'),(392,1,1,'default_per_item_shipping_default_per_item_shipping','text_shipping','Shipping','2022-02-06 20:03:37','2022-02-06 20:03:37'),(393,1,1,'default_per_item_shipping_default_per_item_shipping','text_success','Success: You have modified shipping per item rates!','2022-02-06 20:03:37','2022-02-06 20:03:37'),(394,1,1,'default_per_item_shipping_default_per_item_shipping','default_per_item_shipping_cost','Cost:','2022-02-06 20:03:37','2022-02-06 20:03:37'),(395,1,1,'default_per_item_shipping_default_per_item_shipping','default_per_item_shipping_tax','Tax Class:','2022-02-06 20:03:37','2022-02-06 20:03:37'),(396,1,1,'default_per_item_shipping_default_per_item_shipping','default_per_item_shipping_tax_0','---None---','2022-02-06 20:03:37','2022-02-06 20:03:37'),(397,1,1,'default_per_item_shipping_default_per_item_shipping','default_per_item_shipping_location_id','Location:','2022-02-06 20:03:37','2022-02-06 20:03:37'),(398,1,1,'default_per_item_shipping_default_per_item_shipping','default_per_item_shipping_location_id_0','All Locations','2022-02-06 20:03:37','2022-02-06 20:03:37'),(399,1,1,'default_per_item_shipping_default_per_item_shipping','error_permission','Warning: You do not have permission to modify shipping per item rates!','2022-02-06 20:03:37','2022-02-06 20:03:37'),(400,1,1,'default_pp_express_default_pp_express','default_pp_express_name','PayPal Express Checkout','2022-02-06 20:03:37','2022-02-06 20:03:37'),(401,1,1,'default_pp_express_default_pp_express','default_pp_express_custom_logo','Add Company Logo:<span class=\"help\">Enter path or URL to your company logo file. The logo may be a JPG, PNG, or GIF up to 190 pixels wide by 60 pixels high. This logo will appear as the header of your checkout page.</span>','2022-02-06 20:03:37','2022-02-06 20:03:37'),(402,1,1,'default_pp_express_default_pp_express','default_pp_express_custom_bg_color','Enter a Background Color HEX-Code:<span class=\"help\">It\'s recommended that the background color represent your brand. This color that\'s in your logo or that complements logo colors. Alternatively, neutral colors like black, white or gray will also create a professional look.<br> For ex. #FFF00F</span>','2022-02-06 20:03:37','2022-02-06 20:03:37'),(403,1,1,'default_pp_express_default_pp_express','default_pp_express_username','API Username','2022-02-06 20:03:37','2022-02-06 20:03:37'),(404,1,1,'default_pp_express_default_pp_express','default_pp_express_password','API Password','2022-02-06 20:03:37','2022-02-06 20:03:37'),(405,1,1,'default_pp_express_default_pp_express','default_pp_express_signature','API Signature','2022-02-06 20:03:37','2022-02-06 20:03:37'),(406,1,1,'default_pp_express_default_pp_express','default_pp_express_test','Sandbox (Test) Mode:<span class=\"help\">Use live or testing (sandbox) gateway server to process transactions?</span>','2022-02-06 20:03:37','2022-02-06 20:03:37'),(407,1,1,'default_pp_express_default_pp_express','default_pp_express_test_1',' Yes ','2022-02-06 20:03:37','2022-02-06 20:03:37'),(408,1,1,'default_pp_express_default_pp_express','default_pp_express_test_0',' No ','2022-02-06 20:03:37','2022-02-06 20:03:37'),(409,1,1,'default_pp_express_default_pp_express','default_pp_express_transaction','Transaction Method:<br /><span class=\"help\">PayPal transaction to run at customer\'s checkout before order status is set. Authorization only or capture.</span>','2022-02-06 20:03:37','2022-02-06 20:03:37'),(410,1,1,'default_pp_express_default_pp_express','default_pp_express_transaction_0',' Authorization ','2022-02-06 20:03:37','2022-02-06 20:03:37'),(411,1,1,'default_pp_express_default_pp_express','default_pp_express_transaction_1',' Sale ','2022-02-06 20:03:37','2022-02-06 20:03:37'),(412,1,1,'default_pp_express_default_pp_express','default_pp_express_order_status_id','Order Status:<br /><span class=\"help\">Order status to be set after customer\'s order finished based on set Transaction Method</span>','2022-02-06 20:03:37','2022-02-06 20:03:37'),(413,1,1,'default_pp_express_default_pp_express','default_pp_express_location_id','Location:<br /><span class=\"help\">Restrict to allow only selected locations to use this payment method.</span>','2022-02-06 20:03:37','2022-02-06 20:03:37'),(414,1,1,'default_pp_express_default_pp_express','default_pp_express_location_id_0','All Locations','2022-02-06 20:03:37','2022-02-06 20:03:37'),(415,1,1,'default_pp_express_default_pp_express','default_pp_express_credit_cards','Allow Credit Cards<br/><span class=\"help\">Checking this your customers will be able to pay with credit cards even if they don\'t have PayPal account.</span>','2022-02-06 20:03:37','2022-02-06 20:03:37'),(416,1,1,'default_pp_express_default_pp_express','default_pp_express_billmelater','PayPal Credit (USA only)<br/><span class=\"help\">Increase sales by offering PayPal finance option to your customers.</span>','2022-02-06 20:03:37','2022-02-06 20:03:37'),(417,1,1,'default_pp_express_default_pp_express','default_pp_express_note','To add PayPal Express Checkout Button to your template : <br/>\n		- go to Design -> <a href=\"#admin#rt=design/layout\" target=\"_layout\">Layout</a> <br/>\n		- choose layout you want to add PayPal Express Checkout Button<br/>\n		- add it to top, bottom, left, right, or content section\n		NOTE: Button will not work on shopping cart page when \"Allow guest checkout\" setting of AbanteCart is disabled.','2022-02-06 20:03:37','2022-02-06 20:03:37'),(418,1,1,'default_pp_express_default_pp_express','text_signup_account_note','<b>Don\'t have a PayPal account?</b> To use PayPal Express Checkout, you need a PayPal Business Account. Once you\'re signed up, enter the required information below to start accepting payments.','2022-02-06 20:03:37','2022-02-06 20:03:37'),(419,1,1,'default_pp_express_default_pp_express','button_signup','Sign Up Now','2022-02-06 20:03:37','2022-02-06 20:03:37'),(420,1,1,'default_pp_express_default_pp_express','text_api_credentials_note','To process transactions, please provide your PayPal API credentials.','2022-02-06 20:03:37','2022-02-06 20:03:37'),(421,1,1,'default_pp_express_default_pp_express','button_get_api_credentials','Get Your API Credentials','2022-02-06 20:03:37','2022-02-06 20:03:37'),(422,1,1,'default_pp_express_default_pp_express','text_api_credentials','API Credentials','2022-02-06 20:03:37','2022-02-06 20:03:37'),(423,1,1,'default_pp_express_default_pp_express','text_api_credentials_sandbox','API Sandbox Credentials','2022-02-06 20:03:37','2022-02-06 20:03:37'),(424,1,1,'default_pp_express_default_pp_express','text_optional_settings','Optional Settings','2022-02-06 20:03:37','2022-02-06 20:03:37'),(425,1,1,'default_pp_express_default_pp_express','text_customize_checkout_page','Customize Checkout Page','2022-02-06 20:03:37','2022-02-06 20:03:37'),(426,1,1,'default_pp_express_default_pp_express','text_custom_logo_preview','Custom Logo Preview:','2022-02-06 20:03:37','2022-02-06 20:03:37'),(427,1,1,'default_pp_express_default_pp_express','text_test_connection','Test Your Connection:<span class=\"help\">You can test if API credentials that you\'ve entered are correct.</span>','2022-02-06 20:03:37','2022-02-06 20:03:37'),(428,1,1,'default_pp_express_default_pp_express','text_test','Test','2022-02-06 20:03:37','2022-02-06 20:03:37'),(429,1,1,'default_pp_express_default_pp_express','text_connection_success','Connection is successful and API Credentials are configured correctly.','2022-02-06 20:03:37','2022-02-06 20:03:37'),(430,1,1,'default_pp_express_default_pp_express','error_turn_extension_on','Error! Please check if extension is turned ON.','2022-02-06 20:03:37','2022-02-06 20:03:37'),(431,1,1,'default_pp_express_default_pp_express','default_pp_express_order_status_id_1','Pending','2022-02-06 20:03:37','2022-02-06 20:03:37'),(432,1,1,'default_pp_express_default_pp_express','default_pp_express_order_status_id_2','Processing','2022-02-06 20:03:37','2022-02-06 20:03:37'),(433,1,1,'default_pp_express_default_pp_express','default_pp_express_order_status_id_5','Complete','2022-02-06 20:03:37','2022-02-06 20:03:37'),(434,1,1,'default_pp_express_default_pp_express','text_api_credentials_note_sandbox','To test transactions, please provide your Sandbox PayPal API credentials.','2022-02-06 20:03:37','2022-02-06 20:03:37'),(435,1,1,'default_pp_express_default_pp_express','button_get_api_credentials_sandbox','Get Your Sandbox API Credentials','2022-02-06 20:03:37','2022-02-06 20:03:37'),(436,1,1,'default_pp_express_default_pp_express','text_capture_funds','Capture Funds:','2022-02-06 20:03:37','2022-02-06 20:03:37'),(437,1,1,'default_pp_express_default_pp_express','text_capture','Capture','2022-02-06 20:03:37','2022-02-06 20:03:37'),(438,1,1,'default_pp_express_default_pp_express','text_do_paypal_refund','Do PayPal Refund:<span class=\"help\">You can enter amount that needs to be refunded.</span>','2022-02-06 20:03:37','2022-02-06 20:03:37'),(439,1,1,'default_pp_express_default_pp_express','text_refund','Refund','2022-02-06 20:03:37','2022-02-06 20:03:37'),(440,1,1,'default_pp_express_default_pp_express','text_capture_success','Success! Funds have been captured successfully.','2022-02-06 20:03:37','2022-02-06 20:03:37'),(441,1,1,'default_pp_express_default_pp_express','error_no_payment_method_data','Error! There is no payment method data for this order.','2022-02-06 20:03:37','2022-02-06 20:03:37'),(442,1,1,'default_pp_express_default_pp_express','error_empty_amount','Error! Amount is wrong.','2022-02-06 20:03:37','2022-02-06 20:03:37'),(443,1,1,'default_pp_express_default_pp_express','error_no_order_id','Error! There is no order ID.','2022-02-06 20:03:37','2022-02-06 20:03:37'),(444,1,1,'default_pp_express_default_pp_express','error_amount_exceeded','Error! Amount limit exceeded.','2022-02-06 20:03:37','2022-02-06 20:03:37'),(445,1,1,'default_pp_express_default_pp_express','error_service_unavailable','Service is unavailable at the moment, please try again later.','2022-02-06 20:03:37','2022-02-06 20:03:37'),(446,1,1,'default_pp_express_default_pp_express','text_refund_success','Success! Order has been refunded successfully.','2022-02-06 20:03:37','2022-02-06 20:03:37'),(447,1,1,'default_pp_express_default_pp_express','paypal_refund_title','PayPal Refund','2022-02-06 20:03:37','2022-02-06 20:03:37'),(448,1,1,'default_pp_express_default_pp_express','text_payment_status','Payment Status:','2022-02-06 20:03:37','2022-02-06 20:03:37'),(449,1,1,'default_pp_express_default_pp_express','text_already_refunded','Already Refunded:','2022-02-06 20:03:37','2022-02-06 20:03:37'),(450,1,1,'default_pp_express_default_pp_express','text_already_captured','Already Captured:','2022-02-06 20:03:37','2022-02-06 20:03:37'),(451,1,1,'default_pp_express_default_pp_express','error_wrong_amount','Error! Amount must be greater than zero.','2022-02-06 20:03:37','2022-02-06 20:03:37'),(452,1,1,'default_pp_express_default_pp_express','text_reason','Reason:','2022-02-06 20:03:37','2022-02-06 20:03:37'),(453,1,1,'default_pp_express_default_pp_express','text_billmelater_description','<b>No Payments + No Interest if paid in full withing 6 months</b> on purchases of $99 or more','2022-02-06 20:03:37','2022-02-06 20:03:37'),(454,1,1,'default_pp_express_default_pp_express','text_learn_more','Learn more','2022-02-06 20:03:37','2022-02-06 20:03:37'),(455,1,1,'default_pp_express_default_pp_express','default_pp_express_email','Paypal email','2022-02-06 20:03:37','2022-02-06 20:03:37'),(456,1,1,'default_pp_express_default_pp_express','default_pp_express_email_error','Error: Please fill Paypal\'s email field first!','2022-02-06 20:03:37','2022-02-06 20:03:37'),(457,1,1,'default_pp_express_default_pp_express','default_pp_express_i_agree_terms_text','I agree to the terms of the PayPal Advertising Program.','2022-02-06 20:03:37','2022-02-06 20:03:37'),(458,1,1,'default_pp_express_default_pp_express','default_pp_express_see_terms_text','See Terms.','2022-02-06 20:03:37','2022-02-06 20:03:37'),(459,1,1,'default_pp_express_default_pp_express','default_pp_express_error_bg_color','Error: Wrong HEX-value of Given Background Color.','2022-02-06 20:03:37','2022-02-06 20:03:37'),(460,1,1,'default_pp_pro_default_pp_pro','default_pp_pro_name','PayPal Payments Pro','2022-02-06 20:03:37','2022-02-06 20:03:37'),(461,1,1,'default_pp_pro_default_pp_pro','text_payment','Payment','2022-02-06 20:03:37','2022-02-06 20:03:37'),(462,1,1,'default_pp_pro_default_pp_pro','text_success','Success: You have modified PayPal Payments Pro Checkout account details!','2022-02-06 20:03:37','2022-02-06 20:03:37'),(463,1,1,'default_pp_pro_default_pp_pro','text_default_pp_pro','<a onclick=\"window.open(\'https://www.paypal.com/webapps/mpp/paypal-payments-pro\');\"><img src=\"admin/view/default/image/payment/paypal.png\" alt=\"PayPal Payments Pro\" title=\"PayPal Payments Pro\" style=\"border: 1px solid #EEEEEE;\" /></a>','2022-02-06 20:03:37','2022-02-06 20:03:37'),(464,1,1,'default_pp_pro_default_pp_pro','text_authorization','Authorization','2022-02-06 20:03:37','2022-02-06 20:03:37'),(465,1,1,'default_pp_pro_default_pp_pro','text_sale','Sale','2022-02-06 20:03:37','2022-02-06 20:03:37'),(466,1,1,'default_pp_pro_default_pp_pro','default_pp_pro_username','API Username:','2022-02-06 20:03:37','2022-02-06 20:03:37'),(467,1,1,'default_pp_pro_default_pp_pro','default_pp_pro_password','API Password:','2022-02-06 20:03:37','2022-02-06 20:03:37'),(468,1,1,'default_pp_pro_default_pp_pro','default_pp_pro_signature','API Signature:','2022-02-06 20:03:37','2022-02-06 20:03:37'),(469,1,1,'default_pp_pro_default_pp_pro','default_pp_pro_test','Sandbox (Test) Mode:<br /><span class=\"help\">Use the live or testing (sandbox) gateway server to process transactions?</span>','2022-02-06 20:03:37','2022-02-06 20:03:37'),(470,1,1,'default_pp_pro_default_pp_pro','default_pp_pro_test_1',' Yes ','2022-02-06 20:03:37','2022-02-06 20:03:37'),(471,1,1,'default_pp_pro_default_pp_pro','default_pp_pro_test_0',' No ','2022-02-06 20:03:37','2022-02-06 20:03:37'),(472,1,1,'default_pp_pro_default_pp_pro','default_pp_pro_transaction','Transaction Method:<br /><span class=\"help\">PayPal transaction to run at customer\'s checkout before order status is set. Authorization only or capture.</span>','2022-02-06 20:03:37','2022-02-06 20:03:37'),(473,1,1,'default_pp_pro_default_pp_pro','default_pp_pro_transaction_0',' Authorization ','2022-02-06 20:03:37','2022-02-06 20:03:37'),(474,1,1,'default_pp_pro_default_pp_pro','default_pp_pro_transaction_1',' Sale ','2022-02-06 20:03:37','2022-02-06 20:03:37'),(475,1,1,'default_pp_pro_default_pp_pro','default_pp_pro_creditcard_types','Accepted Credit Card Types:<br /><span class=\"help\">Check with PayPal what credit cards your can accept for your country and select from the list.</span>','2022-02-06 20:03:37','2022-02-06 20:03:37'),(476,1,1,'default_pp_pro_default_pp_pro','default_pp_pro_order_status_id','Order Status:<br /><span class=\"help\">Order status to be set after customer\'s order finished based on set Transaction Method</span>','2022-02-06 20:03:37','2022-02-06 20:03:37'),(477,1,1,'default_pp_pro_default_pp_pro','default_pp_pro_location_id','Location:<br /><span class=\"help\">Restrict to allow only selected locations to use this payment method.</span>','2022-02-06 20:03:37','2022-02-06 20:03:37'),(478,1,1,'default_pp_pro_default_pp_pro','default_pp_pro_location_id_0','All Locations','2022-02-06 20:03:37','2022-02-06 20:03:37'),(479,1,1,'default_pp_pro_default_pp_pro','error_permission','Warning: You do not have permission to modify payment PayPal Payments Pro Checkout!','2022-02-06 20:03:37','2022-02-06 20:03:37'),(480,1,1,'default_pp_pro_default_pp_pro','error_username','API Username Required!','2022-02-06 20:03:37','2022-02-06 20:03:37'),(481,1,1,'default_pp_pro_default_pp_pro','error_password','API Password Required!','2022-02-06 20:03:37','2022-02-06 20:03:37'),(482,1,1,'default_pp_pro_default_pp_pro','error_signature','API Signature Required!','2022-02-06 20:03:37','2022-02-06 20:03:37'),(483,1,1,'default_pp_pro_default_pp_pro','text_signup_account_note','<b>Don\'t have a PayPal account?</b> To use PayPal Payments Pro, you need a PayPal Business Account. Once you\'re signed up, enter the required information below to start accepting payments.','2022-02-06 20:03:37','2022-02-06 20:03:37'),(484,1,1,'default_pp_pro_default_pp_pro','button_signup','Sign Up Now','2022-02-06 20:03:37','2022-02-06 20:03:37'),(485,1,1,'default_pp_pro_default_pp_pro','text_api_credentials','API Credentials','2022-02-06 20:03:37','2022-02-06 20:03:37'),(486,1,1,'default_pp_pro_default_pp_pro','text_api_credentials_sandbox','API Sandbox Credentials','2022-02-06 20:03:37','2022-02-06 20:03:37'),(487,1,1,'default_pp_pro_default_pp_pro','text_api_credentials_note','To process transactions, please provide your PayPal API credentials.','2022-02-06 20:03:37','2022-02-06 20:03:37'),(488,1,1,'default_pp_pro_default_pp_pro','button_get_api_credentials','Get Your API Credentials','2022-02-06 20:03:37','2022-02-06 20:03:37'),(489,1,1,'default_pp_pro_default_pp_pro','text_optional_settings','Optional Settings','2022-02-06 20:03:37','2022-02-06 20:03:37'),(490,1,1,'default_pp_pro_default_pp_pro','text_test_connection','Test Your Connection:<span class=\"help\">You can test if API credentials that you\'ve entered are correct. If you receive a handshake error, check the merchant keystone to see if the PayPal VeriSign G5 root certification is present. Next, update your SSL software to process SHA-256 certificates.</span>','2022-02-06 20:03:37','2022-02-06 20:03:37'),(491,1,1,'default_pp_pro_default_pp_pro','text_test','Test','2022-02-06 20:03:37','2022-02-06 20:03:37'),(492,1,1,'default_pp_pro_default_pp_pro','text_connection_success','Connection is successful and API Credentials are configured correctly.','2022-02-06 20:03:37','2022-02-06 20:03:37'),(493,1,1,'default_pp_pro_default_pp_pro','error_turn_extension_on','Error! Please check if extension is turned ON.','2022-02-06 20:03:37','2022-02-06 20:03:37'),(494,1,1,'default_pp_pro_default_pp_pro','default_pp_pro_order_status_id_1','Pending','2022-02-06 20:03:37','2022-02-06 20:03:37'),(495,1,1,'default_pp_pro_default_pp_pro','default_pp_pro_order_status_id_2','Processing','2022-02-06 20:03:37','2022-02-06 20:03:37'),(496,1,1,'default_pp_pro_default_pp_pro','default_pp_pro_order_status_id_5','Complete','2022-02-06 20:03:37','2022-02-06 20:03:37'),(497,1,1,'default_pp_pro_default_pp_pro','text_api_credentials_note_sandbox','To test transactions, please provide your Sandbox PayPal Pro API credentials.','2022-02-06 20:03:37','2022-02-06 20:03:37'),(498,1,1,'default_pp_pro_default_pp_pro','button_get_api_credentials_sandbox','Get Your Sandbox API Credentials','2022-02-06 20:03:37','2022-02-06 20:03:37'),(499,1,1,'default_pp_pro_default_pp_pro','text_capture_funds','Capture Funds:','2022-02-06 20:03:37','2022-02-06 20:03:37'),(500,1,1,'default_pp_pro_default_pp_pro','text_capture','Capture','2022-02-06 20:03:37','2022-02-06 20:03:37'),(501,1,1,'default_pp_pro_default_pp_pro','text_do_paypal_refund','Do PayPal Refund:<span class=\"help\">You can enter amount that needs to be refunded.</span>','2022-02-06 20:03:37','2022-02-06 20:03:37'),(502,1,1,'default_pp_pro_default_pp_pro','text_refund','Refund','2022-02-06 20:03:37','2022-02-06 20:03:37'),(503,1,1,'default_pp_pro_default_pp_pro','text_capture_success','Success! Funds have been captured successfully.','2022-02-06 20:03:37','2022-02-06 20:03:37'),(504,1,1,'default_pp_pro_default_pp_pro','error_no_payment_method_data','Error! There is no payment method data for this order.','2022-02-06 20:03:37','2022-02-06 20:03:37'),(505,1,1,'default_pp_pro_default_pp_pro','error_empty_amount','Error! Amount is wrong.','2022-02-06 20:03:37','2022-02-06 20:03:37'),(506,1,1,'default_pp_pro_default_pp_pro','error_no_order_id','Error! There is no order ID.','2022-02-06 20:03:37','2022-02-06 20:03:37'),(507,1,1,'default_pp_pro_default_pp_pro','error_amount_exceeded','Error! Amount limit exceeded.','2022-02-06 20:03:37','2022-02-06 20:03:37'),(508,1,1,'default_pp_pro_default_pp_pro','error_service_unavailable','Service is unavailable at the moment, please try again later.','2022-02-06 20:03:37','2022-02-06 20:03:37'),(509,1,1,'default_pp_pro_default_pp_pro','text_refund_success','Success! Order has been refunded successfully.','2022-02-06 20:03:37','2022-02-06 20:03:37'),(510,1,1,'default_pp_pro_default_pp_pro','paypal_refund_title','PayPal Refund','2022-02-06 20:03:37','2022-02-06 20:03:37'),(511,1,1,'default_pp_pro_default_pp_pro','text_payment_status','Payment Status:','2022-02-06 20:03:37','2022-02-06 20:03:37'),(512,1,1,'default_pp_pro_default_pp_pro','text_already_refunded','Already Refunded:','2022-02-06 20:03:37','2022-02-06 20:03:37'),(513,1,1,'default_pp_pro_default_pp_pro','text_already_captured','Already Captured:','2022-02-06 20:03:37','2022-02-06 20:03:37'),(514,1,1,'default_pp_pro_default_pp_pro','error_wrong_amount','Error! Amount must be greater than zero.','2022-02-06 20:03:37','2022-02-06 20:03:37'),(515,1,1,'default_pp_pro_default_pp_pro','text_reason','Reason:','2022-02-06 20:03:37','2022-02-06 20:03:37'),(516,1,1,'default_pp_pro_default_pp_pro','text_pending_authorization','Pending (Reason: authorization)','2022-02-06 20:03:37','2022-02-06 20:03:37'),(517,1,1,'default_pp_pro_default_pp_pro','text_partially_refunded','Partially Refunded','2022-02-06 20:03:37','2022-02-06 20:03:37'),(518,1,1,'default_pp_pro_default_pp_pro','text_refunded','Refunded','2022-02-06 20:03:37','2022-02-06 20:03:37'),(519,1,1,'default_pp_pro_default_pp_pro','text_completed','Completed','2022-02-06 20:03:37','2022-02-06 20:03:37'),(520,1,1,'default_pp_pro_default_pp_pro','text_processing','Processing','2022-02-06 20:03:37','2022-02-06 20:03:37'),(521,1,1,'default_pp_standart_default_pp_standart','default_pp_standart_name','PayPal','2022-02-06 20:03:37','2022-02-06 20:03:37'),(522,1,1,'default_pp_standart_default_pp_standart','text_success','Success: You have modified PayPal account details!','2022-02-06 20:03:37','2022-02-06 20:03:37'),(523,1,1,'default_pp_standart_default_pp_standart','text_pp_standard','<a onclick=\"window.open(\'https://www.paypal.com/uk/mrb/pal=W9TBB5DTD6QJW\');\"><img src=\"admin/view/default/image/payment/paypal.png\" alt=\"PayPal\" title=\"PayPal\" style=\"border: 1px solid #EEEEEE;\" /></a>','2022-02-06 20:03:37','2022-02-06 20:03:37'),(524,1,1,'default_pp_standart_default_pp_standart','default_pp_standart_email','Your PayPal Email Address:','2022-02-06 20:03:37','2022-02-06 20:03:37'),(525,1,1,'default_pp_standart_default_pp_standart','default_pp_standart_test','Sandbox (Test) Mode:<br /><span class=\"help\">Use the live or testing (sandbox) gateway server to process transactions?</span>','2022-02-06 20:03:37','2022-02-06 20:03:37'),(526,1,1,'default_pp_standart_default_pp_standart','default_pp_standart_test_1',' Yes ','2022-02-06 20:03:37','2022-02-06 20:03:37'),(527,1,1,'default_pp_standart_default_pp_standart','default_pp_standart_test_0',' No ','2022-02-06 20:03:37','2022-02-06 20:03:37'),(528,1,1,'default_pp_standart_default_pp_standart','default_pp_standart_transaction','Transaction Method:<br /><span class=\"help\">PayPal transaction to run at customer\'s checkout before order status is set. Authorization only or capture.</span>','2022-02-06 20:03:37','2022-02-06 20:03:37'),(529,1,1,'default_pp_standart_default_pp_standart','default_pp_standart_transaction_0',' Authorization ','2022-02-06 20:03:37','2022-02-06 20:03:37'),(530,1,1,'default_pp_standart_default_pp_standart','default_pp_standart_transaction_1',' Sale ','2022-02-06 20:03:37','2022-02-06 20:03:37'),(531,1,1,'default_pp_standart_default_pp_standart','default_pp_standart_order_status_id','Order Status:<br /><span class=\"help\">Order status to be set after customer\'s order finished based on set Transaction Method</span>','2022-02-06 20:03:37','2022-02-06 20:03:37'),(532,1,1,'default_pp_standart_default_pp_standart','default_pp_standart_location_id','Location:<br /><span class=\"help\">Restrict to allow only selected locations to use this payment method.</span>','2022-02-06 20:03:37','2022-02-06 20:03:37'),(533,1,1,'default_pp_standart_default_pp_standart','default_pp_standart_location_id_0','All Locations','2022-02-06 20:03:37','2022-02-06 20:03:37'),(534,1,1,'default_pp_standart_default_pp_standart','button_signup','Sign Up Now','2022-02-06 20:03:37','2022-02-06 20:03:37'),(535,1,1,'default_pp_standart_default_pp_standart','text_confirm_email','Re-enter Your PayPal Email Address:','2022-02-06 20:03:37','2022-02-06 20:03:37'),(536,1,1,'default_pp_standart_default_pp_standart','text_signup_account_note','<b>Don\'t have a PayPal account?</b> To use PayPal Payments Standard, you need a PayPal Business Account. Once you\'re signed up, enter your PayPal email address below to start accepting payments.','2022-02-06 20:03:37','2022-02-06 20:03:37'),(537,1,1,'default_pp_standart_default_pp_standart','text_customize_checkout_page','Customize Checkout Page','2022-02-06 20:03:37','2022-02-06 20:03:37'),(538,1,1,'default_pp_standart_default_pp_standart','default_pp_standart_custom_logo_preview','Company Logo Preview','2022-02-06 20:03:37','2022-02-06 20:03:37'),(539,1,1,'default_pp_standart_default_pp_standart','default_pp_standart_custom_logo','Add Company Logo:<span class=\"help\">Enter local path or URL to your company logo file. The logo may be a JPG, PNG, or GIF up to 190 pixels wide by 60 pixels high. This logo will appear as the header of your PayPal checkout page. </span>','2022-02-06 20:03:37','2022-02-06 20:03:37'),(540,1,1,'default_pp_standart_default_pp_standart','default_pp_standart_cartbordercolor','Enter a Background Color HEX-Code:<span class=\"help\">It\'s recommended that the background color represent your brand. This color that\'s in your logo or that complements logo colors. Alternatively, neutral colors like black, white or gray will also create a professional look.<br> For ex. #FFF00F</span>','2022-02-06 20:03:37','2022-02-06 20:03:37'),(541,1,1,'default_pp_standart_default_pp_standart','error_confirm_email','PayPal email addresses do not match.','2022-02-06 20:03:37','2022-02-06 20:03:37'),(542,1,1,'default_pp_standart_default_pp_standart','text_paypal_email_note','To start accepting payments, enter your PayPal email address. In order for you to receive payments, this email address must be the same one you use when signing into your PayPal account.','2022-02-06 20:03:37','2022-02-06 20:03:37'),(543,1,1,'default_pp_standart_default_pp_standart','heading_required_settings','Required to accept payment','2022-02-06 20:03:37','2022-02-06 20:03:37'),(544,1,1,'default_pp_standart_default_pp_standart','heading_optional_settings','Optional Settings','2022-02-06 20:03:37','2022-02-06 20:03:37'),(545,1,1,'default_pp_standart_default_pp_standart','default_pp_standart_order_status_id_1','Pending','2022-02-06 20:03:37','2022-02-06 20:03:37'),(546,1,1,'default_pp_standart_default_pp_standart','default_pp_standart_order_status_id_2','Processing','2022-02-06 20:03:37','2022-02-06 20:03:37'),(547,1,1,'default_pp_standart_default_pp_standart','default_pp_standart_order_status_id_5','Complete','2022-02-06 20:03:37','2022-02-06 20:03:37'),(548,1,1,'default_pp_standart_default_pp_standart','default_pp_standart_note','Note: you can to enable Auto return option for your Paypal Account. <a href=\"https://www.paypal.com/cgi-bin/webscr?cmd=p/mer/express_return_summary-outside\" target=\"_blank\">See details</a>. You return URL is #storefront#rt=checkout/success','2022-02-06 20:03:37','2022-02-06 20:03:37'),(549,1,1,'default_realex_default_realex','default_realex_name','Realex Remote Payment','2022-02-06 20:03:37','2022-02-06 20:03:37'),(550,1,1,'default_realex_default_realex','text_payment','Payment','2022-02-06 20:03:37','2022-02-06 20:03:37'),(551,1,1,'default_realex_default_realex','text_success','Success: You have modified Realex Remote Payment account details!','2022-02-06 20:03:37','2022-02-06 20:03:37'),(552,1,1,'default_realex_default_realex','default_realex_location_id','Location:','2022-02-06 20:03:37','2022-02-06 20:03:37'),(553,1,1,'default_realex_default_realex','default_realex_location_id_0','All Locations','2022-02-06 20:03:37','2022-02-06 20:03:37'),(554,1,1,'default_realex_default_realex','text_creditcard_selection_payment','Credit cards:<br /><span class=\"help\">Select credit card types you will accept. You can set Merchant ID for each credit card as sub account, otherwise, select default. </span>','2022-02-06 20:03:37','2022-02-06 20:03:37'),(555,1,1,'default_realex_default_realex','text_card_type','Credit Card Type','2022-02-06 20:03:37','2022-02-06 20:03:37'),(556,1,1,'default_realex_default_realex','text_enabled','ON/OFF','2022-02-06 20:03:37','2022-02-06 20:03:37'),(557,1,1,'default_realex_default_realex','text_default','Use Default Account','2022-02-06 20:03:37','2022-02-06 20:03:37'),(558,1,1,'default_realex_default_realex','text_subaccount','Sub Account','2022-02-06 20:03:37','2022-02-06 20:03:37'),(559,1,1,'default_realex_default_realex','default_realex_creditcard_selection_visa','Visa','2022-02-06 20:03:37','2022-02-06 20:03:37'),(560,1,1,'default_realex_default_realex','default_realex_creditcard_selection_mc','Mastercard','2022-02-06 20:03:37','2022-02-06 20:03:37'),(561,1,1,'default_realex_default_realex','default_realex_creditcard_selection_amex','American Express','2022-02-06 20:03:37','2022-02-06 20:03:37'),(562,1,1,'default_realex_default_realex','default_realex_creditcard_selection_switch','Switch/Maestro','2022-02-06 20:03:37','2022-02-06 20:03:37'),(563,1,1,'default_realex_default_realex','default_realex_creditcard_selection_laser','Laser','2022-02-06 20:03:37','2022-02-06 20:03:37'),(564,1,1,'default_realex_default_realex','default_realex_creditcard_selection_diners','Diners','2022-02-06 20:03:37','2022-02-06 20:03:37'),(565,1,1,'default_realex_default_realex','default_realex_status_success_settled','Success & settled:<br /><span class=\"help\">Select main order status you want to set in responce to payment processor status</span>','2022-02-06 20:03:37','2022-02-06 20:03:37'),(566,1,1,'default_realex_default_realex','default_realex_status_success_unsettled','Success & not settled:<br /><span class=\"help\">Select main order status you want to set in responce to payment processor status</span>','2022-02-06 20:03:37','2022-02-06 20:03:37'),(567,1,1,'default_realex_default_realex','default_realex_status_decline','Decline:<br /><span class=\"help\">Order status you want to record in history in responce to payment processor status. Main order status is not affected. Order will not be placed only after payment is a success.</span>','2022-02-06 20:03:37','2022-02-06 20:03:37'),(568,1,1,'default_realex_default_realex','default_realex_status_decline_pending','Decline & offline auth:<br /><span class=\"help\">Order status you want to record in history in responce to payment processor status. Main order status is not affected. Order will not be placed only after payment is a success.</span>','2022-02-06 20:03:37','2022-02-06 20:03:37'),(569,1,1,'default_realex_default_realex','default_realex_status_decline_stolen','Decline & lost or stolen card:<br /><span class=\"help\">Order status you want to record in history in responce to payment processor status. Main order status is not affected. Order will not be placed only after payment is a success.</span>','2022-02-06 20:03:37','2022-02-06 20:03:37'),(570,1,1,'default_realex_default_realex','default_realex_status_decline_bank','Decline & bank error:<br /><span class=\"help\">Order status you want to record in history in responce to payment processor status. Main order status is not affected. Order will not be placed only after payment is a success.</span>','2022-02-06 20:03:37','2022-02-06 20:03:37'),(571,1,1,'default_realex_default_realex','default_realex_status_void','Voided:<br /><span class=\"help\">Order status you want to be set if payment is voided in admin/order.</span>','2022-02-06 20:03:37','2022-02-06 20:03:37'),(572,1,1,'default_realex_default_realex','default_realex_status_rebate','Rebated:<br /><span class=\"help\">Order status you want to be set if payment is rebated in admin/order.</span>','2022-02-06 20:03:37','2022-02-06 20:03:37'),(573,1,1,'default_realex_default_realex','default_realex_merchant_id','Merchant ID:<br /><span class=\"help\">Realex Payments assigned merchant ID</span>','2022-02-06 20:03:37','2022-02-06 20:03:37'),(574,1,1,'default_realex_default_realex','default_realex_secret','Secret:<br /><span class=\"help\">It is very important to keep this shared secret protected.</span>','2022-02-06 20:03:37','2022-02-06 20:03:37'),(575,1,1,'default_realex_default_realex','default_realex_rebate_password','Rebate password:<br /><span class=\"help\"></span>','2022-02-06 20:03:37','2022-02-06 20:03:37'),(576,1,1,'default_realex_default_realex','default_realex_settlement','Settlement type:<br /><span class=\"help\">If set to \'auto\', then the transaction will be included in today\'s settlement. If set to \'delayed\', then the transaction will be authorised but not settled. You must manually settle delayed transactions within 28 days of authorisation</span>','2022-02-06 20:03:37','2022-02-06 20:03:37'),(577,1,1,'default_realex_default_realex','default_realex_tss_check','TSS checks:<br /><span class=\"help\">Enable TSS Realscore service</span>','2022-02-06 20:03:37','2022-02-06 20:03:37'),(578,1,1,'default_realex_default_realex','default_realex_3d','Enable 3D secure:<br /><span class=\"help\"></span>','2022-02-06 20:03:37','2022-02-06 20:03:37'),(579,1,1,'default_realex_default_realex','default_realex_liability_shift','Accept 3D failures:<br /><span class=\"help\">Accept non-liability shifting scenarios. You will still accept payments if user fails 3D secure.</span>','2022-02-06 20:03:37','2022-02-06 20:03:37'),(580,1,1,'default_realex_default_realex','text_column_date_added','Transaction Date','2022-02-06 20:03:37','2022-02-06 20:03:37'),(581,1,1,'default_realex_default_realex','text_column_type','Activity','2022-02-06 20:03:37','2022-02-06 20:03:37'),(582,1,1,'default_realex_default_realex','text_column_amount','Amount','2022-02-06 20:03:37','2022-02-06 20:03:37'),(583,1,1,'default_realex_default_realex','text_captured_ok','Funds were captured successfully','2022-02-06 20:03:37','2022-02-06 20:03:37'),(584,1,1,'default_realex_default_realex','text_captured_order','Capture was successful, order status updated to success - settled','2022-02-06 20:03:37','2022-02-06 20:03:37'),(585,1,1,'default_realex_default_realex','text_rebated_ok','Rebate was processed successfully','2022-02-06 20:03:37','2022-02-06 20:03:37'),(586,1,1,'default_realex_default_realex','text_rebated_order','Rebate was successful, order status updated to rebated','2022-02-06 20:03:37','2022-02-06 20:03:37'),(587,1,1,'default_realex_default_realex','text_voided','Void was successful, order status updated to voided','2022-02-06 20:03:37','2022-02-06 20:03:37'),(588,1,1,'default_realex_default_realex','default_realex_settlement_auto','Auto (authorize and capture','2022-02-06 20:03:37','2022-02-06 20:03:37'),(589,1,1,'default_realex_default_realex','default_realex_settlement_delayed','Delayed (autorize only)','2022-02-06 20:03:37','2022-02-06 20:03:37'),(590,1,1,'default_realex_default_realex','default_realex_settlement_multi','Multi','2022-02-06 20:03:37','2022-02-06 20:03:37'),(591,1,1,'default_realex_default_realex','text_ip_warning','You need to provide your server IP address to your Realex account before going live','2022-02-06 20:03:37','2022-02-06 20:03:37'),(592,1,1,'default_realex_default_realex','text_payment_info','Payment Details','2022-02-06 20:03:37','2022-02-06 20:03:37'),(593,1,1,'default_realex_default_realex','text_capture_status','Payment was captured','2022-02-06 20:03:37','2022-02-06 20:03:37'),(594,1,1,'default_realex_default_realex','text_void_status','Payment was voided','2022-02-06 20:03:37','2022-02-06 20:03:37'),(595,1,1,'default_realex_default_realex','text_rebate_status','Payment was rebated','2022-02-06 20:03:37','2022-02-06 20:03:37'),(596,1,1,'default_realex_default_realex','text_rebate_amount','Rebate Amount','2022-02-06 20:03:37','2022-02-06 20:03:37'),(597,1,1,'default_realex_default_realex','text_order_ref','Order Reference','2022-02-06 20:03:37','2022-02-06 20:03:37'),(598,1,1,'default_realex_default_realex','text_order_total','Total amount authorized','2022-02-06 20:03:37','2022-02-06 20:03:37'),(599,1,1,'default_realex_default_realex','text_total_captured','Total amount captured','2022-02-06 20:03:37','2022-02-06 20:03:37'),(600,1,1,'default_realex_default_realex','text_transactions','Payment Transactions','2022-02-06 20:03:37','2022-02-06 20:03:37'),(601,1,1,'default_realex_default_realex','text_confirm_void','Please confirm you want to void the payment?','2022-02-06 20:03:37','2022-02-06 20:03:37'),(602,1,1,'default_realex_default_realex','text_confirm_capture','Please confirm you want to capture the payment?','2022-02-06 20:03:37','2022-02-06 20:03:37'),(603,1,1,'default_realex_default_realex','text_confirm_rebate','Please confirm you want to rebate the payment?','2022-02-06 20:03:37','2022-02-06 20:03:37'),(604,1,1,'default_realex_default_realex','button_rebate','Rebate','2022-02-06 20:03:37','2022-02-06 20:03:37'),(605,1,1,'default_realex_default_realex','button_void','Void','2022-02-06 20:03:37','2022-02-06 20:03:37'),(606,1,1,'default_realex_default_realex','button_capture','Capture','2022-02-06 20:03:37','2022-02-06 20:03:37'),(607,1,1,'default_realex_default_realex','error_permission','Warning: You do not have permission to modify Realex Payment!','2022-02-06 20:03:37','2022-02-06 20:03:37'),(608,1,1,'default_royal_mail_default_royal_mail','default_royal_mail_name','Royal Mail','2022-02-06 20:03:37','2022-02-06 20:03:37'),(609,1,1,'default_royal_mail_default_royal_mail','text_shipping','Shipping','2022-02-06 20:03:37','2022-02-06 20:03:37'),(610,1,1,'default_royal_mail_default_royal_mail','text_success','Success: You have modified Royal Mail shipping!','2022-02-06 20:03:37','2022-02-06 20:03:37'),(611,1,1,'default_royal_mail_default_royal_mail','default_royal_mail_1st_class_standard','First Class Standard Post (for GB only)','2022-02-06 20:03:37','2022-02-06 20:03:37'),(612,1,1,'default_royal_mail_default_royal_mail','default_royal_mail_1st_class_standard_rates','First Class Standard Post Rates (for GB only):<br /><span class=\"help\">Example: .1:1.58,.25:1.96,.5:2.48 Weight:Cost,Weight:Cost, etc. In this example 0.1 pounds = $1.58. Where Pound is your Weight class set in the Royal Mail settings and $ is Store Base currency. Store Weight class will be ignored.</span>','2022-02-06 20:03:37','2022-02-06 20:03:37'),(613,1,1,'default_royal_mail_default_royal_mail','default_royal_mail_1st_class_standard_compensation_rates','First Class Standard Post Compensation Rates (for GB only)','2022-02-06 20:03:37','2022-02-06 20:03:37'),(614,1,1,'default_royal_mail_default_royal_mail','default_royal_mail_1st_class_recorded','First Class Recorded Post (for GB only)','2022-02-06 20:03:37','2022-02-06 20:03:37'),(615,1,1,'default_royal_mail_default_royal_mail','default_royal_mail_1st_class_recorded_rates_gb','First Class Recorded Post Rates (for GB only)','2022-02-06 20:03:37','2022-02-06 20:03:37'),(616,1,1,'default_royal_mail_default_royal_mail','default_royal_mail_1st_class_recorded_compensation_rates_gb','First Class Recorded Post Compensation Rates (for GB only)','2022-02-06 20:03:37','2022-02-06 20:03:37'),(617,1,1,'default_royal_mail_default_royal_mail','default_royal_mail_2nd_class_standard','Second Class Standard Post','2022-02-06 20:03:37','2022-02-06 20:03:37'),(618,1,1,'default_royal_mail_default_royal_mail','default_royal_mail_2nd_class_standard_rates','Second Class Standard Post Rates (for GB only)','2022-02-06 20:03:37','2022-02-06 20:03:37'),(619,1,1,'default_royal_mail_default_royal_mail','default_royal_mail_2nd_class_recorded','Second Class Recorded Post','2022-02-06 20:03:37','2022-02-06 20:03:37'),(620,1,1,'default_royal_mail_default_royal_mail','default_royal_mail_2nd_class_recorded_rates_gb','Second Class Recorded Post Rates (for GB only)','2022-02-06 20:03:37','2022-02-06 20:03:37'),(621,1,1,'default_royal_mail_default_royal_mail','default_royal_mail_2nd_class_recorded_compensation_rates_gb','Second Class Recorded Post Compensation Rates (for GB only)','2022-02-06 20:03:37','2022-02-06 20:03:37'),(622,1,1,'default_royal_mail_default_royal_mail','default_royal_mail_standard_parcels','Standard Parcels','2022-02-06 20:03:37','2022-02-06 20:03:37'),(623,1,1,'default_royal_mail_default_royal_mail','default_royal_mail_standard_parcels_rates_gb','Standard Parcels Rates (for GB only)','2022-02-06 20:03:37','2022-02-06 20:03:37'),(624,1,1,'default_royal_mail_default_royal_mail','default_royal_mail_standard_parcels_compensation_rates_gb','Standard Parcels Compensation Rates (for GB only)','2022-02-06 20:03:37','2022-02-06 20:03:37'),(625,1,1,'default_royal_mail_default_royal_mail','default_royal_mail_airmail','Airmail','2022-02-06 20:03:37','2022-02-06 20:03:37'),(626,1,1,'default_royal_mail_default_royal_mail','default_royal_mail_airmail_countries','Airmail Country List','2022-02-06 20:03:37','2022-02-06 20:03:37'),(627,1,1,'default_royal_mail_default_royal_mail','default_royal_mail_airmail_in_countries_rates','Airmail Rates for Countries From List','2022-02-06 20:03:37','2022-02-06 20:03:37'),(628,1,1,'default_royal_mail_default_royal_mail','default_royal_mail_airmail_not_in_countries_rates','Airmail Rates for Other Countries','2022-02-06 20:03:37','2022-02-06 20:03:37'),(629,1,1,'default_royal_mail_default_royal_mail','default_royal_mail_international_signed','International Signed','2022-02-06 20:03:37','2022-02-06 20:03:37'),(630,1,1,'default_royal_mail_default_royal_mail','default_royal_mail_international_signed_countries','International Signed Country List','2022-02-06 20:03:37','2022-02-06 20:03:37'),(631,1,1,'default_royal_mail_default_royal_mail','default_royal_mail_international_signed_in_countries_rates','International Signed Rates for Countries From List:<br /><span class=\"help\">Example: .1:1.58,.25:1.96,.5:2.48 Weight:Cost,Weight:Cost, etc. In this example 0.1 pounds = $1.58. Where Pound is your Weight class set in the Royal Mail settings and $ is Store Base currency. Store Weight class will be ignored.</span>','2022-02-06 20:03:37','2022-02-06 20:03:37'),(632,1,1,'default_royal_mail_default_royal_mail','default_royal_mail_international_signed_in_countries_c_rates','International Signed Compensation Rates for Countries From List','2022-02-06 20:03:37','2022-02-06 20:03:37'),(633,1,1,'default_royal_mail_default_royal_mail','default_royal_mail_international_signed_not_in_countries_rates','International Signed Rates for Other Countries:<br /><span class=\"help\">Example: .1:1.58,.25:1.96,.5:2.48 Weight:Cost,Weight:Cost, etc. In this example 0.1 pounds = $1.58. Where Pound is your Weight class set in the Royal Mail settings and $ is Store Base currency. Store Weight class will be ignored.</span>','2022-02-06 20:03:37','2022-02-06 20:03:37'),(634,1,1,'default_royal_mail_default_royal_mail','default_royal_mail_international_signed_not_in_countries_c_rates','International Signed Compensation Rates for Other Countries','2022-02-06 20:03:37','2022-02-06 20:03:37'),(635,1,1,'default_royal_mail_default_royal_mail','default_royal_mail_airsure','Airsure','2022-02-06 20:03:37','2022-02-06 20:03:37'),(636,1,1,'default_royal_mail_default_royal_mail','default_royal_mail_airsure_countries','Airsure 1st Country List','2022-02-06 20:03:37','2022-02-06 20:03:37'),(637,1,1,'default_royal_mail_default_royal_mail','default_royal_mail_airsure_in_countries_rates','Airsure 1st Country List Rates','2022-02-06 20:03:37','2022-02-06 20:03:37'),(638,1,1,'default_royal_mail_default_royal_mail','default_royal_mail_airsure_countries_2','Airsure 2nd Country List','2022-02-06 20:03:37','2022-02-06 20:03:37'),(639,1,1,'default_royal_mail_default_royal_mail','default_royal_mail_airsure_in_countries_2_rates','Airsure 2nd Country List Rates','2022-02-06 20:03:37','2022-02-06 20:03:37'),(640,1,1,'default_royal_mail_default_royal_mail','default_royal_mail_airsure_countries_3','Airsure 3d Country List','2022-02-06 20:03:37','2022-02-06 20:03:37'),(641,1,1,'default_royal_mail_default_royal_mail','default_royal_mail_airsure_in_countries_3_rates','Airsure 3d Country List Rates','2022-02-06 20:03:37','2022-02-06 20:03:37'),(642,1,1,'default_royal_mail_default_royal_mail','default_royal_mail_airsure_countries_4','Airsure 4th Country List','2022-02-06 20:03:37','2022-02-06 20:03:37'),(643,1,1,'default_royal_mail_default_royal_mail','default_royal_mail_airsure_in_countries_4_rates','Airsure 4th Country List Rates','2022-02-06 20:03:37','2022-02-06 20:03:37'),(644,1,1,'default_royal_mail_default_royal_mail','default_royal_mail_surface','Surface','2022-02-06 20:03:37','2022-02-06 20:03:37'),(645,1,1,'default_royal_mail_default_royal_mail','default_royal_mail_surface_rates','Surface Rates','2022-02-06 20:03:37','2022-02-06 20:03:37'),(646,1,1,'default_royal_mail_default_royal_mail','default_royal_mail_service','Services:','2022-02-06 20:03:37','2022-02-06 20:03:37'),(647,1,1,'default_royal_mail_default_royal_mail','default_royal_mail_display_weight','Display Delivery Weight:<br /><span class=\"help\">Do you want to display the shipping weight? (e.g. Delivery Weight : 2.7674 Kg\'s)</span>','2022-02-06 20:03:37','2022-02-06 20:03:37'),(648,1,1,'default_royal_mail_default_royal_mail','default_royal_mail_display_insurance','Display Insurance:<br /><span class=\"help\">Do you want to display the shipping insurance? (e.g. Insured upto &pound;500)</span>','2022-02-06 20:03:37','2022-02-06 20:03:37'),(649,1,1,'default_royal_mail_default_royal_mail','default_royal_mail_display_time','Display Delivery Time:<br /><span class=\"help\">Do you want to display the shipping time? (e.g. Ships within 3 to 5 days)</span>','2022-02-06 20:03:37','2022-02-06 20:03:37'),(650,1,1,'default_royal_mail_default_royal_mail','default_royal_mail_weight_class','Weight Class:<br /><span class=\"help\">Your rates weight class. Store weight class will be ignored</span>','2022-02-06 20:03:37','2022-02-06 20:03:37'),(651,1,1,'default_royal_mail_default_royal_mail','default_royal_mail_tax','Tax Class:','2022-02-06 20:03:37','2022-02-06 20:03:37'),(652,1,1,'default_royal_mail_default_royal_mail','default_royal_mail_tax_0','---None---','2022-02-06 20:03:37','2022-02-06 20:03:37'),(653,1,1,'default_royal_mail_default_royal_mail','default_royal_mail_location_id','Location:','2022-02-06 20:03:37','2022-02-06 20:03:37'),(654,1,1,'default_royal_mail_default_royal_mail','default_royal_mail_location_id_0','All Locations','2022-02-06 20:03:37','2022-02-06 20:03:37'),(655,1,1,'default_royal_mail_default_royal_mail','error_permission','Warning: You do not have permission to modify Royal Mail shipping!','2022-02-06 20:03:37','2022-02-06 20:03:37'),(656,1,1,'default_royal_mail_default_royal_mail','default_royal_mail_free_gb','Shipping method for free shipping (GB only)<span class=\"help\">Please select what method will chosen for case when cart contains only products with free shipping</span>','2022-02-06 20:03:37','2022-02-06 20:03:37'),(657,1,1,'default_royal_mail_default_royal_mail','default_royal_mail_free_gb_1st_class_standard','First Class Standard Post','2022-02-06 20:03:37','2022-02-06 20:03:37'),(658,1,1,'default_royal_mail_default_royal_mail','default_royal_mail_free_gb_1st_class_recorded','First Class Recorded Post','2022-02-06 20:03:37','2022-02-06 20:03:37'),(659,1,1,'default_royal_mail_default_royal_mail','default_royal_mail_free_gb_2nd_class_standard','Second Class Standard Post','2022-02-06 20:03:37','2022-02-06 20:03:37'),(660,1,1,'default_royal_mail_default_royal_mail','default_royal_mail_free_gb_2nd_class_recorded','Second Class Recorded Post','2022-02-06 20:03:37','2022-02-06 20:03:37'),(661,1,1,'default_royal_mail_default_royal_mail','default_royal_mail_free_gb_standard_parcels','Standard Parcels','2022-02-06 20:03:37','2022-02-06 20:03:37'),(662,1,1,'default_royal_mail_default_royal_mail','default_royal_mail_free_gb_surface','Surface','2022-02-06 20:03:37','2022-02-06 20:03:37'),(663,1,1,'default_royal_mail_default_royal_mail','default_royal_mail_free','International Shipping Method for free shipping <span class=\"help\">Please select what method will chosen for case when cart contains only products with free shipping</span>','2022-02-06 20:03:37','2022-02-06 20:03:37'),(664,1,1,'default_royal_mail_default_royal_mail','default_royal_mail_free_airmail','Airmail','2022-02-06 20:03:37','2022-02-06 20:03:37'),(665,1,1,'default_royal_mail_default_royal_mail','default_royal_mail_free_international_signed','International Signed','2022-02-06 20:03:37','2022-02-06 20:03:37'),(666,1,1,'default_royal_mail_default_royal_mail','default_royal_mail_free_airsure','Airsure','2022-02-06 20:03:37','2022-02-06 20:03:37'),(667,1,1,'default_royal_mail_default_royal_mail','default_royal_mail_free_surface','Surface','2022-02-06 20:03:37','2022-02-06 20:03:37'),(668,1,1,'default_russian_default_russian','default_russian_name','Russian Language','2022-02-06 20:03:37','2022-02-06 20:03:37'),(669,1,1,'default_russian_default_russian','default_russian_note','<b>Attention!</b> Please enable extension and enable language in System->Localizations-><a href=\"#admin#rt=localisation/language\">Languages</a>.\n		<br><b>Edit text</b>: If you notice incorrect translations, you can correct language text in System->Localizations-><a href=\"#admin#rt=localisation/language_definitions\">Language Definitions</a>\n		<br><b>Missing text:</b> If you add new language you need to update store content (dynamic shopping cart data) to have new language translation.\n		<br>This can be done automatically with \"Load missing language data\" in edit language section','2022-02-06 20:03:37','2022-02-06 20:03:37'),(670,1,1,'default_skrill_default_skrill','default_skrill_name','Skrill Quick Checkout','2022-02-06 20:03:37','2022-02-06 20:03:37'),(671,1,1,'default_skrill_default_skrill','text_payment','Payment','2022-02-06 20:03:37','2022-02-06 20:03:37'),(672,1,1,'default_skrill_default_skrill','text_success','Success: You have modified the Skrill details.','2022-02-06 20:03:37','2022-02-06 20:03:37'),(673,1,1,'default_skrill_default_skrill','text_skrill','<a onclick=\"window.open(\'https://account.skrill.com/signup?rid=53571612\');\"><img src=\"extensions/default_skrill/image/icon.png\" alt=\"Skrill\" title=\"Skrill\" /></a>','2022-02-06 20:03:37','2022-02-06 20:03:37'),(674,1,1,'default_skrill_default_skrill','default_skrill_email','Email: <br /><span class=\"help\">Email address of your Skrill account.</span>','2022-02-06 20:03:37','2022-02-06 20:03:37'),(675,1,1,'default_skrill_default_skrill','default_skrill_secret','Secret Word (Passphrase): <br /><span class=\"help\">This value is entered in the Settings > Integration Settings section in your Skrill account.</span>','2022-02-06 20:03:37','2022-02-06 20:03:37'),(676,1,1,'default_skrill_default_skrill','default_skrill_order_status_id','Order Status:','2022-02-06 20:03:37','2022-02-06 20:03:37'),(677,1,1,'default_skrill_default_skrill','default_skrill_order_status_pending_id','Order Status Pending:','2022-02-06 20:03:37','2022-02-06 20:03:37'),(678,1,1,'default_skrill_default_skrill','default_skrill_order_status_canceled_id','Order Status Canceled:','2022-02-06 20:03:37','2022-02-06 20:03:37'),(679,1,1,'default_skrill_default_skrill','default_skrill_order_status_failed_id','Order Status Failed:','2022-02-06 20:03:37','2022-02-06 20:03:37'),(680,1,1,'default_skrill_default_skrill','default_skrill_order_status_chargeback_id','Order Status Chargeback:','2022-02-06 20:03:37','2022-02-06 20:03:37'),(681,1,1,'default_skrill_default_skrill','default_skrill_location_id','Location:','2022-02-06 20:03:37','2022-02-06 20:03:37'),(682,1,1,'default_skrill_default_skrill','default_skrill_location_id_0','All Locations','2022-02-06 20:03:37','2022-02-06 20:03:37'),(683,1,1,'default_skrill_default_skrill','error_permission','Warning: You do not have permission to modify Skrill!','2022-02-06 20:03:37','2022-02-06 20:03:37'),(684,1,1,'default_skrill_default_skrill','error_email','Email Required!','2022-02-06 20:03:37','2022-02-06 20:03:37'),(685,1,1,'default_spanish_default_spanish','default_spanish_name','Spanish Language','2022-02-06 20:03:37','2022-02-06 20:03:37'),(686,1,1,'default_spanish_default_spanish','default_spanish_note','<b>Attention!</b> Please enable extension and enable language in System->Localizations-><a href=\"#admin#rt=localisation/language\">Languages</a>.\n		<br><b>Edit text</b>: If you notice incorrect translations, you can correct language text in System->Localizations-><a href=\"#admin#rt=localisation/language_definitions\">Language Definitions</a>\n		<br><b>Missing text:</b> If you add new language you need to update store content (dynamic shopping cart data) to have new language translation.\n		<br>This can be done automatically with \"Load missing language data\" in edit language section','2022-02-06 20:03:37','2022-02-06 20:03:37'),(687,1,1,'default_store_pickup_default_store_pickup','default_store_pickup_name','Pickup From Store','2022-02-06 20:03:37','2022-02-06 20:03:37'),(688,1,1,'default_store_pickup_default_store_pickup','text_shipping','Shipping','2022-02-06 20:03:37','2022-02-06 20:03:37'),(689,1,1,'default_store_pickup_default_store_pickup','text_success','Success: You have modified pickup from store!','2022-02-06 20:03:37','2022-02-06 20:03:37'),(690,1,1,'default_store_pickup_default_store_pickup','default_store_pickup_location_id','Location:','2022-02-06 20:03:37','2022-02-06 20:03:37'),(691,1,1,'default_store_pickup_default_store_pickup','default_store_pickup_location_id_0','All Locations','2022-02-06 20:03:37','2022-02-06 20:03:37'),(692,1,1,'default_store_pickup_default_store_pickup','error_permission','Warning: You do not have permission to modify pickup from store!','2022-02-06 20:03:37','2022-02-06 20:03:37'),(693,1,1,'default_stripe_default_stripe','default_stripe_name','Stripe Payment','2022-02-06 20:03:37','2022-02-06 20:03:37'),(694,1,1,'default_stripe_default_stripe','default_stripe_note','Additional settings are required to complete Stripe payment setup. See additional settings tab.','2022-02-06 20:03:37','2022-02-06 20:03:37'),(695,1,1,'default_stripe_default_stripe','text_payment','Payment','2022-02-06 20:03:37','2022-02-06 20:03:37'),(696,1,1,'default_stripe_default_stripe','text_success','Success: You have modified Stripe payment settings!','2022-02-06 20:03:37','2022-02-06 20:03:37'),(697,1,1,'default_stripe_default_stripe','default_stripe_location_id','Location:','2022-02-06 20:03:37','2022-02-06 20:03:37'),(698,1,1,'default_stripe_default_stripe','default_stripe_location_id_0','All Locations','2022-02-06 20:03:37','2022-02-06 20:03:37'),(699,1,1,'default_stripe_default_stripe','default_stripe_save_cards_limit','Max credit cards saved:<br /><span class=\"help\">Set maximum number of credit cards to be saved by customers (up to 100). If set to 0 or blank saving of cards will not be allowed. Security note: Customer credit card details are saved on stripe secure servers to ensure maximum data security measures. No credit card details will be saved on your site.</span>','2022-02-06 20:03:37','2022-02-06 20:03:37'),(700,1,1,'default_stripe_default_stripe','text_default_stripe_connect','You need to connect with stripe to set up payment details','2022-02-06 20:03:37','2022-02-06 20:03:37'),(701,1,1,'default_stripe_default_stripe','text_default_stripe_settings','Stripe settings','2022-02-06 20:03:37','2022-02-06 20:03:37'),(702,1,1,'default_stripe_default_stripe','text_connect','Connect with Stripe','2022-02-06 20:03:37','2022-02-06 20:03:37'),(703,1,1,'default_stripe_default_stripe','text_disconnect','Disconnect Stripe','2022-02-06 20:03:37','2022-02-06 20:03:37'),(704,1,1,'default_stripe_default_stripe','text_skip_connect','Cannot connect?','2022-02-06 20:03:37','2022-02-06 20:03:37'),(705,1,1,'default_stripe_default_stripe','text_connect_success','Connected to Stripe successfully','2022-02-06 20:03:37','2022-02-06 20:03:37'),(706,1,1,'default_stripe_default_stripe','text_disconnect_success','Disconnected from Stripe successfully','2022-02-06 20:03:37','2022-02-06 20:03:37'),(707,1,1,'default_stripe_default_stripe','default_stripe_test_mode','Test mode:<br /><span class=\"help\">Set to ON if you want to use test key</span>','2022-02-06 20:03:37','2022-02-06 20:03:37'),(708,1,1,'default_stripe_default_stripe','default_stripe_sk_live','Live Secret Key:<br /><span class=\"help\">Locate this in Stripe Dashboard -> Developers -> API Keys Section. Key starts with sk_live_... </span>','2022-02-06 20:03:37','2022-02-06 20:03:37'),(709,1,1,'default_stripe_default_stripe','default_stripe_pk_live','Live Publishable Key:<br /><span class=\"help\">Locate this in Stripe Dashboard -> Developers -> API Keys Section. Key starts with pk_live_... </span>','2022-02-06 20:03:37','2022-02-06 20:03:37'),(710,1,1,'default_stripe_default_stripe','default_stripe_sk_test','Test Secret Key:<br /><span class=\"help\">Locate this in Stripe Dashboard -> Developers -> API Keys Section. Key starts with sk_test_... </span>','2022-02-06 20:03:37','2022-02-06 20:03:37'),(711,1,1,'default_stripe_default_stripe','default_stripe_pk_test','Test Publishable Key:<br /><span class=\"help\">Locate this in Stripe Dashboard -> Developers -> API Keys Section. Key starts with pk_test_... </span>','2022-02-06 20:03:37','2022-02-06 20:03:37'),(712,1,1,'default_stripe_default_stripe','default_stripe_settlement','Settlement type:<br /><span class=\"help\">If set to \'auto\', then the transaction will be included in today\'s settlement. If set to \'delayed\', then the transaction will be authorised but not settled(captured). You must manually capture transactions within 7 days of authorisation</span>','2022-02-06 20:03:37','2022-02-06 20:03:37'),(713,1,1,'default_stripe_default_stripe','default_stripe_pk','Published Key:','2022-02-06 20:03:37','2022-02-06 20:03:37'),(714,1,1,'default_stripe_default_stripe','default_stripe_status_success_settled','Success & settled:<br /><span class=\"help\">Select main order status you want to set in response to payment processor status</span>','2022-02-06 20:03:37','2022-02-06 20:03:37'),(715,1,1,'default_stripe_default_stripe','default_stripe_status_success_unsettled','Success & not settled:<br /><span class=\"help\">Select main order status you want to set in response to payment processor status</span>','2022-02-06 20:03:37','2022-02-06 20:03:37'),(716,1,1,'default_stripe_default_stripe','default_stripe_status_decline','Decline:<br /><span class=\"help\">Order status you want to record in history in response to payment processor status. Main order status is not affected. Order will not be placed only after payment is a success.</span>','2022-02-06 20:03:37','2022-02-06 20:03:37'),(717,1,1,'default_stripe_default_stripe','default_stripe_settlement_auto','Auto (authorize and capture)','2022-02-06 20:03:37','2022-02-06 20:03:37'),(718,1,1,'default_stripe_default_stripe','default_stripe_settlement_delayed','Delayed (authorize only)','2022-02-06 20:03:37','2022-02-06 20:03:37'),(719,1,1,'default_stripe_default_stripe','error_system','Internal error. Check error log or input parameters!','2022-02-06 20:03:37','2022-02-06 20:03:37'),(720,1,1,'default_stripe_default_stripe','error_stripe_sk_test','Stripe test key is required','2022-02-06 20:03:37','2022-02-06 20:03:37'),(721,1,1,'default_stripe_default_stripe','error_stripe_sk_live','Stripe live key is required','2022-02-06 20:03:37','2022-02-06 20:03:37'),(722,1,1,'default_stripe_default_stripe','error_permission','Warning: You do not have permission to modify Stripe Payment!','2022-02-06 20:03:37','2022-02-06 20:03:37'),(723,1,1,'default_textmarketer_default_textmarketer','default_textmarketer_name','TextMarketer','2022-02-06 20:03:37','2022-02-06 20:03:37'),(724,1,1,'default_textmarketer_default_textmarketer','default_textmarketer_note','To enable sms-messaging go to System -> Settings -> <a href=\"#admin#rt=setting/setting/im\" target=\"_im\">IM</a> <br/>\n		and choose TextMarketer as default sms-driver. Do not forget to enable section where you wish to receive sms from (admin or storefront).<br/>\n		This extension will enable Mobile Phone field for admins and customers to provide. Remember that disabling of this extension will hide this field.\n		If added to existing store with customers, keep in mind that this information will be missing.','2022-02-06 20:03:37','2022-02-06 20:03:37'),(725,1,1,'default_textmarketer_default_textmarketer','default_textmarketer_username','API Username','2022-02-06 20:03:37','2022-02-06 20:03:37'),(726,1,1,'default_textmarketer_default_textmarketer','default_textmarketer_password','API Password','2022-02-06 20:03:37','2022-02-06 20:03:37'),(727,1,1,'default_textmarketer_default_textmarketer','default_textmarketer_originator','Originator: <span class=\"help\">Who the message is from (the originator or sender ID). This can be 11 alpha-numeric or 16 numeric only characters.</span>','2022-02-06 20:03:37','2022-02-06 20:03:37'),(728,1,1,'default_textmarketer_default_textmarketer','default_textmarketer_test','Test Mode','2022-02-06 20:03:37','2022-02-06 20:03:37'),(729,1,1,'default_textmarketer_default_textmarketer','default_textmarketer_test_0','No','2022-02-06 20:03:37','2022-02-06 20:03:37'),(730,1,1,'default_textmarketer_default_textmarketer','default_textmarketer_test_1','Yes','2022-02-06 20:03:37','2022-02-06 20:03:37'),(731,1,1,'default_textmarketer_default_textmarketer','default_textmarketer_logging','Error Logging Status<span class=\"help\">If you want to log all errors of TextMarketer extension turn this setting ON.</span>','2022-02-06 20:03:37','2022-02-06 20:03:37'),(732,1,1,'default_textmarketer_default_textmarketer','entry_sms',' Mobile Phone ','2022-02-06 20:03:37','2022-02-06 20:03:37'),(733,1,1,'default_textmarketer_default_textmarketer','default_textmarketer_test_connection','Test Your Connection:<span class=\"help\">You can test if API credentials that you\'ve entered are correct.</span>','2022-02-06 20:03:37','2022-02-06 20:03:37'),(734,1,1,'default_textmarketer_default_textmarketer','text_test',' Test ','2022-02-06 20:03:37','2022-02-06 20:03:37'),(735,1,1,'default_textmarketer_default_textmarketer','error_turn_extension_on','Error! Please check if extension is turned ON.','2022-02-06 20:03:37','2022-02-06 20:03:37'),(736,1,1,'default_textmarketer_default_textmarketer','error_empty_test_phone_number','Error! Please place recipient phone number.','2022-02-06 20:03:37','2022-02-06 20:03:37'),(737,1,1,'default_textmarketer_default_textmarketer','text_see_log','See error log for details.','2022-02-06 20:03:37','2022-02-06 20:03:37'),(738,1,1,'default_textmarketer_default_textmarketer','text_connection_success','Connection is successful and API Credentials are configured correctly.','2022-02-06 20:03:37','2022-02-06 20:03:37'),(739,1,1,'default_twilio_default_twilio','default_twilio_name','Twilio','2022-02-06 20:03:37','2022-02-06 20:03:37'),(740,1,1,'default_twilio_default_twilio','default_twilio_note','To enable sms-messaging go to System -> Settings -> <a href=\"#admin#rt=setting/setting/im\" target=\"_im\">IM</a> <br/>\n		and choose Twilio as default sms-driver. Do not forget to enable section where you wish to receive sms from (admin or storefront).<br/>\n		This extension will enable Mobile Phone field for admins and customers to provide. Remember that disabling of this extension will hide this field.\n		If added to existing store with customers, keep in mind that this information will be missing.','2022-02-06 20:03:37','2022-02-06 20:03:37'),(741,1,1,'default_twilio_default_twilio','default_twilio_username','API AccountSID','2022-02-06 20:03:37','2022-02-06 20:03:37'),(742,1,1,'default_twilio_default_twilio','default_twilio_token','API AuthToken','2022-02-06 20:03:37','2022-02-06 20:03:37'),(743,1,1,'default_twilio_default_twilio','default_twilio_test','Test Mode','2022-02-06 20:03:37','2022-02-06 20:03:37'),(744,1,1,'default_twilio_default_twilio','default_twilio_sender_phone','Sender (Twilio) Phone: <span class=\"help\">Phone number of sender in international format (ex. +14158675309)</span>','2022-02-06 20:03:37','2022-02-06 20:03:37'),(745,1,1,'default_twilio_default_twilio','default_twilio_send_to','Send test SMS to: ','2022-02-06 20:03:37','2022-02-06 20:03:37'),(746,1,1,'default_twilio_default_twilio','default_twilio_test_0','No','2022-02-06 20:03:37','2022-02-06 20:03:37'),(747,1,1,'default_twilio_default_twilio','default_twilio_test_1','Yes','2022-02-06 20:03:37','2022-02-06 20:03:37'),(748,1,1,'default_twilio_default_twilio','default_twilio_test_connection','Test Your Connection:<span class=\"help\">You can test if API credentials that you\'ve entered are correct.</span>','2022-02-06 20:03:37','2022-02-06 20:03:37'),(749,1,1,'default_twilio_default_twilio','default_twilio_logging','Error Logging Status<span class=\"help\">If you want to log all errors of Twilio extension turn this setting ON.</span>','2022-02-06 20:03:37','2022-02-06 20:03:37'),(750,1,1,'default_twilio_default_twilio','entry_sms',' Mobile Phone ','2022-02-06 20:03:37','2022-02-06 20:03:37'),(751,1,1,'default_twilio_default_twilio','text_test',' Test ','2022-02-06 20:03:37','2022-02-06 20:03:37'),(752,1,1,'default_twilio_default_twilio','error_turn_extension_on','Error! Please check if extension is turned ON.','2022-02-06 20:03:37','2022-02-06 20:03:37'),(753,1,1,'default_twilio_default_twilio','text_connection_success','Connection is successful and API Credentials are configured correctly.','2022-02-06 20:03:37','2022-02-06 20:03:37'),(754,1,1,'default_ups_default_ups','default_ups_name','UPS','2022-02-06 20:03:37','2022-02-06 20:03:37'),(755,1,1,'default_ups_default_ups','heading_title','UPS','2022-02-06 20:03:37','2022-02-06 20:03:37'),(756,1,1,'default_ups_default_ups','text_additional_settings',' Additional Settings','2022-02-06 20:03:37','2022-02-06 20:03:37'),(757,1,1,'default_ups_default_ups','text_shipping','Shipping','2022-02-06 20:03:37','2022-02-06 20:03:37'),(758,1,1,'default_ups_default_ups','text_success','Success: You have modified UPS shipping!','2022-02-06 20:03:37','2022-02-06 20:03:37'),(759,1,1,'default_ups_default_ups','text_regular_daily_pickup','Regular Daily Pickup','2022-02-06 20:03:37','2022-02-06 20:03:37'),(760,1,1,'default_ups_default_ups','text_daily_pickup','Daily Pickup','2022-02-06 20:03:37','2022-02-06 20:03:37'),(761,1,1,'default_ups_default_ups','text_customer_counter','Customer Counter','2022-02-06 20:03:37','2022-02-06 20:03:37'),(762,1,1,'default_ups_default_ups','text_one_time_pickup','One Time Pickup','2022-02-06 20:03:37','2022-02-06 20:03:37'),(763,1,1,'default_ups_default_ups','text_on_call_air_pickup','On Call Air Pickup','2022-02-06 20:03:37','2022-02-06 20:03:37'),(764,1,1,'default_ups_default_ups','text_letter_center','Letter Center','2022-02-06 20:03:37','2022-02-06 20:03:37'),(765,1,1,'default_ups_default_ups','text_air_service_center','Air Service Center','2022-02-06 20:03:37','2022-02-06 20:03:37'),(766,1,1,'default_ups_default_ups','text_suggested_retail_rates','Suggested Retail Rates (UPS Store)','2022-02-06 20:03:37','2022-02-06 20:03:37'),(767,1,1,'default_ups_default_ups','text_package','Package','2022-02-06 20:03:37','2022-02-06 20:03:37'),(768,1,1,'default_ups_default_ups','text_default_ups_letter','UPS Letter','2022-02-06 20:03:37','2022-02-06 20:03:37'),(769,1,1,'default_ups_default_ups','text_default_ups_tube','UPS Tube','2022-02-06 20:03:37','2022-02-06 20:03:37'),(770,1,1,'default_ups_default_ups','text_default_ups_pak','UPS Pak','2022-02-06 20:03:37','2022-02-06 20:03:37'),(771,1,1,'default_ups_default_ups','text_default_ups_express_box','UPS Express Box','2022-02-06 20:03:37','2022-02-06 20:03:37'),(772,1,1,'default_ups_default_ups','text_default_ups_25kg_box','UPS 25kg box','2022-02-06 20:03:37','2022-02-06 20:03:37'),(773,1,1,'default_ups_default_ups','text_default_ups_10kg_box','UPS 10kg box','2022-02-06 20:03:37','2022-02-06 20:03:37'),(774,1,1,'default_ups_default_ups','text_us','US Origin','2022-02-06 20:03:37','2022-02-06 20:03:37'),(775,1,1,'default_ups_default_ups','text_ca','Canada Origin','2022-02-06 20:03:37','2022-02-06 20:03:37'),(776,1,1,'default_ups_default_ups','text_eu','European Union Origin','2022-02-06 20:03:37','2022-02-06 20:03:37'),(777,1,1,'default_ups_default_ups','text_pr','Puerto Rico Origin','2022-02-06 20:03:37','2022-02-06 20:03:37'),(778,1,1,'default_ups_default_ups','text_mx','Mexico Origin','2022-02-06 20:03:37','2022-02-06 20:03:37'),(779,1,1,'default_ups_default_ups','text_other','All Other Origins','2022-02-06 20:03:37','2022-02-06 20:03:37'),(780,1,1,'default_ups_default_ups','text_test','Test','2022-02-06 20:03:37','2022-02-06 20:03:37'),(781,1,1,'default_ups_default_ups','text_production','Production','2022-02-06 20:03:37','2022-02-06 20:03:37'),(782,1,1,'default_ups_default_ups','text_residential','Residential','2022-02-06 20:03:37','2022-02-06 20:03:37'),(783,1,1,'default_ups_default_ups','text_commercial','Commercial','2022-02-06 20:03:37','2022-02-06 20:03:37'),(784,1,1,'default_ups_default_ups','text_next_day_air','UPS Next Day Air','2022-02-06 20:03:37','2022-02-06 20:03:37'),(785,1,1,'default_ups_default_ups','text_2nd_day_air','UPS Second Day Air','2022-02-06 20:03:37','2022-02-06 20:03:37'),(786,1,1,'default_ups_default_ups','text_ground','UPS Ground','2022-02-06 20:03:37','2022-02-06 20:03:37'),(787,1,1,'default_ups_default_ups','text_3_day_select','UPS Three-Day Select','2022-02-06 20:03:37','2022-02-06 20:03:37'),(788,1,1,'default_ups_default_ups','text_next_day_air_saver','UPS Next Day Air Saver','2022-02-06 20:03:37','2022-02-06 20:03:37'),(789,1,1,'default_ups_default_ups','text_next_day_air_early_am','UPS Next Day Air Early A.M.','2022-02-06 20:03:37','2022-02-06 20:03:37'),(790,1,1,'default_ups_default_ups','text_2nd_day_air_am','UPS Second Day Air A.M.','2022-02-06 20:03:37','2022-02-06 20:03:37'),(791,1,1,'default_ups_default_ups','text_saver','UPS Saver','2022-02-06 20:03:37','2022-02-06 20:03:37'),(792,1,1,'default_ups_default_ups','text_worldwide_express','UPS Worldwide Express','2022-02-06 20:03:37','2022-02-06 20:03:37'),(793,1,1,'default_ups_default_ups','text_worldwide_expedited','UPS Worldwide Expedited','2022-02-06 20:03:37','2022-02-06 20:03:37'),(794,1,1,'default_ups_default_ups','text_standard','UPS Standard','2022-02-06 20:03:37','2022-02-06 20:03:37'),(795,1,1,'default_ups_default_ups','text_worldwide_express_plus','UPS Worldwide Express Plus','2022-02-06 20:03:37','2022-02-06 20:03:37'),(796,1,1,'default_ups_default_ups','text_express','UPS Express','2022-02-06 20:03:37','2022-02-06 20:03:37'),(797,1,1,'default_ups_default_ups','text_expedited','UPS Expedited','2022-02-06 20:03:37','2022-02-06 20:03:37'),(798,1,1,'default_ups_default_ups','text_express_early_am','UPS Express Early A.M.','2022-02-06 20:03:37','2022-02-06 20:03:37'),(799,1,1,'default_ups_default_ups','text_express_plus','UPS Express Plus','2022-02-06 20:03:37','2022-02-06 20:03:37'),(800,1,1,'default_ups_default_ups','text_today_standard','UPS Today Standard','2022-02-06 20:03:37','2022-02-06 20:03:37'),(801,1,1,'default_ups_default_ups','text_today_dedicated_courier','UPS Today Dedicated Courier','2022-02-06 20:03:37','2022-02-06 20:03:37'),(802,1,1,'default_ups_default_ups','text_today_intercity','UPS Today Intercity','2022-02-06 20:03:37','2022-02-06 20:03:37'),(803,1,1,'default_ups_default_ups','text_today_express','UPS Today Express','2022-02-06 20:03:37','2022-02-06 20:03:37'),(804,1,1,'default_ups_default_ups','text_today_express_saver','UPS Today Express Saver','2022-02-06 20:03:37','2022-02-06 20:03:37'),(805,1,1,'default_ups_default_ups','entry_key','Access Key:<span class=\"help\">Enter the XML rates access key assigned to you by UPS.</span>','2022-02-06 20:03:37','2022-02-06 20:03:37'),(806,1,1,'default_ups_default_ups','entry_username','Username:<span class=\"help\">Enter your UPS Services account username.</span>','2022-02-06 20:03:37','2022-02-06 20:03:37'),(807,1,1,'default_ups_default_ups','entry_password','Password:<span class=\"help\">Enter your UPS Services account password.</span>','2022-02-06 20:03:37','2022-02-06 20:03:37'),(808,1,1,'default_ups_default_ups','entry_pickup','Pickup Method:<span class=\"help\">How do you give packages to UPS (only used when origin is US)?</span>','2022-02-06 20:03:37','2022-02-06 20:03:37'),(809,1,1,'default_ups_default_ups','entry_packaging','Packaging Type:<span class=\"help\">What kind of packaging do you use?</span>','2022-02-06 20:03:37','2022-02-06 20:03:37'),(810,1,1,'default_ups_default_ups','entry_classification','Customer Classification Code:<span class=\"help\">01 - If you are billing to a UPS account and have a daily UPS pickup, 03 - If you do not have a UPS account or you are billing to a UPS account but do not have a daily pickup, 04 - If you are shipping from a retail outlet (only used when origin is US)</span>','2022-02-06 20:03:37','2022-02-06 20:03:37'),(811,1,1,'default_ups_default_ups','entry_origin','Shipping Origin Code:<span class=\"help\">What origin point should be used (this setting affects only what UPS product names are shown to the user)</span>','2022-02-06 20:03:37','2022-02-06 20:03:37'),(812,1,1,'default_ups_default_ups','entry_city','Origin City:<span class=\"help\">Enter the name of the origin city.</span>','2022-02-06 20:03:37','2022-02-06 20:03:37'),(813,1,1,'default_ups_default_ups','entry_state','Origin State/Province:<span class=\"help\">Enter the two-letter code for your origin state/province.</span>','2022-02-06 20:03:37','2022-02-06 20:03:37'),(814,1,1,'default_ups_default_ups','entry_country','Origin Country:<span class=\"help\">Enter the two-letter code for your origin country.</span>','2022-02-06 20:03:37','2022-02-06 20:03:37'),(815,1,1,'default_ups_default_ups','entry_postcode','Origin Zip/Postal Code:<span class=\"help\">Enter your origin zip/postalcode.</span>','2022-02-06 20:03:37','2022-02-06 20:03:37'),(816,1,1,'default_ups_default_ups','entry_test','Test Mode:<span class=\"help\">Use this module in Test (YES) or Production mode (NO)?</span>','2022-02-06 20:03:37','2022-02-06 20:03:37'),(817,1,1,'default_ups_default_ups','entry_quote_type','Quote Type:<span class=\"help\">Quote for Residential or Commercial Delivery.</span>','2022-02-06 20:03:37','2022-02-06 20:03:37'),(818,1,1,'default_ups_default_ups','entry_service','Services:<span class=\"help\">Select the UPS services to be offered.</span>','2022-02-06 20:03:37','2022-02-06 20:03:37'),(819,1,1,'default_ups_default_ups','entry_display_weight','Display Delivery Weight:<br /><span class=\"help\">Do you want to display the shipping weight? (e.g. Delivery Weight : 2.7674 Kg\'s)</span>','2022-02-06 20:03:37','2022-02-06 20:03:37'),(820,1,1,'default_ups_default_ups','entry_weight_code','Weight Code:<br /><span class=\"help\">Allowed kgs or lbs. Make sure you match the weight class with the UPS accepted weight code.</span>','2022-02-06 20:03:37','2022-02-06 20:03:37'),(821,1,1,'default_ups_default_ups','entry_weight_class','Weight Class:<span class=\"help\">Set to kilograms or pounds.</span>','2022-02-06 20:03:37','2022-02-06 20:03:37'),(822,1,1,'default_ups_default_ups','entry_length_class','Length Class:<span class=\"help\">inches or centimeters</span>','2022-02-06 20:03:37','2022-02-06 20:03:37'),(823,1,1,'default_ups_default_ups','entry_dimensions','Dimensions (L x W x H), inches:<span class=\"help\">This is assumed to be your average packing box size. Individual item dimensions are not supported at this time so you must enter average dimensions like 5x5x5.</span>','2022-02-06 20:03:37','2022-02-06 20:03:37'),(824,1,1,'default_ups_default_ups','entry_tax','Tax Class:','2022-02-06 20:03:37','2022-02-06 20:03:37'),(825,1,1,'default_ups_default_ups','entry_location','Location:','2022-02-06 20:03:37','2022-02-06 20:03:37'),(826,1,1,'default_ups_default_ups','error_permission','Warning: You do not have permission to modify UPS (US) shipping!','2022-02-06 20:03:37','2022-02-06 20:03:37'),(827,1,1,'default_ups_default_ups','error_key','Access Key Required!','2022-02-06 20:03:37','2022-02-06 20:03:37'),(828,1,1,'default_ups_default_ups','error_username','Username Required!','2022-02-06 20:03:37','2022-02-06 20:03:37'),(829,1,1,'default_ups_default_ups','error_password','Password Required!','2022-02-06 20:03:37','2022-02-06 20:03:37'),(830,1,1,'default_ups_default_ups','error_city','Origin City!','2022-02-06 20:03:37','2022-02-06 20:03:37'),(831,1,1,'default_ups_default_ups','error_state','Origin State/Province Required!','2022-02-06 20:03:37','2022-02-06 20:03:37'),(832,1,1,'default_ups_default_ups','error_country','Origin Country Required!','2022-02-06 20:03:37','2022-02-06 20:03:37'),(833,1,1,'default_ups_default_ups','error_dimensions','All Dimensions Required!','2022-02-06 20:03:37','2022-02-06 20:03:37'),(834,1,1,'default_usps_default_usps','default_usps_name','United States Postal Service','2022-02-06 20:03:37','2022-02-06 20:03:37'),(835,1,1,'default_usps_default_usps','text_shipping',' Shipping','2022-02-06 20:03:37','2022-02-06 20:03:37'),(836,1,1,'default_usps_default_usps','text_additional_settings','USPS Settings','2022-02-06 20:03:37','2022-02-06 20:03:37'),(837,1,1,'default_usps_default_usps','text_success','Success: You have modified United States Postal Service!','2022-02-06 20:03:37','2022-02-06 20:03:37'),(838,1,1,'default_usps_default_usps','text_domestic_0','First-Class','2022-02-06 20:03:37','2022-02-06 20:03:37'),(839,1,1,'default_usps_default_usps','text_domestic_1','Priority Mail','2022-02-06 20:03:37','2022-02-06 20:03:37'),(840,1,1,'default_usps_default_usps','text_domestic_2','Express Mail Hold for Pickup','2022-02-06 20:03:37','2022-02-06 20:03:37'),(841,1,1,'default_usps_default_usps','text_domestic_3','Express Mail PO to Addressee','2022-02-06 20:03:37','2022-02-06 20:03:37'),(842,1,1,'default_usps_default_usps','text_domestic_4','Parcel Post','2022-02-06 20:03:37','2022-02-06 20:03:37'),(843,1,1,'default_usps_default_usps','text_domestic_5','Bound Printed Matter','2022-02-06 20:03:37','2022-02-06 20:03:37'),(844,1,1,'default_usps_default_usps','text_domestic_6','Media Mail','2022-02-06 20:03:37','2022-02-06 20:03:37'),(845,1,1,'default_usps_default_usps','text_domestic_7','Library','2022-02-06 20:03:37','2022-02-06 20:03:37'),(846,1,1,'default_usps_default_usps','text_domestic_12','First-Class Postcard Stamped','2022-02-06 20:03:37','2022-02-06 20:03:37'),(847,1,1,'default_usps_default_usps','text_domestic_13','Express Mail Flat-Rate Envelope','2022-02-06 20:03:37','2022-02-06 20:03:37'),(848,1,1,'default_usps_default_usps','text_domestic_16','Priority Mail Flat-Rate Envelope','2022-02-06 20:03:37','2022-02-06 20:03:37'),(849,1,1,'default_usps_default_usps','text_domestic_17','Priority Mail Regular Flat-Rate Box','2022-02-06 20:03:37','2022-02-06 20:03:37'),(850,1,1,'default_usps_default_usps','text_domestic_18','Priority Mail Keys and IDs','2022-02-06 20:03:37','2022-02-06 20:03:37'),(851,1,1,'default_usps_default_usps','text_domestic_19','First-Class Keys and IDs','2022-02-06 20:03:37','2022-02-06 20:03:37'),(852,1,1,'default_usps_default_usps','text_domestic_22','Priority Mail Flat-Rate Large Box','2022-02-06 20:03:37','2022-02-06 20:03:37'),(853,1,1,'default_usps_default_usps','text_domestic_23','Express Mail Sunday/Holiday','2022-02-06 20:03:37','2022-02-06 20:03:37'),(854,1,1,'default_usps_default_usps','text_domestic_25','Express Mail Flat-Rate Envelope Sunday/Holiday','2022-02-06 20:03:37','2022-02-06 20:03:37'),(855,1,1,'default_usps_default_usps','text_domestic_27','Express Mail Flat-Rate Envelope Hold For Pickup','2022-02-06 20:03:37','2022-02-06 20:03:37'),(856,1,1,'default_usps_default_usps','text_domestic_28','Priority Mail Small Flat-Rate Box','2022-02-06 20:03:37','2022-02-06 20:03:37'),(857,1,1,'default_usps_default_usps','text_international_1','Express Mail International','2022-02-06 20:03:37','2022-02-06 20:03:37'),(858,1,1,'default_usps_default_usps','text_international_2','Priority Mail International','2022-02-06 20:03:37','2022-02-06 20:03:37'),(859,1,1,'default_usps_default_usps','text_international_4','Global Express Guaranteed (Document and Non-document)','2022-02-06 20:03:37','2022-02-06 20:03:37'),(860,1,1,'default_usps_default_usps','text_international_5','Global Express Guaranteed Document used','2022-02-06 20:03:37','2022-02-06 20:03:37'),(861,1,1,'default_usps_default_usps','text_international_6','Global Express Guaranteed Non-Document Rectangular shape','2022-02-06 20:03:37','2022-02-06 20:03:37'),(862,1,1,'default_usps_default_usps','text_international_7','Global Express Guaranteed Non-Document Non-Rectangular','2022-02-06 20:03:37','2022-02-06 20:03:37'),(863,1,1,'default_usps_default_usps','text_international_8','Priority Mail Flat Rate Envelope','2022-02-06 20:03:37','2022-02-06 20:03:37'),(864,1,1,'default_usps_default_usps','text_international_9','Priority Mail Flat Rate Box','2022-02-06 20:03:37','2022-02-06 20:03:37'),(865,1,1,'default_usps_default_usps','text_international_10','Express Mail International Flat Rate Envelope','2022-02-06 20:03:37','2022-02-06 20:03:37'),(866,1,1,'default_usps_default_usps','text_international_11','Priority Mail Large Flat Rate Box','2022-02-06 20:03:37','2022-02-06 20:03:37'),(867,1,1,'default_usps_default_usps','text_international_12','Global Express Guaranteed Envelope','2022-02-06 20:03:37','2022-02-06 20:03:37'),(868,1,1,'default_usps_default_usps','text_international_13','First Class Mail International Letters','2022-02-06 20:03:37','2022-02-06 20:03:37'),(869,1,1,'default_usps_default_usps','text_international_14','First Class Mail International Flats','2022-02-06 20:03:37','2022-02-06 20:03:37'),(870,1,1,'default_usps_default_usps','text_international_15','First Class Mail International Parcels','2022-02-06 20:03:37','2022-02-06 20:03:37'),(871,1,1,'default_usps_default_usps','text_international_16','Priority Mail Small Flat Rate Box','2022-02-06 20:03:37','2022-02-06 20:03:37'),(872,1,1,'default_usps_default_usps','text_international_21','Postcards','2022-02-06 20:03:37','2022-02-06 20:03:37'),(873,1,1,'default_usps_default_usps','text_regular','Regular','2022-02-06 20:03:37','2022-02-06 20:03:37'),(874,1,1,'default_usps_default_usps','text_large','Large','2022-02-06 20:03:37','2022-02-06 20:03:37'),(875,1,1,'default_usps_default_usps','text_oversize','Oversize','2022-02-06 20:03:37','2022-02-06 20:03:37'),(876,1,1,'default_usps_default_usps','text_rectangular','Rectangular','2022-02-06 20:03:37','2022-02-06 20:03:37'),(877,1,1,'default_usps_default_usps','text_non_rectangular','Non Rectangular','2022-02-06 20:03:37','2022-02-06 20:03:37'),(878,1,1,'default_usps_default_usps','text_variable','Variable','2022-02-06 20:03:37','2022-02-06 20:03:37'),(879,1,1,'default_usps_default_usps','entry_user_id','User ID:<span class=\"help\">USPS should email you the user id and password. If not contact USPS to confirm your USPS User ID. You should call USPS to activate your account on the production servers.</span>','2022-02-06 20:03:37','2022-02-06 20:03:37'),(880,1,1,'default_usps_default_usps','entry_password','Password:','2022-02-06 20:03:37','2022-02-06 20:03:37'),(881,1,1,'default_usps_default_usps','entry_postcode','Zip Code:<span class=\"help\">Zip/Postal code of the starting location of your package.</span>','2022-02-06 20:03:37','2022-02-06 20:03:37'),(882,1,1,'default_usps_default_usps','entry_domestic','Domestic Services:','2022-02-06 20:03:37','2022-02-06 20:03:37'),(883,1,1,'default_usps_default_usps','entry_international','International Services:','2022-02-06 20:03:37','2022-02-06 20:03:37'),(884,1,1,'default_usps_default_usps','entry_size','Size:<span class=\"help\">Select the container size that you typically use to package the products ordered from your store.</span>','2022-02-06 20:03:37','2022-02-06 20:03:37'),(885,1,1,'default_usps_default_usps','entry_container','Container:<span class=\"help\">Select the container type that you typically use to package the products ordered from your store. USPS will only deliver packages weighing up to 70 lbs</span>','2022-02-06 20:03:37','2022-02-06 20:03:37'),(886,1,1,'default_usps_default_usps','entry_machinable','Machinable:<br /><span class=\"help\"> It is recommended that you select Yes. Specify whether it is OK to handle your shipments by machines. Enabling this option reduces the shipping costs.</span>','2022-02-06 20:03:37','2022-02-06 20:03:37'),(887,1,1,'default_usps_default_usps','entry_dimension','Dimensions (L x W x H):','2022-02-06 20:03:37','2022-02-06 20:03:37'),(888,1,1,'default_usps_default_usps','entry_length','Dimensions Length:<br /><span class=\"help\">Average package dimension for shipping package.</span>','2022-02-06 20:03:37','2022-02-06 20:03:37'),(889,1,1,'default_usps_default_usps','entry_width','Dimensions Width:<br /><span class=\"help\">Average package dimension for shipping package.</span>','2022-02-06 20:03:37','2022-02-06 20:03:37'),(890,1,1,'default_usps_default_usps','entry_height','Dimensions Height:<br /><span class=\"help\">Average package dimension for shipping package.</span>','2022-02-06 20:03:37','2022-02-06 20:03:37'),(891,1,1,'default_usps_default_usps','entry_girth','Girth:<br /><span class=\"help\">To find the girth of your package, measure the distance around the thickest part of the non-rectangular package.</span>','2022-02-06 20:03:37','2022-02-06 20:03:37'),(892,1,1,'default_usps_default_usps','entry_display_time','Display Delivery Time:<br /><span class=\"help\">Do you want to display the shipping time? (e.g. Ships within 3 to 5 days)</span>','2022-02-06 20:03:37','2022-02-06 20:03:37'),(893,1,1,'default_usps_default_usps','entry_display_weight','Display Delivery Weight:<br /><span class=\"help\">Do you want to display the shipping weight? (e.g. Delivery Weight : 2.7674 Kg\'s)</span>','2022-02-06 20:03:37','2022-02-06 20:03:37'),(894,1,1,'default_usps_default_usps','entry_weight_class','Weight Class:<br /><span class=\"help\">Set to pounds.</span>','2022-02-06 20:03:37','2022-02-06 20:03:37'),(895,1,1,'default_usps_default_usps','entry_length_class','Length Class:<br /><span class=\"help\">The dimension or default length class of your store.</span>','2022-02-06 20:03:37','2022-02-06 20:03:37'),(896,1,1,'default_usps_default_usps','entry_tax','Tax Class:<br /><span class=\"help\">If you are required to charge tax on this item, select tax class.</span>','2022-02-06 20:03:37','2022-02-06 20:03:37'),(897,1,1,'default_usps_default_usps','entry_location','Location:','2022-02-06 20:03:37','2022-02-06 20:03:37'),(898,1,1,'default_usps_default_usps','entry_sort_order','Sort Order:','2022-02-06 20:03:37','2022-02-06 20:03:37'),(899,1,1,'default_usps_default_usps','error_permission','Warning: You do not have permission to modify United States Postal Service!','2022-02-06 20:03:37','2022-02-06 20:03:37'),(900,1,1,'default_usps_default_usps','error_user_id','User ID Required!','2022-02-06 20:03:37','2022-02-06 20:03:37'),(901,1,1,'default_usps_default_usps','error_postcode','Zip Code Required!','2022-02-06 20:03:37','2022-02-06 20:03:37'),(902,1,1,'default_usps_default_usps','entry_free_domestic_method','Option for free shipping <span class=\"help\">Please select what method will chosen for case when cart contains only products with free shipping</span>','2022-02-06 20:03:37','2022-02-06 20:03:37'),(903,1,1,'default_usps_default_usps','entry_free_international_method','Option for free shipping of international parcels  <span class=\"help\">Please select what method will chosen for case when cart contains only products with free shipping</span>','2022-02-06 20:03:37','2022-02-06 20:03:37'),(904,1,1,'default_usps_default_usps','default_usps_debug','Debug Logging Status','2022-02-06 20:03:37','2022-02-06 20:03:37'),(905,1,1,'default_weight_default_weight','default_weight_name','Weight Based Shipping','2022-02-06 20:03:37','2022-02-06 20:03:37'),(906,1,1,'default_weight_default_weight','text_shipping','Shipping','2022-02-06 20:03:37','2022-02-06 20:03:37'),(907,1,1,'default_weight_default_weight','text_additional_settings',' Additional Settings ','2022-02-06 20:03:37','2022-02-06 20:03:37'),(908,1,1,'default_weight_default_weight','text_success','Success: You have modified weight based shipping!','2022-02-06 20:03:37','2022-02-06 20:03:37'),(909,1,1,'default_weight_default_weight','entry_rate','Rates:<br /><span class=\"help\">Example: 5:10.00,7:12.00 Weight:Cost,Weight:Cost, etc. In this example 5 pounds = $10.00. Where Pound is your Store Weight class and $ is Store Base currency. You can change both in the Store Settings</span>','2022-02-06 20:03:37','2022-02-06 20:03:37'),(910,1,1,'default_weight_default_weight','entry_status','Status:','2022-02-06 20:03:37','2022-02-06 20:03:37'),(911,1,1,'default_weight_default_weight','entry_tax','Tax Class:','2022-02-06 20:03:37','2022-02-06 20:03:37'),(912,1,1,'default_weight_default_weight','entry_location','Location:','2022-02-06 20:03:37','2022-02-06 20:03:37'),(913,1,1,'default_weight_default_weight','entry_sort_order','Sort Order:','2022-02-06 20:03:37','2022-02-06 20:03:37'),(914,1,1,'default_weight_default_weight','error_permission','Warning: You do not have permission to modify weight based shipping!','2022-02-06 20:03:37','2022-02-06 20:03:37'),(915,1,1,'encryption_data_manager_encryption_data_manager','encryption_data_manager_name','Encryption Data Manager','2022-02-06 20:03:37','2022-02-06 20:03:37'),(916,1,1,'encryption_data_manager_encryption_data_manager','text_extensions','Extensions','2022-02-06 20:03:37','2022-02-06 20:03:37'),(917,1,1,'encryption_data_manager_encryption_data_manager','text_additional_settings',' Encryption Data Tools ','2022-02-06 20:03:37','2022-02-06 20:03:37'),(918,1,1,'encryption_data_manager_encryption_data_manager','entry_status','Status:','2022-02-06 20:03:37','2022-02-06 20:03:37'),(919,1,1,'encryption_data_manager_encryption_data_manager','entry_sort_order','Sort Order:','2022-02-06 20:03:37','2022-02-06 20:03:37'),(920,1,1,'encryption_data_manager_encryption_data_manager','button_generate_keys','Generate Key Pair','2022-02-06 20:03:37','2022-02-06 20:03:37'),(921,1,1,'encryption_data_manager_encryption_data_manager','button_encrypt_data','Encrypt Data','2022-02-06 20:03:37','2022-02-06 20:03:37'),(922,1,1,'encryption_data_manager_encryption_data_manager','error_permission','Warning: You do not have permission to modify weight based shipping!','2022-02-06 20:03:37','2022-02-06 20:03:37'),(923,1,1,'encryption_data_manager_encryption_data_manager','error_duplicate_key','Error: Selected key name pair already exists!','2022-02-06 20:03:37','2022-02-06 20:03:37'),(924,1,1,'encryption_data_manager_encryption_data_manager','encryption_data_manager_note','  <b>This extension requires ADVANCED configuration and attention</b><br/> \n		  <b>Once enabled and data encrypted, there is NO undo and extension can not be disabled! </b><br/> \n		  This extension helps managing encryption keys creation and data migration from open to encrypted tables (initial migration)<br/> \n		  <b>PLEASE NOTE:</b> you need to have PHP with SSL Encryption  <b>ENABLED</b>\n          <br/>\n          <br/>To enable data encryption please read help instructions (HOW TO button)','2022-02-06 20:03:37','2022-02-06 20:03:37'),(925,1,1,'encryption_data_manager_encryption_data_manager','error_openssl_disabled','Warning: OpenSSL for PHP is not available or not activated. You can not use encryption or this extension! <br> Check HELP for this extension for more details.','2022-02-06 20:03:37','2022-02-06 20:03:37'),(926,1,1,'encryption_data_manager_encryption_data_manager','error_data_encryption_disabled','Warning: Data Encryption is not enabled on your AbanteCart. You can not encrypt/decrypt data using this extension! <br> Check HELP for this extension for more details.','2022-02-06 20:03:37','2022-02-06 20:03:37'),(927,1,1,'encryption_data_manager_encryption_data_manager','key_gen_section_name','Generate Key Pair','2022-02-06 20:03:37','2022-02-06 20:03:37'),(928,1,1,'encryption_data_manager_encryption_data_manager','data_encryption','Encrypt Data','2022-02-06 20:03:37','2022-02-06 20:03:37'),(929,1,1,'encryption_data_manager_encryption_data_manager','error_required_data_missing','Missing required data field(s). Please check provided values','2022-02-06 20:03:37','2022-02-06 20:03:37'),(930,1,1,'encryption_data_manager_encryption_data_manager','entry_key_name','Unique key pair name:<br /><span class=\"help\">Name should not contain any spaces or special characters. Keeps it short and simple.</span>','2022-02-06 20:03:37','2022-02-06 20:03:37'),(931,1,1,'encryption_data_manager_encryption_data_manager','entry_key_length','Key length (bits):<br /><span class=\"help\">Specify key encryption bit length. Larger number represent stronger encryption, but can slower performance (Range 256 - 8192 )</span>','2022-02-06 20:03:37','2022-02-06 20:03:37'),(932,1,1,'encryption_data_manager_encryption_data_manager','entry_private_key_type','Ecncryption type:<br /><span class=\"help\">This is an encryption algorithm. Use default RSA if you are not advanced user.</span>','2022-02-06 20:03:37','2022-02-06 20:03:37'),(933,1,1,'encryption_data_manager_encryption_data_manager','entry_encrypt_key','Enable password based key:<br /><span class=\"help\">If enable, addtional passphrase will be required to decrypt text with use of private key. NOTE. This is not currently supported in data encryption.</span>','2022-02-06 20:03:37','2022-02-06 20:03:37'),(934,1,1,'encryption_data_manager_encryption_data_manager','entry_passphrase','Passphrase or key password:<br /><span class=\"help\">Remember the passphrase or key(s) will be useless and data might be lost</span>','2022-02-06 20:03:37','2022-02-06 20:03:37'),(935,1,1,'encryption_data_manager_encryption_data_manager','text_success_key_get','<b>Key pair has been created. See keys below and keep them safe.</b> <br/><br/> %s <br/><br/> %s ','2022-02-06 20:03:37','2022-02-06 20:03:37'),(936,1,1,'encryption_data_manager_encryption_data_manager','error_generating_keys_failed','Key pair generation failed. Check your settings and check error log.','2022-02-06 20:03:37','2022-02-06 20:03:37'),(937,1,1,'encryption_data_manager_encryption_data_manager','entry_enc_key','Key pair name:<br /><span class=\"help\">Select key to be used for encryption. IMPORTANT: Remember key that you used</span>','2022-02-06 20:03:37','2022-02-06 20:03:37'),(938,1,1,'encryption_data_manager_encryption_data_manager','entry_enc_tables','Table(s) to encrypt:<br /><span class=\"help\">Shown table(s) will be encryted with the key selected. Data can only be opened with this key</span>','2022-02-06 20:03:37','2022-02-06 20:03:37'),(939,1,1,'encryption_data_manager_encryption_data_manager','entry_enc_test_mode','Test Mode:<br /><span class=\"help\">Check first that all is OK to be encrepted.</span>','2022-02-06 20:03:37','2022-02-06 20:03:37'),(940,1,1,'encryption_data_manager_encryption_data_manager','entry_enc_remove_original','Remove source data:<br /><span class=\"help\">Remove source un-encrepted data records after encryption is complete</span>','2022-02-06 20:03:37','2022-02-06 20:03:37'),(941,1,1,'encryption_data_manager_encryption_data_manager','text_success_encrypting','<b>Data has been encrypted. <br />  See details:</b> <br/><br/> %s <br /><br /> <b>If you want this key to be used for new data encryption, add following line to file system/config.php : define(\'DATA_ENCRYPTION_KEYPAIR\', \'%s\'); </b> ','2022-02-06 20:03:37','2022-02-06 20:03:37'),(942,1,1,'encryption_data_manager_encryption_data_manager','text_encryption_test','<b>Data encryption test result</b> Check error log for any possible errors! <br/><br/> %s ','2022-02-06 20:03:37','2022-02-06 20:03:37'),(943,1,1,'encryption_data_manager_encryption_data_manager','error_encrypting','Data encryption failed. Check your settings and check error log.','2022-02-06 20:03:37','2022-02-06 20:03:37'),(944,1,1,'encryption_data_manager_encryption_data_manager','post_encrypting_notice','<b>Important notes! After encryption is completed data will be copied to mirror tables with data encrypted in them. \n    		<br />Follow instructions to add configuration to system/config.php for AbanteCart to switch read/write operations to encrypted tables. </b><br /> Add following line to configuration file: define(\'DATA_ENCRYPTION_KEYPAIR\', \'your_key_name\'); <br> This will be default key for read/write operations ','2022-02-06 20:03:37','2022-02-06 20:03:37'),(945,1,1,'encryption_data_manager_encryption_data_manager','encryption_usage','Encryption Usage','2022-02-06 20:03:37','2022-02-06 20:03:37'),(946,1,1,'encryption_data_manager_encryption_data_manager','text_unencrepted_records','Un-encrypted data records','2022-02-06 20:03:37','2022-02-06 20:03:37'),(947,1,1,'encryption_data_manager_encryption_data_manager','warn_encrypt_open_data','Use \'Encrypt Data\' Tab for initial encryption','2022-02-06 20:03:37','2022-02-06 20:03:37'),(948,1,1,'encryption_data_manager_encryption_data_manager','text_encrepted_records','Encrypted data records','2022-02-06 20:03:37','2022-02-06 20:03:37'),(949,1,1,'encryption_data_manager_encryption_data_manager','text_usage_heading_key_id','Key ID','2022-02-06 20:03:37','2022-02-06 20:03:37'),(950,1,1,'encryption_data_manager_encryption_data_manager','text_usage_heading_key_name','Key Name','2022-02-06 20:03:37','2022-02-06 20:03:37'),(951,1,1,'encryption_data_manager_encryption_data_manager','text_usage_heading_key_tables','Encrypted Tables Usage','2022-02-06 20:03:37','2022-02-06 20:03:37'),(952,1,1,'encryption_data_manager_encryption_data_manager','text_usage_heading_key_rotate','Rotate (change) Encryption to new key','2022-02-06 20:03:37','2022-02-06 20:03:37'),(953,1,1,'encryption_data_manager_encryption_data_manager','text_usage_records','record(s)','2022-02-06 20:03:37','2022-02-06 20:03:37'),(954,1,1,'fast_checkout_fast_checkout','fast_checkout_name','Fast Checkout','2022-02-06 20:03:37','2022-02-06 20:03:37'),(955,1,1,'fast_checkout_fast_checkout','fast_checkout_note','','2022-02-06 20:03:37','2022-02-06 20:03:37'),(956,1,1,'fast_checkout_fast_checkout','fast_checkout_allow_coupon','Allow coupon entry <br /><span class=\"help\">Enable coupon entry by customers and guests</span>','2022-02-06 20:03:37','2022-02-06 20:03:37'),(957,1,1,'fast_checkout_fast_checkout','fast_checkout_payment_address_equal_shipping','Require Payment Address Be the same as Shipping Address','2022-02-06 20:03:37','2022-02-06 20:03:37'),(958,1,1,'fast_checkout_fast_checkout','fast_checkout_require_phone_number','Require Phone Number <br /><span class=\"help\">Require phone number entry by customer or guest specific to the order</span>','2022-02-06 20:03:37','2022-02-06 20:03:37'),(959,1,1,'fast_checkout_fast_checkout','fast_checkout_create_account','Guest Checkout Create Account <br /><span class=\"help\">Offer the guest to create an account at the end of the checkout. This is transparent to guests and email will be sent with the login details.</span>','2022-02-06 20:03:37','2022-02-06 20:03:37'),(960,1,1,'fast_checkout_fast_checkout','fast_checkout_languages','Language Definitions','2022-02-06 20:03:37','2022-02-06 20:03:37'),(961,1,1,'fast_checkout_fast_checkout','fast_checkout_show_order_comment_field','Show order comment field<br/><span class=\"help\">Comment textarea will be shown during fast checkout process</span>','2022-02-06 20:03:37','2022-02-06 20:03:37'),(962,1,1,'forms_manager_forms_manager','forms_manager_name','Forms Manager','2022-02-06 20:03:37','2022-02-06 20:03:37'),(963,1,1,'forms_manager_forms_manager','forms_manager_status','Status:','2022-02-06 20:03:37','2022-02-06 20:03:37'),(964,1,1,'forms_manager_forms_manager','forms_manager_note','To manage forms please enable extension and follow Design-><a href=\"#admin#rt=tool/forms_manager\">Forms Manager</a>','2022-02-06 20:03:37','2022-02-06 20:03:37'),(965,1,1,'forms_manager_forms_manager','custom_forms_block','Custom Forms Block','2022-02-06 20:03:37','2022-02-06 20:03:37'),(966,1,1,'forms_manager_forms_manager','entry_form_name','Form Name<br/><span class=\"help\">Latin letters, underscore, minus only</span>','2022-02-06 20:03:37','2022-02-06 20:03:37'),(967,1,1,'forms_manager_forms_manager','entry_controller_path','Processing Controller','2022-02-06 20:03:37','2022-02-06 20:03:37'),(968,1,1,'forms_manager_forms_manager','entry_success_page','Success page<br/><span class=\"help\">Leave it empty if you want to redirect to the same page as controller</span>','2022-02-06 20:03:37','2022-02-06 20:03:37'),(969,1,1,'forms_manager_forms_manager','entry_form_description','Description','2022-02-06 20:03:37','2022-02-06 20:03:37'),(970,1,1,'forms_manager_forms_manager','text_default_email','Default Email','2022-02-06 20:03:37','2022-02-06 20:03:37'),(971,1,1,'forms_manager_forms_manager','text_contactus_page','Contact Us Page','2022-02-06 20:03:37','2022-02-06 20:03:37'),(972,1,1,'forms_manager_forms_manager','text_form','Form','2022-02-06 20:03:37','2022-02-06 20:03:37'),(973,1,1,'forms_manager_forms_manager','column_name','Name','2022-02-06 20:03:37','2022-02-06 20:03:37'),(974,1,1,'forms_manager_forms_manager','column_description','Description','2022-02-06 20:03:37','2022-02-06 20:03:37'),(975,1,1,'forms_manager_forms_manager','column_status','Status','2022-02-06 20:03:37','2022-02-06 20:03:37'),(976,1,1,'forms_manager_forms_manager','filter_exact_match','The exact phrase','2022-02-06 20:03:37','2022-02-06 20:03:37'),(977,1,1,'forms_manager_forms_manager','filter_any_word','Any of these words','2022-02-06 20:03:37','2022-02-06 20:03:37'),(978,1,1,'forms_manager_forms_manager','filter_all_words','All of these words','2022-02-06 20:03:37','2022-02-06 20:03:37'),(979,1,1,'forms_manager_forms_manager','text_clone','Clone','2022-02-06 20:03:37','2022-02-06 20:03:37'),(980,1,1,'forms_manager_forms_manager','filter_form','Search for form','2022-02-06 20:03:37','2022-02-06 20:03:37'),(981,1,1,'forms_manager_forms_manager','text_add_new_field','-- Add new field --','2022-02-06 20:03:37','2022-02-06 20:03:37'),(982,1,1,'forms_manager_forms_manager','button_add_field','Add Field','2022-02-06 20:03:37','2022-02-06 20:03:37'),(983,1,1,'forms_manager_forms_manager','button_reset','Reset','2022-02-06 20:03:37','2022-02-06 20:03:37'),(984,1,1,'forms_manager_forms_manager','text_field_type','Field type:','2022-02-06 20:03:37','2022-02-06 20:03:37'),(985,1,1,'forms_manager_forms_manager','button_remove_field','Remove field','2022-02-06 20:03:37','2022-02-06 20:03:37'),(986,1,1,'forms_manager_forms_manager','entry_field','Field','2022-02-06 20:03:37','2022-02-06 20:03:37'),(987,1,1,'forms_manager_forms_manager','entry_field_name','Field name (latin letters, underscore, minus only)','2022-02-06 20:03:37','2022-02-06 20:03:37'),(988,1,1,'forms_manager_forms_manager','entry_sort_order','Sort order','2022-02-06 20:03:37','2022-02-06 20:03:37'),(989,1,1,'forms_manager_forms_manager','entry_required','Required','2022-02-06 20:03:37','2022-02-06 20:03:37'),(990,1,1,'forms_manager_forms_manager','entry_edit_fields','Edit Fields','2022-02-06 20:03:37','2022-02-06 20:03:37'),(991,1,1,'forms_manager_forms_manager','entry_field_value','Field value','2022-02-06 20:03:37','2022-02-06 20:03:37'),(992,1,1,'forms_manager_forms_manager','error_required','This field is required!','2022-02-06 20:03:37','2022-02-06 20:03:37'),(993,1,1,'forms_manager_forms_manager','error_duplicate_form_name','There is already Form with such Name attribute.','2022-02-06 20:03:37','2022-02-06 20:03:37'),(994,1,1,'forms_manager_forms_manager','error_duplicate_field_name','There is already Field with such Name in the current Form.','2022-02-06 20:03:37','2022-02-06 20:03:37'),(995,1,1,'forms_manager_forms_manager','text_field_removed','The field has been successfully removed.','2022-02-06 20:03:37','2022-02-06 20:03:37'),(996,1,1,'forms_manager_forms_manager','text_success_form','The form has been successfully updated.','2022-02-06 20:03:37','2022-02-06 20:03:37'),(997,1,1,'forms_manager_forms_manager','text_success_field','The field has been successfully updated.','2022-02-06 20:03:37','2022-02-06 20:03:37'),(998,1,1,'forms_manager_forms_manager','text_success_added_form','The new Form has been successfully added.','2022-02-06 20:03:37','2022-02-06 20:03:37'),(999,1,1,'forms_manager_forms_manager','text_success_added_field','The new field has been successfully added.','2022-02-06 20:03:37','2022-02-06 20:03:37'),(1000,1,1,'forms_manager_forms_manager','text_add_field','Add new field','2022-02-06 20:03:37','2022-02-06 20:03:37'),(1001,1,1,'forms_manager_forms_manager','entry_field_description','Display name','2022-02-06 20:03:37','2022-02-06 20:03:37'),(1002,1,1,'forms_manager_forms_manager','entry_add_new_form','Add New Form','2022-02-06 20:03:37','2022-02-06 20:03:37'),(1003,1,1,'forms_manager_forms_manager','text_create_block','Create Form Block','2022-02-06 20:03:37','2022-02-06 20:03:37'),(1004,1,1,'forms_manager_forms_manager','entry_no_set_values','You can\'t set values for this field type.','2022-02-06 20:03:37','2022-02-06 20:03:37'),(1005,1,1,'forms_manager_forms_manager','text_field_values','Field Values','2022-02-06 20:03:37','2022-02-06 20:03:37'),(1006,1,1,'forms_manager_forms_manager','note_create_form_block','NOTE: To see this form shown on storefront, create form block at Design-><a href=\"%s\">Blocks</a> and add it to appropriate page at Design-><a href=\"%s\">Layouts</a> page.','2022-02-06 20:03:37','2022-02-06 20:03:37'),(1007,1,1,'forms_manager_forms_manager','note_edit_layout','NOTE: To see this block shown on storefront, add it to appropriate page	at Design-><a href=\"%s\">Layouts</a>. To create new form go to Design-><a href=\"%s\">Form Manager</a> page.','2022-02-06 20:03:37','2022-02-06 20:03:37'),(1008,1,1,'forms_manager_forms_manager','text_select_field_type','--- Please select ---','2022-02-06 20:03:37','2022-02-06 20:03:37'),(1009,1,1,'forms_manager_forms_manager','entry_field_note','Field note','2022-02-06 20:03:37','2022-02-06 20:03:37'),(1010,1,1,'forms_manager_forms_manager','forms_manager_default_sender_name','Default Sender:','2022-02-06 20:03:37','2022-02-06 20:03:37'),(1011,1,1,'forms_manager_forms_manager','forms_manager_default_sender_email','Default Sender Email:','2022-02-06 20:03:37','2022-02-06 20:03:37'),(1012,1,1,'forms_manager_forms_manager','entry_field_placeholder','Placeholder:','2022-02-06 20:03:37','2022-02-06 20:03:37'),(1013,1,1,'forms_manager_forms_manager','entry_regexp_pattern','Regular Expression Pattern:','2022-02-06 20:03:37','2022-02-06 20:03:37'),(1014,1,1,'forms_manager_forms_manager','entry_error_text','Error Message about invalid Value:','2022-02-06 20:03:37','2022-02-06 20:03:37'),(1015,1,1,'forms_manager_forms_manager','entry_form','Form','2022-02-06 20:03:37','2022-02-06 20:03:37'),(1016,1,1,'forms_manager_forms_manager','error_fill_required','Please fill all required fields of form!','2022-02-06 20:03:37','2022-02-06 20:03:37'),(1017,1,1,'forms_manager_forms_manager','error_form_name','Name of form cannot be empty!','2022-02-06 20:03:37','2022-02-06 20:03:37'),(1018,1,1,'forms_manager_forms_manager','error_form_description','Description of form cannot be empty!','2022-02-06 20:03:37','2022-02-06 20:03:37'),(1019,1,1,'forms_manager_forms_manager','error_field_name_exists','Field With Name %s already present in the Form!','2022-02-06 20:03:37','2022-02-06 20:03:37'),(1020,1,1,'forms_manager_forms_manager','forms_manager_error_empty_sender','Warning! Please set default sender name and default sender email in <a href=\"#admin#rt=extension/extensions/edit&extension=forms_manager\" target=\"_blank\">forms manager settings</a>','2022-02-06 20:03:37','2022-02-06 20:03:37'),(1021,1,1,'catalog_attribute','heading_title','Global Attributes','2022-02-06 20:03:37','2022-02-06 20:03:37'),(1022,1,1,'catalog_attribute','text_attribute','Global Attribute','2022-02-06 20:03:37','2022-02-06 20:03:37'),(1023,1,1,'catalog_attribute','text_success','Success: You have modified attributes!','2022-02-06 20:03:37','2022-02-06 20:03:37'),(1024,1,1,'catalog_attribute','text_select_type','- Select Type -','2022-02-06 20:03:37','2022-02-06 20:03:37'),(1025,1,1,'catalog_attribute','text_select_parent','- Select Parent -','2022-02-06 20:03:37','2022-02-06 20:03:37'),(1026,1,1,'catalog_attribute','column_name','Name','2022-02-06 20:03:37','2022-02-06 20:03:37'),(1027,1,1,'catalog_attribute','column_type','Type','2022-02-06 20:03:37','2022-02-06 20:03:37'),(1028,1,1,'catalog_attribute','column_sort_order','Sort Order','2022-02-06 20:03:37','2022-02-06 20:03:37'),(1029,1,1,'catalog_attribute','column_status','Status','2022-02-06 20:03:37','2022-02-06 20:03:37'),(1030,1,1,'catalog_attribute','column_action','Action','2022-02-06 20:03:37','2022-02-06 20:03:37'),(1031,1,1,'catalog_attribute','entry_name','Name:','2022-02-06 20:03:37','2022-02-06 20:03:37'),(1032,1,1,'catalog_attribute','entry_attribute_parent','Attribute Parent:','2022-02-06 20:03:37','2022-02-06 20:03:37'),(1033,1,1,'catalog_attribute','entry_attribute_group','Attribute Group:','2022-02-06 20:03:37','2022-02-06 20:03:37'),(1034,1,1,'catalog_attribute','entry_attribute_type','Attribute Type:','2022-02-06 20:03:37','2022-02-06 20:03:37'),(1035,1,1,'catalog_attribute','entry_element_type','Element Type:','2022-02-06 20:03:37','2022-02-06 20:03:37'),(1036,1,1,'catalog_attribute','entry_element_values','Element Values:','2022-02-06 20:03:37','2022-02-06 20:03:37'),(1037,1,1,'catalog_attribute','entry_sort_order','Sort Order:','2022-02-06 20:03:37','2022-02-06 20:03:37'),(1038,1,1,'catalog_attribute','entry_required','Required:','2022-02-06 20:03:37','2022-02-06 20:03:37'),(1039,1,1,'catalog_attribute','entry_status','Status:','2022-02-06 20:03:37','2022-02-06 20:03:37'),(1040,1,1,'catalog_attribute','entry_children_attributes','Children Attributes:','2022-02-06 20:03:37','2022-02-06 20:03:37'),(1041,1,1,'catalog_attribute','error_permission','Warning: You do not have permission to modify global attributes!','2022-02-06 20:03:37','2022-02-06 20:03:37'),(1042,1,1,'catalog_attribute','error_name','Group Name must be between 2 and 32 characters!','2022-02-06 20:03:37','2022-02-06 20:03:37'),(1043,1,1,'catalog_attribute','error_required','This field is required!','2022-02-06 20:03:37','2022-02-06 20:03:37'),(1044,1,1,'catalog_attribute','text_parent_note','If this is a parent attribute with children attributes, it can only be of type SelectBox, MultiSelect Box, Checkbox and Checkbox group.<br>Children values combination will be shown as one set.','2022-02-06 20:03:37','2022-02-06 20:03:37'),(1045,1,1,'catalog_attribute','entry_allowed_extensions','Allowed File Extensions (txt, jpg …)','2022-02-06 20:03:37','2022-02-06 20:03:37'),(1046,1,1,'catalog_attribute','entry_min_size','Min file size (Kb)','2022-02-06 20:03:37','2022-02-06 20:03:37'),(1047,1,1,'catalog_attribute','entry_max_size','Max file size (Kb)','2022-02-06 20:03:37','2022-02-06 20:03:37'),(1048,1,1,'catalog_attribute','entry_upload_dir','Upload directory name<br>%s','2022-02-06 20:03:37','2022-02-06 20:03:37'),(1049,1,1,'catalog_attribute','entry_regexp_pattern','Regular Expression Pattern for Validation of Values:','2022-02-06 20:03:37','2022-02-06 20:03:37'),(1050,1,1,'catalog_attribute','entry_error_text','Error Message of invalid Value:','2022-02-06 20:03:37','2022-02-06 20:03:37'),(1051,1,1,'catalog_attribute','entry_placeholder','Placeholder:','2022-02-06 20:03:37','2022-02-06 20:03:37'),(1052,1,1,'catalog_attribute','error_attribute_name','Attribute Name must be between 2 and 64 characters!','2022-02-06 20:03:37','2022-02-06 20:03:37'),(1053,1,1,'catalog_attribute','error_error_text','Error text about invalid attribute value must be between 2 and 255 characters!','2022-02-06 20:03:37','2022-02-06 20:03:37'),(1054,1,1,'catalog_attribute','error_regexp_pattern','Regular Expression Pattern is invalid!','2022-02-06 20:03:37','2022-02-06 20:03:37'),(1055,1,1,'catalog_attribute','entry_show_to_customer','Show to Customer','2022-02-06 20:03:37','2022-02-06 20:03:37'),(1056,1,1,'catalog_attribute_groups','heading_title','Global Attribute Groups','2022-02-06 20:03:37','2022-02-06 20:03:37'),(1057,1,1,'catalog_attribute_groups','text_group','Attribute Group','2022-02-06 20:03:37','2022-02-06 20:03:37'),(1058,1,1,'catalog_attribute_groups','text_success','Success: You have modified groups!','2022-02-06 20:03:37','2022-02-06 20:03:37'),(1059,1,1,'catalog_attribute_groups','column_name','Group Name','2022-02-06 20:03:37','2022-02-06 20:03:37'),(1060,1,1,'catalog_attribute_groups','column_sort_order','Sort Order','2022-02-06 20:03:37','2022-02-06 20:03:37'),(1061,1,1,'catalog_attribute_groups','column_status','Status','2022-02-06 20:03:37','2022-02-06 20:03:37'),(1062,1,1,'catalog_attribute_groups','column_action','Action','2022-02-06 20:03:37','2022-02-06 20:03:37'),(1063,1,1,'catalog_attribute_groups','entry_name','Group Name:','2022-02-06 20:03:37','2022-02-06 20:03:37'),(1064,1,1,'catalog_attribute_groups','entry_sort_order','Group Sort Order:','2022-02-06 20:03:37','2022-02-06 20:03:37'),(1065,1,1,'catalog_attribute_groups','entry_status','Group Status:','2022-02-06 20:03:37','2022-02-06 20:03:37'),(1066,1,1,'catalog_attribute_groups','error_permission','Warning: You do not have permission to modify attribute groups!','2022-02-06 20:03:37','2022-02-06 20:03:37'),(1067,1,1,'catalog_attribute_groups','error_name','Group Name must be between 2 and 32 characters!','2022-02-06 20:03:37','2022-02-06 20:03:37'),(1068,1,1,'catalog_category','heading_title','Categories','2022-02-06 20:03:37','2022-02-06 20:03:37'),(1069,1,1,'catalog_category','text_category','Category','2022-02-06 20:03:37','2022-02-06 20:03:37'),(1070,1,1,'catalog_category','text_success','Success: You have modified categories!','2022-02-06 20:03:37','2022-02-06 20:03:37'),(1071,1,1,'catalog_category','text_default','Default','2022-02-06 20:03:37','2022-02-06 20:03:37'),(1072,1,1,'catalog_category','text_image_manager','Image Manager','2022-02-06 20:03:37','2022-02-06 20:03:37'),(1073,1,1,'catalog_category','update_title','Update Category','2022-02-06 20:03:37','2022-02-06 20:03:37'),(1074,1,1,'catalog_category','column_image','Image','2022-02-06 20:03:37','2022-02-06 20:03:37'),(1075,1,1,'catalog_category','column_name','Category Name','2022-02-06 20:03:37','2022-02-06 20:03:37'),(1076,1,1,'catalog_category','column_sort_order','Sort Order','2022-02-06 20:03:37','2022-02-06 20:03:37'),(1077,1,1,'catalog_category','column_status','Status','2022-02-06 20:03:37','2022-02-06 20:03:37'),(1078,1,1,'catalog_category','column_products','Products count','2022-02-06 20:03:37','2022-02-06 20:03:37'),(1079,1,1,'catalog_category','column_subcategories','Subcategories count','2022-02-06 20:03:37','2022-02-06 20:03:37'),(1080,1,1,'catalog_category','entry_name','Category Name:','2022-02-06 20:03:37','2022-02-06 20:03:37'),(1081,1,1,'catalog_category','entry_meta_keywords','Meta Tag Keywords:','2022-02-06 20:03:37','2022-02-06 20:03:37'),(1082,1,1,'catalog_category','entry_meta_description','Meta Tag Description:','2022-02-06 20:03:37','2022-02-06 20:03:37'),(1083,1,1,'catalog_category','entry_description','Description:','2022-02-06 20:03:37','2022-02-06 20:03:37'),(1084,1,1,'catalog_category','entry_status','Category Status:','2022-02-06 20:03:37','2022-02-06 20:03:37'),(1085,1,1,'catalog_category','entry_parent_category','Parent Category:','2022-02-06 20:03:37','2022-02-06 20:03:37'),(1086,1,1,'catalog_category','entry_store','Stores:','2022-02-06 20:03:37','2022-02-06 20:03:37'),(1087,1,1,'catalog_category','entry_keyword','SEO Keyword:','2022-02-06 20:03:37','2022-02-06 20:03:37'),(1088,1,1,'catalog_category','entry_image','Image:','2022-02-06 20:03:37','2022-02-06 20:03:37'),(1089,1,1,'catalog_category','entry_sort_order','Sort Order:','2022-02-06 20:03:37','2022-02-06 20:03:37'),(1090,1,1,'catalog_category','error_permission','Warning: You do not have permission to modify categories!','2022-02-06 20:03:37','2022-02-06 20:03:37'),(1091,1,1,'catalog_category','error_name','Category Name must be between 2 and 32 characters!','2022-02-06 20:03:37','2022-02-06 20:03:37'),(1092,1,1,'catalog_category','error_required_data','Required Data has not been entered. Check for field errors!','2022-02-06 20:03:37','2022-02-06 20:03:37'),(1093,1,1,'catalog_category','text_select_all','- All Categories -','2022-02-06 20:03:37','2022-02-06 20:03:37'),(1094,1,1,'catalog_category','text_top_level','- Top Level -','2022-02-06 20:03:37','2022-02-06 20:03:37'),(1095,1,1,'catalog_category','text_select_parent','- Select Parent -','2022-02-06 20:03:37','2022-02-06 20:03:37'),(1096,1,1,'catalog_category','text_success_layout','Success: You have modified category page layout.','2022-02-06 20:03:37','2022-02-06 20:03:37'),(1097,1,1,'catalog_category','tab_layout',' Layout ','2022-02-06 20:03:37','2022-02-06 20:03:37'),(1098,1,1,'catalog_category','tab_image','Images','2022-02-06 20:03:37','2022-02-06 20:03:37'),(1099,1,1,'catalog_collections','heading_title','Collections','2022-02-06 20:03:37','2022-02-06 20:03:37'),(1100,1,1,'catalog_collections','collection_column_name','Collection Name','2022-02-06 20:03:37','2022-02-06 20:03:37'),(1101,1,1,'catalog_collections','collection_column_status','Status','2022-02-06 20:03:37','2022-02-06 20:03:37'),(1102,1,1,'catalog_collections','collection_column_date_added','Date Added','2022-02-06 20:03:37','2022-02-06 20:03:37'),(1103,1,1,'catalog_collections','entry_name','Collection Name:','2022-02-06 20:03:37','2022-02-06 20:03:37'),(1104,1,1,'catalog_collections','entry_status','Status:','2022-02-06 20:03:37','2022-02-06 20:03:37'),(1105,1,1,'catalog_collections','entry_description','Internal description:','2022-02-06 20:03:37','2022-02-06 20:03:37'),(1106,1,1,'catalog_collections','save_error_name','Collection Name is required.','2022-02-06 20:03:37','2022-02-06 20:03:37'),(1107,1,1,'catalog_collections','collection_new','New Collection','2022-02-06 20:03:37','2022-02-06 20:03:37'),(1108,1,1,'catalog_collections','collection_update','Update Collection','2022-02-06 20:03:37','2022-02-06 20:03:37'),(1109,1,1,'catalog_collections','conditions_title','Conditions:','2022-02-06 20:03:37','2022-02-06 20:03:37'),(1110,1,1,'catalog_collections','text_if_1','If:','2022-02-06 20:03:37','2022-02-06 20:03:37'),(1111,1,1,'catalog_collections','text_all','All','2022-02-06 20:03:37','2022-02-06 20:03:37'),(1112,1,1,'catalog_collections','text_any','Any','2022-02-06 20:03:37','2022-02-06 20:03:37'),(1113,1,1,'catalog_collections','text_if_2','of these conditions are','2022-02-06 20:03:37','2022-02-06 20:03:37'),(1114,1,1,'catalog_collections','text_true','True','2022-02-06 20:03:37','2022-02-06 20:03:37'),(1115,1,1,'catalog_collections','text_false','False','2022-02-06 20:03:37','2022-02-06 20:03:37'),(1116,1,1,'catalog_collections','entry_condition_object','Add Condition:','2022-02-06 20:03:37','2022-02-06 20:03:37'),(1117,1,1,'catalog_collections','text_product_price','Product Price','2022-02-06 20:03:37','2022-02-06 20:03:37'),(1118,1,1,'catalog_collections','text_categories','Categories','2022-02-06 20:03:37','2022-02-06 20:03:37'),(1119,1,1,'catalog_collections','text_brands','Brands','2022-02-06 20:03:37','2022-02-06 20:03:37'),(1120,1,1,'catalog_collections','text_products','Products','2022-02-06 20:03:37','2022-02-06 20:03:37'),(1121,1,1,'catalog_collections','text_tags','Tags','2022-02-06 20:03:37','2022-02-06 20:03:37'),(1122,1,1,'catalog_collections','entry_categories','Categories:','2022-02-06 20:03:37','2022-02-06 20:03:37'),(1123,1,1,'catalog_collections','text_in','In','2022-02-06 20:03:37','2022-02-06 20:03:37'),(1124,1,1,'catalog_collections','text_not_in','Not in','2022-02-06 20:03:37','2022-02-06 20:03:37'),(1125,1,1,'catalog_collections','text_select_category','-Select Category-','2022-02-06 20:03:37','2022-02-06 20:03:37'),(1126,1,1,'catalog_collections','entry_product_price','Product Price:','2022-02-06 20:03:37','2022-02-06 20:03:37'),(1127,1,1,'catalog_collections','text_equal','Equal','2022-02-06 20:03:37','2022-02-06 20:03:37'),(1128,1,1,'catalog_collections','text_not_equal','Not Equal','2022-02-06 20:03:37','2022-02-06 20:03:37'),(1129,1,1,'catalog_collections','text_equal_or_less','Equal or Less','2022-02-06 20:03:37','2022-02-06 20:03:37'),(1130,1,1,'catalog_collections','text_equal_or_greater','Equal or Greater','2022-02-06 20:03:37','2022-02-06 20:03:37'),(1131,1,1,'catalog_collections','text_greater','Greater','2022-02-06 20:03:37','2022-02-06 20:03:37'),(1132,1,1,'catalog_collections','text_less','Less','2022-02-06 20:03:37','2022-02-06 20:03:37'),(1133,1,1,'catalog_collections','entry_brands','Brands:','2022-02-06 20:03:37','2022-02-06 20:03:37'),(1134,1,1,'catalog_collections','text_select_manufacturer','-Select Brand-','2022-02-06 20:03:37','2022-02-06 20:03:37'),(1135,1,1,'catalog_collections','entry_products','Products:','2022-02-06 20:03:37','2022-02-06 20:03:37'),(1136,1,1,'catalog_collections','entry_tags','Tags:','2022-02-06 20:03:37','2022-02-06 20:03:37'),(1137,1,1,'catalog_collections','text_select_tags','-Select Tag-','2022-02-06 20:03:37','2022-02-06 20:03:37'),(1138,1,1,'catalog_collections','text_select_tag','-Select Tag-','2022-02-06 20:03:37','2022-02-06 20:03:37'),(1139,1,1,'catalog_collections','save_complete','Save Complete','2022-02-06 20:03:37','2022-02-06 20:03:37'),(1140,1,1,'catalog_collections','entry_meta_keywords','Meta Keywords:','2022-02-06 20:03:37','2022-02-06 20:03:37'),(1141,1,1,'catalog_collections','entry_meta_description','Meta Description:','2022-02-06 20:03:37','2022-02-06 20:03:37'),(1142,1,1,'catalog_collections','entry_keyword','SEO Keyword:','2022-02-06 20:03:37','2022-02-06 20:03:37'),(1143,1,1,'catalog_collections','tab_layout','Layout','2022-02-06 20:03:37','2022-02-06 20:03:37'),(1144,1,1,'catalog_collections','text_collection','Collection','2022-02-06 20:03:37','2022-02-06 20:03:37'),(1145,1,1,'catalog_collections','text_success_layout','Layout Save Complete','2022-02-06 20:03:37','2022-02-06 20:03:37'),(1146,1,1,'catalog_collections','entry_title','Title:','2022-02-06 20:03:37','2022-02-06 20:03:37'),(1147,1,1,'catalog_collections','entry_products_count','Products Count:','2022-02-06 20:03:37','2022-02-06 20:03:37'),(1148,1,1,'catalog_collections','entry_collection_id','Select Collection:','2022-02-06 20:03:37','2022-02-06 20:03:37'),(1149,1,1,'catalog_collections','save_error_unique_keyword','Keyword must be unique!','2022-02-06 20:03:37','2022-02-06 20:03:37'),(1150,1,1,'catalog_download','heading_title','Shared Downloads','2022-02-06 20:03:37','2022-02-06 20:03:37'),(1151,1,1,'catalog_download','text_download','Shared Download','2022-02-06 20:03:37','2022-02-06 20:03:37'),(1152,1,1,'catalog_download','insert_title','Insert Download','2022-02-06 20:03:37','2022-02-06 20:03:37'),(1153,1,1,'catalog_download','update_title','Update Download','2022-02-06 20:03:37','2022-02-06 20:03:37'),(1154,1,1,'catalog_download','text_success','Success: You have modified downloads!','2022-02-06 20:03:37','2022-02-06 20:03:37'),(1155,1,1,'catalog_download','column_name','Download Name','2022-02-06 20:03:37','2022-02-06 20:03:37'),(1156,1,1,'catalog_download','column_remaining','Total Downloads Allowed','2022-02-06 20:03:37','2022-02-06 20:03:37'),(1157,1,1,'catalog_download','column_action','Action','2022-02-06 20:03:37','2022-02-06 20:03:37'),(1158,1,1,'catalog_download','entry_name','Download Name:','2022-02-06 20:03:37','2022-02-06 20:03:37'),(1159,1,1,'catalog_download','entry_filename','Filename:','2022-02-06 20:03:37','2022-02-06 20:03:37'),(1160,1,1,'catalog_download','entry_remaining','Total Downloads Allowed:','2022-02-06 20:03:37','2022-02-06 20:03:37'),(1161,1,1,'catalog_download','entry_update','Push to Previous Customers:<br /><span class=\"help\">Check this to update previously purchased versions as well.</span>','2022-02-06 20:03:37','2022-02-06 20:03:37'),(1162,1,1,'catalog_download','error_permission','Warning: You do not have permission to modify downloads!','2022-02-06 20:03:37','2022-02-06 20:03:37'),(1163,1,1,'catalog_download','error_name','Name must be between 2 and 64 characters!','2022-02-06 20:03:37','2022-02-06 20:03:37'),(1164,1,1,'catalog_download','error_file','Please set the file for download.','2022-02-06 20:03:37','2022-02-06 20:03:37'),(1165,1,1,'catalog_download','error_product','Warning: This download cannot be deleted as it is currently assigned to %s products!','2022-02-06 20:03:37','2022-02-06 20:03:37'),(1166,1,1,'catalog_download','column_image','Image','2022-02-06 20:03:37','2022-02-06 20:03:37'),(1167,1,1,'catalog_download','column_products_count','Products Count','2022-02-06 20:03:37','2022-02-06 20:03:37'),(1168,1,1,'catalog_files','heading_title','Product Files','2022-02-06 20:03:37','2022-02-06 20:03:37'),(1169,1,1,'catalog_files','text_product','Product','2022-02-06 20:03:37','2022-02-06 20:03:37'),(1170,1,1,'catalog_files','text_edit_product_file','Edit Product File','2022-02-06 20:03:37','2022-02-06 20:03:37'),(1171,1,1,'catalog_files','tab_files','Files','2022-02-06 20:03:37','2022-02-06 20:03:37'),(1172,1,1,'catalog_files','tab_general','General','2022-02-06 20:03:37','2022-02-06 20:03:37'),(1173,1,1,'catalog_files','tab_attributes','Download Attributes','2022-02-06 20:03:37','2022-02-06 20:03:37'),(1174,1,1,'catalog_files','entry_file_icon','File Icon','2022-02-06 20:03:37','2022-02-06 20:03:37'),(1175,1,1,'catalog_files','entry_status',' Status','2022-02-06 20:03:37','2022-02-06 20:03:37'),(1176,1,1,'catalog_files','entry_resource',' Resource','2022-02-06 20:03:37','2022-02-06 20:03:37'),(1177,1,1,'catalog_files','entry_name',' Name','2022-02-06 20:03:37','2022-02-06 20:03:37'),(1178,1,1,'catalog_files','entry_download_name','Download Name','2022-02-06 20:03:37','2022-02-06 20:03:37'),(1179,1,1,'catalog_files','entry_mask','Download mask <span class=\"help\">Filename alias for customer download output</span>','2022-02-06 20:03:37','2022-02-06 20:03:37'),(1180,1,1,'catalog_files','entry_file_full_path','File Server Path ','2022-02-06 20:03:37','2022-02-06 20:03:37'),(1181,1,1,'catalog_files','entry_file_max_downloads','Max Download','2022-02-06 20:03:37','2022-02-06 20:03:37'),(1182,1,1,'catalog_files','entry_file_sort_order','Sort order','2022-02-06 20:03:37','2022-02-06 20:03:37'),(1183,1,1,'catalog_files','entry_file_status','Status','2022-02-06 20:03:37','2022-02-06 20:03:37'),(1184,1,1,'catalog_files','entry_also_mapped_to','Shared With','2022-02-06 20:03:37','2022-02-06 20:03:37'),(1185,1,1,'catalog_files','entry_file_push_to_customers','Push to customers','2022-02-06 20:03:37','2022-02-06 20:03:37'),(1186,1,1,'catalog_files','entry_file_activation','Activation Mode','2022-02-06 20:03:37','2022-02-06 20:03:37'),(1187,1,1,'catalog_files','text_add_file','Add File','2022-02-06 20:03:37','2022-02-06 20:03:37'),(1188,1,1,'catalog_files','text_new_file','Add New File','2022-02-06 20:03:37','2022-02-06 20:03:37'),(1189,1,1,'catalog_files','text_download_attributes','Download Attributes','2022-02-06 20:03:37','2022-02-06 20:03:37'),(1190,1,1,'catalog_files','text_download_information','General','2022-02-06 20:03:37','2022-02-06 20:03:37'),(1191,1,1,'catalog_files','entry_date_added','Added on ','2022-02-06 20:03:37','2022-02-06 20:03:37'),(1192,1,1,'catalog_files','entry_date_modified','Modified ','2022-02-06 20:03:37','2022-02-06 20:03:37'),(1193,1,1,'catalog_files','entry_max_downloads','Max downloads <span class=\"help\">Count of downloads allowed for customer</span>','2022-02-06 20:03:37','2022-02-06 20:03:37'),(1194,1,1,'catalog_files','entry_activate','Activated<span class=\"help\">Download will be activates on the event selected.<br>Example: Immediately. Download is activate  after order is placed, regardless of the order status</span>','2022-02-06 20:03:37','2022-02-06 20:03:37'),(1195,1,1,'catalog_files','entry_sort_order','Sort Order','2022-02-06 20:03:37','2022-02-06 20:03:37'),(1196,1,1,'catalog_files','entry_expire_days','Expire days<span class=\"help\">Count of days from date of purchase</span>','2022-02-06 20:03:37','2022-02-06 20:03:37'),(1197,1,1,'catalog_files','text_before_order','Before Order','2022-02-06 20:03:37','2022-02-06 20:03:37'),(1198,1,1,'catalog_files','text_immediately','Immediately','2022-02-06 20:03:37','2022-02-06 20:03:37'),(1199,1,1,'catalog_files','text_on_order_status','on Order Status','2022-02-06 20:03:37','2022-02-06 20:03:37'),(1200,1,1,'catalog_files','text_manually','Manually','2022-02-06 20:03:37','2022-02-06 20:03:37'),(1201,1,1,'catalog_files','text_success_download_save','Success: You have modified file! ','2022-02-06 20:03:37','2022-02-06 20:03:37'),(1202,1,1,'catalog_files','error_download_exists','Error: Cannot to update download because it does not exists in database! ','2022-02-06 20:03:37','2022-02-06 20:03:37'),(1203,1,1,'catalog_files','error_download_name','Error: Download name must have length between 2 and 128 characters! ','2022-02-06 20:03:37','2022-02-06 20:03:37'),(1204,1,1,'catalog_files','error_max_downloads','Error: maximum downloads count must be greater 0! ','2022-02-06 20:03:37','2022-02-06 20:03:37'),(1205,1,1,'catalog_files','error_activate','Error: select action for activation of download! ','2022-02-06 20:03:37','2022-02-06 20:03:37'),(1206,1,1,'catalog_files','error_order_status','Error: select order status for activation of download! ','2022-02-06 20:03:37','2022-02-06 20:03:37'),(1207,1,1,'catalog_files','error_download_attributes','Download Attributes Error(s):','2022-02-06 20:03:37','2022-02-06 20:03:37'),(1208,1,1,'catalog_files','text_shared_downloads','Shared Downloads','2022-02-06 20:03:37','2022-02-06 20:03:37'),(1209,1,1,'catalog_files','text_create_download','Create new download','2022-02-06 20:03:37','2022-02-06 20:03:37'),(1210,1,1,'catalog_files','text_path','Relative path to file','2022-02-06 20:03:37','2022-02-06 20:03:37'),(1211,1,1,'catalog_files','text_preview','Preview','2022-02-06 20:03:37','2022-02-06 20:03:37'),(1212,1,1,'catalog_files','entry_shared','Shared Download','2022-02-06 20:03:37','2022-02-06 20:03:37'),(1213,1,1,'catalog_files','text_assign',' Save ','2022-02-06 20:03:37','2022-02-06 20:03:37'),(1214,1,1,'catalog_files','text_assigned_to','Also assigned to: ','2022-02-06 20:03:37','2022-02-06 20:03:37'),(1215,1,1,'catalog_files','text_select_shared_downloads','Select shared downloads','2022-02-06 20:03:37','2022-02-06 20:03:37'),(1216,1,1,'catalog_files','error_selected_downloads','Warning: Please select the shared downloads for assign.','2022-02-06 20:03:37','2022-02-06 20:03:37'),(1217,1,1,'catalog_files','text_map_success','Success: You have assigned shared downloads to product!','2022-02-06 20:03:37','2022-02-06 20:03:37'),(1218,1,1,'catalog_files','text_delete_or_refuse','delete or refuse (for shared)','2022-02-06 20:03:37','2022-02-06 20:03:37'),(1219,1,1,'catalog_files','text_confirm_delete','Confirm download delete/refuse','2022-02-06 20:03:37','2022-02-06 20:03:37'),(1220,1,1,'catalog_files','text_success_remove','Success: product files list changed!','2022-02-06 20:03:37','2022-02-06 20:03:37'),(1221,1,1,'catalog_files','text_push','Push','2022-02-06 20:03:37','2022-02-06 20:03:37'),(1222,1,1,'catalog_files','text_push_to_customers','Push to Customers','2022-02-06 20:03:37','2022-02-06 20:03:37'),(1223,1,1,'catalog_files','text_push_to_orders','Push Download to %s Orders','2022-02-06 20:03:37','2022-02-06 20:03:37'),(1224,1,1,'catalog_files','success_push_to_orders','Success: Download was pushed  to %s order(s) successfully','2022-02-06 20:03:37','2022-02-06 20:03:37'),(1225,1,1,'catalog_files','text_no_download_attributes_yet',' No download attributes yet. <a href=\"%s\" target=\"_blank\">Click to add</a>','2022-02-06 20:03:37','2022-02-06 20:03:37'),(1226,1,1,'catalog_files','text_confirm_push',' Confirm? ','2022-02-06 20:03:37','2022-02-06 20:03:37'),(1227,1,1,'catalog_files','error_downloads_disabled','Warning: Downloads are disabled in store settings. <a href=\"#admin#rt=setting/setting&active=general\" target=\"new\">Click to Edit</a>!','2022-02-06 20:03:37','2022-02-06 20:03:37'),(1228,1,1,'catalog_files','error_permission','Warning: You do not have permission to modify product files!','2022-02-06 20:03:37','2022-02-06 20:03:37'),(1229,1,1,'catalog_files','error_file','Please set the file for download.','2022-02-06 20:03:37','2022-02-06 20:03:37'),(1230,1,1,'catalog_files','attention_shared','You are about to edit shared download. Edit will effect other products.','2022-02-06 20:03:37','2022-02-06 20:03:37'),(1231,1,1,'catalog_files','text_shared_with','Shared with:','2022-02-06 20:03:37','2022-02-06 20:03:37'),(1232,1,1,'catalog_manufacturer','heading_title','Brands','2022-02-06 20:03:37','2022-02-06 20:03:37'),(1233,1,1,'catalog_manufacturer','text_manufacturer','Brand','2022-02-06 20:03:37','2022-02-06 20:03:37'),(1234,1,1,'catalog_manufacturer','text_success','Success: You have modified brands!','2022-02-06 20:03:37','2022-02-06 20:03:37'),(1235,1,1,'catalog_manufacturer','text_default','Default','2022-02-06 20:03:37','2022-02-06 20:03:37'),(1236,1,1,'catalog_manufacturer','text_image_manager','Image Manager','2022-02-06 20:03:37','2022-02-06 20:03:37'),(1237,1,1,'catalog_manufacturer','column_name','Brand Name','2022-02-06 20:03:37','2022-02-06 20:03:37'),(1238,1,1,'catalog_manufacturer','column_sort_order','Sort Order','2022-02-06 20:03:37','2022-02-06 20:03:37'),(1239,1,1,'catalog_manufacturer','column_action','Action','2022-02-06 20:03:37','2022-02-06 20:03:37'),(1240,1,1,'catalog_manufacturer','entry_name','Brand Name:','2022-02-06 20:03:37','2022-02-06 20:03:37'),(1241,1,1,'catalog_manufacturer','entry_store','Stores:','2022-02-06 20:03:37','2022-02-06 20:03:37'),(1242,1,1,'catalog_manufacturer','entry_keyword','SEO Keyword:','2022-02-06 20:03:37','2022-02-06 20:03:37'),(1243,1,1,'catalog_manufacturer','entry_edit','Edit','2022-02-06 20:03:37','2022-02-06 20:03:37'),(1244,1,1,'catalog_manufacturer','entry_layout',' Layout ','2022-02-06 20:03:37','2022-02-06 20:03:37'),(1245,1,1,'catalog_manufacturer','entry_image','Image:','2022-02-06 20:03:37','2022-02-06 20:03:37'),(1246,1,1,'catalog_manufacturer','entry_sort_order','Sort Order:','2022-02-06 20:03:37','2022-02-06 20:03:37'),(1247,1,1,'catalog_manufacturer','error_manufacturer_not_found','Error: Brand not found!','2022-02-06 20:03:37','2022-02-06 20:03:37'),(1248,1,1,'catalog_manufacturer','error_permission','Warning: You do not have permission to modify brands!','2022-02-06 20:03:37','2022-02-06 20:03:37'),(1249,1,1,'catalog_manufacturer','error_name','Brand Name must be between 2 and 64 characters!','2022-02-06 20:03:37','2022-02-06 20:03:37'),(1250,1,1,'catalog_manufacturer','error_product','Warning: This brand cannot be deleted as it is currently assigned to %s products!','2022-02-06 20:03:37','2022-02-06 20:03:37'),(1251,1,1,'catalog_manufacturer','text_success_layout','Success: You have modified category page layout.','2022-02-06 20:03:37','2022-02-06 20:03:37'),(1252,1,1,'catalog_product','heading_title','Products','2022-02-06 20:03:37','2022-02-06 20:03:37'),(1253,1,1,'catalog_product','text_product','Product','2022-02-06 20:03:37','2022-02-06 20:03:37'),(1254,1,1,'catalog_product','tab_media','Media','2022-02-06 20:03:37','2022-02-06 20:03:37'),(1255,1,1,'catalog_product','tab_shipping','Shipping','2022-02-06 20:03:37','2022-02-06 20:03:37'),(1256,1,1,'catalog_product','tab_files','Files','2022-02-06 20:03:37','2022-02-06 20:03:37'),(1257,1,1,'catalog_product','tab_relations','Relations','2022-02-06 20:03:37','2022-02-06 20:03:37'),(1258,1,1,'catalog_product','tab_promotions','Promotions','2022-02-06 20:03:37','2022-02-06 20:03:37'),(1259,1,1,'catalog_product','tab_extensions','Extensions','2022-02-06 20:03:37','2022-02-06 20:03:37'),(1260,1,1,'catalog_product','tab_layout','Page Layout','2022-02-06 20:03:37','2022-02-06 20:03:37'),(1261,1,1,'catalog_product','text_success','Success: You have modified products!','2022-02-06 20:03:37','2022-02-06 20:03:37'),(1262,1,1,'catalog_product','text_success_copy','Success: You have successfully clone product <b>%s</b>!','2022-02-06 20:03:37','2022-02-06 20:03:37'),(1263,1,1,'catalog_product','text_success_copy_layout',' Note: Custom product layout has been cloned too.','2022-02-06 20:03:37','2022-02-06 20:03:37'),(1264,1,1,'catalog_product','text_error_copy','Cloning has failed! Original product is not available','2022-02-06 20:03:37','2022-02-06 20:03:37'),(1265,1,1,'catalog_product','text_plus','+','2022-02-06 20:03:37','2022-02-06 20:03:37'),(1266,1,1,'catalog_product','text_minus','-','2022-02-06 20:03:37','2022-02-06 20:03:37'),(1267,1,1,'catalog_product','text_default','Default','2022-02-06 20:03:37','2022-02-06 20:03:37'),(1268,1,1,'catalog_product','text_product_summary','Product Summary','2022-02-06 20:03:37','2022-02-06 20:03:37'),(1269,1,1,'catalog_product','text_image_manager','Image Manager','2022-02-06 20:03:37','2022-02-06 20:03:37'),(1270,1,1,'catalog_product','text_option','Option','2022-02-06 20:03:37','2022-02-06 20:03:37'),(1271,1,1,'catalog_product','text_option_value','Option Value','2022-02-06 20:03:37','2022-02-06 20:03:37'),(1272,1,1,'catalog_product','column_name','Product Name','2022-02-06 20:03:37','2022-02-06 20:03:37'),(1273,1,1,'catalog_product','column_model','Model','2022-02-06 20:03:37','2022-02-06 20:03:37'),(1274,1,1,'catalog_product','column_image','Image','2022-02-06 20:03:37','2022-02-06 20:03:37'),(1275,1,1,'catalog_product','column_quantity','Quantity','2022-02-06 20:03:37','2022-02-06 20:03:37'),(1276,1,1,'catalog_product','column_status','Status','2022-02-06 20:03:37','2022-02-06 20:03:37'),(1277,1,1,'catalog_product','column_price','Price','2022-02-06 20:03:37','2022-02-06 20:03:37'),(1278,1,1,'catalog_product','column_action','Action','2022-02-06 20:03:37','2022-02-06 20:03:37'),(1279,1,1,'catalog_product','entry_featured','Featured Product:','2022-02-06 20:03:37','2022-02-06 20:03:37'),(1280,1,1,'catalog_product','entry_name','Product Name:','2022-02-06 20:03:37','2022-02-06 20:03:37'),(1281,1,1,'catalog_product','entry_meta_keywords','Meta Tag Keywords:','2022-02-06 20:03:37','2022-02-06 20:03:37'),(1282,1,1,'catalog_product','entry_meta_description','Meta Tag Description:','2022-02-06 20:03:37','2022-02-06 20:03:37'),(1283,1,1,'catalog_product','entry_description','Description:','2022-02-06 20:03:37','2022-02-06 20:03:37'),(1284,1,1,'catalog_product','entry_blurb','Blurb:','2022-02-06 20:03:37','2022-02-06 20:03:37'),(1285,1,1,'catalog_product','entry_store','Stores:','2022-02-06 20:03:37','2022-02-06 20:03:37'),(1286,1,1,'catalog_product','entry_keyword','SEO Keyword:<br/><span class=\"help\">SEO key that will show in URL for this product. You can generate key from product name</span>','2022-02-06 20:03:37','2022-02-06 20:03:37'),(1287,1,1,'catalog_product','entry_model','Model:','2022-02-06 20:03:37','2022-02-06 20:03:37'),(1288,1,1,'catalog_product','entry_sku','SKU:','2022-02-06 20:03:37','2022-02-06 20:03:37'),(1289,1,1,'catalog_product','entry_location','Misc Location:','2022-02-06 20:03:37','2022-02-06 20:03:37'),(1290,1,1,'catalog_product','entry_manufacturer','Brand:','2022-02-06 20:03:37','2022-02-06 20:03:37'),(1291,1,1,'catalog_product','entry_shipping','Requires Shipping:','2022-02-06 20:03:37','2022-02-06 20:03:37'),(1292,1,1,'catalog_product','entry_ship_individually','Ship Product Individually:<br/><span class=\"help\">Product will be shipped in a separate package and additional shipping cost will be added to the order with multiple items. If enabled, Fixed Shipping Price needs to be set.</span>','2022-02-06 20:03:37','2022-02-06 20:03:37'),(1293,1,1,'catalog_product','entry_shipping_price','Fixed Shipping Price:<br/><span class=\"help\">Master setting with fixed shipping price for this product.</span>','2022-02-06 20:03:37','2022-02-06 20:03:37'),(1294,1,1,'catalog_product','entry_free_shipping','Free Shipping:<br/><span class=\"help\">Master setting to enable free shipping for this product.</span>','2022-02-06 20:03:37','2022-02-06 20:03:37'),(1295,1,1,'catalog_product','entry_date_available','Date Available:','2022-02-06 20:03:37','2022-02-06 20:03:37'),(1296,1,1,'catalog_product','entry_option_quantity','Quantity:','2022-02-06 20:03:37','2022-02-06 20:03:37'),(1297,1,1,'catalog_product','entry_quantity','Quantity:<br/><span class=\"help\">Connected to Track Stock setting</span>','2022-02-06 20:03:37','2022-02-06 20:03:37'),(1298,1,1,'catalog_product','entry_minimum','Minimum Quantity:<br/><span class=\"help\">Force a minimum ordered amount</span>','2022-02-06 20:03:37','2022-02-06 20:03:37'),(1299,1,1,'catalog_product','entry_maximum','Maximum Quantity:<br/><span class=\"help\">Set a limit on quantity that can be selected per each order. 0 = no limit</span>','2022-02-06 20:03:37','2022-02-06 20:03:37'),(1300,1,1,'catalog_product','entry_stock_status','Pre-Order Stock Status:<br/><span class=\"help\">Text shown when a product is out of stock and purchase allowed</span>','2022-02-06 20:03:37','2022-02-06 20:03:37'),(1301,1,1,'catalog_product','entry_stock_checkout','Stock Checkout:<br /><span class=\"help\">Allow customers to checkout even if the products are out of stock.</span>','2022-02-06 20:03:37','2022-02-06 20:03:37'),(1302,1,1,'catalog_product','entry_status','Status:','2022-02-06 20:03:37','2022-02-06 20:03:37'),(1303,1,1,'catalog_product','entry_tax_class','Tax Class:','2022-02-06 20:03:37','2022-02-06 20:03:37'),(1304,1,1,'catalog_product','entry_cost','Cost:<br/><span class=\"help\">The wholesale cost used for profit reporting</span>','2022-02-06 20:03:37','2022-02-06 20:03:37'),(1305,1,1,'catalog_product','entry_price','Price:','2022-02-06 20:03:37','2022-02-06 20:03:37'),(1306,1,1,'catalog_product','entry_product_option_cost','Actual Cost (total):<span class=\"help\">Enter the actual cost (total) of this product option.</span>','2022-02-06 20:03:37','2022-02-06 20:03:37'),(1307,1,1,'catalog_product','entry_track_option_stock','Track Stock:','2022-02-06 20:03:37','2022-02-06 20:03:37'),(1308,1,1,'catalog_product','entry_subtract','Track Stock:<br/><span class=\"help\">Set YES if need to track stock quantity for this product. If options are used check subtract setting for each option value</span>','2022-02-06 20:03:37','2022-02-06 20:03:37'),(1309,1,1,'catalog_product','entry_weight_class','Weight Class:','2022-02-06 20:03:37','2022-02-06 20:03:37'),(1310,1,1,'catalog_product','entry_weight','Weight:','2022-02-06 20:03:37','2022-02-06 20:03:37'),(1311,1,1,'catalog_product','entry_weight_change','Weight: <span class=\"help\">Important! If value provided as %(percent) option weight will be changed by specified percent based on the main product weight. If weight value provided it will be used as absolute value for the option, main weight will be ignored.</span>','2022-02-06 20:03:37','2022-02-06 20:03:37'),(1312,1,1,'catalog_product','entry_length_class','Length Class:','2022-02-06 20:03:37','2022-02-06 20:03:37'),(1313,1,1,'catalog_product','entry_length','Product package length: <span class=\"help\">The package dimension refers to the size of the box, pouch, or parcel that your item will be shipped in</span>','2022-02-06 20:03:37','2022-02-06 20:03:37'),(1314,1,1,'catalog_product','entry_width','Product package Width: <span class=\"help\">The package dimension refers to the size of the box, pouch, or parcel that your item will be shipped in</span>','2022-02-06 20:03:37','2022-02-06 20:03:37'),(1315,1,1,'catalog_product','entry_height','Product package Height:<span class=\"help\">The package dimension refers to the size of the box, pouch, or parcel that your item will be shipped in</span>','2022-02-06 20:03:37','2022-02-06 20:03:37'),(1316,1,1,'catalog_product','entry_dimension','Dimensions (L x W x H):','2022-02-06 20:03:37','2022-02-06 20:03:37'),(1317,1,1,'catalog_product','entry_image','Image:<br /><span class=\"help\">Click image to change it.</span>','2022-02-06 20:03:37','2022-02-06 20:03:37'),(1318,1,1,'catalog_product','entry_customer_group','Customer Group:','2022-02-06 20:03:37','2022-02-06 20:03:37'),(1319,1,1,'catalog_product','entry_date_start','Date Start:','2022-02-06 20:03:37','2022-02-06 20:03:37'),(1320,1,1,'catalog_product','entry_date_end','Date End:','2022-02-06 20:03:37','2022-02-06 20:03:37'),(1321,1,1,'catalog_product','entry_priority','Priority:','2022-02-06 20:03:37','2022-02-06 20:03:37'),(1322,1,1,'catalog_product','entry_option','Option:','2022-02-06 20:03:37','2022-02-06 20:03:37'),(1323,1,1,'catalog_product','entry_option_name','Option Name:','2022-02-06 20:03:37','2022-02-06 20:03:37'),(1324,1,1,'catalog_product','entry_option_value','Option Value:','2022-02-06 20:03:37','2022-02-06 20:03:37'),(1325,1,1,'catalog_product','entry_sort_order','Sort Order:','2022-02-06 20:03:37','2022-02-06 20:03:37'),(1326,1,1,'catalog_product','entry_prefix','Prefix:','2022-02-06 20:03:37','2022-02-06 20:03:37'),(1327,1,1,'catalog_product','entry_option_prefix','Modify Price By:','2022-02-06 20:03:37','2022-02-06 20:03:37'),(1328,1,1,'catalog_product','entry_option_price','Price Modifier:','2022-02-06 20:03:37','2022-02-06 20:03:37'),(1329,1,1,'catalog_product','entry_category','Categories:','2022-02-06 20:03:37','2022-02-06 20:03:37'),(1330,1,1,'catalog_product','entry_download','Downloads:','2022-02-06 20:03:37','2022-02-06 20:03:37'),(1331,1,1,'catalog_product','entry_related','Related Products:','2022-02-06 20:03:37','2022-02-06 20:03:37'),(1332,1,1,'catalog_product','entry_tags','Product Tags:<br /><span class=\"help\">comma separated</span>','2022-02-06 20:03:37','2022-02-06 20:03:37'),(1333,1,1,'catalog_product','error_permission','Warning: You do not have permission to modify products!','2022-02-06 20:03:37','2022-02-06 20:03:37'),(1334,1,1,'catalog_product','error_name','Product Name must be greater than 3 and less than 255 characters!','2022-02-06 20:03:37','2022-02-06 20:03:37'),(1335,1,1,'catalog_product','error_model','Product Model must be less than 64 characters! Recommended 5-25 characters','2022-02-06 20:03:37','2022-02-06 20:03:37'),(1336,1,1,'catalog_product','error_required_data','Required Data has not been entered. Check for field errors!','2022-02-06 20:03:37','2022-02-06 20:03:37'),(1337,1,1,'catalog_product','error_product_not_found','Error: Product not found!','2022-02-06 20:03:37','2022-02-06 20:03:37'),(1338,1,1,'catalog_product','filter_product','Search for product','2022-02-06 20:03:37','2022-02-06 20:03:37'),(1339,1,1,'catalog_product','filter_any_word','Any of these words','2022-02-06 20:03:37','2022-02-06 20:03:37'),(1340,1,1,'catalog_product','filter_all_words','All of these words','2022-02-06 20:03:37','2022-02-06 20:03:37'),(1341,1,1,'catalog_product','filter_exact_match','The exact phrase','2022-02-06 20:03:37','2022-02-06 20:03:37'),(1342,1,1,'catalog_product','filter_all_categories','- All Categories -','2022-02-06 20:03:37','2022-02-06 20:03:37'),(1343,1,1,'catalog_product','filter_price_max','max','2022-02-06 20:03:37','2022-02-06 20:03:37'),(1344,1,1,'catalog_product','text_view','view','2022-02-06 20:03:37','2022-02-06 20:03:37'),(1345,1,1,'catalog_product','text_delete','delete','2022-02-06 20:03:37','2022-02-06 20:03:37'),(1346,1,1,'catalog_product','text_choose_action','Choose action','2022-02-06 20:03:37','2022-02-06 20:03:37'),(1347,1,1,'catalog_product','text_clone_selected','Clone selected','2022-02-06 20:03:37','2022-02-06 20:03:37'),(1348,1,1,'catalog_product','text_export_selected','Export selected','2022-02-06 20:03:37','2022-02-06 20:03:37'),(1349,1,1,'catalog_product','text_delete_selected','Delete selected','2022-02-06 20:03:37','2022-02-06 20:03:37'),(1350,1,1,'catalog_product','text_edit_selected','Edit selected','2022-02-06 20:03:37','2022-02-06 20:03:37'),(1351,1,1,'catalog_product','text_clone','Clone','2022-02-06 20:03:37','2022-02-06 20:03:37'),(1352,1,1,'catalog_product','text_export','Export','2022-02-06 20:03:37','2022-02-06 20:03:37'),(1353,1,1,'catalog_product','text_select_category','- Select Category -','2022-02-06 20:03:37','2022-02-06 20:03:37'),(1354,1,1,'catalog_product','text_select_product','- Select Product -','2022-02-06 20:03:37','2022-02-06 20:03:37'),(1355,1,1,'catalog_product','text_option_name','Option Name','2022-02-06 20:03:37','2022-02-06 20:03:37'),(1356,1,1,'catalog_product','text_group_option','Group Option','2022-02-06 20:03:37','2022-02-06 20:03:37'),(1357,1,1,'catalog_product','text_option_type','Option Type','2022-02-06 20:03:37','2022-02-06 20:03:37'),(1358,1,1,'catalog_product','text_option_values','Option Values','2022-02-06 20:03:37','2022-02-06 20:03:37'),(1359,1,1,'catalog_product','text_no_option_values','No Option Values','2022-02-06 20:03:37','2022-02-06 20:03:37'),(1360,1,1,'catalog_product','text_edit_option_values','Edit Option Value','2022-02-06 20:03:37','2022-02-06 20:03:37'),(1361,1,1,'catalog_product','text_save_option_values','Save Option Value','2022-02-06 20:03:37','2022-02-06 20:03:37'),(1362,1,1,'catalog_product','button_remove_option','Remove Option','2022-02-06 20:03:37','2022-02-06 20:03:37'),(1363,1,1,'catalog_product','text_option_removed','Option Removed','2022-02-06 20:03:37','2022-02-06 20:03:37'),(1364,1,1,'catalog_product','entry_weight_type','Weight Type','2022-02-06 20:03:37','2022-02-06 20:03:37'),(1365,1,1,'catalog_product','text_product_pagination','Product(s) {start} to {end} of {total}','2022-02-06 20:03:37','2022-02-06 20:03:37'),(1366,1,1,'catalog_product','entry_product_id','Product ID','2022-02-06 20:03:37','2022-02-06 20:03:37'),(1367,1,1,'catalog_product','error_product_load','Warning: No product with such ID!','2022-02-06 20:03:37','2022-02-06 20:03:37'),(1368,1,1,'catalog_product','error_attribute_not_selected','Please select option to add!','2022-02-06 20:03:37','2022-02-06 20:03:37'),(1369,1,1,'catalog_product','error_date','\"Date End\" can not be less than \"Date Start\"!','2022-02-06 20:03:37','2022-02-06 20:03:37'),(1370,1,1,'catalog_product','error_required','This field is required!','2022-02-06 20:03:37','2022-02-06 20:03:37'),(1371,1,1,'catalog_product','error_option_in_group','Option cannot be added to product as it is already a part of group option!','2022-02-06 20:03:37','2022-02-06 20:03:37'),(1372,1,1,'catalog_product','text_success_layout','Success: You have modified product page layout.','2022-02-06 20:03:37','2022-02-06 20:03:37'),(1373,1,1,'catalog_product','text_success_option','Success: You have modified product option.','2022-02-06 20:03:37','2022-02-06 20:03:37'),(1374,1,1,'catalog_product','text_add_new_option','- Add New Option -','2022-02-06 20:03:37','2022-02-06 20:03:37'),(1375,1,1,'catalog_product','entry_required','Required:','2022-02-06 20:03:37','2022-02-06 20:03:37'),(1376,1,1,'catalog_product','entry_element_type','Element Type:','2022-02-06 20:03:37','2022-02-06 20:03:37'),(1377,1,1,'catalog_product','entry_element_values','Element Values:','2022-02-06 20:03:37','2022-02-06 20:03:37'),(1378,1,1,'catalog_product','text_expand','+ expand','2022-02-06 20:03:37','2022-02-06 20:03:37'),(1379,1,1,'catalog_product','text_hide','- hide','2022-02-06 20:03:37','2022-02-06 20:03:37'),(1380,1,1,'catalog_product','entry_option_placeholder','Placeholder:','2022-02-06 20:03:37','2022-02-06 20:03:37'),(1381,1,1,'catalog_product','entry_regexp_pattern','Regular Expression Pattern:','2022-02-06 20:03:37','2022-02-06 20:03:37'),(1382,1,1,'catalog_product','entry_error_text','Error Message about invalid Value:','2022-02-06 20:03:37','2022-02-06 20:03:37'),(1383,1,1,'catalog_product','text_product_condition','Product Condition:','2022-02-06 20:03:37','2022-02-06 20:03:37'),(1384,1,1,'catalog_product','text_product_available','Available','2022-02-06 20:03:37','2022-02-06 20:03:37'),(1385,1,1,'catalog_product','text_product_disabled','Disabled','2022-02-06 20:03:37','2022-02-06 20:03:37'),(1386,1,1,'catalog_product','text_product_unavailable','Unavailable','2022-02-06 20:03:37','2022-02-06 20:03:37'),(1387,1,1,'catalog_product','text_product_out_of_stock','Out of Stock','2022-02-06 20:03:37','2022-02-06 20:03:37'),(1388,1,1,'catalog_product','text_product_in_stock','In Stock','2022-02-06 20:03:37','2022-02-06 20:03:37'),(1389,1,1,'catalog_product','text_product_option_out_of_stock','Product Option(s) Out of Stock','2022-02-06 20:03:37','2022-02-06 20:03:37'),(1390,1,1,'catalog_product','text_call_to_order','Call To Order','2022-02-06 20:03:37','2022-02-06 20:03:37'),(1391,1,1,'catalog_product','entry_call_to_order','Block Product From Ordering:<br /><span class=\"help\">This will put product to display mode only with no ability to order. Contact us for order message will be displayed.</span>','2022-02-06 20:03:37','2022-02-06 20:03:37'),(1392,1,1,'catalog_product','text_new_option','New Option','2022-02-06 20:03:37','2022-02-06 20:03:37'),(1393,1,1,'catalog_product','text_total_orders','Total Orders','2022-02-06 20:03:37','2022-02-06 20:03:37'),(1394,1,1,'catalog_product','error_measure_value','The limit of 999.99 has been reached. Provide smaller number.','2022-02-06 20:03:37','2022-02-06 20:03:37'),(1395,1,1,'catalog_product','error_dimension_value','This product requires shipping. Please fill all dimension values.','2022-02-06 20:03:37','2022-02-06 20:03:37'),(1396,1,1,'catalog_product','error_weight_value','This product requires shipping. Please set weight value.','2022-02-06 20:03:37','2022-02-06 20:03:37'),(1397,1,1,'catalog_product','error_weight_class','Please set weight class.','2022-02-06 20:03:37','2022-02-06 20:03:37'),(1398,1,1,'catalog_product','error_length_class','Please set length class.','2022-02-06 20:03:37','2022-02-06 20:03:37'),(1399,1,1,'catalog_product','entry_allowed_extensions','Allowed File Extensions (txt, jpg …)','2022-02-06 20:03:37','2022-02-06 20:03:37'),(1400,1,1,'catalog_product','entry_min_size','Min file size (Kb)','2022-02-06 20:03:37','2022-02-06 20:03:37'),(1401,1,1,'catalog_product','entry_max_size','Max file size (Kb)','2022-02-06 20:03:37','2022-02-06 20:03:37'),(1402,1,1,'catalog_product','entry_upload_dir','Upload directory name<br>%s','2022-02-06 20:03:37','2022-02-06 20:03:37'),(1403,1,1,'catalog_product','text_success_relation_set','Relations of selected products was set successfully!','2022-02-06 20:03:37','2022-02-06 20:03:37'),(1404,1,1,'catalog_product','entry_stock_locations','Stock Locations:','2022-02-06 20:03:37','2022-02-06 20:03:37'),(1405,1,1,'catalog_product','entry_locations','Locations:','2022-02-06 20:03:37','2022-02-06 20:03:37'),(1406,1,1,'catalog_product','text_create_collection','Create Collection','2022-02-06 20:03:37','2022-02-06 20:03:37'),(1407,1,1,'catalog_product','text_enable_selected','Enable Selected','2022-02-06 20:03:37','2022-02-06 20:03:37'),(1408,1,1,'catalog_product','text_disable_selected','Disable Selected','2022-02-06 20:03:37','2022-02-06 20:03:37'),(1409,1,1,'catalog_review','heading_title','Reviews','2022-02-06 20:03:37','2022-02-06 20:03:37'),(1410,1,1,'catalog_review','text_review','Review','2022-02-06 20:03:37','2022-02-06 20:03:37'),(1411,1,1,'catalog_review','insert_title','Insert Review','2022-02-06 20:03:37','2022-02-06 20:03:37'),(1412,1,1,'catalog_review','update_title','Update Review','2022-02-06 20:03:37','2022-02-06 20:03:37'),(1413,1,1,'catalog_review','text_success','Success: You have modified reviews!','2022-02-06 20:03:37','2022-02-06 20:03:37'),(1414,1,1,'catalog_review','column_product','Product','2022-02-06 20:03:37','2022-02-06 20:03:37'),(1415,1,1,'catalog_review','column_author','Author','2022-02-06 20:03:37','2022-02-06 20:03:37'),(1416,1,1,'catalog_review','column_rating','Rating','2022-02-06 20:03:37','2022-02-06 20:03:37'),(1417,1,1,'catalog_review','column_status','Status','2022-02-06 20:03:37','2022-02-06 20:03:37'),(1418,1,1,'catalog_review','column_date_added','Date Added','2022-02-06 20:03:37','2022-02-06 20:03:37'),(1419,1,1,'catalog_review','column_action','Action','2022-02-06 20:03:37','2022-02-06 20:03:37'),(1420,1,1,'catalog_review','entry_product','Product:','2022-02-06 20:03:37','2022-02-06 20:03:37'),(1421,1,1,'catalog_review','entry_author','Author:','2022-02-06 20:03:37','2022-02-06 20:03:37'),(1422,1,1,'catalog_review','entry_rating','Rating:','2022-02-06 20:03:37','2022-02-06 20:03:37'),(1423,1,1,'catalog_review','entry_status','Status:','2022-02-06 20:03:37','2022-02-06 20:03:37'),(1424,1,1,'catalog_review','entry_text','Text:','2022-02-06 20:03:37','2022-02-06 20:03:37'),(1425,1,1,'catalog_review','entry_good','Good','2022-02-06 20:03:37','2022-02-06 20:03:37'),(1426,1,1,'catalog_review','entry_bad','Bad','2022-02-06 20:03:37','2022-02-06 20:03:37'),(1427,1,1,'catalog_review','error_permission','Warning: You do not have permission to modify reviews!','2022-02-06 20:03:37','2022-02-06 20:03:37'),(1428,1,1,'catalog_review','error_product','Product required!','2022-02-06 20:03:37','2022-02-06 20:03:37'),(1429,1,1,'catalog_review','error_author','Author must be between 2 and 64 characters!','2022-02-06 20:03:37','2022-02-06 20:03:37'),(1430,1,1,'catalog_review','error_text','Review Text must be between 25 and 1000 characters!','2022-02-06 20:03:37','2022-02-06 20:03:37'),(1431,1,1,'catalog_review','error_rating','Review rating required!','2022-02-06 20:03:37','2022-02-06 20:03:37'),(1432,1,1,'catalog_review','text_select_product','- Select Product -','2022-02-06 20:03:37','2022-02-06 20:03:37'),(1433,1,1,'catalog_review','text_select_category','- Select Category -','2022-02-06 20:03:37','2022-02-06 20:03:37'),(1434,1,1,'catalog_review','column_verified_purchase','Verified purchase','2022-02-06 20:03:37','2022-02-06 20:03:37'),(1435,1,1,'catalog_review','entry_verified_purchase','Verified purchase:','2022-02-06 20:03:37','2022-02-06 20:03:37'),(1436,1,1,'common_action_commands','text_possible_commands','Bellow are possible Commands. You can speak more details after command keyword. Example, \"open page messages\" or \"insert product\"','2022-02-06 20:03:37','2022-02-06 20:03:37'),(1437,1,1,'common_action_commands','text_multiple_result_found','Multiple action result found:','2022-02-06 20:03:37','2022-02-06 20:03:37'),(1438,1,1,'common_action_commands','text_action_confirm','Please confirm your request:','2022-02-06 20:03:37','2022-02-06 20:03:37'),(1439,1,1,'common_action_commands','command_open','open, open page, open menu','2022-02-06 20:03:37','2022-02-06 20:03:37'),(1440,1,1,'common_action_commands','command_find','locate, find, search, search for, search 4','2022-02-06 20:03:37','2022-02-06 20:03:37'),(1441,1,1,'common_action_commands','command_clear_cache','clear cache, cache clear, clear all cache','2022-02-06 20:03:37','2022-02-06 20:03:37'),(1442,1,1,'common_action_commands','command_view_log','view log, log view, inspect log, see log, view error log, view errors','2022-02-06 20:03:37','2022-02-06 20:03:37'),(1443,1,1,'common_action_commands','command_clear_log','clear log, log clear, delete log, log delete','2022-02-06 20:03:37','2022-02-06 20:03:37'),(1444,1,1,'common_action_commands','command_view_order','view order, order number, open order, show order, open order number, view order number, show order number, order #','2022-02-06 20:03:37','2022-02-06 20:03:37'),(1445,1,1,'common_action_commands','command_view_product','view product, product number, open product, show product, open product number, view product number, show product number, product #','2022-02-06 20:03:37','2022-02-06 20:03:37'),(1446,1,1,'common_action_commands','command_create_new','insert, create, add, new, insert new, create new, add new','2022-02-06 20:03:37','2022-02-06 20:03:37'),(1447,1,1,'common_action_commands','category','category','2022-02-06 20:03:37','2022-02-06 20:03:37'),(1448,1,1,'common_action_commands','product','product','2022-02-06 20:03:37','2022-02-06 20:03:37'),(1449,1,1,'common_action_commands','brand','brand','2022-02-06 20:03:37','2022-02-06 20:03:37'),(1450,1,1,'common_action_commands','manufacturer','brand','2022-02-06 20:03:37','2022-02-06 20:03:37'),(1451,1,1,'common_action_commands','review','review','2022-02-06 20:03:37','2022-02-06 20:03:37'),(1452,1,1,'common_action_commands','download','download','2022-02-06 20:03:37','2022-02-06 20:03:37'),(1453,1,1,'common_action_commands','attribute','attribute','2022-02-06 20:03:37','2022-02-06 20:03:37'),(1454,1,1,'common_action_commands','customer','customer','2022-02-06 20:03:37','2022-02-06 20:03:37'),(1455,1,1,'common_action_commands','coupon','coupon','2022-02-06 20:03:37','2022-02-06 20:03:37'),(1456,1,1,'common_action_commands','discount','discount','2022-02-06 20:03:37','2022-02-06 20:03:37'),(1457,1,1,'common_action_commands','block','block','2022-02-06 20:03:37','2022-02-06 20:03:37'),(1458,1,1,'common_action_commands','menu','menu','2022-02-06 20:03:37','2022-02-06 20:03:37'),(1459,1,1,'common_action_commands','content','content','2022-02-06 20:03:37','2022-02-06 20:03:37'),(1460,1,1,'common_action_commands','banner','banner','2022-02-06 20:03:37','2022-02-06 20:03:37'),(1461,1,1,'common_action_commands','page','page','2022-02-06 20:03:37','2022-02-06 20:03:37'),(1462,1,1,'common_action_commands','store','store','2022-02-06 20:03:37','2022-02-06 20:03:37'),(1463,1,1,'common_action_commands','language','language','2022-02-06 20:03:37','2022-02-06 20:03:37'),(1464,1,1,'common_action_commands','currency','currency','2022-02-06 20:03:37','2022-02-06 20:03:37'),(1465,1,1,'common_action_commands','location','location','2022-02-06 20:03:37','2022-02-06 20:03:37'),(1466,1,1,'common_action_commands','tax','tax','2022-02-06 20:03:37','2022-02-06 20:03:37'),(1467,1,1,'common_ant','notification','Attention!','2022-02-06 20:03:37','2022-02-06 20:03:37'),(1468,1,1,'common_ant','warning','Warning!','2022-02-06 20:03:37','2022-02-06 20:03:37'),(1469,1,1,'common_do_embed','text_get_product_embed_code','Product Embed Code','2022-02-06 20:03:37','2022-02-06 20:03:37'),(1470,1,1,'common_do_embed','text_get_category_embed_code','Category Embed Code','2022-02-06 20:03:37','2022-02-06 20:03:37'),(1471,1,1,'common_do_embed','text_get_manufacturer_embed_code','Brand Embed Code','2022-02-06 20:03:37','2022-02-06 20:03:37'),(1472,1,1,'common_do_embed','entry_image','Show Image','2022-02-06 20:03:37','2022-02-06 20:03:37'),(1473,1,1,'common_do_embed','entry_name','Show Name','2022-02-06 20:03:37','2022-02-06 20:03:37'),(1474,1,1,'common_do_embed','entry_price','Show Price','2022-02-06 20:03:37','2022-02-06 20:03:37'),(1475,1,1,'common_do_embed','entry_limit','Limit ','2022-02-06 20:03:37','2022-02-06 20:03:37'),(1476,1,1,'common_do_embed','entry_rating','Show Reviews And Rating','2022-02-06 20:03:37','2022-02-06 20:03:37'),(1477,1,1,'common_do_embed','entry_blurb','Show Blurb','2022-02-06 20:03:37','2022-02-06 20:03:37'),(1478,1,1,'common_do_embed','entry_quantity','Show Quantity','2022-02-06 20:03:37','2022-02-06 20:03:37'),(1479,1,1,'common_do_embed','entry_addtocart','Show Button','2022-02-06 20:03:37','2022-02-06 20:03:37'),(1480,1,1,'common_do_embed','entry_language','Select Language','2022-02-06 20:03:37','2022-02-06 20:03:37'),(1481,1,1,'common_do_embed','entry_currency','Select Currency','2022-02-06 20:03:37','2022-02-06 20:03:37'),(1482,1,1,'common_do_embed','entry_products_count','Products Count','2022-02-06 20:03:37','2022-02-06 20:03:37'),(1483,1,1,'common_filemanager','heading_title','Image Manager','2022-02-06 20:03:37','2022-02-06 20:03:37'),(1484,1,1,'common_filemanager','text_uploaded','Success: Your file has been uploaded!','2022-02-06 20:03:37','2022-02-06 20:03:37'),(1485,1,1,'common_filemanager','text_file_delete','File has been deleted!','2022-02-06 20:03:37','2022-02-06 20:03:37'),(1486,1,1,'common_filemanager','text_create','Success: Directory created!','2022-02-06 20:03:37','2022-02-06 20:03:37'),(1487,1,1,'common_filemanager','text_delete','Success: Your file or directory has been deleted!','2022-02-06 20:03:37','2022-02-06 20:03:37'),(1488,1,1,'common_filemanager','text_move','Success: Your file or directory has been moved!','2022-02-06 20:03:37','2022-02-06 20:03:37'),(1489,1,1,'common_filemanager','text_copy','Success: Your file or directory has been copied!','2022-02-06 20:03:37','2022-02-06 20:03:37'),(1490,1,1,'common_filemanager','text_rename','Success: Your file or directory has been renamed!','2022-02-06 20:03:37','2022-02-06 20:03:37'),(1491,1,1,'common_filemanager','entry_folder','New Folder:','2022-02-06 20:03:37','2022-02-06 20:03:37'),(1492,1,1,'common_filemanager','entry_move','Move:','2022-02-06 20:03:37','2022-02-06 20:03:37'),(1493,1,1,'common_filemanager','entry_copy','Name:','2022-02-06 20:03:37','2022-02-06 20:03:37'),(1494,1,1,'common_filemanager','entry_rename','Name:','2022-02-06 20:03:37','2022-02-06 20:03:37'),(1495,1,1,'common_filemanager','error_select','Warning: Please select a directory or file!','2022-02-06 20:03:37','2022-02-06 20:03:37'),(1496,1,1,'common_filemanager','error_file','Warning: Please select a file!','2022-02-06 20:03:37','2022-02-06 20:03:37'),(1497,1,1,'common_filemanager','error_directory','Warning: Please select a directory!','2022-02-06 20:03:37','2022-02-06 20:03:37'),(1498,1,1,'common_filemanager','error_default','Warning: Can not alter your default directory!','2022-02-06 20:03:37','2022-02-06 20:03:37'),(1499,1,1,'common_filemanager','error_delete','Warning: You can not delete this directory!','2022-02-06 20:03:37','2022-02-06 20:03:37'),(1500,1,1,'common_filemanager','error_filename','Warning: Filename must be a between 3 and 255!','2022-02-06 20:03:37','2022-02-06 20:03:37'),(1501,1,1,'common_filemanager','error_missing','Warning: File or directory does not exist!','2022-02-06 20:03:37','2022-02-06 20:03:37'),(1502,1,1,'common_filemanager','error_exists','Warning: A file or directory with the same name already exists!','2022-02-06 20:03:37','2022-02-06 20:03:37'),(1503,1,1,'common_filemanager','error_name','Warning: Please enter a new name!','2022-02-06 20:03:37','2022-02-06 20:03:37'),(1504,1,1,'common_filemanager','error_move','Warning: Move to directory does not exists!','2022-02-06 20:03:37','2022-02-06 20:03:37'),(1505,1,1,'common_filemanager','error_copy','Warning: Can not copy this file or directory!','2022-02-06 20:03:37','2022-02-06 20:03:37'),(1506,1,1,'common_filemanager','error_rename','Warning: Can not rename this directory!','2022-02-06 20:03:37','2022-02-06 20:03:37'),(1507,1,1,'common_filemanager','error_file_type','Warning: Incorrect file type!','2022-02-06 20:03:37','2022-02-06 20:03:37'),(1508,1,1,'common_filemanager','error_file_size','Warning: File to big please keep below 300kb and no more than 1000px height or width!','2022-02-06 20:03:37','2022-02-06 20:03:37'),(1509,1,1,'common_filemanager','error_uploaded','Warning: File could not be uploaded for an unknown reason!','2022-02-06 20:03:37','2022-02-06 20:03:37'),(1510,1,1,'common_filemanager','error_permission','Warning: Permission Denied!','2022-02-06 20:03:37','2022-02-06 20:03:37'),(1511,1,1,'common_filemanager','button_folder','New Folder','2022-02-06 20:03:37','2022-02-06 20:03:37'),(1512,1,1,'common_filemanager','button_delete','Delete','2022-02-06 20:03:37','2022-02-06 20:03:37'),(1513,1,1,'common_filemanager','button_move','Move','2022-02-06 20:03:37','2022-02-06 20:03:37'),(1514,1,1,'common_filemanager','button_copy','Copy','2022-02-06 20:03:37','2022-02-06 20:03:37'),(1515,1,1,'common_filemanager','button_rename','Rename','2022-02-06 20:03:37','2022-02-06 20:03:37'),(1516,1,1,'common_filemanager','button_upload','Upload','2022-02-06 20:03:37','2022-02-06 20:03:37'),(1517,1,1,'common_filemanager','button_refresh','Refresh','2022-02-06 20:03:37','2022-02-06 20:03:37'),(1518,1,1,'common_footer','text_footer_left',' AbanteCart is a trademark of Belavier Commerce LLC<br /> Copyright &copy; 2009 - %s All Rights Reserved ','2022-02-06 20:03:37','2022-02-06 20:03:37'),(1519,1,1,'common_footer','text_footer','<a href=\"http://www.abantecart.com\" target=\"_blank\">AbanteCart</a> Version ','2022-02-06 20:03:37','2022-02-06 20:03:37'),(1520,1,1,'common_forgot_password','heading_title','Forgot Password?','2022-02-06 20:03:37','2022-02-06 20:03:37'),(1521,1,1,'common_forgot_password','text_heading','Forgot Password?','2022-02-06 20:03:37','2022-02-06 20:03:37'),(1522,1,1,'common_forgot_password','text_heading_reset','Reset Password','2022-02-06 20:03:37','2022-02-06 20:03:37'),(1523,1,1,'common_forgot_password','text_forgot','Please enter your username and email.','2022-02-06 20:03:37','2022-02-06 20:03:37'),(1524,1,1,'common_forgot_password','text_login','back to login page','2022-02-06 20:03:37','2022-02-06 20:03:37'),(1525,1,1,'common_forgot_password','text_instructions','Email with instructions on how to reset password sent to your email','2022-02-06 20:03:37','2022-02-06 20:03:37'),(1526,1,1,'common_forgot_password','text_enter_new_password','Enter new password and confirmation below','2022-02-06 20:03:37','2022-02-06 20:03:37'),(1527,1,1,'common_forgot_password','text_instructions_reset','Your password has been reset. Now you can login with your new password ','2022-02-06 20:03:37','2022-02-06 20:03:37'),(1528,1,1,'common_forgot_password','reset_email_subject','%s - Password Reset Request ','2022-02-06 20:03:37','2022-02-06 20:03:37'),(1529,1,1,'common_forgot_password','reset_email_body_html','Password reset was requested for user with this email. Please click on link below to proceed.\n<br/>\n<br/><a href=\"%s\">%s</a>\n<br/>\n<br/>Link is valid for one day.\n<br/>\n<br/>If you do not send request - just ignore this email.','2022-02-06 20:03:37','2022-02-06 20:03:37'),(1530,1,1,'common_forgot_password','reset_email_body_text','Password reset was requested for user with this email. Please click on link below to proceed.\n\n<a href=\"%s\">%s</a>\n\nPlease note: Link is valid for one day.\n\nIf you do not send request - just ignore this email.','2022-02-06 20:03:37','2022-02-06 20:03:37'),(1531,1,1,'common_forgot_password','new_password_email_body','Your administration password was successfully reset!','2022-02-06 20:03:37','2022-02-06 20:03:37'),(1532,1,1,'common_forgot_password','entry_username','Username:','2022-02-06 20:03:37','2022-02-06 20:03:37'),(1533,1,1,'common_forgot_password','entry_email','Email:','2022-02-06 20:03:37','2022-02-06 20:03:37'),(1534,1,1,'common_forgot_password','entry_captcha','Enter the code:','2022-02-06 20:03:37','2022-02-06 20:03:37'),(1535,1,1,'common_forgot_password','button_reset_password','Reset Password','2022-02-06 20:03:37','2022-02-06 20:03:37'),(1536,1,1,'common_forgot_password','error_match','No match for Username and Email.','2022-02-06 20:03:37','2022-02-06 20:03:37'),(1537,1,1,'common_forgot_password','error_hash','Reset Password Hash is not valid .','2022-02-06 20:03:37','2022-02-06 20:03:37'),(1538,1,1,'common_forgot_password','error_username','Username cannot be empty','2022-02-06 20:03:37','2022-02-06 20:03:37'),(1539,1,1,'common_forgot_password','error_email','E-Mail Address does not appear to be valid!','2022-02-06 20:03:37','2022-02-06 20:03:37'),(1540,1,1,'common_forgot_password','error_captcha','Human verification Failed!','2022-02-06 20:03:37','2022-02-06 20:03:37'),(1541,1,1,'common_header','heading_title','Administration','2022-02-06 20:03:37','2022-02-06 20:03:37'),(1542,1,1,'common_header','text_backup','Backup / Restore','2022-02-06 20:03:37','2022-02-06 20:03:37'),(1543,1,1,'common_header','text_welcome','Welcome, <b>%s</b>','2022-02-06 20:03:37','2022-02-06 20:03:37'),(1544,1,1,'common_header','text_last_login','Last login: %s','2022-02-06 20:03:37','2022-02-06 20:03:37'),(1545,1,1,'common_header','text_edit_details','Edit Profile Details','2022-02-06 20:03:37','2022-02-06 20:03:37'),(1546,1,1,'common_header','text_edit_notifications','Edit Notification Settings','2022-02-06 20:03:37','2022-02-06 20:03:37'),(1547,1,1,'common_header','text_catalog','Catalog','2022-02-06 20:03:37','2022-02-06 20:03:37'),(1548,1,1,'common_header','text_category','Categories','2022-02-06 20:03:37','2022-02-06 20:03:37'),(1549,1,1,'common_header','text_confirm','Confirm?','2022-02-06 20:03:37','2022-02-06 20:03:37'),(1550,1,1,'common_header','text_country','Countries','2022-02-06 20:03:37','2022-02-06 20:03:37'),(1551,1,1,'common_header','text_coupon','Coupons','2022-02-06 20:03:37','2022-02-06 20:03:37'),(1552,1,1,'common_header','text_discount','Discounts','2022-02-06 20:03:37','2022-02-06 20:03:37'),(1553,1,1,'common_header','text_currency','Currencies','2022-02-06 20:03:37','2022-02-06 20:03:37'),(1554,1,1,'common_header','text_customer','Customers','2022-02-06 20:03:37','2022-02-06 20:03:37'),(1555,1,1,'common_header','text_customer_group','Customer Groups','2022-02-06 20:03:37','2022-02-06 20:03:37'),(1556,1,1,'common_header','text_dashboard','Dashboard','2022-02-06 20:03:37','2022-02-06 20:03:37'),(1557,1,1,'common_header','text_download','Downloads','2022-02-06 20:03:37','2022-02-06 20:03:37'),(1558,1,1,'common_header','text_error_log','Error Logs','2022-02-06 20:03:37','2022-02-06 20:03:37'),(1559,1,1,'common_header','text_extension','Extensions','2022-02-06 20:03:37','2022-02-06 20:03:37'),(1560,1,1,'common_header','text_extensions_short','Extensions','2022-02-06 20:03:37','2022-02-06 20:03:37'),(1561,1,1,'common_header','text_front','Storefront','2022-02-06 20:03:37','2022-02-06 20:03:37'),(1562,1,1,'common_header','text_location','Locations','2022-02-06 20:03:37','2022-02-06 20:03:37'),(1563,1,1,'common_header','text_help','Help','2022-02-06 20:03:37','2022-02-06 20:03:37'),(1564,1,1,'common_header','text_information','Information','2022-02-06 20:03:37','2022-02-06 20:03:37'),(1565,1,1,'common_header','text_language','Languages','2022-02-06 20:03:37','2022-02-06 20:03:37'),(1566,1,1,'common_header','text_language_definitions','Language Definitions','2022-02-06 20:03:37','2022-02-06 20:03:37'),(1567,1,1,'common_header','text_localisation','Localization','2022-02-06 20:03:37','2022-02-06 20:03:37'),(1568,1,1,'common_header','text_logged','You are logged in as <span>%s</span>','2022-02-06 20:03:37','2022-02-06 20:03:37'),(1569,1,1,'common_header','text_logout','Logout','2022-02-06 20:03:37','2022-02-06 20:03:37'),(1570,1,1,'common_header','text_contact','Send Mail','2022-02-06 20:03:37','2022-02-06 20:03:37'),(1571,1,1,'common_header','text_manufacturer','Brands','2022-02-06 20:03:37','2022-02-06 20:03:37'),(1572,1,1,'common_header','text_order','Orders','2022-02-06 20:03:37','2022-02-06 20:03:37'),(1573,1,1,'common_header','text_order_status','Order Statuses','2022-02-06 20:03:37','2022-02-06 20:03:37'),(1574,1,1,'common_header','text_abantecart','Homepage','2022-02-06 20:03:37','2022-02-06 20:03:37'),(1575,1,1,'common_header','text_payment','Payments','2022-02-06 20:03:37','2022-02-06 20:03:37'),(1576,1,1,'common_header','text_product','Products','2022-02-06 20:03:37','2022-02-06 20:03:37'),(1577,1,1,'common_header','text_reports','Reports','2022-02-06 20:03:37','2022-02-06 20:03:37'),(1578,1,1,'common_header','text_online','Online','2022-02-06 20:03:37','2022-02-06 20:03:37'),(1579,1,1,'common_header','text_transactions','Transactions','2022-02-06 20:03:37','2022-02-06 20:03:37'),(1580,1,1,'common_header','text_tax','Tax','2022-02-06 20:03:37','2022-02-06 20:03:37'),(1581,1,1,'common_header','text_report_purchased','Products Purchased','2022-02-06 20:03:37','2022-02-06 20:03:37'),(1582,1,1,'common_header','text_report_sale','Sales','2022-02-06 20:03:37','2022-02-06 20:03:37'),(1583,1,1,'common_header','text_analytics','Analytics & Insights','2022-02-06 20:03:37','2022-02-06 20:03:37'),(1584,1,1,'common_header','text_report_viewed','Products Viewed','2022-02-06 20:03:37','2022-02-06 20:03:37'),(1585,1,1,'common_header','text_review','Reviews','2022-02-06 20:03:37','2022-02-06 20:03:37'),(1586,1,1,'common_header','text_sale','Sales','2022-02-06 20:03:37','2022-02-06 20:03:37'),(1587,1,1,'common_header','text_shipping','Shipping','2022-02-06 20:03:37','2022-02-06 20:03:37'),(1588,1,1,'common_header','text_setting','Settings','2022-02-06 20:03:37','2022-02-06 20:03:37'),(1589,1,1,'common_header','text_stock_status','Stock Statuses','2022-02-06 20:03:37','2022-02-06 20:03:37'),(1590,1,1,'common_header','text_support','Support Forum','2022-02-06 20:03:37','2022-02-06 20:03:37'),(1591,1,1,'common_header','text_system','System','2022-02-06 20:03:37','2022-02-06 20:03:37'),(1592,1,1,'common_header','text_tax_class','Tax Classes','2022-02-06 20:03:37','2022-02-06 20:03:37'),(1593,1,1,'common_header','text_total','Order Totals','2022-02-06 20:03:37','2022-02-06 20:03:37'),(1594,1,1,'common_header','text_user','Users','2022-02-06 20:03:37','2022-02-06 20:03:37'),(1595,1,1,'common_header','text_documentation','Documentation','2022-02-06 20:03:37','2022-02-06 20:03:37'),(1596,1,1,'common_header','text_users','Users','2022-02-06 20:03:37','2022-02-06 20:03:37'),(1597,1,1,'common_header','text_user_group','User Groups','2022-02-06 20:03:37','2022-02-06 20:03:37'),(1598,1,1,'common_header','text_weight_class','Weight Classes','2022-02-06 20:03:37','2022-02-06 20:03:37'),(1599,1,1,'common_header','text_length_class','Length Classes','2022-02-06 20:03:37','2022-02-06 20:03:37'),(1600,1,1,'common_header','text_zone','Zones','2022-02-06 20:03:37','2022-02-06 20:03:37'),(1601,1,1,'common_header','text_extensions','All Extensions','2022-02-06 20:03:37','2022-02-06 20:03:37'),(1602,1,1,'common_header','text_add_extension',' Install Extension ','2022-02-06 20:03:37','2022-02-06 20:03:37'),(1603,1,1,'common_header','text_extensions_store','Get Extensions','2022-02-06 20:03:37','2022-02-06 20:03:37'),(1604,1,1,'common_header','text_migrate','Migration Tool','2022-02-06 20:03:37','2022-02-06 20:03:37'),(1605,1,1,'common_header','text_updater','Updater','2022-02-06 20:03:37','2022-02-06 20:03:37'),(1606,1,1,'common_header','text_design','Design','2022-02-06 20:03:37','2022-02-06 20:03:37'),(1607,1,1,'common_header','text_templates','Templates','2022-02-06 20:03:37','2022-02-06 20:03:37'),(1608,1,1,'common_header','text_layout','Layouts','2022-02-06 20:03:37','2022-02-06 20:03:37'),(1609,1,1,'common_header','text_blocks','Blocks','2022-02-06 20:03:37','2022-02-06 20:03:37'),(1610,1,1,'common_header','text_menu','Menu','2022-02-06 20:03:37','2022-02-06 20:03:37'),(1611,1,1,'common_header','text_cache','Cache','2022-02-06 20:03:37','2022-02-06 20:03:37'),(1612,1,1,'common_header','text_messages','Messages','2022-02-06 20:03:37','2022-02-06 20:03:37'),(1613,1,1,'common_header','text_content','Content','2022-02-06 20:03:37','2022-02-06 20:03:37'),(1614,1,1,'common_header','text_datasets_manager','Datasets','2022-02-06 20:03:37','2022-02-06 20:03:37'),(1615,1,1,'common_header','text_install_upgrade_history',' Install/Upgrade History ','2022-02-06 20:03:37','2022-02-06 20:03:37'),(1616,1,1,'common_header','text_attribute','Global Attributes','2022-02-06 20:03:37','2022-02-06 20:03:37'),(1617,1,1,'common_header','text_attribute_groups','Global Attributes Groups','2022-02-06 20:03:37','2022-02-06 20:03:37'),(1618,1,1,'common_header','text_import_export','Import / Export','2022-02-06 20:03:37','2022-02-06 20:03:37'),(1619,1,1,'common_header','text_data','Data','2022-02-06 20:03:37','2022-02-06 20:03:37'),(1620,1,1,'common_header','text_logs','Logs','2022-02-06 20:03:37','2022-02-06 20:03:37'),(1621,1,1,'common_header','text_quick_edit_form','Quick Edit Form','2022-02-06 20:03:37','2022-02-06 20:03:37'),(1622,1,1,'common_header','text_all_matches','all matches','2022-02-06 20:03:37','2022-02-06 20:03:37'),(1623,1,1,'common_header','text_file_uploads','File Uploads','2022-02-06 20:03:37','2022-02-06 20:03:37'),(1624,1,1,'common_header','text_all_settings','All Settings','2022-02-06 20:03:37','2022-02-06 20:03:37'),(1625,1,1,'common_header','text_settings_details','Store Details','2022-02-06 20:03:37','2022-02-06 20:03:37'),(1626,1,1,'common_header','text_settings_general','General','2022-02-06 20:03:37','2022-02-06 20:03:37'),(1627,1,1,'common_header','text_settings_checkout','Checkout','2022-02-06 20:03:37','2022-02-06 20:03:37'),(1628,1,1,'common_header','text_settings_appearance','Appearance','2022-02-06 20:03:37','2022-02-06 20:03:37'),(1629,1,1,'common_header','text_settings_mail','Mail','2022-02-06 20:03:37','2022-02-06 20:03:37'),(1630,1,1,'common_header','text_settings_im','IM','2022-02-06 20:03:37','2022-02-06 20:03:37'),(1631,1,1,'common_header','text_settings_api','API','2022-02-06 20:03:37','2022-02-06 20:03:37'),(1632,1,1,'common_header','text_settings_system','System','2022-02-06 20:03:37','2022-02-06 20:03:37'),(1633,1,1,'common_header','text_settings_newstore','Create New Store','2022-02-06 20:03:37','2022-02-06 20:03:37'),(1634,1,1,'common_header','text_voice_command_prompt','Voice Command Prompt.','2022-02-06 20:03:37','2022-02-06 20:03:37'),(1635,1,1,'common_header','text_voice_select_dialect','Select your dialect','2022-02-06 20:03:37','2022-02-06 20:03:37'),(1636,1,1,'common_header','text_voice_confirm_action','Confirm this action or cancel','2022-02-06 20:03:37','2022-02-06 20:03:37'),(1637,1,1,'common_header','text_voice_speak_now','Speak now.','2022-02-06 20:03:37','2022-02-06 20:03:37'),(1638,1,1,'common_header','text_voice_no_speach_detected','No speech was detected. You may need to adjust your <a href=\"//support.google.com/chrome/bin/answer.py?hl=en&amp;answer=1407892\">microphone settings</a>.','2022-02-06 20:03:37','2022-02-06 20:03:37'),(1639,1,1,'common_header','text_voice_no_mic_detected','No microphone was found. Ensure that a microphone is installed and that <a href=\"//support.google.com/chrome/bin/answer.py?hl=en&amp;answer=1407892\"> microphone settings</a> are configured correctly.','2022-02-06 20:03:37','2022-02-06 20:03:37'),(1640,1,1,'common_header','text_voice_click_allow','Click the \"Allow\" button above to enable your microphone.','2022-02-06 20:03:37','2022-02-06 20:03:37'),(1641,1,1,'common_header','text_voice_mic_denied','Permission to use microphone was denied.','2022-02-06 20:03:37','2022-02-06 20:03:37'),(1642,1,1,'common_header','text_voice_mic_permission','Permission to use microphone is blocked. To change, go to browser <a href=\"chrome://settings/contentExceptions#media-stream\">media settings</a>','2022-02-06 20:03:37','2022-02-06 20:03:37'),(1643,1,1,'common_header','text_voice_not_supported','Voice control is not supported by this browser. <a href=\"//www.google.com/chrome\" target=\"_new\">Chrome</a> version 25 or later required.','2022-02-06 20:03:37','2022-02-06 20:03:37'),(1644,1,1,'common_header','text_tasks','Scheduled Tasks','2022-02-06 20:03:37','2022-02-06 20:03:37'),(1645,1,1,'common_header','text_read_all_messages','Read All Messages','2022-02-06 20:03:37','2022-02-06 20:03:37'),(1646,1,1,'common_header','text_short_stats','Quick Stats','2022-02-06 20:03:37','2022-02-06 20:03:37'),(1647,1,1,'common_header','text_online_now','Online Customers','2022-02-06 20:03:37','2022-02-06 20:03:37'),(1648,1,1,'common_header','text_online_new','New','2022-02-06 20:03:37','2022-02-06 20:03:37'),(1649,1,1,'common_header','text_online_registered','Logged In','2022-02-06 20:03:37','2022-02-06 20:03:37'),(1650,1,1,'common_header','text_today_orders','New Orders Today','2022-02-06 20:03:37','2022-02-06 20:03:37'),(1651,1,1,'common_header','text_today_sales','Total Sales Today','2022-02-06 20:03:37','2022-02-06 20:03:37'),(1652,1,1,'common_header','text_today_customers','New Customers Today','2022-02-06 20:03:37','2022-02-06 20:03:37'),(1653,1,1,'common_header','text_today_reviews','New Reviews Today','2022-02-06 20:03:37','2022-02-06 20:03:37'),(1654,1,1,'common_header','text_rl_manager','Media Manager','2022-02-06 20:03:37','2022-02-06 20:03:37'),(1655,1,1,'common_header','text_server_time','Server Time','2022-02-06 20:03:37','2022-02-06 20:03:37'),(1656,1,1,'common_header','text_taxes','Taxes','2022-02-06 20:03:37','2022-02-06 20:03:37'),(1657,1,1,'common_header','email_templates','Email Templates','2022-02-06 20:03:37','2022-02-06 20:03:37'),(1658,1,1,'common_header','text_collection','Collections','2022-02-06 20:03:37','2022-02-06 20:03:37'),(1659,1,1,'common_home','heading_title','Dashboard','2022-02-06 20:03:37','2022-02-06 20:03:37'),(1660,1,1,'common_home','text_overview','Overview','2022-02-06 20:03:37','2022-02-06 20:03:37'),(1661,1,1,'common_home','text_statistics','Statistics','2022-02-06 20:03:37','2022-02-06 20:03:37'),(1662,1,1,'common_home','text_latest_10_orders','Latest 10 Orders','2022-02-06 20:03:37','2022-02-06 20:03:37'),(1663,1,1,'common_home','text_total_sale','Total Sales:','2022-02-06 20:03:37','2022-02-06 20:03:37'),(1664,1,1,'common_home','text_total_sale_year','Total Sales This Year:','2022-02-06 20:03:37','2022-02-06 20:03:37'),(1665,1,1,'common_home','text_total_order','Total Orders:','2022-02-06 20:03:37','2022-02-06 20:03:37'),(1666,1,1,'common_home','text_total_customer','No. Of Customers:','2022-02-06 20:03:37','2022-02-06 20:03:37'),(1667,1,1,'common_home','text_total_customer_approval','Customers Waiting Approval:','2022-02-06 20:03:37','2022-02-06 20:03:37'),(1668,1,1,'common_home','text_total_product','No. Products:','2022-02-06 20:03:37','2022-02-06 20:03:37'),(1669,1,1,'common_home','text_total_review','No. Of Reviews:','2022-02-06 20:03:37','2022-02-06 20:03:37'),(1670,1,1,'common_home','text_total_review_approval','Reviews Waiting Approval:','2022-02-06 20:03:37','2022-02-06 20:03:37'),(1671,1,1,'common_home','text_day','Today','2022-02-06 20:03:37','2022-02-06 20:03:37'),(1672,1,1,'common_home','text_week','This Week','2022-02-06 20:03:37','2022-02-06 20:03:37'),(1673,1,1,'common_home','text_month','This Month','2022-02-06 20:03:37','2022-02-06 20:03:37'),(1674,1,1,'common_home','text_year','This Year','2022-02-06 20:03:37','2022-02-06 20:03:37'),(1675,1,1,'common_home','text_order','Total Orders','2022-02-06 20:03:37','2022-02-06 20:03:37'),(1676,1,1,'common_home','text_order_short','Total Orders','2022-02-06 20:03:37','2022-02-06 20:03:37'),(1677,1,1,'common_home','text_customer','Total Customers','2022-02-06 20:03:37','2022-02-06 20:03:37'),(1678,1,1,'common_home','column_order','Order ID','2022-02-06 20:03:37','2022-02-06 20:03:37'),(1679,1,1,'common_home','column_name','Customer Name','2022-02-06 20:03:37','2022-02-06 20:03:37'),(1680,1,1,'common_home','column_status','Status','2022-02-06 20:03:37','2022-02-06 20:03:37'),(1681,1,1,'common_home','column_date_added','Date Added','2022-02-06 20:03:37','2022-02-06 20:03:37'),(1682,1,1,'common_home','column_total','Total','2022-02-06 20:03:37','2022-02-06 20:03:37'),(1683,1,1,'common_home','column_firstname','First Name','2022-02-06 20:03:37','2022-02-06 20:03:37'),(1684,1,1,'common_home','column_lastname','Last Name','2022-02-06 20:03:37','2022-02-06 20:03:37'),(1685,1,1,'common_home','column_action','Action','2022-02-06 20:03:37','2022-02-06 20:03:37'),(1686,1,1,'common_home','entry_range','Select Range:','2022-02-06 20:03:37','2022-02-06 20:03:37'),(1687,1,1,'common_home','orders_text_all','All Orders','2022-02-06 20:03:37','2022-02-06 20:03:37'),(1688,1,1,'common_home','text_customer_all','All Customers','2022-02-06 20:03:37','2022-02-06 20:03:37'),(1689,1,1,'common_home','text_latest_10_customers','Latest Registrations','2022-02-06 20:03:37','2022-02-06 20:03:37'),(1690,1,1,'common_home','column_email','Email','2022-02-06 20:03:37','2022-02-06 20:03:37'),(1691,1,1,'common_im','im_text_notification','Notifications','2022-02-06 20:03:37','2022-02-06 20:03:37'),(1692,1,1,'common_im','im_sendpoint_name_order_update','Order Updates','2022-02-06 20:03:37','2022-02-06 20:03:37'),(1693,1,1,'common_im','im_order_update_text_to_customer','Your order <a href=\"%s\">#%s</a> has been updated. For more details, login to %s account.','2022-02-06 20:03:37','2022-02-06 20:03:37'),(1694,1,1,'common_im','im_order_update_text_to_guest','Your order <a href=\"%s\">#%s</a> has been updated. For more details, please visit order page %s.','2022-02-06 20:03:37','2022-02-06 20:03:37'),(1695,1,1,'common_im','im_sendpoint_name_new_order','New Orders','2022-02-06 20:03:37','2022-02-06 20:03:37'),(1696,1,1,'common_im','im_new_order_text_to_admin','New Order <a href=\"#admin#rt=sale/order/details&order_id=%s\">#%s</a> has been created!','2022-02-06 20:03:37','2022-02-06 20:03:37'),(1697,1,1,'common_im','im_sendpoint_name_new_customer','Customer Registrations','2022-02-06 20:03:37','2022-02-06 20:03:37'),(1698,1,1,'common_im','im_new_customer_text_to_admin',' New Customer #%s has been registered!','2022-02-06 20:03:37','2022-02-06 20:03:37'),(1699,1,1,'common_im','im_sendpoint_name_account_update','Administrator User Account Updates','2022-02-06 20:03:37','2022-02-06 20:03:37'),(1700,1,1,'common_im','im_account_update_text_to_admin','Your administrator user account details have been changed.','2022-02-06 20:03:37','2022-02-06 20:03:37'),(1701,1,1,'common_im','im_customer_account_update_text_to_admin',' New Customer #%s has been updated!','2022-02-06 20:03:37','2022-02-06 20:03:37'),(1702,1,1,'common_im','im_sendpoint_name_customer_contact','Customer Enquiries','2022-02-06 20:03:37','2022-02-06 20:03:37'),(1703,1,1,'common_im','im_sendpoint_name_product_out_of_stock','Products Out of Stock','2022-02-06 20:03:37','2022-02-06 20:03:37'),(1704,1,1,'common_im','im_sendpoint_name_product_review','New Product Reviews','2022-02-06 20:03:37','2022-02-06 20:03:37'),(1705,1,1,'common_im','im_sendpoint_name_newsletter',' Newsletters ','2022-02-06 20:03:37','2022-02-06 20:03:37'),(1706,1,1,'common_im','im_sendpoint_name_system_messages',' System Messages ','2022-02-06 20:03:37','2022-02-06 20:03:37'),(1707,1,1,'common_im','im_customer_account_update_text_to_customer','New transaction has been posted to your %s account in the amount of %s. For more details, login to %s account.','2022-02-06 20:03:37','2022-02-06 20:03:37'),(1708,1,1,'common_im','text_notification_for','Notifications for user %s','2022-02-06 20:03:37','2022-02-06 20:03:37'),(1709,1,1,'common_im','error_unknown_sendpoint','Sendpoint %s does not found in sendpoints list!','2022-02-06 20:03:37','2022-02-06 20:03:37'),(1710,1,1,'common_im','text_settings_success_saved','Notification settings saved successfully!','2022-02-06 20:03:37','2022-02-06 20:03:37'),(1711,1,1,'common_im','im_error_mail_address','Email address %s looks like invalid!','2022-02-06 20:03:37','2022-02-06 20:03:37'),(1712,1,1,'common_login','heading_title','Administration','2022-02-06 20:03:37','2022-02-06 20:03:37'),(1713,1,1,'common_login','text_heading','Administration','2022-02-06 20:03:37','2022-02-06 20:03:37'),(1714,1,1,'common_login','text_login','Please enter your login details.','2022-02-06 20:03:37','2022-02-06 20:03:37'),(1715,1,1,'common_login','entry_username','Username:','2022-02-06 20:03:37','2022-02-06 20:03:37'),(1716,1,1,'common_login','entry_password','Password:','2022-02-06 20:03:37','2022-02-06 20:03:37'),(1717,1,1,'common_login','entry_forgot_password','Forgot Password?','2022-02-06 20:03:37','2022-02-06 20:03:37'),(1718,1,1,'common_login','button_login','Login','2022-02-06 20:03:37','2022-02-06 20:03:37'),(1719,1,1,'common_login','error_login','No match for Username and/or Password.','2022-02-06 20:03:37','2022-02-06 20:03:37'),(1720,1,1,'common_login','error_token','Invalid token session. Please login again.','2022-02-06 20:03:37','2022-02-06 20:03:37'),(1721,1,1,'common_login','error_login_message','Failed login to admin attempt from IP:','2022-02-06 20:03:37','2022-02-06 20:03:37'),(1722,1,1,'common_login','error_login_message_text','Given user login: ','2022-02-06 20:03:37','2022-02-06 20:03:37'),(1723,1,1,'common_login','error_login_secure','You are trying to login in non-secure unsafe mode! Please switch to secure <a href=\"%s\">HTTPS</a> to proceed ','2022-02-06 20:03:37','2022-02-06 20:03:37'),(1724,1,1,'common_quick_start','text_quick_start','Quick Start Wizard','2022-02-06 20:03:37','2022-02-06 20:03:37'),(1725,1,1,'common_quick_start','text_quick_start_note','    	Welcome to AbanteCart administration.<br />\n    	This is a wizard to help you quickly set up your shopping cart with most common settings.\n		<br />\n    ','2022-02-06 20:03:37','2022-02-06 20:03:37'),(1726,1,1,'common_quick_start','text_quick_start_general','    	Below are most common general settings. \n    	More settings are available <a href=\"%s\" target=\"_new_admin\"><i class=\"fa fa-link fa-fw\"></i></a>\n    ','2022-02-06 20:03:37','2022-02-06 20:03:37'),(1727,1,1,'common_quick_start','text_quick_start_details','    	Below are most common settings about your store. \n    	More settings are available <a href=\"%s\" target=\"_new_admin\"><i class=\"fa fa-link fa-fw\"></i></a>\n    ','2022-02-06 20:03:37','2022-02-06 20:03:37'),(1728,1,1,'common_quick_start','text_quick_start_checkout','    	Below are most common settings for checkout process. \n    	More settings are available <a href=\"%s\" target=\"_new_admin\"><i class=\"fa fa-link fa-fw\"></i></a>\n    ','2022-02-06 20:03:37','2022-02-06 20:03:37'),(1729,1,1,'common_quick_start','text_quick_start_appearance','    	Below are most common settings for storefront appearance. \n    	More settings are available <a href=\"%s\" target=\"_new_admin\"><i class=\"fa fa-link fa-fw\"></i></a>\n    ','2022-02-06 20:03:37','2022-02-06 20:03:37'),(1730,1,1,'common_quick_start','text_quick_start_mail','    	Below are most common settings to enable email. If you use external email server (google, etc) to send emails, you need to use SMTP option. For emails to be sent from this server use Mail option. \n    	More settings are available <a href=\"%s\" target=\"_new_admin\"><i class=\"fa fa-link fa-fw\"></i></a>\n    ','2022-02-06 20:03:37','2022-02-06 20:03:37'),(1731,1,1,'common_quick_start','text_quick_start_last','    	Bellow you can select desired payments and shipping methods, additional languages and many other features to extend your eCommerce functionality.\n    	Remember to check a selection of extensions on <a href=\"#admin#rt=extension/extensions_store\" target=\"_extension\">AbanteCart marketplace</a> offered by community of professional developers.\n    ','2022-02-06 20:03:37','2022-02-06 20:03:37'),(1732,1,1,'common_quick_start','text_quick_start_last_footer','    	You have completed quick starter wizard. <br /><br /> \n    	You can locate all the settings <a href=\"%s\">this link <i class=\"fa fa-link fa-fw\"></i></a>\n    ','2022-02-06 20:03:37','2022-02-06 20:03:37'),(1733,1,1,'common_quick_start','payments_selection','    <div class=\"info alert alert-info\">\n    <i class=\"fa fa-money fa-fw\"></i> Select your payment methods.\n    </div>\n    <div class=\"row\">\n	    <div class=\"col-sm-3 h5 center\">\n	        <a href=\"#admin#rt=extension/extensions/install&extension=default_stripe\" target=\"_extension\">\n	        <img src=\"extensions/default_stripe/image/icon.png\"><br>Install Stripe</a>\n	    </div>\n	    <div class=\"col-sm-3 h5 center\">\n	        <a href=\"#admin#rt=extension/extensions/install&extension=cardknox\" target=\"_extension\">\n	        <img src=\"extensions/cardknox/image/icon.png\"><br>Install CardKnox</a>\n	    </div>\n	    <div class=\"col-sm-3 h5 center\">\n	        <a href=\"#admin#rt=extension/extensions/install&extension=default_authorizenet\" target=\"_extension\">\n	        <img src=\"extensions/default_authorizenet/image/icon.png\"><br>Install Authorize.Net</a>\n	    </div>\n	    <div class=\"col-sm-3 h5 center\">\n	        <a href=\"#admin#rt=extension/extensions/payment\" target=\"_extension\">\n	        <img src=\"admin/view/default/image/default_extension.png\"><br>More Payments</a>\n	    </div>\n    </div>\n    ','2022-02-06 20:03:37','2022-02-06 20:03:37'),(1734,1,1,'common_quick_start','shipping_selection','    <div class=\"info alert alert-info\">\n    <i class=\"fa fa-truck fa-fw\"></i> Select your shipping methods.\n    </div>\n    <div class=\"row\">\n	    <div class=\"col-sm-3 h5 center\">\n	        <a href=\"#admin#rt=extension/extensions/install&extension=default_free_shipping\" target=\"_extension\">\n	        <img src=\"extensions/default_free_shipping/image/icon.png\"><br>Free shipping</a>\n	    </div>\n	    <div class=\"col-sm-3 h5 center\">\n	        <a href=\"#admin#rt=extension/extensions/install&extension=default_fedex\" target=\"_extension\">\n	        <img src=\"extensions/default_fedex/image/icon.png\"><br>Fedex</a>\n	    </div>\n	    <div class=\"col-sm-3 h5 center\">\n	        <a href=\"#admin#rt=extension/extensions/install&extension=default_ups\" target=\"_extension\">\n	        <img src=\"extensions/default_ups/image/icon.png\"><br>UPS</a>\n	    </div>\n	    <div class=\"col-sm-3 h5 center\">\n	        <a href=\"#admin#rt=extension/extensions/shipping\" target=\"_extension\">\n	        <img src=\"admin/view/default/image/default_extension.png\"><br>More Shippings</a>\n	    </div>\n    </div>\n    ','2022-02-06 20:03:37','2022-02-06 20:03:37'),(1735,1,1,'common_quick_start','language_selection','    <div class=\"info alert alert-info\">\n    <i class=\"fa fa-language fa-fw\"></i> Select additional languages.\n    </div>\n    <div class=\"row\">\n	    <div class=\"col-sm-3 h5 center\">\n	        <a href=\"#admin#rt=extension/extensions/install&extension=default_italian\" target=\"_extension\">\n	        <img src=\"extensions/default_italian/image/icon.png\"><br>Italian</a>\n	    </div>\n	    <div class=\"col-sm-3 h5 center\">\n	        <a href=\"#admin#rt=extension/extensions/install&extension=default_spanish\" target=\"_extension\">\n	        <img src=\"extensions/default_spanish/image/icon.png\"><br>Spanish</a>\n	    </div>\n	    <div class=\"col-sm-3 h5 center\">\n	        <a href=\"#admin#rt=extension/extensions/install&extension=default_russian\" target=\"_extension\">\n	        <img src=\"extensions/default_russian/image/icon.png\"><br>Russian</a>\n	    </div>\n	    <div class=\"col-sm-3 h5 center\">\n	        <a href=\"#admin#rt=extension/extensions_store&category_id=67&sidx=date_modified\" target=\"_extension\">\n	        <img src=\"admin/view/default/image/default_extension.png\"><br>More Languages</a>\n	    </div>\n    </div>\n    ','2022-02-06 20:03:37','2022-02-06 20:03:37'),(1736,1,1,'common_quick_start','more_extensions','    <div class=\"info alert alert-info\">\n    <i class=\"fa fa-puzzle-piece fa-fw\"></i> More extensions on AbanteCart marketplace.\n    </div>\n    <div class=\"row center\">\n		<div class=\"btn-group center\">\n		    <a class=\"btn btn-primary\" href=\"#admin#rt=extension/extensions_store\" target=\"_extension\">\n		    	<i class=\"fa fa-cloud-download fa-fw\"></i> Extensions Marketplace\n		    </a>\n		</div>\n    </div>\n    ','2022-02-06 20:03:37','2022-02-06 20:03:37'),(1737,1,1,'common_resource_library','heading_title','Resource Library','2022-02-06 20:03:37','2022-02-06 20:03:37'),(1738,1,1,'common_resource_library','view_title','View Object Resources','2022-02-06 20:03:37','2022-02-06 20:03:37'),(1739,1,1,'common_resource_library','confirm_title','Confirm resource(s) delete','2022-02-06 20:03:37','2022-02-06 20:03:37'),(1740,1,1,'common_resource_library','text_confirm_delete','Some resources might be included in the text. We can not check this automatically.  Delete?','2022-02-06 20:03:37','2022-02-06 20:03:37'),(1741,1,1,'common_resource_library','text_cant_delete_title','Resource(s) delete','2022-02-06 20:03:37','2022-02-06 20:03:37'),(1742,1,1,'common_resource_library','text_cant_delete','Cant delete resource(s) because one or more resources is linked to object','2022-02-06 20:03:37','2022-02-06 20:03:37'),(1743,1,1,'common_resource_library','text_edit_resource','Edit Resource','2022-02-06 20:03:37','2022-02-06 20:03:37'),(1744,1,1,'common_resource_library','text_resource_details','Resource Details','2022-02-06 20:03:37','2022-02-06 20:03:37'),(1745,1,1,'common_resource_library','text_mapped_to','Linked To','2022-02-06 20:03:37','2022-02-06 20:03:37'),(1746,1,1,'common_resource_library','text_products','Products','2022-02-06 20:03:37','2022-02-06 20:03:37'),(1747,1,1,'common_resource_library','text_add_file','Add Resource File','2022-02-06 20:03:37','2022-02-06 20:03:37'),(1748,1,1,'common_resource_library','text_add_code','Add Resource HTML','2022-02-06 20:03:37','2022-02-06 20:03:37'),(1749,1,1,'common_resource_library','text_add_files','Add files...','2022-02-06 20:03:37','2022-02-06 20:03:37'),(1750,1,1,'common_resource_library','text_upload_files','Upload files','2022-02-06 20:03:37','2022-02-06 20:03:37'),(1751,1,1,'common_resource_library','text_drag','or Drag them here to start upload','2022-02-06 20:03:37','2022-02-06 20:03:37'),(1752,1,1,'common_resource_library','text_start_upload','Start upload','2022-02-06 20:03:37','2022-02-06 20:03:37'),(1753,1,1,'common_resource_library','text_cancel_upload','Cancel upload','2022-02-06 20:03:37','2022-02-06 20:03:37'),(1754,1,1,'common_resource_library','text_start','Start','2022-02-06 20:03:37','2022-02-06 20:03:37'),(1755,1,1,'common_resource_library','text_cancel','Cancel','2022-02-06 20:03:37','2022-02-06 20:03:37'),(1756,1,1,'common_resource_library','text_save_sort_order','Save Sort Order','2022-02-06 20:03:37','2022-02-06 20:03:37'),(1757,1,1,'common_resource_library','text_error','Error','2022-02-06 20:03:37','2022-02-06 20:03:37'),(1758,1,1,'common_resource_library','text_delete_files','Delete files','2022-02-06 20:03:37','2022-02-06 20:03:37'),(1759,1,1,'common_resource_library','text_search','search','2022-02-06 20:03:37','2022-02-06 20:03:37'),(1760,1,1,'common_resource_library','text_type','Type','2022-02-06 20:03:37','2022-02-06 20:03:37'),(1761,1,1,'common_resource_library','text_language','Language','2022-02-06 20:03:37','2022-02-06 20:03:37'),(1762,1,1,'common_resource_library','text_resource_code','Resource HTML','2022-02-06 20:03:37','2022-02-06 20:03:37'),(1763,1,1,'common_resource_library','text_name','Name','2022-02-06 20:03:37','2022-02-06 20:03:37'),(1764,1,1,'common_resource_library','text_title','Title','2022-02-06 20:03:37','2022-02-06 20:03:37'),(1765,1,1,'common_resource_library','text_description','Description','2022-02-06 20:03:37','2022-02-06 20:03:37'),(1766,1,1,'common_resource_library','text_uploaded','Success: Resource has been uploaded!','2022-02-06 20:03:37','2022-02-06 20:03:37'),(1767,1,1,'common_resource_library','text_add','Add','2022-02-06 20:03:37','2022-02-06 20:03:37'),(1768,1,1,'common_resource_library','text_edit','Edit','2022-02-06 20:03:37','2022-02-06 20:03:37'),(1769,1,1,'common_resource_library','text_map','Link to Object','2022-02-06 20:03:37','2022-02-06 20:03:37'),(1770,1,1,'common_resource_library','text_map_to','Link to %s','2022-02-06 20:03:37','2022-02-06 20:03:37'),(1771,1,1,'common_resource_library','text_unmap','Unlink from Object','2022-02-06 20:03:37','2022-02-06 20:03:37'),(1772,1,1,'common_resource_library','text_unmap_from','Unlink from %s','2022-02-06 20:03:37','2022-02-06 20:03:37'),(1773,1,1,'common_resource_library','text_success_unmap','Success: Resource has been unlinked.','2022-02-06 20:03:37','2022-02-06 20:03:37'),(1774,1,1,'common_resource_library','text_file_delete','Resource has been deleted!','2022-02-06 20:03:37','2022-02-06 20:03:37'),(1775,1,1,'common_resource_library','text_delete','Success: Your Resource has been deleted!','2022-02-06 20:03:37','2022-02-06 20:03:37'),(1776,1,1,'common_resource_library','error_file_type','Warning: Incorrect file type!','2022-02-06 20:03:37','2022-02-06 20:03:37'),(1777,1,1,'common_resource_library','error_file_size','Warning: File to big please keep below 300kb and no more than 1000px height or width!','2022-02-06 20:03:37','2022-02-06 20:03:37'),(1778,1,1,'common_resource_library','error_maxFileSize','File is too big','2022-02-06 20:03:37','2022-02-06 20:03:37'),(1779,1,1,'common_resource_library','error_minFileSize','File is too small','2022-02-06 20:03:37','2022-02-06 20:03:37'),(1780,1,1,'common_resource_library','error_acceptFileTypes','Filetype not allowed','2022-02-06 20:03:37','2022-02-06 20:03:37'),(1781,1,1,'common_resource_library','error_maxNumberOfFiles','Max number of files exceeded','2022-02-06 20:03:37','2022-02-06 20:03:37'),(1782,1,1,'common_resource_library','error_uploadedBytes','Uploaded bytes exceed file size','2022-02-06 20:03:37','2022-02-06 20:03:37'),(1783,1,1,'common_resource_library','error_emptyResult','Empty file upload result. Possibly file is corrupted or too big. File size limited to 16MB. If file size is less than limit please check php settings for upload_max_filesize & post_max_size  ','2022-02-06 20:03:37','2022-02-06 20:03:37'),(1784,1,1,'common_resource_library','error_1','File exceeds upload_max_filesize (php.ini directive)','2022-02-06 20:03:37','2022-02-06 20:03:37'),(1785,1,1,'common_resource_library','error_2','File exceeds MAX_FILE_SIZE (HTML form directive)','2022-02-06 20:03:37','2022-02-06 20:03:37'),(1786,1,1,'common_resource_library','error_3','File was only partially uploaded','2022-02-06 20:03:37','2022-02-06 20:03:37'),(1787,1,1,'common_resource_library','error_4','No File was uploaded','2022-02-06 20:03:37','2022-02-06 20:03:37'),(1788,1,1,'common_resource_library','error_5','Missing a temporary folder','2022-02-06 20:03:37','2022-02-06 20:03:37'),(1789,1,1,'common_resource_library','error_6','Failed to write file to disk','2022-02-06 20:03:37','2022-02-06 20:03:37'),(1790,1,1,'common_resource_library','error_7','File upload stopped by extension','2022-02-06 20:03:37','2022-02-06 20:03:37'),(1791,1,1,'common_resource_library','error_uploaded','Warning: File could not be uploaded for an unknown reason!','2022-02-06 20:03:37','2022-02-06 20:03:37'),(1792,1,1,'common_resource_library','error_no_type','Please select resource type','2022-02-06 20:03:37','2022-02-06 20:03:37'),(1793,1,1,'common_resource_library','error_required_data','Required Data has not been entered','2022-02-06 20:03:37','2022-02-06 20:03:37'),(1794,1,1,'common_resource_library','error_not_added','Resource not added. Please check error log for more info','2022-02-06 20:03:37','2022-02-06 20:03:37'),(1795,1,1,'common_resource_library','error_ajax','Load data error. Please check error log for more info','2022-02-06 20:03:37','2022-02-06 20:03:37'),(1796,1,1,'common_resource_library','error_permission','Warning: Permission Denied!','2022-02-06 20:03:37','2022-02-06 20:03:37'),(1797,1,1,'common_resource_library','error_name','Error: Name field is required!','2022-02-06 20:03:37','2022-02-06 20:03:37'),(1798,1,1,'common_resource_library','button_delete','Delete','2022-02-06 20:03:37','2022-02-06 20:03:37'),(1799,1,1,'common_resource_library','button_add','Add Resource','2022-02-06 20:03:37','2022-02-06 20:03:37'),(1800,1,1,'common_resource_library','button_done','Done','2022-02-06 20:03:37','2022-02-06 20:03:37'),(1801,1,1,'common_resource_library','button_select','Select Resources','2022-02-06 20:03:37','2022-02-06 20:03:37'),(1802,1,1,'common_resource_library','text_with_selected','With selected:','2022-02-06 20:03:37','2022-02-06 20:03:37'),(1803,1,1,'common_resource_library','text_success','Resource successfully updated','2022-02-06 20:03:37','2022-02-06 20:03:37'),(1804,1,1,'common_resource_library','text_map_success','Resource successfully linked','2022-02-06 20:03:37','2022-02-06 20:03:37'),(1805,1,1,'common_resource_library','text_no_resources','No resources available','2022-02-06 20:03:37','2022-02-06 20:03:37'),(1806,1,1,'common_resource_library','text_preview','Preview/Download','2022-02-06 20:03:37','2022-02-06 20:03:37'),(1807,1,1,'common_resource_library','error_file size','Attention: Maximum size of file for upload is %s. You can increase this value in php.ini.','2022-02-06 20:03:37','2022-02-06 20:03:37'),(1808,1,1,'common_resource_library','text_product_option_value','Product options value','2022-02-06 20:03:37','2022-02-06 20:03:37'),(1809,1,1,'common_resource_library','text_categories','Categories','2022-02-06 20:03:37','2022-02-06 20:03:37'),(1810,1,1,'common_resource_library','text_manufacturers','Brands','2022-02-06 20:03:37','2022-02-06 20:03:37'),(1811,1,1,'common_resource_library','error_delete','Cannot delete resource linked to multiple objects','2022-02-06 20:03:37','2022-02-06 20:03:37'),(1812,1,1,'common_resource_library','error_unmap','Cannot unlink resource. Object wasn\'t set.','2022-02-06 20:03:37','2022-02-06 20:03:37'),(1813,1,1,'common_resource_library','text_replace_file','Replace File','2022-02-06 20:03:37','2022-02-06 20:03:37'),(1814,1,1,'common_resource_library','error_not_replaced','File Replacement Error. ID required!','2022-02-06 20:03:37','2022-02-06 20:03:37'),(1815,1,1,'common_resource_library','error_not_exists','File Replacement Error. Resource does not exists!','2022-02-06 20:03:37','2022-02-06 20:03:37'),(1816,1,1,'common_resource_library','error_cannot_move','Error: Cannot move file %s to resources directory.','2022-02-06 20:03:37','2022-02-06 20:03:37'),(1817,1,1,'common_resource_library','button_save_n_apply','Save and Apply','2022-02-06 20:03:37','2022-02-06 20:03:37'),(1818,1,1,'common_resource_library','text_image_size','Image size:','2022-02-06 20:03:37','2022-02-06 20:03:37'),(1819,1,1,'common_resource_library','text_file_size','File size:','2022-02-06 20:03:37','2022-02-06 20:03:37'),(1820,1,1,'common_resource_library','text_file_mime','MIME:','2022-02-06 20:03:37','2022-02-06 20:03:37'),(1821,1,1,'common_resource_library','text_file_path','File location:','2022-02-06 20:03:37','2022-02-06 20:03:37'),(1822,1,1,'common_resource_library','text_file_url','Resource URL:','2022-02-06 20:03:37','2022-02-06 20:03:37'),(1823,1,1,'common_resource_library','text_sorting_date_asc','Date Old &gt; New','2022-02-06 20:03:37','2022-02-06 20:03:37'),(1824,1,1,'common_resource_library','text_sorting_date_desc','Date New &gt; Old','2022-02-06 20:03:37','2022-02-06 20:03:37'),(1825,1,1,'common_resource_library','text_sorting_name_asc','Name A - Z','2022-02-06 20:03:37','2022-02-06 20:03:37'),(1826,1,1,'common_resource_library','text_sorting_name_desc','Name Z - A','2022-02-06 20:03:37','2022-02-06 20:03:37'),(1827,1,1,'common_resource_library','text_sorting_asc','Sort Order Low &gt; High','2022-02-06 20:03:37','2022-02-06 20:03:37'),(1828,1,1,'common_resource_library','text_sorting_desc','Sort Order High &gt; Low','2022-02-06 20:03:37','2022-02-06 20:03:37'),(1829,1,1,'common_template_debug','text_block_id','Block ID:','2022-02-06 20:03:37','2022-02-06 20:03:37'),(1830,1,1,'common_template_debug','text_block_name','Name:','2022-02-06 20:03:37','2022-02-06 20:03:37'),(1831,1,1,'common_template_debug','text_block_controller','Controller:','2022-02-06 20:03:37','2022-02-06 20:03:37'),(1832,1,1,'common_template_debug','text_block_path','Path:','2022-02-06 20:03:37','2022-02-06 20:03:37'),(1833,1,1,'common_template_debug','text_block_template','Template:','2022-02-06 20:03:37','2022-02-06 20:03:37'),(1834,1,1,'common_template_debug','text_block_parent','Parent:','2022-02-06 20:03:37','2022-02-06 20:03:37'),(1835,1,1,'common_template_debug','text_parent_id','Parent ID:','2022-02-06 20:03:37','2022-02-06 20:03:37'),(1836,1,1,'common_template_debug','text_close','Close','2022-02-06 20:03:37','2022-02-06 20:03:37'),(1837,1,1,'common_template_debug','text_click','Click Me','2022-02-06 20:03:37','2022-02-06 20:03:37'),(1838,1,1,'common_tips','text_tip','Tip','2022-02-06 20:03:37','2022-02-06 20:03:37'),(1839,1,1,'common_tips','no_enabled_payments_tip','    <div class=\"info alert alert-warning\"><i class=\"fa fa fa-exclamation-triangle fa-fw\"></i> You have no payment method enabled yet.</div>\n    <label class=\"h4 heading\">Check most common payments:</label>\n    <div class=\"row\">\n	    <div class=\"col-sm-4 h5 center\">\n	        <a href=\"#admin#rt=extension/extensions/install&extension=default_stripe\">\n	        <img src=\"extensions/default_stripe/image/icon.png\"><br>Install Stripe Extension</a>\n	    </div>\n	    <div class=\"col-sm-4 h5 center\">\n	        <a href=\"#admin#rt=extension/extensions/install&extension=default_pp_standart\">\n	        <img src=\"extensions/default_pp_standart/image/icon.png\"><br>Install Paypal Extension</a>\n	    </div>\n	    <div class=\"col-sm-4 h5 center\">\n	        <a href=\"#admin#rt=extension/extensions/payment\" target=\"_extension\">\n	        <img src=\"admin/view/default/image/default_extension.png\"><br>More Payments</a>\n	    </div>\n    </div>\n\n    ','2022-02-06 20:03:37','2022-02-06 20:03:37'),(1840,1,1,'design_blocks','heading_title','Blocks','2022-02-06 20:03:37','2022-02-06 20:03:37'),(1841,1,1,'design_blocks','text_delete','delete block','2022-02-06 20:03:37','2022-02-06 20:03:37'),(1842,1,1,'design_blocks','text_edit','edit block','2022-02-06 20:03:37','2022-02-06 20:03:37'),(1843,1,1,'design_blocks','text_enable','Enable/Disable','2022-02-06 20:03:37','2022-02-06 20:03:37'),(1844,1,1,'design_blocks','text_details','Details','2022-02-06 20:03:37','2022-02-06 20:03:37'),(1845,1,1,'design_blocks','text_create','Create block','2022-02-06 20:03:37','2022-02-06 20:03:37'),(1846,1,1,'design_blocks','text_success','Success: You have modified block!','2022-02-06 20:03:37','2022-02-06 20:03:37'),(1847,1,1,'design_blocks','column_block_id','ID','2022-02-06 20:03:37','2022-02-06 20:03:37'),(1848,1,1,'design_blocks','column_block_txt_id',' Unique Text ID ','2022-02-06 20:03:37','2022-02-06 20:03:37'),(1849,1,1,'design_blocks','column_block_name','Name','2022-02-06 20:03:37','2022-02-06 20:03:37'),(1850,1,1,'design_blocks','column_date_added','Date Added','2022-02-06 20:03:37','2022-02-06 20:03:37'),(1851,1,1,'design_blocks','column_block_type',' Type ','2022-02-06 20:03:37','2022-02-06 20:03:37'),(1852,1,1,'design_blocks','column_action',' Action ','2022-02-06 20:03:37','2022-02-06 20:03:37'),(1853,1,1,'design_blocks','column_sort_order',' Sort Order ','2022-02-06 20:03:37','2022-02-06 20:03:37'),(1854,1,1,'design_blocks','column_image',' Image ','2022-02-06 20:03:37','2022-02-06 20:03:37'),(1855,1,1,'design_blocks','entry_block_status',' Status ','2022-02-06 20:03:37','2022-02-06 20:03:37'),(1856,1,1,'design_blocks','entry_block_status_note',' Note: You need to add this block in the <a style=\"text-decoration: underline; font-weight: bold;\" href=\"#admin#rt=design/layout\">LAYOUT</a> on desired page to see it working ','2022-02-06 20:03:37','2022-02-06 20:03:37'),(1857,1,1,'design_blocks','entry_block_type',' Custom Block Type ','2022-02-06 20:03:37','2022-02-06 20:03:37'),(1858,1,1,'design_blocks','entry_block_name',' Custom Block Name ','2022-02-06 20:03:37','2022-02-06 20:03:37'),(1859,1,1,'design_blocks','entry_block_wrapper',' Use block wrapper (appearance) ','2022-02-06 20:03:37','2022-02-06 20:03:37'),(1860,1,1,'design_blocks','entry_block_framed',' Use block\'s frame ','2022-02-06 20:03:37','2022-02-06 20:03:37'),(1861,1,1,'design_blocks','entry_block_title',' Custom Block Title ','2022-02-06 20:03:37','2022-02-06 20:03:37'),(1862,1,1,'design_blocks','entry_block_description',' Custom Block description <p>Note: internal use only </p> ','2022-02-06 20:03:37','2022-02-06 20:03:37'),(1863,1,1,'design_blocks','entry_block_content',' Custom Block content ','2022-02-06 20:03:37','2022-02-06 20:03:37'),(1864,1,1,'design_blocks','entry_listing_datasource',' Listing Data Source ','2022-02-06 20:03:37','2022-02-06 20:03:37'),(1865,1,1,'design_blocks','text_delete_confirm',' Confirm to delete block? ','2022-02-06 20:03:37','2022-02-06 20:03:37'),(1866,1,1,'design_blocks','error_empty','Please Fill All Required Fields!','2022-02-06 20:03:37','2022-02-06 20:03:37'),(1867,1,1,'design_blocks','error_delete','Can\'t delete because this block is in use. Please visit Layout section. ','2022-02-06 20:03:37','2022-02-06 20:03:37'),(1868,1,1,'design_blocks','error_text_status','Can\'t change status because this block is not in use. Please visit Layout section. ','2022-02-06 20:03:37','2022-02-06 20:03:37'),(1869,1,1,'design_blocks','text_success_deleted','Success: You have deleted custom block!','2022-02-06 20:03:37','2022-02-06 20:03:37'),(1870,1,1,'design_blocks','entry_data_source','Data Source:','2022-02-06 20:03:37','2022-02-06 20:03:37'),(1871,1,1,'design_blocks','entry_limit','Limit:','2022-02-06 20:03:37','2022-02-06 20:03:37'),(1872,1,1,'design_blocks','text_listing_auto','Auto listing','2022-02-06 20:03:37','2022-02-06 20:03:37'),(1873,1,1,'design_blocks','text_listing_manual','Custom listing','2022-02-06 20:03:37','2022-02-06 20:03:37'),