--
-- Host: localhost    Database: wsauvola_aban508
-- ------------------------------------------------------


--
-- Table structure for table `aba6_addresses`
--

CREATE TABLE `aba6_addresses` (
  `address_id` int(11) NOT NULL AUTO_INCREMENT,
  `customer_id` int(11) NOT NULL,
  `company` varchar(32) NOT NULL,
  `firstname` varchar(32) NOT NULL DEFAULT '',
  `lastname` varchar(32) NOT NULL DEFAULT '',
  `address_1` varchar(128) NOT NULL,
  `address_2` varchar(128) NOT NULL,
  `postcode` varchar(10) NOT NULL DEFAULT '',
  `city` varchar(128) NOT NULL,
  `country_id` int(11) NOT NULL DEFAULT '0',
  `zone_id` int(11) NOT NULL DEFAULT '0',
  PRIMARY KEY (`address_id`),
  KEY `ac_addresses_idx` (`customer_id`,`country_id`,`zone_id`)
) ENGINE=MyISAM AUTO_INCREMENT=17 DEFAULT CHARSET=utf8;

--
-- Dumping data for table `aba6_addresses`
--

INSERT INTO `aba6_addresses` VALUES (1,2,'','Juliana','Davis','9778 Golden Crescent','Apt 10','85804-7365','Humansville',223,3616),(2,3,'','Keely','Mccoy','5071 Misty Pond Farm','Suite #101','63406-9081','Bumble Bee',223,3648),(3,4,'BelfastCo','Zelda','Weiss','6944 Sleepy Fawn Abbey','Suite #31','86014-8121','Lawyers',223,3616),(4,5,'','Gloria','Macias','7590 Easy Robin Hollow','','73477-3842','Sandymush',223,3660),(5,6,'','Bernard','Horne','5607 Umber Branch Via','','86301-9785','Spook City',223,3616),(6,7,'','James','Curtis','6500 Arapahoe Road','','80303','Boulder',223,3634),(7,8,'','Bruce','Rosarini','61 Cumberland ST','','68624-2273','Skokie',223,3650),(8,9,'','Carlos','Compton','31 Capital Drive','','63142-0892','Fort Misery',223,3648),(9,10,'','Garrison','Baxter','Eddie Hoffman Highway','','64034-2948','Shell Pile',223,3648),(10,11,'','Anthony','Blair','104 Main Street','','29181-8284','Gassaway',223,3666),(11,12,'','Allen','Waters','110 Shenandoah Avenue','','86565-1710','Honohina',223,3616),(12,13,'','Tom','Kipling','100 Main Str','','64034-2948','Shell Pile',223,3648),(13,14,'Eaton Stevenson Inc','Yuri','Howard','22555 Jensen Ave','','93654','Reedley',223,3624),(14,15,'Day and Rivera Traders','Regan','Shields','2355 Boulevard Bastien','','QC G2B 1B3','Québec',38,612),(15,16,'','Randall','Richards','500 N Nebraska Ave','','33603','Tampa',223,3630),(16,16,'Guzman and Morin Inc','Mallory','Ballard','2430 S French Ave','','32771','Sanford',223,3630);

--
-- Table structure for table `aba6_ant_messages`
--

CREATE TABLE `aba6_ant_messages` (
  `id` varchar(60) NOT NULL,
  `priority` int(11) NOT NULL DEFAULT '0',
  `start_date` timestamp NOT NULL DEFAULT '0000-00-00 00:00:00',
  `end_date` timestamp NOT NULL DEFAULT '0000-00-00 00:00:00',
  `viewed_date` timestamp NOT NULL DEFAULT '0000-00-00 00:00:00',
  `viewed` int(11) NOT NULL DEFAULT '0',
  `title` varchar(255) DEFAULT NULL,
  `description` text,
  `html` longtext,
  `url` text,
  `language_code` varchar(2) NOT NULL DEFAULT 'en',
  `date_modified` timestamp NOT NULL DEFAULT CURRENT_TIMESTAMP ON UPDATE CURRENT_TIMESTAMP,
  PRIMARY KEY (`id`,`language_code`),
  KEY `daterange_idx` (`start_date`,`end_date`)
) ENGINE=MyISAM DEFAULT CHARSET=utf8;

--
-- Dumping data for table `aba6_ant_messages`
--

INSERT INTO `aba6_ant_messages` VALUES ('softaculous_review',1,'0000-00-00 00:00:00','2030-01-01 00:00:00','0000-00-00 00:00:00',0,'Review AbanteCart and your experience','','Do you like <strong>AbanteCart</strong>? Please rate AbanteCart or share your experience with other eCommerce entrepreneurs. Go to <strong><a href=\"http://www.softaculous.com/rate/AbanteCart\" target=\"_blank\">Softaculous rating page</a></strong> to add your rating or <strong><a href=\"http://www.softaculous.com/review/AbanteCart\" target=\"_blank\">write a review</a></strong>','','*','2022-02-06 23:35:07'),('abantecart_share_word',1,'0000-00-00 00:00:00','2030-01-01 00:00:00','0000-00-00 00:00:00',0,'Help us making AbanteCart #1','','<p class=\"p1\">Do you enjoy AbanteCart? See how you can help and contribute towards making AbanteCart even better.\r\n<strong><a href=\"http://www.abantecart.com/contribute-to-abantecart\" target=\"_abantecart\">Learn more</a></strong> </p>','','*','2022-02-06 23:35:07'),('elastic_search',1,'0000-00-00 00:00:00','2030-01-01 00:00:00','0000-00-00 00:00:00',0,'Advanced Product Search ','','Boost and improve <strong>AbanteCart</strong> product searchability for your customers.   This is now possible with <strong><a href=\"http://marketplace.abantecart.com/elastic_search\" target=\"_blank\">advanced search powered by ElasticSeach</a></strong>','','*','2022-02-06 23:35:07'),('review_1',1,'0000-00-00 00:00:00','2030-01-01 00:00:00','0000-00-00 00:00:00',0,'Review AbanteCart and your experience','','Do you like <strong>AbanteCart</strong>? Get $5 Amazon gift card on the approval of Text review or $10 for Video review. Go to <strong><a href=\"https://www.softwaresuggest.com/abantecart/write-review\" target=\"_blank\">Softwaresuggest rating page</a></strong> to add your rating or <strong><a href=\"https://www.softwaresuggest.com/abantecart/write-review\" target=\"_blank\">write a review</a></strong>','','*','2022-02-06 23:35:07'),('review_2',1,'0000-00-00 00:00:00','2030-01-01 00:00:00','0000-00-00 00:00:00',0,'Review AbanteCart and your experience','','Do you like <strong>AbanteCart</strong>? Please rate AbanteCart or share your experience with other eCommerce entrepreneurs. Go to <strong><a href=\"https://www.crowdreviews.com/abantecart/write-review\" target=\"_blank\">CrowdReviews rating page</a></strong> to add your rating or <strong><a href=\"https://www.crowdreviews.com/abantecart/write-review\" target=\"_blank\">write a review</a></strong>','','*','2022-02-06 23:35:07'),('banner',1,'2011-09-16 06:54:47','2030-01-01 00:00:00','0000-00-00 00:00:00',0,'Banner at AbanteCart header','','<strong>AbanteCart</strong> V1.3.2 is a current application version. <strong><a href=\"http://www.abantecart.com/shopping-cart-news/abantecart-132-released\" target=\"_blank\">Learn more ... </a></strong>','http://www.abantecart.com','*','2022-02-06 23:35:07');

--
-- Table structure for table `aba6_banner_descriptions`
--

CREATE TABLE `aba6_banner_descriptions` (
  `banner_id` int(11) NOT NULL,
  `language_id` int(11) NOT NULL,
  `name` varchar(255) NOT NULL COMMENT 'translatable',
  `description` longtext NOT NULL COMMENT 'translatable',
  `meta` text COMMENT 'translatable',
  `date_added` timestamp NOT NULL DEFAULT '0000-00-00 00:00:00',
  `date_modified` timestamp NOT NULL DEFAULT CURRENT_TIMESTAMP ON UPDATE CURRENT_TIMESTAMP,
  PRIMARY KEY (`banner_id`,`language_id`)
) ENGINE=MyISAM DEFAULT CHARSET=utf8;

--
-- Dumping data for table `aba6_banner_descriptions`
--

INSERT INTO `aba6_banner_descriptions` VALUES (18,1,'fallback','','','2022-02-06 20:03:37','2022-02-06 20:03:37'),(17,1,'Main Banner 5','&lt;p&gt;\r\n	&lt;img alt=&quot;&quot; class=&quot;wp1_3 slide2_bot&quot; src=&quot;storefront/view/default/image/banner_image_5.png&quot; width=&quot;600&quot; height=&quot;300&quot; /&gt; &lt;span class=&quot;txt1&quot;&gt;Application and data security&lt;/span&gt; &lt;span class=&quot;txt2&quot;&gt;Secure Solution&lt;/span&gt; &lt;span class=&quot;txt3&quot;&gt;Very secure solution with up to date industry security practices and inline with PCI compliance. Customer information protection with data encryption&lt;/span&gt; &lt;span class=&quot;txt4&quot;&gt;&lt;a class=&quot;btn btn-wht&quot; href=&quot;#&quot;&gt;Install Now!&lt;/a&gt;&lt;/span&gt;&lt;/p&gt;\r\n','','2022-02-06 20:03:37','2022-02-06 20:03:37'),(16,1,'banner4','','','2022-02-06 20:03:37','2022-02-06 20:03:37'),(15,1,'banner3','','','2022-02-06 20:03:37','2022-02-06 20:03:37'),(14,1,'banner2','','','2022-02-06 20:03:37','2022-02-06 20:03:37'),(13,1,'banner1','','','2022-02-06 20:03:37','2022-02-06 20:03:37'),(11,1,'Main Banner 4','&lt;p&gt;\r\n	&lt;img alt=&quot;&quot; class=&quot;wp1_3 slide3_bot&quot; src=&quot;storefront/view/default/image/banner_image_4.png&quot; width=&quot;600&quot; height=&quot;300&quot; /&gt; &lt;span class=&quot;txt1 blue&quot;&gt;Stay in control&lt;/span&gt; &lt;span class=&quot;txt2 blue&quot;&gt;Easy updates&lt;/span&gt; &lt;span class=&quot;txt3 short&quot;&gt;Upgrade right from admin. Backward supportability in upgrades and automatic backups. Easy extension download with one step installation.&lt;/span&gt; &lt;span class=&quot;txt4 txt4up&quot;&gt;&lt;a class=&quot;btn btn-wht&quot; href=&quot;#&quot;&gt;Get Yours!&lt;/a&gt;&lt;/span&gt;&lt;/p&gt;\r\n','','2022-02-06 20:03:37','2022-02-06 20:03:37'),(10,1,'Main Banner 3','&lt;p&gt;\r\n	&lt;img alt=&quot;&quot; class=&quot;wp1_3 slide2_bot&quot; src=&quot;storefront/view/default/image/banner_image_3.png&quot; width=&quot;600&quot; height=&quot;300&quot; /&gt; &lt;span class=&quot;txt1&quot;&gt;Feature rich with smart UI&lt;/span&gt; &lt;span class=&quot;txt2&quot;&gt;Easy &amp;amp; fun to manage&lt;/span&gt; &lt;span class=&quot;txt3&quot;&gt;Feature reach shopping cart application right out of the box. Standard features allow to set up complete eCommerce site with all the tools needed to sell products online.&lt;/span&gt; &lt;span class=&quot;txt4&quot;&gt;&lt;a class=&quot;btn btn-wht&quot; href=&quot;#&quot;&gt;Install Now!&lt;/a&gt;&lt;/span&gt;&lt;/p&gt;\r\n','','2022-02-06 20:03:37','2022-02-06 20:03:37'),(9,1,'Main Banner 2','&lt;p&gt;\r\n	&lt;img alt=&quot;&quot; class=&quot;wp1_3 wp1_left slide2_bot&quot; src=&quot;storefront/view/default/image/banner_image_2.png&quot; width=&quot;600&quot; height=&quot;300&quot; /&gt; &lt;span class=&quot;txt1 blue txt_right2&quot;&gt;Highly flexible layout on any page&lt;/span&gt; &lt;span class=&quot;txt2 blue txt_right2&quot;&gt;SEO Friendly&lt;/span&gt; &lt;span class=&quot;txt2 blue txt_right2&quot;&gt;Fast Loading&lt;/span&gt; &lt;span class=&quot;txt4 txt_right2 txt4up&quot;&gt;&lt;a class=&quot;btn btn-wht&quot; href=&quot;#&quot;&gt;Try Now!&lt;/a&gt;&lt;/span&gt;&lt;/p&gt;\r\n','','2022-02-06 20:03:37','2022-02-06 20:03:37'),(8,1,'Main Banner 1','&lt;p&gt;\r\n	&lt;img alt=&quot;&quot; class=&quot;wp1_3 slide1_bot&quot; src=&quot;storefront/view/default/image/banner_image_1.png&quot; width=&quot;600&quot; height=&quot;300&quot; /&gt; &lt;span class=&quot;txt1&quot;&gt;HTML5 Responsive Storefront to look great on&lt;/span&gt; &lt;span class=&quot;txt2&quot;&gt;ALL Screen Sizes&lt;/span&gt; &lt;span class=&quot;txt3 short&quot;&gt;Natively responsive template implemented with bootstrap library and HTML5. Will look good on most mobile devices and tablets.&lt;/span&gt; &lt;span class=&quot;txt4 txt4up&quot;&gt;&lt;a class=&quot;btn btn-wht&quot; href=&quot;&quot;&gt;Try on your device!&lt;/a&gt;&lt;/span&gt;&lt;/p&gt;\r\n','','2022-02-06 20:03:37','2022-02-06 20:03:37');

--
-- Table structure for table `aba6_banner_stat`
--

CREATE TABLE `aba6_banner_stat` (
  `rowid` int(11) NOT NULL AUTO_INCREMENT,
  `banner_id` int(11) NOT NULL,
  `type` int(11) NOT NULL,
  `time` timestamp NOT NULL DEFAULT CURRENT_TIMESTAMP ON UPDATE CURRENT_TIMESTAMP,
  `store_id` int(11) NOT NULL,
  `user_info` text,
  PRIMARY KEY (`rowid`),
  KEY `ac_banner_stat_idx` (`banner_id`,`type`,`time`,`store_id`)
) ENGINE=MyISAM AUTO_INCREMENT=60 DEFAULT CHARSET=utf8;

--
-- Dumping data for table `aba6_banner_stat`
--

INSERT INTO `aba6_banner_stat` VALUES (1,8,1,'2022-02-06 20:04:09',0,'a:4:{s:7:\"user_id\";s:0:\"\";s:7:\"user_ip\";s:14:\"174.203.36.199\";s:9:\"user_host\";s:0:\"\";s:2:\"rt\";s:26:\"r/extension/banner_manager\";}'),(2,17,1,'2022-02-06 20:04:09',0,'a:4:{s:7:\"user_id\";s:0:\"\";s:7:\"user_ip\";s:14:\"174.203.36.199\";s:9:\"user_host\";s:0:\"\";s:2:\"rt\";s:26:\"r/extension/banner_manager\";}'),(3,11,1,'2022-02-06 20:04:09',0,'a:4:{s:7:\"user_id\";s:0:\"\";s:7:\"user_ip\";s:14:\"174.203.36.199\";s:9:\"user_host\";s:0:\"\";s:2:\"rt\";s:26:\"r/extension/banner_manager\";}'),(4,10,1,'2022-02-06 20:04:09',0,'a:4:{s:7:\"user_id\";s:0:\"\";s:7:\"user_ip\";s:14:\"174.203.36.199\";s:9:\"user_host\";s:0:\"\";s:2:\"rt\";s:26:\"r/extension/banner_manager\";}'),(5,9,1,'2022-02-06 20:04:09',0,'a:4:{s:7:\"user_id\";s:0:\"\";s:7:\"user_ip\";s:14:\"174.203.36.199\";s:9:\"user_host\";s:0:\"\";s:2:\"rt\";s:26:\"r/extension/banner_manager\";}'),(6,13,1,'2022-02-06 20:04:09',0,'a:4:{s:7:\"user_id\";s:0:\"\";s:7:\"user_ip\";s:14:\"174.203.36.199\";s:9:\"user_host\";s:0:\"\";s:2:\"rt\";s:26:\"r/extension/banner_manager\";}'),(7,18,1,'2022-02-06 20:04:09',0,'a:4:{s:7:\"user_id\";s:0:\"\";s:7:\"user_ip\";s:14:\"174.203.36.199\";s:9:\"user_host\";s:0:\"\";s:2:\"rt\";s:26:\"r/extension/banner_manager\";}'),(8,14,1,'2022-02-06 20:04:09',0,'a:4:{s:7:\"user_id\";s:0:\"\";s:7:\"user_ip\";s:14:\"174.203.36.199\";s:9:\"user_host\";s:0:\"\";s:2:\"rt\";s:26:\"r/extension/banner_manager\";}'),(9,15,1,'2022-02-06 20:04:09',0,'a:4:{s:7:\"user_id\";s:0:\"\";s:7:\"user_ip\";s:14:\"174.203.36.199\";s:9:\"user_host\";s:0:\"\";s:2:\"rt\";s:26:\"r/extension/banner_manager\";}'),(10,16,1,'2022-02-06 20:04:09',0,'a:4:{s:7:\"user_id\";s:0:\"\";s:7:\"user_ip\";s:14:\"174.203.36.199\";s:9:\"user_host\";s:0:\"\";s:2:\"rt\";s:26:\"r/extension/banner_manager\";}'),(11,8,1,'2022-02-06 23:33:07',0,'a:4:{s:7:\"user_id\";s:0:\"\";s:7:\"user_ip\";s:14:\"174.203.68.239\";s:9:\"user_host\";s:0:\"\";s:2:\"rt\";s:26:\"r/extension/banner_manager\";}'),(12,13,1,'2022-02-06 23:33:07',0,'a:4:{s:7:\"user_id\";s:0:\"\";s:7:\"user_ip\";s:14:\"174.203.68.239\";s:9:\"user_host\";s:0:\"\";s:2:\"rt\";s:26:\"r/extension/banner_manager\";}'),(13,18,1,'2022-02-06 23:33:07',0,'a:4:{s:7:\"user_id\";s:0:\"\";s:7:\"user_ip\";s:14:\"174.203.68.239\";s:9:\"user_host\";s:0:\"\";s:2:\"rt\";s:26:\"r/extension/banner_manager\";}'),(14,14,1,'2022-02-06 23:33:07',0,'a:4:{s:7:\"user_id\";s:0:\"\";s:7:\"user_ip\";s:14:\"174.203.68.239\";s:9:\"user_host\";s:0:\"\";s:2:\"rt\";s:26:\"r/extension/banner_manager\";}'),(15,11,1,'2022-02-06 23:33:08',0,'a:4:{s:7:\"user_id\";s:0:\"\";s:7:\"user_ip\";s:14:\"174.203.68.239\";s:9:\"user_host\";s:0:\"\";s:2:\"rt\";s:26:\"r/extension/banner_manager\";}'),(16,16,1,'2022-02-06 23:33:08',0,'a:4:{s:7:\"user_id\";s:0:\"\";s:7:\"user_ip\";s:14:\"174.203.68.239\";s:9:\"user_host\";s:0:\"\";s:2:\"rt\";s:26:\"r/extension/banner_manager\";}'),(17,9,1,'2022-02-06 23:33:08',0,'a:4:{s:7:\"user_id\";s:0:\"\";s:7:\"user_ip\";s:14:\"174.203.68.239\";s:9:\"user_host\";s:0:\"\";s:2:\"rt\";s:26:\"r/extension/banner_manager\";}'),(18,10,1,'2022-02-06 23:33:08',0,'a:4:{s:7:\"user_id\";s:0:\"\";s:7:\"user_ip\";s:14:\"174.203.68.239\";s:9:\"user_host\";s:0:\"\";s:2:\"rt\";s:26:\"r/extension/banner_manager\";}'),(19,17,1,'2022-02-06 23:33:08',0,'a:4:{s:7:\"user_id\";s:0:\"\";s:7:\"user_ip\";s:14:\"174.203.68.239\";s:9:\"user_host\";s:0:\"\";s:2:\"rt\";s:26:\"r/extension/banner_manager\";}'),(20,15,1,'2022-02-06 23:33:11',0,'a:4:{s:7:\"user_id\";s:0:\"\";s:7:\"user_ip\";s:14:\"174.203.68.239\";s:9:\"user_host\";s:0:\"\";s:2:\"rt\";s:26:\"r/extension/banner_manager\";}'),(21,9,1,'2022-02-06 23:38:32',0,'a:4:{s:7:\"user_id\";s:0:\"\";s:7:\"user_ip\";s:14:\"174.203.68.239\";s:9:\"user_host\";s:0:\"\";s:2:\"rt\";s:26:\"r/extension/banner_manager\";}'),(22,10,1,'2022-02-06 23:38:32',0,'a:4:{s:7:\"user_id\";s:0:\"\";s:7:\"user_ip\";s:14:\"174.203.68.239\";s:9:\"user_host\";s:0:\"\";s:2:\"rt\";s:26:\"r/extension/banner_manager\";}'),(23,8,1,'2022-02-06 23:38:32',0,'a:4:{s:7:\"user_id\";s:0:\"\";s:7:\"user_ip\";s:14:\"174.203.68.239\";s:9:\"user_host\";s:0:\"\";s:2:\"rt\";s:26:\"r/extension/banner_manager\";}'),(24,18,1,'2022-02-06 23:38:32',0,'a:4:{s:7:\"user_id\";s:0:\"\";s:7:\"user_ip\";s:14:\"174.203.68.239\";s:9:\"user_host\";s:0:\"\";s:2:\"rt\";s:26:\"r/extension/banner_manager\";}'),(25,13,1,'2022-02-06 23:38:32',0,'a:4:{s:7:\"user_id\";s:0:\"\";s:7:\"user_ip\";s:14:\"174.203.68.239\";s:9:\"user_host\";s:0:\"\";s:2:\"rt\";s:26:\"r/extension/banner_manager\";}'),(26,14,1,'2022-02-06 23:38:32',0,'a:4:{s:7:\"user_id\";s:0:\"\";s:7:\"user_ip\";s:14:\"174.203.68.239\";s:9:\"user_host\";s:0:\"\";s:2:\"rt\";s:26:\"r/extension/banner_manager\";}'),(27,15,1,'2022-02-06 23:38:32',0,'a:4:{s:7:\"user_id\";s:0:\"\";s:7:\"user_ip\";s:14:\"174.203.68.239\";s:9:\"user_host\";s:0:\"\";s:2:\"rt\";s:26:\"r/extension/banner_manager\";}'),(28,11,1,'2022-02-06 23:38:32',0,'a:4:{s:7:\"user_id\";s:0:\"\";s:7:\"user_ip\";s:14:\"174.203.68.239\";s:9:\"user_host\";s:0:\"\";s:2:\"rt\";s:26:\"r/extension/banner_manager\";}'),(29,17,1,'2022-02-06 23:38:32',0,'a:4:{s:7:\"user_id\";s:0:\"\";s:7:\"user_ip\";s:14:\"174.203.68.239\";s:9:\"user_host\";s:0:\"\";s:2:\"rt\";s:26:\"r/extension/banner_manager\";}'),(30,16,1,'2022-02-06 23:38:32',0,'a:4:{s:7:\"user_id\";s:0:\"\";s:7:\"user_ip\";s:14:\"174.203.68.239\";s:9:\"user_host\";s:0:\"\";s:2:\"rt\";s:26:\"r/extension/banner_manager\";}'),(31,18,1,'2022-02-06 23:38:37',0,'a:4:{s:7:\"user_id\";s:0:\"\";s:7:\"user_ip\";s:14:\"174.203.68.239\";s:9:\"user_host\";s:0:\"\";s:2:\"rt\";s:26:\"r/extension/banner_manager\";}'),(32,10,1,'2022-02-06 23:38:37',0,'a:4:{s:7:\"user_id\";s:0:\"\";s:7:\"user_ip\";s:14:\"174.203.68.239\";s:9:\"user_host\";s:0:\"\";s:2:\"rt\";s:26:\"r/extension/banner_manager\";}'),(33,9,1,'2022-02-06 23:38:37',0,'a:4:{s:7:\"user_id\";s:0:\"\";s:7:\"user_ip\";s:14:\"174.203.68.239\";s:9:\"user_host\";s:0:\"\";s:2:\"rt\";s:26:\"r/extension/banner_manager\";}'),(34,8,1,'2022-02-06 23:38:37',0,'a:4:{s:7:\"user_id\";s:0:\"\";s:7:\"user_ip\";s:14:\"174.203.68.239\";s:9:\"user_host\";s:0:\"\";s:2:\"rt\";s:26:\"r/extension/banner_manager\";}'),(35,13,1,'2022-02-06 23:38:37',0,'a:4:{s:7:\"user_id\";s:0:\"\";s:7:\"user_ip\";s:14:\"174.203.68.239\";s:9:\"user_host\";s:0:\"\";s:2:\"rt\";s:26:\"r/extension/banner_manager\";}'),(36,14,1,'2022-02-06 23:38:37',0,'a:4:{s:7:\"user_id\";s:0:\"\";s:7:\"user_ip\";s:14:\"174.203.68.239\";s:9:\"user_host\";s:0:\"\";s:2:\"rt\";s:26:\"r/extension/banner_manager\";}'),(37,16,1,'2022-02-06 23:38:37',0,'a:4:{s:7:\"user_id\";s:0:\"\";s:7:\"user_ip\";s:14:\"174.203.68.239\";s:9:\"user_host\";s:0:\"\";s:2:\"rt\";s:26:\"r/extension/banner_manager\";}'),(38,15,1,'2022-02-06 23:38:37',0,'a:4:{s:7:\"user_id\";s:0:\"\";s:7:\"user_ip\";s:14:\"174.203.68.239\";s:9:\"user_host\";s:0:\"\";s:2:\"rt\";s:26:\"r/extension/banner_manager\";}'),(39,17,1,'2022-02-06 23:38:37',0,'a:4:{s:7:\"user_id\";s:0:\"\";s:7:\"user_ip\";s:14:\"174.203.68.239\";s:9:\"user_host\";s:0:\"\";s:2:\"rt\";s:26:\"r/extension/banner_manager\";}'),(40,11,1,'2022-02-06 23:38:37',0,'a:4:{s:7:\"user_id\";s:0:\"\";s:7:\"user_ip\";s:14:\"174.203.68.239\";s:9:\"user_host\";s:0:\"\";s:2:\"rt\";s:26:\"r/extension/banner_manager\";}'),(41,18,1,'2022-02-06 23:42:35',0,'a:4:{s:7:\"user_id\";s:0:\"\";s:7:\"user_ip\";s:14:\"174.203.68.239\";s:9:\"user_host\";s:0:\"\";s:2:\"rt\";s:26:\"r/extension/banner_manager\";}'),(42,8,1,'2022-02-06 23:42:35',0,'a:4:{s:7:\"user_id\";s:0:\"\";s:7:\"user_ip\";s:14:\"174.203.68.239\";s:9:\"user_host\";s:0:\"\";s:2:\"rt\";s:26:\"r/extension/banner_manager\";}'),(43,9,1,'2022-02-06 23:42:38',0,'a:4:{s:7:\"user_id\";s:0:\"\";s:7:\"user_ip\";s:14:\"174.203.68.239\";s:9:\"user_host\";s:0:\"\";s:2:\"rt\";s:26:\"r/extension/banner_manager\";}'),(44,14,1,'2022-02-06 23:42:50',0,'a:4:{s:7:\"user_id\";s:0:\"\";s:7:\"user_ip\";s:14:\"174.203.68.239\";s:9:\"user_host\";s:0:\"\";s:2:\"rt\";s:26:\"r/extension/banner_manager\";}'),(45,15,1,'2022-02-06 23:42:50',0,'a:4:{s:7:\"user_id\";s:0:\"\";s:7:\"user_ip\";s:14:\"174.203.68.239\";s:9:\"user_host\";s:0:\"\";s:2:\"rt\";s:26:\"r/extension/banner_manager\";}'),(46,10,1,'2022-02-06 23:42:51',0,'a:4:{s:7:\"user_id\";s:0:\"\";s:7:\"user_ip\";s:14:\"174.203.68.239\";s:9:\"user_host\";s:0:\"\";s:2:\"rt\";s:26:\"r/extension/banner_manager\";}'),(47,13,1,'2022-02-06 23:43:22',0,'a:4:{s:7:\"user_id\";s:0:\"\";s:7:\"user_ip\";s:14:\"174.203.68.239\";s:9:\"user_host\";s:0:\"\";s:2:\"rt\";s:26:\"r/extension/banner_manager\";}'),(48,16,1,'2022-02-06 23:43:22',0,'a:4:{s:7:\"user_id\";s:0:\"\";s:7:\"user_ip\";s:14:\"174.203.68.239\";s:9:\"user_host\";s:0:\"\";s:2:\"rt\";s:26:\"r/extension/banner_manager\";}'),(49,11,1,'2022-02-06 23:43:23',0,'a:4:{s:7:\"user_id\";s:0:\"\";s:7:\"user_ip\";s:14:\"174.203.68.239\";s:9:\"user_host\";s:0:\"\";s:2:\"rt\";s:26:\"r/extension/banner_manager\";}'),(50,17,1,'2022-02-06 23:43:30',0,'a:4:{s:7:\"user_id\";s:0:\"\";s:7:\"user_ip\";s:14:\"174.203.68.239\";s:9:\"user_host\";s:0:\"\";s:2:\"rt\";s:26:\"r/extension/banner_manager\";}'),(51,13,2,'2022-02-09 03:03:26',0,'a:4:{s:7:\"user_id\";s:0:\"\";s:7:\"user_ip\";s:13:\"51.222.253.16\";s:9:\"user_host\";s:0:\"\";s:2:\"rt\";s:32:\"r/extension/banner_manager/click\";}'),(52,16,2,'2022-02-10 18:17:30',0,'a:4:{s:7:\"user_id\";s:0:\"\";s:7:\"user_ip\";s:14:\"185.119.81.103\";s:9:\"user_host\";s:0:\"\";s:2:\"rt\";s:32:\"r/extension/banner_manager/click\";}'),(53,14,2,'2022-02-10 20:28:27',0,'a:4:{s:7:\"user_id\";s:0:\"\";s:7:\"user_ip\";s:13:\"51.222.253.14\";s:9:\"user_host\";s:0:\"\";s:2:\"rt\";s:32:\"r/extension/banner_manager/click\";}'),(54,15,2,'2022-02-10 20:35:05',0,'a:4:{s:7:\"user_id\";s:0:\"\";s:7:\"user_ip\";s:12:\"51.222.253.1\";s:9:\"user_host\";s:0:\"\";s:2:\"rt\";s:32:\"r/extension/banner_manager/click\";}'),(55,16,2,'2022-02-10 22:09:30',0,'a:4:{s:7:\"user_id\";s:0:\"\";s:7:\"user_ip\";s:12:\"51.222.253.5\";s:9:\"user_host\";s:0:\"\";s:2:\"rt\";s:32:\"r/extension/banner_manager/click\";}'),(56,18,2,'2022-02-11 04:43:04',0,'a:4:{s:7:\"user_id\";s:0:\"\";s:7:\"user_ip\";s:13:\"51.222.253.18\";s:9:\"user_host\";s:0:\"\";s:2:\"rt\";s:32:\"r/extension/banner_manager/click\";}'),(57,18,2,'2022-02-12 09:48:32',0,'a:4:{s:7:\"user_id\";s:0:\"\";s:7:\"user_ip\";s:13:\"66.249.65.166\";s:9:\"user_host\";s:0:\"\";s:2:\"rt\";s:32:\"r/extension/banner_manager/click\";}'),(58,13,2,'2022-02-12 12:43:31',0,'a:4:{s:7:\"user_id\";s:0:\"\";s:7:\"user_ip\";s:13:\"66.249.65.163\";s:9:\"user_host\";s:0:\"\";s:2:\"rt\";s:32:\"r/extension/banner_manager/click\";}'),(59,14,2,'2022-02-12 15:43:31',0,'a:4:{s:7:\"user_id\";s:0:\"\";s:7:\"user_ip\";s:13:\"66.249.65.168\";s:9:\"user_host\";s:0:\"\";s:2:\"rt\";s:32:\"r/extension/banner_manager/click\";}');

--
-- Table structure for table `aba6_banners`
--

CREATE TABLE `aba6_banners` (
  `banner_id` int(11) NOT NULL AUTO_INCREMENT,
  `status` int(1) NOT NULL DEFAULT '0',
  `banner_type` int(11) NOT NULL DEFAULT '1',
  `banner_group_name` varchar(255) NOT NULL DEFAULT '',
  `start_date` timestamp NULL DEFAULT NULL,
  `end_date` timestamp NULL DEFAULT NULL,
  `blank` tinyint(1) NOT NULL DEFAULT '0',
  `target_url` text,
  `sort_order` int(11) NOT NULL,
  `date_added` timestamp NOT NULL DEFAULT '0000-00-00 00:00:00',
  `date_modified` timestamp NOT NULL DEFAULT CURRENT_TIMESTAMP ON UPDATE CURRENT_TIMESTAMP,
  PRIMARY KEY (`banner_id`)
) ENGINE=MyISAM AUTO_INCREMENT=19 DEFAULT CHARSET=utf8;

--
-- Dumping data for table `aba6_banners`
--

INSERT INTO `aba6_banners` VALUES (18,1,1,'Main Page Banners','2013-03-10 05:00:00',NULL,0,'',6,'2022-02-06 20:03:37','2022-02-06 20:03:37'),(17,1,2,'Main Page Banners','2013-03-10 05:00:00',NULL,0,'',5,'2022-02-06 20:03:37','2022-02-06 20:03:37'),(16,1,1,'Main bottom banners','2013-03-10 05:00:00',NULL,0,'http://www.abantecart.com',4,'2022-02-06 20:03:37','2022-02-06 20:03:37'),(15,1,1,'Main bottom banners','2013-03-10 05:00:00',NULL,0,'http://www.abantecart.com',3,'2022-02-06 20:03:37','2022-02-06 20:03:37'),(14,1,1,'Main bottom banners','2013-03-10 05:00:00',NULL,0,'http://www.abantecart.com',2,'2022-02-06 20:03:37','2022-02-06 20:03:37'),(13,1,1,'Main bottom banners','2013-03-10 05:00:00',NULL,0,'http://www.abantecart.com',1,'2022-02-06 20:03:37','2022-02-06 20:03:37'),(11,1,2,'Main Page Banners','2013-03-10 05:00:00',NULL,0,'',4,'2022-02-06 20:03:37','2022-02-06 20:03:37'),(10,1,2,'Main Page Banners','2013-03-10 05:00:00',NULL,0,'',3,'2022-02-06 20:03:37','2022-02-06 20:03:37'),(9,1,2,'Main Page Banners','2013-03-10 05:00:00',NULL,0,'',2,'2022-02-06 20:03:37','2022-02-06 20:03:37'),(8,1,2,'Main Page Banners','2013-03-10 05:00:00',NULL,0,'',1,'2022-02-06 20:03:37','2022-02-06 20:03:37');

--
-- Table structure for table `aba6_block_descriptions`
--

CREATE TABLE `aba6_block_descriptions` (
  `block_description_id` int(10) NOT NULL AUTO_INCREMENT,
  `custom_block_id` int(10) NOT NULL,
  `language_id` int(10) NOT NULL,
  `block_wrapper` varchar(255) NOT NULL DEFAULT '0',
  `block_framed` tinyint(1) DEFAULT '1',
  `name` varchar(255) NOT NULL COMMENT 'translatable',
  `title` varchar(255) NOT NULL COMMENT 'translatable',
  `description` varchar(255) NOT NULL DEFAULT '' COMMENT 'translatable',
  `content` longtext NOT NULL,
  `date_added` timestamp NOT NULL DEFAULT '0000-00-00 00:00:00',
  `date_modified` timestamp NOT NULL DEFAULT CURRENT_TIMESTAMP ON UPDATE CURRENT_TIMESTAMP,
  PRIMARY KEY (`block_description_id`,`custom_block_id`,`language_id`)
) ENGINE=MyISAM AUTO_INCREMENT=31 DEFAULT CHARSET=utf8;

--
-- Dumping data for table `aba6_block_descriptions`
--

INSERT INTO `aba6_block_descriptions` VALUES (1,1,1,'0',0,'home page static banner','home page banner','','&lt;div style=&quot;text-align: center;&quot;&gt;&lt;a href=&quot;index.php?rt=product/special&quot;&gt; &lt;img alt=&quot;banner&quot; src=&quot;storefront/view/default/image/banner1.jpg&quot; /&gt; &lt;/a&gt;&lt;/div&gt;','2015-06-12 13:56:24','2015-06-12 13:56:24'),(2,2,1,'0',0,'Video block','Video','','a:3:{s:18:\"listing_datasource\";s:5:\"media\";s:13:\"resource_type\";s:5:\"video\";s:5:\"limit\";s:1:\"1\";}','2015-06-12 13:56:24','2015-06-12 13:56:24'),(3,3,1,'0',1,'Custom Listing block','Popular','','a:2:{s:18:\"listing_datasource\";s:34:\"catalog_product_getPopularProducts\";s:5:\"limit\";s:2:\"12\";}','2015-06-12 13:56:24','2015-06-12 13:56:24'),(30,16,1,'0',1,'Testimonials','Testimonials','Flexislider testimonials','&lt;div style=&quot;font-family: \'Open Sans\', sans-serif;&quot; class=&quot;flexslider&quot; id=&quot;testimonialsidebar&quot;&gt;\r\n	&lt;ul class=&quot;slides&quot;&gt;\r\n		&lt;li&gt;\r\n			&quot; I was working with many shopping carts, free and hosted for my clients. There is always something missing. In abantecart I find this gap to be much less. Interface is very easy to use and support is very responsive. This is considering its is free. Go abantecart go!&quot;&lt;br /&gt;\r\n			&lt;span class=&quot;pull-left orange&quot;&gt;By : TopShop on reviewcentre.com&lt;/span&gt;&lt;/li&gt;\r\n		&lt;li&gt;\r\n			&quot; Without a doubt the best cart I have used. The title says it all - abantecart is undoubtedly the best I have used. I\'m not an expert in site setup, so something this great looking and easy to use is absolutely perfect ... &quot;&lt;br /&gt;\r\n			&lt;span class=&quot;pull-left orange&quot;&gt;By : johnstenson80 on venturebeat.com&lt;/span&gt;&lt;/li&gt;\r\n		&lt;li&gt;\r\n			&quot; Will not regret using this cart. All good is already mentioned, I want to add my experience with support. My problems with some configuration were resolved quick. Faster than paid shopping cart we had before.&quot;&lt;br /&gt;\r\n			&lt;span class=&quot;pull-left orange&quot;&gt;By : shopper23 at bestshoppingcartreviews.com&lt;/span&gt;&lt;/li&gt;\r\n		&lt;li&gt;\r\n			&quot; Wow! Abante Cart is really a catch! What a nice experience it was for me. I mean, to have all these features so direct, so quick and easy was really essential for my website. I was able to add some features and a cart to my website in no time ...&quot;&lt;br /&gt;\r\n			&lt;span class=&quot;pull-left orange&quot;&gt;By : EcommerceSport at hotscripts.com&lt;/span&gt;&lt;/li&gt;\r\n		&lt;li&gt;\r\n			&quot; Love the cart. I installed it a while back and use it since when. Some features a hidden, but fun to discover them.&quot;&lt;br /&gt;\r\n			&lt;span class=&quot;pull-left orange&quot;&gt;By : Liz Wattkins at shopping-cart-reviews.com&lt;/span&gt;&lt;/li&gt;\r\n\r\n	&lt;/ul&gt;\r\n&lt;/div&gt;\r\n','2015-06-12 13:56:24','2015-06-12 13:56:24'),(28,15,1,'0',0,'Social Icons','Social Icons','This is a an HTML block to show social icons and link.\r\nNOTE: Need to edit HTML in block content to add  personal link to social media sites','      &lt;div class=&quot;social_icons&quot;&gt;\r\n        &lt;a href=&quot;http://www.facebook.com/AbanteCart&quot; target=&quot;_blank&quot; title=&quot;Facebook&quot; class=&quot;facebook&quot;&gt;Facebook&lt;/a&gt;\r\n        &lt;a href=&quot;https://twitter.com/abantecart&quot; target=&quot;_blank&quot; title=&quot;Twitter&quot; class=&quot;twitter&quot;&gt;Twitter&lt;/a&gt;\r\n        &lt;a href=&quot;#&quot; title=&quot;Linkedin&quot; class=&quot;linkedin&quot;&gt;Linkedin&lt;/a&gt;\r\n        &lt;a href=&quot;#&quot; title=&quot;rss&quot; class=&quot;rss&quot;&gt;rss&lt;/a&gt;\r\n        &lt;a href=&quot;#&quot; target=&quot;_blank&quot; title=&quot;Googleplus&quot; class=&quot;googleplus&quot;&gt;Googleplus&lt;/a&gt;\r\n        &lt;a href=&quot;#&quot; target=&quot;_blank&quot; title=&quot;Skype&quot; class=&quot;skype&quot;&gt;Skype&lt;/a&gt;\r\n        &lt;a href=&quot;#&quot; target=&quot;_blank&quot; title=&quot;Flickr&quot; class=&quot;flickr&quot;&gt;Flickr&lt;/a&gt;\r\n      &lt;/div&gt;\r\n','2015-06-12 13:56:24','2015-06-12 13:56:24'),(26,14,1,'0',1,'Contact us','Contact Us','','&lt;ul class=&quot;contact&quot;&gt;	&lt;li&gt;&lt;span class=&quot;phone&quot;&gt;&nbsp;&lt;/span&gt;+123 456 7890, +123 456 7890&lt;/li&gt;	&lt;li&gt;&lt;span class=&quot;mobile&quot;&gt;&nbsp;&lt;/span&gt;+123 456 7890, +123 456 78900&lt;/li&gt;	&lt;li&gt;&lt;span class=&quot;email&quot;&gt;&nbsp;&lt;/span&gt;help at abantecart.com&lt;/li&gt;	&lt;li&gt;&lt;span class=&quot;email&quot;&gt;&nbsp;&lt;/span&gt;help at abantecart.com&lt;/li&gt;&lt;/ul&gt;','2015-06-12 13:56:24','2015-06-12 13:56:24'),(24,13,1,'0',1,'About Us','About Us','','&lt;p&gt;\r\n	AbanteCart is a free eCommerce solution for merchants to provide ability creating online business and sell products or services online. AbanteCart application is built and supported by experienced enthusiasts that are passionate about their work and contribution to rapidly evolving eCommerce industry. AbanteCart is more than just a shopping cart, it is rapidly growing eCommerce platform with many benefits.&lt;/p&gt;\r\n','2015-06-12 13:56:24','2015-06-12 13:56:24'),(22,12,1,'blocks/listing_block/popular_brands_content_bottom.tpl',1,'Brands Scrolling List','Brands Scrolling List','','a:1:{s:18:\"listing_datasource\";s:20:\"custom_manufacturers\";}','2015-06-12 13:56:24','2015-06-12 13:56:24'),(20,11,1,'0',0,'Main Page Banner Bottom','Bottom Banners','','a:1:{s:17:\"banner_group_name\";s:19:\"Main bottom banners\";}','2015-06-12 13:56:24','2015-06-12 13:56:24'),(18,10,1,'0',0,'Main Page Promo','Promo','','	&lt;section class=&quot;row promo_section&quot;&gt;\r\n	&lt;div class=&quot;col-md-3 col-xs-6 promo_block&quot;&gt;\r\n		&lt;div class=&quot;promo_icon&quot;&gt;&lt;i class=&quot;fa fa-truck fa-fw&quot;&gt;&lt;/i&gt;&lt;/div&gt;\r\n		&lt;div class=&quot;promo_text&quot;&gt;\r\n			&lt;h2&gt;\r\n				Free shipping&lt;/h2&gt;\r\n			All over in world over $200\r\n		&lt;/div&gt;\r\n	&lt;/div&gt;\r\n	&lt;div class=&quot;col-md-3 col-xs-6 promo_block&quot;&gt;\r\n		&lt;div class=&quot;promo_icon&quot;&gt;&lt;i class=&quot;fa fa-money fa-fw&quot;&gt;&lt;/i&gt;&lt;/div&gt;\r\n		&lt;div class=&quot;promo_text&quot;&gt;\r\n			&lt;h2&gt;\r\n				Easy Payment&lt;/h2&gt;\r\n			Payment Gateway support&lt;/div&gt;\r\n	&lt;/div&gt;\r\n	&lt;div class=&quot;col-md-3 col-xs-6 promo_block&quot;&gt;\r\n		&lt;div class=&quot;promo_icon&quot;&gt;&lt;i class=&quot;fa fa-clock-o fa-fw&quot;&gt;&lt;/i&gt;&lt;/div&gt;\r\n		&lt;div class=&quot;promo_text&quot;&gt;\r\n			&lt;h2&gt;\r\n				24hrs Shipping&lt;/h2&gt;\r\n			For All US States&lt;/div&gt;\r\n	&lt;/div&gt;\r\n	&lt;div class=&quot;col-md-3 col-xs-6 promo_block&quot;&gt;\r\n		&lt;div class=&quot;promo_icon&quot;&gt;&lt;i class=&quot;fa fa-tags fa-fw&quot;&gt;&lt;/i&gt;&lt;/div&gt;\r\n		&lt;div class=&quot;promo_text&quot;&gt;\r\n			&lt;h2&gt;\r\n				Large Variety&lt;/h2&gt;\r\n			50,000+ Products&lt;/div&gt;\r\n	&lt;/div&gt;\r\n	&lt;/section&gt;','2015-06-12 13:56:24','2015-06-12 13:56:24'),(16,9,1,'blocks/banner_block/one_by_one_slider_banner_block.tpl',0,'Main Page Banner Slider','Main Page Banner Slider','','a:1:{s:17:\"banner_group_name\";s:17:\"Main Page Banners\";}','2015-06-12 13:56:24','2015-06-12 13:56:24');

--
-- Table structure for table `aba6_block_layouts`
--

CREATE TABLE `aba6_block_layouts` (
  `instance_id` int(10) NOT NULL AUTO_INCREMENT,
  `layout_id` int(10) NOT NULL DEFAULT '0',
  `block_id` int(10) NOT NULL DEFAULT '0',
  `custom_block_id` int(10) NOT NULL DEFAULT '0',
  `parent_instance_id` int(10) NOT NULL DEFAULT '0',
  `position` smallint(5) NOT NULL DEFAULT '0',
  `status` smallint(1) NOT NULL DEFAULT '0',
  `date_added` timestamp NOT NULL DEFAULT '0000-00-00 00:00:00',
  `date_modified` timestamp NOT NULL DEFAULT CURRENT_TIMESTAMP ON UPDATE CURRENT_TIMESTAMP,
  PRIMARY KEY (`instance_id`),
  UNIQUE KEY `ac_block_layouts_idx` (`instance_id`,`layout_id`,`block_id`,`parent_instance_id`,`custom_block_id`)
) ENGINE=MyISAM AUTO_INCREMENT=2086 DEFAULT CHARSET=utf8;

--
-- Dumping data for table `aba6_block_layouts`
--

INSERT INTO `aba6_block_layouts` VALUES (330,11,1,0,0,10,1,'2022-02-06 20:03:37','2022-02-06 20:03:37'),(331,11,2,0,0,20,1,'2022-02-06 20:03:37','2022-02-06 20:03:37'),(332,11,3,0,0,30,1,'2022-02-06 20:03:37','2022-02-06 20:03:37'),(333,11,4,0,0,40,1,'2022-02-06 20:03:37','2022-02-06 20:03:37'),(334,11,5,0,0,50,1,'2022-02-06 20:03:37','2022-02-06 20:03:37'),(335,11,6,0,0,60,1,'2022-02-06 20:03:37','2022-02-06 20:03:37'),(336,11,7,0,0,70,1,'2022-02-06 20:03:37','2022-02-06 20:03:37'),(337,11,8,0,0,80,1,'2022-02-06 20:03:37','2022-02-06 20:03:37'),(1839,11,25,0,337,40,1,'2022-02-06 20:03:37','2022-02-06 20:03:37'),(1840,11,11,0,337,50,1,'2022-02-06 20:03:37','2022-02-06 20:03:37'),(1835,11,9,0,331,10,1,'2022-02-06 20:03:37','2022-02-06 20:03:37'),(1842,11,24,0,337,70,1,'2022-02-06 20:03:37','2022-02-06 20:03:37'),(1843,11,21,0,337,80,1,'2022-02-06 20:03:37','2022-02-06 20:03:37'),(1844,11,31,0,330,20,1,'2022-02-06 20:03:37','2022-02-06 20:03:37'),(1829,11,27,0,330,30,1,'2022-02-06 20:03:37','2022-02-06 20:03:37'),(1830,11,26,0,330,40,1,'2022-02-06 20:03:37','2022-02-06 20:03:37'),(1831,11,14,0,330,60,1,'2022-02-06 20:03:37','2022-02-06 20:03:37'),(1832,11,13,0,330,50,1,'2022-02-06 20:03:37','2022-02-06 20:03:37'),(1833,11,15,0,330,70,1,'2022-02-06 20:03:37','2022-02-06 20:03:37'),(1950,11,28,0,331,20,1,'2022-02-06 20:03:37','2022-02-06 20:03:37'),(1782,12,21,0,356,80,1,'2022-02-06 20:03:37','2022-02-06 20:03:37'),(354,12,6,0,0,60,0,'2022-02-06 20:03:37','2022-02-06 20:03:37'),(352,12,4,0,0,40,1,'2022-02-06 20:03:37','2022-02-06 20:03:37'),(351,12,3,0,0,30,0,'2022-02-06 20:03:37','2022-02-06 20:03:37'),(350,12,2,0,0,20,1,'2022-02-06 20:03:37','2022-02-06 20:03:37'),(353,12,5,0,0,50,1,'2022-02-06 20:03:37','2022-02-06 20:03:37'),(1781,12,24,0,356,70,1,'2022-02-06 20:03:37','2022-02-06 20:03:37'),(355,12,7,0,0,70,1,'2022-02-06 20:03:37','2022-02-06 20:03:37'),(356,12,8,0,0,80,1,'2022-02-06 20:03:37','2022-02-06 20:03:37'),(349,12,1,0,0,10,1,'2022-02-06 20:03:37','2022-02-06 20:03:37'),(1763,12,14,0,349,60,1,'2022-02-06 20:03:37','2022-02-06 20:03:37'),(1764,12,15,0,349,70,1,'2022-02-06 20:03:37','2022-02-06 20:03:37'),(1761,12,26,0,349,40,1,'2022-02-06 20:03:37','2022-02-06 20:03:37'),(1762,12,13,0,349,50,1,'2022-02-06 20:03:37','2022-02-06 20:03:37'),(1770,12,12,0,353,20,1,'2022-02-06 20:03:37','2022-02-06 20:03:37'),(1771,12,18,0,353,30,1,'2022-02-06 20:03:37','2022-02-06 20:03:37'),(1772,12,22,0,353,40,1,'2022-02-06 20:03:37','2022-02-06 20:03:37'),(1766,12,9,0,350,10,1,'2022-02-06 20:03:37','2022-02-06 20:03:37'),(1779,12,11,0,356,50,1,'2022-02-06 20:03:37','2022-02-06 20:03:37'),(1769,12,19,0,353,10,1,'2022-02-06 20:03:37','2022-02-06 20:03:37'),(1778,12,25,0,356,40,1,'2022-02-06 20:03:37','2022-02-06 20:03:37'),(1845,12,31,0,349,20,1,'2022-02-06 20:03:37','2022-02-06 20:03:37'),(1760,12,27,0,349,30,1,'2022-02-06 20:03:37','2022-02-06 20:03:37'),(1846,13,31,0,378,20,1,'2022-02-06 20:03:37','2022-02-06 20:03:37'),(1799,13,27,0,378,30,1,'2022-02-06 20:03:37','2022-02-06 20:03:37'),(1810,13,11,0,379,50,1,'2022-02-06 20:03:37','2022-02-06 20:03:37'),(1805,13,9,0,375,10,1,'2022-02-06 20:03:37','2022-02-06 20:03:37'),(1951,13,28,0,375,20,1,'2022-02-06 20:03:37','2022-02-06 20:03:37'),(1801,13,13,0,378,50,1,'2022-02-06 20:03:37','2022-02-06 20:03:37'),(1813,13,21,0,379,80,1,'2022-02-06 20:03:37','2022-02-06 20:03:37'),(1809,13,25,0,379,40,1,'2022-02-06 20:03:37','2022-02-06 20:03:37'),(1800,13,26,0,378,40,1,'2022-02-06 20:03:37','2022-02-06 20:03:37'),(1812,13,24,0,379,70,1,'2022-02-06 20:03:37','2022-02-06 20:03:37'),(1802,13,14,0,378,60,1,'2022-02-06 20:03:37','2022-02-06 20:03:37'),(1803,13,15,0,378,70,1,'2022-02-06 20:03:37','2022-02-06 20:03:37'),(379,13,8,0,0,80,1,'2022-02-06 20:03:37','2022-02-06 20:03:37'),(378,13,1,0,0,10,1,'2022-02-06 20:03:37','2022-02-06 20:03:37'),(370,13,7,0,0,70,1,'2022-02-06 20:03:37','2022-02-06 20:03:37'),(371,13,6,0,0,60,0,'2022-02-06 20:03:37','2022-02-06 20:03:37'),(372,13,5,0,0,50,1,'2022-02-06 20:03:37','2022-02-06 20:03:37'),(373,13,4,0,0,40,1,'2022-02-06 20:03:37','2022-02-06 20:03:37'),(374,13,3,0,0,30,0,'2022-02-06 20:03:37','2022-02-06 20:03:37'),(375,13,2,0,0,20,1,'2022-02-06 20:03:37','2022-02-06 20:03:37'),(1795,14,11,0,392,50,1,'2022-02-06 20:03:37','2022-02-06 20:03:37'),(1794,14,25,0,392,40,1,'2022-02-06 20:03:37','2022-02-06 20:03:37'),(1790,14,12,0,387,10,1,'2022-02-06 20:03:37','2022-02-06 20:03:37'),(1847,14,31,0,391,20,1,'2022-02-06 20:03:37','2022-02-06 20:03:37'),(1783,14,27,0,391,30,1,'2022-02-06 20:03:37','2022-02-06 20:03:37'),(1784,14,26,0,391,40,1,'2022-02-06 20:03:37','2022-02-06 20:03:37'),(1785,14,13,0,391,50,1,'2022-02-06 20:03:37','2022-02-06 20:03:37'),(1786,14,14,0,391,60,1,'2022-02-06 20:03:37','2022-02-06 20:03:37'),(1789,14,9,0,388,10,1,'2022-02-06 20:03:37','2022-02-06 20:03:37'),(1952,14,28,0,388,20,1,'2022-02-06 20:03:37','2022-02-06 20:03:37'),(1787,14,15,0,391,70,1,'2022-02-06 20:03:37','2022-02-06 20:03:37'),(1797,14,24,0,392,70,1,'2022-02-06 20:03:37','2022-02-06 20:03:37'),(1798,14,21,0,392,80,1,'2022-02-06 20:03:37','2022-02-06 20:03:37'),(388,14,2,0,0,20,1,'2022-02-06 20:03:37','2022-02-06 20:03:37'),(386,14,4,0,0,40,1,'2022-02-06 20:03:37','2022-02-06 20:03:37'),(387,14,3,0,0,30,1,'2022-02-06 20:03:37','2022-02-06 20:03:37'),(384,14,6,0,0,60,0,'2022-02-06 20:03:37','2022-02-06 20:03:37'),(383,14,7,0,0,70,1,'2022-02-06 20:03:37','2022-02-06 20:03:37'),(391,14,1,0,0,10,1,'2022-02-06 20:03:37','2022-02-06 20:03:37'),(392,14,8,0,0,80,1,'2022-02-06 20:03:37','2022-02-06 20:03:37'),(385,14,5,0,0,50,1,'2022-02-06 20:03:37','2022-02-06 20:03:37'),(1827,15,24,0,403,70,1,'2022-02-06 20:03:37','2022-02-06 20:03:37'),(1818,15,15,0,395,70,1,'2022-02-06 20:03:37','2022-02-06 20:03:37'),(1817,15,14,0,395,60,1,'2022-02-06 20:03:37','2022-02-06 20:03:37'),(1816,15,13,0,395,50,1,'2022-02-06 20:03:37','2022-02-06 20:03:37'),(1828,15,21,0,403,80,1,'2022-02-06 20:03:37','2022-02-06 20:03:37'),(1815,15,26,0,395,40,1,'2022-02-06 20:03:37','2022-02-06 20:03:37'),(1848,15,31,0,395,20,1,'2022-02-06 20:03:37','2022-02-06 20:03:37'),(1814,15,27,0,395,30,1,'2022-02-06 20:03:37','2022-02-06 20:03:37'),(1820,15,9,0,399,10,1,'2022-02-06 20:03:37','2022-02-06 20:03:37'),(1953,15,28,0,399,20,1,'2022-02-06 20:03:37','2022-02-06 20:03:37'),(1825,15,11,0,403,50,1,'2022-02-06 20:03:37','2022-02-06 20:03:37'),(402,15,5,0,0,50,1,'2022-02-06 20:03:37','2022-02-06 20:03:37'),(401,15,4,0,0,40,1,'2022-02-06 20:03:37','2022-02-06 20:03:37'),(400,15,3,0,0,30,0,'2022-02-06 20:03:37','2022-02-06 20:03:37'),(399,15,2,0,0,20,1,'2022-02-06 20:03:37','2022-02-06 20:03:37'),(398,15,5,0,0,50,1,'2022-02-06 20:03:37','2022-02-06 20:03:37'),(397,15,6,0,0,60,1,'2022-02-06 20:03:37','2022-02-06 20:03:37'),(396,15,7,0,0,70,1,'2022-02-06 20:03:37','2022-02-06 20:03:37'),(395,15,1,0,0,10,1,'2022-02-06 20:03:37','2022-02-06 20:03:37'),(1824,15,25,0,403,40,1,'2022-02-06 20:03:37','2022-02-06 20:03:37'),(2021,15,16,0,397,10,1,'2022-02-06 20:03:37','2022-02-06 20:03:37'),(403,15,8,0,0,80,1,'2022-02-06 20:03:37','2022-02-06 20:03:37'),(942,17,5,0,0,50,1,'2022-02-06 20:03:37','2022-02-06 20:03:37'),(943,17,6,0,0,60,1,'2022-02-06 20:03:37','2022-02-06 20:03:37'),(944,17,7,0,0,70,1,'2022-02-06 20:03:37','2022-02-06 20:03:37'),(945,17,8,0,0,80,1,'2022-02-06 20:03:37','2022-02-06 20:03:37'),(940,17,3,0,0,30,1,'2022-02-06 20:03:37','2022-02-06 20:03:37'),(939,17,2,0,0,20,1,'2022-02-06 20:03:37','2022-02-06 20:03:37'),(938,17,1,0,0,10,1,'2022-02-06 20:03:37','2022-02-06 20:03:37'),(941,17,4,0,0,40,1,'2022-02-06 20:03:37','2022-02-06 20:03:37'),(1954,17,28,0,939,20,1,'2022-02-06 20:03:37','2022-02-06 20:03:37'),(1900,18,5,0,0,50,1,'2022-02-06 20:03:37','2022-02-06 20:03:37'),(1901,18,4,0,0,40,1,'2022-02-06 20:03:37','2022-02-06 20:03:37'),(1902,18,3,0,0,30,0,'2022-02-06 20:03:37','2022-02-06 20:03:37'),(1903,18,2,0,0,20,1,'2022-02-06 20:03:37','2022-02-06 20:03:37'),(1904,18,5,0,0,50,1,'2022-02-06 20:03:37','2022-02-06 20:03:37'),(1905,18,6,0,0,60,1,'2022-02-06 20:03:37','2022-02-06 20:03:37'),(1906,18,7,0,0,70,1,'2022-02-06 20:03:37','2022-02-06 20:03:37'),(1907,18,1,0,0,10,1,'2022-02-06 20:03:37','2022-02-06 20:03:37'),(1908,18,8,0,0,80,1,'2022-02-06 20:03:37','2022-02-06 20:03:37'),(1920,18,24,0,1908,70,1,'2022-02-06 20:03:37','2022-02-06 20:03:37'),(1921,18,15,0,1907,70,1,'2022-02-06 20:03:37','2022-02-06 20:03:37'),(1922,18,14,0,1907,60,1,'2022-02-06 20:03:37','2022-02-06 20:03:37'),(1923,18,13,0,1907,50,1,'2022-02-06 20:03:37','2022-02-06 20:03:37'),(1924,18,21,0,1908,80,1,'2022-02-06 20:03:37','2022-02-06 20:03:37'),(1925,18,26,0,1907,40,1,'2022-02-06 20:03:37','2022-02-06 20:03:37'),(1849,18,31,0,1907,20,1,'2022-02-06 20:03:37','2022-02-06 20:03:37'),(1926,18,27,0,1907,30,1,'2022-02-06 20:03:37','2022-02-06 20:03:37'),(1927,18,9,0,1903,10,1,'2022-02-06 20:03:37','2022-02-06 20:03:37'),(1955,18,28,0,1903,20,1,'2022-02-06 20:03:37','2022-02-06 20:03:37'),(1930,18,11,0,1908,50,1,'2022-02-06 20:03:37','2022-02-06 20:03:37'),(1932,18,25,0,1908,40,1,'2022-02-06 20:03:37','2022-02-06 20:03:37'),(1935,18,29,0,1905,10,1,'2022-02-06 20:03:37','2022-02-06 20:03:37'),(2000,19,24,0,2019,70,1,'2022-02-06 20:03:37','2022-02-06 20:03:37'),(2001,19,15,0,2017,70,1,'2022-02-06 20:03:37','2022-02-06 20:03:37'),(2002,19,14,0,2017,60,1,'2022-02-06 20:03:37','2022-02-06 20:03:37'),(2003,19,13,0,2017,50,1,'2022-02-06 20:03:37','2022-02-06 20:03:37'),(2004,19,21,0,2019,80,1,'2022-02-06 20:03:37','2022-02-06 20:03:37'),(2005,19,26,0,2017,40,1,'2022-02-06 20:03:37','2022-02-06 20:03:37'),(2006,19,31,0,2017,20,1,'2022-02-06 20:03:37','2022-02-06 20:03:37'),(2007,19,27,0,2017,30,1,'2022-02-06 20:03:37','2022-02-06 20:03:37'),(2008,19,9,0,2013,10,1,'2022-02-06 20:03:37','2022-02-06 20:03:37'),(2009,19,11,0,2019,50,1,'2022-02-06 20:03:37','2022-02-06 20:03:37'),(2010,19,5,0,0,50,1,'2022-02-06 20:03:37','2022-02-06 20:03:37'),(2011,19,4,0,0,40,1,'2022-02-06 20:03:37','2022-02-06 20:03:37'),(2012,19,3,0,0,30,0,'2022-02-06 20:03:37','2022-02-06 20:03:37'),(2013,19,2,0,0,20,1,'2022-02-06 20:03:37','2022-02-06 20:03:37'),(2014,19,5,0,0,50,1,'2022-02-06 20:03:37','2022-02-06 20:03:37'),(2015,19,6,0,0,60,1,'2022-02-06 20:03:37','2022-02-06 20:03:37'),(2016,19,7,0,0,70,1,'2022-02-06 20:03:37','2022-02-06 20:03:37'),(2017,19,1,0,0,10,1,'2022-02-06 20:03:37','2022-02-06 20:03:37'),(2018,19,25,0,2019,40,1,'2022-02-06 20:03:37','2022-02-06 20:03:37'),(2019,19,8,0,0,80,1,'2022-02-06 20:03:37','2022-02-06 20:03:37'),(2020,19,28,0,2013,20,1,'2022-02-06 20:03:37','2022-02-06 20:03:37'),(2043,20,1,0,0,10,1,'2022-02-06 20:03:37','2022-02-06 20:03:37'),(2044,20,2,0,0,20,1,'2022-02-06 20:03:37','2022-02-06 20:03:37'),(2045,20,3,0,0,30,1,'2022-02-06 20:03:37','2022-02-06 20:03:37'),(2046,20,4,0,0,40,1,'2022-02-06 20:03:37','2022-02-06 20:03:37'),(2047,20,5,0,0,50,1,'2022-02-06 20:03:37','2022-02-06 20:03:37'),(2048,20,6,0,0,60,1,'2022-02-06 20:03:37','2022-02-06 20:03:37'),(2049,20,7,0,0,70,1,'2022-02-06 20:03:37','2022-02-06 20:03:37'),(2050,20,8,0,0,80,1,'2022-02-06 20:03:37','2022-02-06 20:03:37'),(2051,20,25,0,2050,40,1,'2022-02-06 20:03:37','2022-02-06 20:03:37'),(2052,20,11,0,2050,50,1,'2022-02-06 20:03:37','2022-02-06 20:03:37'),(2053,20,9,0,2044,10,1,'2022-02-06 20:03:37','2022-02-06 20:03:37'),(2054,20,24,0,2050,70,1,'2022-02-06 20:03:37','2022-02-06 20:03:37'),(2055,20,21,0,2050,80,1,'2022-02-06 20:03:37','2022-02-06 20:03:37'),(2056,20,31,0,2043,20,1,'2022-02-06 20:03:37','2022-02-06 20:03:37'),(2057,20,27,0,2043,30,1,'2022-02-06 20:03:37','2022-02-06 20:03:37'),(2058,20,26,0,2043,40,1,'2022-02-06 20:03:37','2022-02-06 20:03:37'),(2059,20,14,0,2043,60,1,'2022-02-06 20:03:37','2022-02-06 20:03:37'),(2060,20,13,0,2043,50,1,'2022-02-06 20:03:37','2022-02-06 20:03:37'),(2061,20,15,0,2043,70,1,'2022-02-06 20:03:37','2022-02-06 20:03:37'),(2062,20,17,15,2043,80,1,'2022-02-06 20:03:37','2022-02-06 20:03:37'),(2063,20,28,0,2044,20,1,'2022-02-06 20:03:37','2022-02-06 20:03:37'),(2064,20,17,13,2050,10,1,'2022-02-06 20:03:37','2022-02-06 20:03:37'),(2065,20,17,14,2050,20,1,'2022-02-06 20:03:37','2022-02-06 20:03:37'),(2066,20,17,16,2050,30,1,'2022-02-06 20:03:37','2022-02-06 20:03:37'),(2067,20,17,15,2050,60,1,'2022-02-06 20:03:37','2022-02-06 20:03:37'),(2068,21,1,0,0,10,1,'2022-02-06 20:03:37','2022-02-06 20:03:37'),(2069,21,32,0,2068,40,1,'2022-02-06 20:03:37','2022-02-06 20:03:37'),(2070,21,2,0,0,20,0,'2022-02-06 20:03:37','2022-02-06 20:03:37'),(2071,21,3,0,0,30,0,'2022-02-06 20:03:37','2022-02-06 20:03:37'),(2072,21,4,0,0,40,0,'2022-02-06 20:03:37','2022-02-06 20:03:37'),(2073,21,5,0,0,50,0,'2022-02-06 20:03:37','2022-02-06 20:03:37'),(2074,21,6,0,0,60,1,'2022-02-06 20:03:37','2022-02-06 20:03:37'),(2075,21,33,0,2074,10,1,'2022-02-06 20:03:37','2022-02-06 20:03:37'),(2076,21,7,0,0,70,0,'2022-02-06 20:03:37','2022-02-06 20:03:37'),(2077,21,8,0,0,80,1,'2022-02-06 20:03:37','2022-02-06 20:03:37'),(2078,22,1,0,0,10,1,'2022-02-06 20:03:37','2022-02-06 20:03:37'),(2079,22,2,0,0,20,0,'2022-02-06 20:03:37','2022-02-06 20:03:37'),(2080,22,3,0,0,30,0,'2022-02-06 20:03:37','2022-02-06 20:03:37'),(2081,22,4,0,0,40,0,'2022-02-06 20:03:37','2022-02-06 20:03:37'),(2082,22,5,0,0,50,0,'2022-02-06 20:03:37','2022-02-06 20:03:37'),(2083,22,6,0,0,60,1,'2022-02-06 20:03:37','2022-02-06 20:03:37'),(2084,22,7,0,0,70,0,'2022-02-06 20:03:37','2022-02-06 20:03:37'),(2085,22,8,0,0,80,1,'2022-02-06 20:03:37','2022-02-06 20:03:37'),(34,2,17,1,19,10,1,'2022-02-06 20:03:37','2022-02-06 20:03:37'),(1836,11,17,13,337,10,1,'2022-02-06 20:03:37','2022-02-06 20:03:37'),(1841,11,17,15,337,60,1,'2022-02-06 20:03:37','2022-02-06 20:03:37'),(1838,11,17,16,337,30,1,'2022-02-06 20:03:37','2022-02-06 20:03:37'),(1837,11,17,14,337,20,1,'2022-02-06 20:03:37','2022-02-06 20:03:37'),(1834,11,17,15,330,80,1,'2022-02-06 20:03:37','2022-02-06 20:03:37'),(1780,12,17,15,356,60,1,'2022-02-06 20:03:37','2022-02-06 20:03:37'),(366,12,17,1,19,10,1,'2022-02-06 20:03:37','2022-02-06 20:03:37'),(1774,12,20,12,353,60,1,'2022-02-06 20:03:37','2022-02-06 20:03:37'),(1775,12,17,13,356,10,1,'2022-02-06 20:03:37','2022-02-06 20:03:37'),(1765,12,17,15,349,80,1,'2022-02-06 20:03:37','2022-02-06 20:03:37'),(1776,12,17,14,356,20,1,'2022-02-06 20:03:37','2022-02-06 20:03:37'),(1767,12,23,9,350,20,1,'2022-02-06 20:03:37','2022-02-06 20:03:37'),(1768,12,17,10,352,10,1,'2022-02-06 20:03:37','2022-02-06 20:03:37'),(1773,12,23,11,353,50,1,'2022-02-06 20:03:37','2022-02-06 20:03:37'),(1777,12,17,16,356,30,1,'2022-02-06 20:03:37','2022-02-06 20:03:37'),(1808,13,17,16,379,30,1,'2022-02-06 20:03:37','2022-02-06 20:03:37'),(1811,13,17,15,379,60,1,'2022-02-06 20:03:37','2022-02-06 20:03:37'),(1807,13,17,14,379,20,1,'2022-02-06 20:03:37','2022-02-06 20:03:37'),(1806,13,17,13,379,10,1,'2022-02-06 20:03:37','2022-02-06 20:03:37'),(1804,13,17,15,378,80,1,'2022-02-06 20:03:37','2022-02-06 20:03:37'),(1793,14,17,16,392,30,1,'2022-02-06 20:03:37','2022-02-06 20:03:37'),(1792,14,17,14,392,20,1,'2022-02-06 20:03:37','2022-02-06 20:03:37'),(1796,14,17,15,392,60,1,'2022-02-06 20:03:37','2022-02-06 20:03:37'),(1791,14,17,13,392,10,1,'2022-02-06 20:03:37','2022-02-06 20:03:37'),(1788,14,17,15,391,80,1,'2022-02-06 20:03:37','2022-02-06 20:03:37'),(1819,15,17,15,395,80,1,'2022-02-06 20:03:37','2022-02-06 20:03:37'),(1822,15,17,14,403,20,1,'2022-02-06 20:03:37','2022-02-06 20:03:37'),(1821,15,17,13,403,10,1,'2022-02-06 20:03:37','2022-02-06 20:03:37'),(1823,15,17,16,403,30,1,'2022-02-06 20:03:37','2022-02-06 20:03:37'),(1826,15,17,15,403,60,1,'2022-02-06 20:03:37','2022-02-06 20:03:37'),(1928,18,17,15,1907,80,1,'2022-02-06 20:03:37','2022-02-06 20:03:37'),(1929,18,17,14,1908,20,1,'2022-02-06 20:03:37','2022-02-06 20:03:37'),(1931,18,17,13,1908,10,1,'2022-02-06 20:03:37','2022-02-06 20:03:37'),(1933,18,17,16,1908,30,1,'2022-02-06 20:03:37','2022-02-06 20:03:37'),(1934,18,17,15,1908,60,1,'2022-02-06 20:03:37','2022-02-06 20:03:37'),(2030,19,17,15,2017,80,1,'2022-02-06 20:03:37','2022-02-06 20:03:37'),(2031,19,17,14,2019,20,1,'2022-02-06 20:03:37','2022-02-06 20:03:37'),(2032,19,17,13,2019,10,1,'2022-02-06 20:03:37','2022-02-06 20:03:37'),(2033,19,17,16,2019,30,1,'2022-02-06 20:03:37','2022-02-06 20:03:37'),(2034,19,17,15,2019,60,1,'2022-02-06 20:03:37','2022-02-06 20:03:37');

--
-- Table structure for table `aba6_block_templates`
--

CREATE TABLE `aba6_block_templates` (
  `block_id` int(10) NOT NULL AUTO_INCREMENT,
  `parent_block_id` int(10) NOT NULL DEFAULT '0',
  `template` varchar(255) NOT NULL,
  `date_added` timestamp NOT NULL DEFAULT '0000-00-00 00:00:00',
  `date_modified` timestamp NOT NULL DEFAULT CURRENT_TIMESTAMP ON UPDATE CURRENT_TIMESTAMP,
  PRIMARY KEY (`block_id`,`parent_block_id`)
) ENGINE=MyISAM AUTO_INCREMENT=34 DEFAULT CHARSET=utf8;

--
-- Dumping data for table `aba6_block_templates`
--

INSERT INTO `aba6_block_templates` VALUES (15,1,'blocks/cart_top.tpl','2022-02-06 20:03:37','2022-02-06 20:03:37'),(15,6,'blocks/cart.tpl','2022-02-06 20:03:37','2022-02-06 20:03:37'),(9,1,'blocks/category_top.tpl','2022-02-06 20:03:37','2022-02-06 20:03:37'),(9,2,'blocks/category_top.tpl','2022-02-06 20:03:37','2022-02-06 20:03:37'),(9,3,'blocks/category.tpl','2022-02-06 20:03:37','2022-02-06 20:03:37'),(9,6,'blocks/category.tpl','2022-02-06 20:03:37','2022-02-06 20:03:37'),(9,7,'blocks/category_bottom.tpl','2022-02-06 20:03:37','2022-02-06 20:03:37'),(9,8,'blocks/category_bottom.tpl','2022-02-06 20:03:37','2022-02-06 20:03:37'),(10,3,'blocks/manufacturer.tpl','2022-02-06 20:03:37','2022-02-06 20:03:37'),(10,6,'blocks/manufacturer.tpl','2022-02-06 20:03:37','2022-02-06 20:03:37'),(11,3,'blocks/content.tpl','2022-02-06 20:03:37','2022-02-06 20:03:37'),(11,1,'blocks/content_header.tpl','2022-02-06 20:03:37','2022-02-06 20:03:37'),(11,6,'blocks/content.tpl','2022-02-06 20:03:37','2022-02-06 20:03:37'),(11,8,'blocks/content_footer.tpl','2022-02-06 20:03:37','2022-02-06 20:03:37'),(12,3,'blocks/latest.tpl','2022-02-06 20:03:37','2022-02-06 20:03:37'),(12,6,'blocks/latest.tpl','2022-02-06 20:03:37','2022-02-06 20:03:37'),(12,5,'blocks/latest_home.tpl','2022-02-06 20:03:37','2022-02-06 20:03:37'),(12,4,'blocks/latest_home.tpl','2022-02-06 20:03:37','2022-02-06 20:03:37'),(13,1,'blocks/language.tpl','2022-02-06 20:03:37','2022-02-06 20:03:37'),(14,1,'blocks/currency.tpl','2022-02-06 20:03:37','2022-02-06 20:03:37'),(16,6,'blocks/order_summary.tpl','2022-02-06 20:03:37','2022-02-06 20:03:37'),(17,1,'blocks/html_block_header.tpl','2022-02-06 20:03:37','2022-02-06 20:03:37'),(17,2,'blocks/html_block_content.tpl','2022-02-06 20:03:37','2022-02-06 20:03:37'),(17,3,'blocks/html_block.tpl','2022-02-06 20:03:37','2022-02-06 20:03:37'),(17,4,'blocks/html_block_content.tpl','2022-02-06 20:03:37','2022-02-06 20:03:37'),(17,5,'blocks/html_block_content.tpl','2022-02-06 20:03:37','2022-02-06 20:03:37'),(17,6,'blocks/html_block.tpl','2022-02-06 20:03:37','2022-02-06 20:03:37'),(17,7,'blocks/html_block_content.tpl','2022-02-06 20:03:37','2022-02-06 20:03:37'),(17,8,'blocks/html_block_footer.tpl','2022-02-06 20:03:37','2022-02-06 20:03:37'),(18,3,'blocks/bestseller.tpl','2022-02-06 20:03:37','2022-02-06 20:03:37'),(18,6,'blocks/bestseller.tpl','2022-02-06 20:03:37','2022-02-06 20:03:37'),(18,5,'blocks/bestseller_home.tpl','2022-02-06 20:03:37','2022-02-06 20:03:37'),(19,3,'blocks/featured.tpl','2022-02-06 20:03:37','2022-02-06 20:03:37'),(19,6,'blocks/featured.tpl','2022-02-06 20:03:37','2022-02-06 20:03:37'),(19,5,'blocks/featured_home.tpl','2022-02-06 20:03:37','2022-02-06 20:03:37'),(20,1,'blocks/listing_block_header.tpl','2022-02-06 20:03:37','2022-02-06 20:03:37'),(20,2,'blocks/listing_block_header_bottom.tpl','2022-02-06 20:03:37','2022-02-06 20:03:37'),(20,3,'blocks/listing_block_column_left.tpl','2022-02-06 20:03:37','2022-02-06 20:03:37'),(20,4,'blocks/listing_block_content_top.tpl','2022-02-06 20:03:37','2022-02-06 20:03:37'),(20,5,'blocks/listing_block_content_bottom.tpl','2022-02-06 20:03:37','2022-02-06 20:03:37'),(20,6,'blocks/listing_block_column_right.tpl','2022-02-06 20:03:37','2022-02-06 20:03:37'),(20,7,'blocks/listing_block_footer_top.tpl','2022-02-06 20:03:37','2022-02-06 20:03:37'),(20,8,'blocks/listing_block_footer.tpl','2022-02-06 20:03:37','2022-02-06 20:03:37'),(21,8,'blocks/donate.tpl','2022-02-06 20:03:37','2022-02-06 20:03:37'),(22,3,'blocks/special.tpl','2022-02-06 20:03:37','2022-02-06 20:03:37'),(22,5,'blocks/special_home.tpl','2022-02-06 20:03:37','2022-02-06 20:03:37'),(22,6,'blocks/special.tpl','2022-02-06 20:03:37','2022-02-06 20:03:37'),(23,1,'blocks/banner_block_header.tpl','2022-02-06 20:03:37','2022-02-06 20:03:37'),(23,2,'blocks/banner_block_content.tpl','2022-02-06 20:03:37','2022-02-06 20:03:37'),(23,3,'blocks/banner_block.tpl','2022-02-06 20:03:37','2022-02-06 20:03:37'),(23,4,'blocks/banner_block_content.tpl','2022-02-06 20:03:37','2022-02-06 20:03:37'),(23,5,'blocks/banner_block_content.tpl','2022-02-06 20:03:37','2022-02-06 20:03:37'),(23,6,'blocks/banner_block.tpl','2022-02-06 20:03:37','2022-02-06 20:03:37'),(23,7,'blocks/banner_block_content.tpl','2022-02-06 20:03:37','2022-02-06 20:03:37'),(23,8,'blocks/banner_block_header.tpl','2022-02-06 20:03:37','2022-02-06 20:03:37'),(24,8,'blocks/credit_cards.tpl','2022-02-06 20:03:37','2022-02-06 20:03:37'),(25,1,'blocks/newsletter_signup_header.tpl','2022-02-06 20:03:37','2022-02-06 20:03:37'),(25,2,'blocks/newsletter_signup_header_bottom.tpl','2022-02-06 20:03:37','2022-02-06 20:03:37'),(25,3,'blocks/newsletter_signup_column_left.tpl','2022-02-06 20:03:37','2022-02-06 20:03:37'),(25,4,'blocks/newsletter_signup_content_top.tpl','2022-02-06 20:03:37','2022-02-06 20:03:37'),(25,5,'blocks/newsletter_signup_content_bottom.tpl','2022-02-06 20:03:37','2022-02-06 20:03:37'),(25,6,'blocks/newsletter_signup_column_right.tpl','2022-02-06 20:03:37','2022-02-06 20:03:37'),(25,7,'blocks/newsletter_signup_footer_top.tpl','2022-02-06 20:03:37','2022-02-06 20:03:37'),(25,8,'blocks/newsletter_signup_footer.tpl','2022-02-06 20:03:37','2022-02-06 20:03:37'),(26,1,'blocks/search_top.tpl','2022-02-06 20:03:37','2022-02-06 20:03:37'),(26,2,'blocks/search_top.tpl','2022-02-06 20:03:37','2022-02-06 20:03:37'),(26,3,'blocks/search.tpl','2022-02-06 20:03:37','2022-02-06 20:03:37'),(26,6,'blocks/search.tpl','2022-02-06 20:03:37','2022-02-06 20:03:37'),(27,1,'blocks/menu_top.tpl','2022-02-06 20:03:37','2022-02-06 20:03:37'),(27,2,'blocks/menu.tpl','2022-02-06 20:03:37','2022-02-06 20:03:37'),(27,8,'blocks/menu_bottom.tpl','2022-02-06 20:03:37','2022-02-06 20:03:37'),(27,3,'blocks/menu.tpl','2022-02-06 20:03:37','2022-02-06 20:03:37'),(27,6,'blocks/menu.tpl','2022-02-06 20:03:37','2022-02-06 20:03:37'),(28,2,'blocks/breadcrumbs.tpl','2022-02-06 20:03:37','2022-02-06 20:03:37'),(29,3,'blocks/account.tpl','2022-02-06 20:03:37','2022-02-06 20:03:37'),(29,6,'blocks/account.tpl','2022-02-06 20:03:37','2022-02-06 20:03:37'),(30,1,'blocks/custom_form_block_header.tpl','2022-02-06 20:03:37','2022-02-06 20:03:37'),(30,2,'blocks/custom_form_block_content.tpl','2022-02-06 20:03:37','2022-02-06 20:03:37'),(30,3,'blocks/custom_form_block.tpl','2022-02-06 20:03:37','2022-02-06 20:03:37'),(30,4,'blocks/custom_form_block_content.tpl','2022-02-06 20:03:37','2022-02-06 20:03:37'),(30,5,'blocks/custom_form_block_content.tpl','2022-02-06 20:03:37','2022-02-06 20:03:37'),(30,6,'blocks/custom_form_block.tpl','2022-02-06 20:03:37','2022-02-06 20:03:37'),(30,7,'blocks/custom_form_block_content.tpl','2022-02-06 20:03:37','2022-02-06 20:03:37'),(30,8,'blocks/custom_form_block_header.tpl','2022-02-06 20:03:37','2022-02-06 20:03:37'),(31,1,'blocks/customer.tpl','2022-02-06 20:03:37','2022-02-06 20:03:37'),(32,1,'blocks/fast_checkout_cart_btn.tpl','2022-02-06 20:03:37','2022-02-06 20:03:37'),(33,6,'blocks/fast_checkout_summary.tpl','2022-02-06 20:03:37','2022-02-06 20:03:37');

--
-- Table structure for table `aba6_blocks`
--

CREATE TABLE `aba6_blocks` (
  `block_id` int(10) NOT NULL AUTO_INCREMENT,
  `block_txt_id` varchar(255) NOT NULL,
  `controller` varchar(255) NOT NULL,
  `date_added` timestamp NOT NULL DEFAULT '0000-00-00 00:00:00',
  `date_modified` timestamp NOT NULL DEFAULT CURRENT_TIMESTAMP ON UPDATE CURRENT_TIMESTAMP,
  PRIMARY KEY (`block_id`)
) ENGINE=MyISAM AUTO_INCREMENT=34 DEFAULT CHARSET=utf8;

--
-- Dumping data for table `aba6_blocks`
--

INSERT INTO `aba6_blocks` VALUES (1,'header','common/header','2022-02-06 20:03:37','2022-02-06 20:03:37'),(2,'header_bottom','common/header_bottom','2022-02-06 20:03:37','2022-02-06 20:03:37'),(3,'column_left','common/column_left','2022-02-06 20:03:37','2022-02-06 20:03:37'),(4,'content_top','common/content_top','2022-02-06 20:03:37','2022-02-06 20:03:37'),(5,'content_bottom','common/content_bottom','2022-02-06 20:03:37','2022-02-06 20:03:37'),(6,'column_right','common/column_right','2022-02-06 20:03:37','2022-02-06 20:03:37'),(7,'footer_top','common/footer_top','2022-02-06 20:03:37','2022-02-06 20:03:37'),(8,'footer','common/footer','2022-02-06 20:03:37','2022-02-06 20:03:37'),(9,'category','blocks/category','2022-02-06 20:03:37','2022-02-06 20:03:37'),(10,'manufacturer','blocks/manufacturer','2022-02-06 20:03:37','2022-02-06 20:03:37'),(11,'content','blocks/content','2022-02-06 20:03:37','2022-02-06 20:03:37'),(12,'latest','blocks/latest','2022-02-06 20:03:37','2022-02-06 20:03:37'),(13,'language','blocks/language','2022-02-06 20:03:37','2022-02-06 20:03:37'),(14,'currency','blocks/currency','2022-02-06 20:03:37','2022-02-06 20:03:37'),(15,'cart','blocks/cart','2022-02-06 20:03:37','2022-02-06 20:03:37'),(16,'order_summary','blocks/order_summary','2022-02-06 20:03:37','2022-02-06 20:03:37'),(17,'html_block','blocks/html_block','2022-02-06 20:03:37','2022-02-06 20:03:37'),(18,'bestsellers','blocks/bestseller','2022-02-06 20:03:37','2022-02-06 20:03:37'),(19,'featured','blocks/featured','2022-02-06 20:03:37','2022-02-06 20:03:37'),(20,'listing_block','blocks/listing_block','2022-02-06 20:03:37','2022-02-06 20:03:37'),(21,'donate','blocks/donate','2022-02-06 20:03:37','2022-02-06 20:03:37'),(22,'special','blocks/special','2022-02-06 20:03:37','2022-02-06 20:03:37'),(23,'banner_block','blocks/banner_block','2022-02-06 20:03:37','2022-02-06 20:03:37'),(24,'credit_cards','blocks/credit_cards','2022-02-06 20:03:37','2022-02-06 20:03:37'),(25,'newsletter_signup','blocks/newsletter_signup','2022-02-06 20:03:37','2022-02-06 20:03:37'),(26,'search','blocks/search','2022-02-06 20:03:37','2022-02-06 20:03:37'),(27,'menu','blocks/menu','2022-02-06 20:03:37','2022-02-06 20:03:37'),(28,'breadcrumbs','blocks/breadcrumbs','2022-02-06 20:03:37','2022-02-06 20:03:37'),(29,'account','blocks/account','2022-02-06 20:03:37','2022-02-06 20:03:37'),(30,'custom_form_block','blocks/custom_form_block','2022-02-06 20:03:37','2022-02-06 20:03:37'),(31,'customer','blocks/customer','2022-02-06 20:03:37','2022-02-06 20:03:37'),(32,'fast_checkout_cart_btn','blocks/fast_checkout_cart_btn','2022-02-06 20:03:37','2022-02-06 20:03:37'),(33,'fast_checkout_summary','blocks/fast_checkout_summary','2022-02-06 20:03:37','2022-02-06 20:03:37');

--
-- Table structure for table `aba6_categories`
--

CREATE TABLE `aba6_categories` (
  `category_id` int(11) NOT NULL AUTO_INCREMENT,
  `parent_id` int(11) NOT NULL DEFAULT '0',
  `sort_order` int(3) NOT NULL DEFAULT '0',
  `status` int(1) NOT NULL DEFAULT '1',
  `date_added` timestamp NOT NULL DEFAULT '0000-00-00 00:00:00',
  `date_modified` timestamp NOT NULL DEFAULT CURRENT_TIMESTAMP ON UPDATE CURRENT_TIMESTAMP,
  PRIMARY KEY (`category_id`),
  KEY `ac_categories_idx` (`category_id`,`parent_id`,`status`)
) ENGINE=MyISAM AUTO_INCREMENT=71 DEFAULT CHARSET=utf8;

--
-- Dumping data for table `aba6_categories`
--

INSERT INTO `aba6_categories` VALUES (46,43,0,1,'2022-02-06 20:03:37','2022-02-06 20:03:37'),(47,43,0,1,'2022-02-06 20:03:37','2022-02-06 20:03:37'),(38,36,0,1,'2022-02-06 20:03:37','2022-02-06 20:03:37'),(40,36,0,1,'2022-02-06 20:03:37','2022-02-06 20:03:37'),(41,36,0,1,'2022-02-06 20:03:37','2022-02-06 20:03:37'),(42,36,0,1,'2022-02-06 20:03:37','2022-02-06 20:03:37'),(43,0,2,1,'2022-02-06 20:03:37','2022-02-06 20:03:37'),(44,43,0,1,'2022-02-06 20:03:37','2022-02-06 20:03:37'),(45,43,0,1,'2022-02-06 20:03:37','2022-02-06 20:03:37'),(39,36,0,1,'2022-02-06 20:03:37','2022-02-06 20:03:37'),(36,0,1,1,'2022-02-06 20:03:37','2022-02-06 20:03:37'),(37,36,0,1,'2022-02-06 20:03:37','2022-02-06 20:03:37'),(48,43,0,1,'2022-02-06 20:03:37','2022-02-06 20:03:37'),(49,0,3,1,'2022-02-06 20:03:37','2022-02-06 20:03:37'),(50,49,0,1,'2022-02-06 20:03:37','2022-02-06 20:03:37'),(51,49,0,1,'2022-02-06 20:03:37','2022-02-06 20:03:37'),(52,0,98,1,'2022-02-06 20:03:37','2022-02-06 20:03:37'),(53,52,0,1,'2022-02-06 20:03:37','2022-02-06 20:03:37'),(54,52,0,1,'2022-02-06 20:03:37','2022-02-06 20:03:37'),(58,0,4,1,'2022-02-06 20:03:37','2022-02-06 20:03:37'),(59,58,0,1,'2022-02-06 20:03:37','2022-02-06 20:03:37'),(60,58,0,1,'2022-02-06 20:03:37','2022-02-06 20:03:37'),(61,58,0,1,'2022-02-06 20:03:37','2022-02-06 20:03:37'),(62,58,0,0,'2022-02-06 20:03:37','2022-02-06 20:03:37'),(63,58,0,1,'2022-02-06 20:03:37','2022-02-06 20:03:37'),(64,0,99,0,'2022-02-06 20:03:37','2022-02-06 20:03:37'),(65,0,100,1,'2022-02-06 20:03:37','2022-02-06 20:03:37'),(66,65,0,1,'2022-02-06 20:03:37','2022-02-06 20:03:37'),(67,65,0,1,'2022-02-06 20:03:37','2022-02-06 20:03:37'),(68,0,0,1,'2022-02-06 20:03:37','2022-02-06 20:03:37'),(69,68,0,1,'2022-02-06 20:03:37','2022-02-06 20:03:37'),(70,68,0,1,'2022-02-06 20:03:37','2022-02-06 20:03:37');

--
-- Table structure for table `aba6_categories_to_stores`
--

CREATE TABLE `aba6_categories_to_stores` (
  `category_id` int(11) NOT NULL,
  `store_id` int(11) NOT NULL,
  PRIMARY KEY (`category_id`,`store_id`)
) ENGINE=MyISAM DEFAULT CHARSET=utf8;

--
-- Dumping data for table `aba6_categories_to_stores`
--

INSERT INTO `aba6_categories_to_stores` VALUES (36,0),(37,0),(38,0),(39,0),(40,0),(41,0),(42,0),(43,0),(44,0),(45,0),(46,0),(47,0),(48,0),(49,0),(50,0),(51,0),(52,0),(53,0),(54,0),(58,0),(59,0),(60,0),(61,0),(62,0),(63,0),(64,0),(65,0),(66,0),(67,0),(68,0),(69,0),(70,0);

--
-- Table structure for table `aba6_category_descriptions`
--

CREATE TABLE `aba6_category_descriptions` (
  `category_id` int(11) NOT NULL,
  `language_id` int(11) NOT NULL,
  `name` varchar(255) NOT NULL DEFAULT '' COMMENT 'translatable',
  `meta_keywords` varchar(255) NOT NULL COMMENT 'translatable',
  `meta_description` varchar(255) NOT NULL COMMENT 'translatable',
  `description` text NOT NULL COMMENT 'translatable',
  PRIMARY KEY (`category_id`,`language_id`),
  KEY `name` (`name`)
) ENGINE=MyISAM DEFAULT CHARSET=utf8;

--
-- Dumping data for table `aba6_category_descriptions`
--

INSERT INTO `aba6_category_descriptions` VALUES (43,1,'Skincare','','','&lt;p&gt;\r\n	Products from award-winning skin care brands&lt;/p&gt;\r\n'),(41,1,'Lips','','',''),(42,1,'Nails','','',''),(38,1,'Face','','',''),(39,1,'Eyes','','',''),(36,1,'Makeup','Makeup','','&lt;p&gt;\r\n	All your makeup needs, from foundation to eye shadow in hundreds of different assortments and colors.&lt;/p&gt;\r\n'),(40,1,'Cheeks','','',''),(37,1,'Value Sets','value sets makeup','',''),(44,1,'Sun','','',''),(45,1,'Gift Ideas &amp; Sets','','',''),(46,1,'Face','','','&lt;p&gt;\r\n	Find face skin care solutions&lt;/p&gt;\r\n'),(47,1,'Eyes','','',''),(48,1,'Hands &amp; Nails','','','&lt;p&gt;\r\n	Keep your hands looking fresh&lt;/p&gt;\r\n'),(49,1,'Fragrance','','','&lt;p&gt;\r\n	Looking for a new scent? Check out our fragrance&lt;/p&gt;\r\n'),(50,1,'Women','','','&lt;p&gt;\r\n	Fragrance for Women&lt;/p&gt;\r\n'),(51,1,'Men','','',''),(52,1,'Hair Care','','','&lt;p&gt;\r\n	The widest range of premium hair products&lt;/p&gt;\r\n'),(53,1,'Shampoo','','',''),(54,1,'Conditioner','','',''),(58,1,'Men','','',''),(59,1,'Fragrance Sets','','',''),(60,1,'Skincare','','',''),(61,1,'Pre-Shave &amp; Shaving','','',''),(62,1,'Post-Shave &amp; Moisturizers','','',''),(63,1,'Body &amp; Shower','','',''),(64,1,'Bath &amp; Body','','',''),(65,1,'Books','','','Find the Items You&amp;#39;d Like to read'),(66,1,'Audio CD','','',''),(67,1,'Paperback','','',''),(68,1,'Apparel &amp; accessories','','',''),(69,1,'Shoes','','',''),(70,1,'T-shirts','','','Shop men&amp;#39;s T-shirts');

--
-- Table structure for table `aba6_collection_descriptions`
--

CREATE TABLE `aba6_collection_descriptions` (
  `id` int(11) NOT NULL AUTO_INCREMENT,
  `collection_id` int(11) NOT NULL,
  `language_id` int(11) NOT NULL,
  `title` varchar(255) CHARACTER SET utf8 COLLATE utf8_bin DEFAULT NULL,
  `meta_keywords` text CHARACTER SET utf8 COLLATE utf8_bin,
  `meta_description` text CHARACTER SET utf8 COLLATE utf8_bin,
  PRIMARY KEY (`id`),
  UNIQUE KEY `collection_language_idx` (`collection_id`,`language_id`)
) ENGINE=MyISAM DEFAULT CHARSET=utf8;

--
-- Dumping data for table `aba6_collection_descriptions`
--


--
-- Table structure for table `aba6_collections`
--

CREATE TABLE `aba6_collections` (
  `id` int(11) NOT NULL AUTO_INCREMENT,
  `status` tinyint(4) NOT NULL DEFAULT '0',
  `name` varchar(255) CHARACTER SET utf8 COLLATE utf8_bin DEFAULT NULL,
  `description` text CHARACTER SET utf8 COLLATE utf8_bin,
  `conditions` text CHARACTER SET utf8 COLLATE utf8_bin,
  `store_id` int(11) NOT NULL DEFAULT '0',
  `date_added` timestamp NOT NULL DEFAULT CURRENT_TIMESTAMP,
  PRIMARY KEY (`id`)
) ENGINE=MyISAM DEFAULT CHARSET=utf8;

--
-- Dumping data for table `aba6_collections`
--


--
-- Table structure for table `aba6_content_descriptions`
--

CREATE TABLE `aba6_content_descriptions` (
  `content_id` int(10) NOT NULL DEFAULT '0',
  `language_id` int(11) NOT NULL,
  `name` varchar(255) NOT NULL COMMENT 'translatable',
  `title` varchar(255) NOT NULL COMMENT 'translatable',
  `description` varchar(255) NOT NULL DEFAULT '' COMMENT 'translatable',
  `meta_keywords` varchar(255) NOT NULL COMMENT 'translatable',
  `meta_description` varchar(255) NOT NULL COMMENT 'translatable',
  `content` longtext NOT NULL COMMENT 'translatable',
  `date_added` timestamp NOT NULL DEFAULT '0000-00-00 00:00:00',
  `date_modified` timestamp NOT NULL DEFAULT CURRENT_TIMESTAMP ON UPDATE CURRENT_TIMESTAMP,
  PRIMARY KEY (`content_id`,`language_id`)
) ENGINE=MyISAM DEFAULT CHARSET=utf8;

--
-- Dumping data for table `aba6_content_descriptions`
--

INSERT INTO `aba6_content_descriptions` VALUES (1,1,'About Us','About Us','some description','','','text about your store','2022-02-06 20:03:37','2022-02-06 20:03:37'),(2,1,'Privacy Policy','Privacy Policy','some description','','','some text about privacy policy','2022-02-06 20:03:37','2022-02-06 20:03:37'),(3,1,'Return Policy','Return Policy','some description','','','some text about return policy','2022-02-06 20:03:37','2022-02-06 20:03:37'),(4,1,'Shipping','Shipping','some description','','','some text about shipping','2022-02-06 20:03:37','2022-02-06 20:03:37'),(1,9,'Acerca de Nosotros','Acerca de Nosotros','alguna descripción','','','texto acerca de su tienda','2022-02-06 20:03:37','2022-02-06 20:03:37'),(2,9,'Política de Privacidad','Política de Privacidad','alguna descripción','','','un texto sobre la política','2022-02-06 20:03:37','2022-02-06 20:03:37'),(3,9,'Política de devoluciones','Política de devoluciones','alguna descripción','','','un texto sobre la política de retorno','2022-02-06 20:03:37','2022-02-06 20:03:37'),(4,9,'Entrega','Entrega','alguna descripción','','','un texto sobre el envío','2022-02-06 20:03:37','2022-02-06 20:03:37');

--
-- Table structure for table `aba6_contents`
--

CREATE TABLE `aba6_contents` (
  `content_id` int(11) NOT NULL AUTO_INCREMENT,
  `parent_content_id` int(11) NOT NULL DEFAULT '0',
  `sort_order` int(3) NOT NULL DEFAULT '0',
  `status` int(1) NOT NULL DEFAULT '0',
  PRIMARY KEY (`content_id`,`parent_content_id`)
) ENGINE=MyISAM AUTO_INCREMENT=5 DEFAULT CHARSET=utf8;

--
-- Dumping data for table `aba6_contents`
--

INSERT INTO `aba6_contents` VALUES (1,0,1,1),(2,0,2,1),(3,0,3,1),(4,0,4,1);

--
-- Table structure for table `aba6_contents_to_stores`
--

CREATE TABLE `aba6_contents_to_stores` (
  `content_id` int(11) NOT NULL,
  `store_id` int(11) NOT NULL,
  PRIMARY KEY (`content_id`,`store_id`)
) ENGINE=MyISAM DEFAULT CHARSET=utf8;

--
-- Dumping data for table `aba6_contents_to_stores`
--


--
-- Table structure for table `aba6_countries`
--

CREATE TABLE `aba6_countries` (
  `country_id` int(11) NOT NULL AUTO_INCREMENT,
  `iso_code_2` varchar(2) NOT NULL DEFAULT '',
  `iso_code_3` varchar(3) NOT NULL DEFAULT '',
  `address_format` text NOT NULL,
  `status` int(1) NOT NULL DEFAULT '1',
  `sort_order` int(3) NOT NULL DEFAULT '0',
  PRIMARY KEY (`country_id`),
  KEY `ac_countries_idx` (`iso_code_2`,`iso_code_3`,`status`)
) ENGINE=MyISAM AUTO_INCREMENT=241 DEFAULT CHARSET=utf8;

--
-- Dumping data for table `aba6_countries`
--

INSERT INTO `aba6_countries` VALUES (1,'AF','AFG','',1,0),(2,'AL','ALB','',1,0),(3,'DZ','DZA','',1,0),(4,'AS','ASM','',1,0),(5,'AD','AND','',1,0),(6,'AO','AGO','',1,0),(7,'AI','AIA','',1,0),(8,'AQ','ATA','',1,0),(9,'AG','ATG','',1,0),(10,'AR','ARG','',1,0),(11,'AM','ARM','',1,0),(12,'AW','ABW','',1,0),(13,'AU','AUS','',1,0),(14,'AT','AUT','',1,0),(15,'AZ','AZE','',1,0),(16,'BS','BHS','',1,0),(17,'BH','BHR','',1,0),(18,'BD','BGD','',1,0),(19,'BB','BRB','',1,0),(20,'BY','BLR','',1,0),(21,'BE','BEL','',1,0),(22,'BZ','BLZ','',1,0),(23,'BJ','BEN','',1,0),(24,'BM','BMU','',1,0),(25,'BT','BTN','',1,0),(26,'BO','BOL','',1,0),(27,'BA','BIH','',1,0),(28,'BW','BWA','',1,0),(29,'BV','BVT','',1,0),(30,'BR','BRA','',1,0),(31,'IO','IOT','',1,0),(32,'BN','BRN','',1,0),(33,'BG','BGR','',1,0),(34,'BF','BFA','',1,0),(35,'BI','BDI','',1,0),(36,'KH','KHM','',1,0),(37,'CM','CMR','',1,0),(38,'CA','CAN','',1,0),(39,'CV','CPV','',1,0),(40,'KY','CYM','',1,0),(41,'CF','CAF','',1,0),(42,'TD','TCD','',1,0),(43,'CL','CHL','',1,0),(44,'CN','CHN','',1,0),(45,'CX','CXR','',1,0),(46,'CC','CCK','',1,0),(47,'CO','COL','',1,0),(48,'KM','COM','',1,0),(49,'CG','COG','',1,0),(50,'CK','COK','',1,0),(51,'CR','CRI','',1,0),(52,'CI','CIV','',1,0),(53,'HR','HRV','',1,0),(54,'CU','CUB','',1,0),(55,'CY','CYP','',1,0),(56,'CZ','CZE','',1,0),(57,'DK','DNK','',1,0),(58,'DJ','DJI','',1,0),(59,'DM','DMA','',1,0),(60,'DO','DOM','',1,0),(61,'TP','TMP','',1,0),(62,'EC','ECU','',1,0),(63,'EG','EGY','',1,0),(64,'SV','SLV','',1,0),(65,'GQ','GNQ','',1,0),(66,'ER','ERI','',1,0),(67,'EE','EST','',1,0),(68,'ET','ETH','',1,0),(69,'FK','FLK','',1,0),(70,'FO','FRO','',1,0),(71,'FJ','FJI','',1,0),(72,'FI','FIN','',1,0),(73,'FR','FRA','',1,0),(74,'FX','FXX','',1,0),(75,'GF','GUF','',1,0),(76,'PF','PYF','',1,0),(77,'TF','ATF','',1,0),(78,'GA','GAB','',1,0),(79,'GM','GMB','',1,0),(80,'GE','GEO','',1,0),(81,'DE','DEU','',1,0),(82,'GH','GHA','',1,0),(83,'GI','GIB','',1,0),(84,'GR','GRC','',1,0),(85,'GL','GRL','',1,0),(86,'GD','GRD','',1,0),(87,'GP','GLP','',1,0),(88,'GU','GUM','',1,0),(89,'GT','GTM','',1,0),(90,'GN','GIN','',1,0),(91,'GW','GNB','',1,0),(92,'GY','GUY','',1,0),(93,'HT','HTI','',1,0),(94,'HM','HMD','',1,0),(95,'HN','HND','',1,0),(96,'HK','HKG','',1,0),(97,'HU','HUN','',1,0),(98,'IS','ISL','',1,0),(99,'IN','IND','',1,0),(100,'ID','IDN','',1,0),(101,'IR','IRN','',1,0),(102,'IQ','IRQ','',1,0),(103,'IE','IRL','',1,0),(104,'IL','ISR','',1,0),(105,'IT','ITA','',1,0),(106,'JM','JAM','',1,0),(107,'JP','JPN','',1,0),(108,'JO','JOR','',1,0),(109,'KZ','KAZ','',1,0),(110,'KE','KEN','',1,0),(111,'KI','KIR','',1,0),(112,'KP','PRK','',1,0),(113,'KR','KOR','',1,0),(114,'KW','KWT','',1,0),(115,'KG','KGZ','',1,0),(116,'LA','LAO','',1,0),(117,'LV','LVA','',1,0),(118,'LB','LBN','',1,0),(119,'LS','LSO','',1,0),(120,'LR','LBR','',1,0),(121,'LY','LBY','',1,0),(122,'LI','LIE','',1,0),(123,'LT','LTU','',1,0),(124,'LU','LUX','',1,0),(125,'MO','MAC','',1,0),(126,'MK','MKD','',1,0),(127,'MG','MDG','',1,0),(128,'MW','MWI','',1,0),(129,'MY','MYS','',1,0),(130,'MV','MDV','',1,0),(131,'ML','MLI','',1,0),(132,'MT','MLT','',1,0),(133,'MH','MHL','',1,0),(134,'MQ','MTQ','',1,0),(135,'MR','MRT','',1,0),(136,'MU','MUS','',1,0),(137,'YT','MYT','',1,0),(138,'MX','MEX','',1,0),(139,'FM','FSM','',1,0),(140,'MD','MDA','',1,0),(141,'MC','MCO','',1,0),(142,'MN','MNG','',1,0),(143,'MS','MSR','',1,0),(144,'MA','MAR','',1,0),(145,'MZ','MOZ','',1,0),(146,'MM','MMR','',1,0),(147,'NA','NAM','',1,0),(148,'NR','NRU','',1,0),(149,'NP','NPL','',1,0),(150,'NL','NLD','',1,0),(151,'AN','ANT','',1,0),(152,'NC','NCL','',1,0),(153,'NZ','NZL','',1,0),(154,'NI','NIC','',1,0),(155,'NE','NER','',1,0),(156,'NG','NGA','',1,0),(157,'NU','NIU','',1,0),(158,'NF','NFK','',1,0),(159,'MP','MNP','',1,0),(160,'NO','NOR','',1,0),(161,'OM','OMN','',1,0),(162,'PK','PAK','',1,0),(163,'PW','PLW','',1,0),(164,'PA','PAN','',1,0),(165,'PG','PNG','',1,0),(166,'PY','PRY','',1,0),(167,'PE','PER','',1,0),(168,'PH','PHL','',1,0),(169,'PN','PCN','',1,0),(170,'PL','POL','',1,0),(171,'PT','PRT','',1,0),(172,'PR','PRI','',1,0),(173,'QA','QAT','',1,0),(174,'RE','REU','',1,0),(175,'RO','ROM','',1,0),(176,'RU','RUS','',1,0),(177,'RW','RWA','',1,0),(178,'KN','KNA','',1,0),(179,'LC','LCA','',1,0),(180,'VC','VCT','',1,0),(181,'WS','WSM','',1,0),(182,'SM','SMR','',1,0),(183,'ST','STP','',1,0),(184,'SA','SAU','',1,0),(185,'SN','SEN','',1,0),(186,'SC','SYC','',1,0),(187,'SL','SLE','',1,0),(188,'SG','SGP','',1,0),(189,'SK','SVK','',1,0),(190,'SI','SVN','',1,0),(191,'SB','SLB','',1,0),(192,'SO','SOM','',1,0),(193,'ZA','ZAF','',1,0),(194,'GS','SGS','',1,0),(195,'ES','ESP','',1,0),(196,'LK','LKA','',1,0),(197,'SH','SHN','',1,0),(198,'PM','SPM','',1,0),(199,'SD','SDN','',1,0),(200,'SR','SUR','',1,0),(201,'SJ','SJM','',1,0),(202,'SZ','SWZ','',1,0),(203,'SE','SWE','',1,0),(204,'CH','CHE','',1,0),(205,'SY','SYR','',1,0),(206,'TW','TWN','',1,0),(207,'TJ','TJK','',1,0),(208,'TZ','TZA','',1,0),(209,'TH','THA','',1,0),(210,'TG','TGO','',1,0),(211,'TK','TKL','',1,0),(212,'TO','TON','',1,0),(213,'TT','TTO','',1,0),(214,'TN','TUN','',1,0),(215,'TR','TUR','',1,0),(216,'TM','TKM','',1,0),(217,'TC','TCA','',1,0),(218,'TV','TUV','',1,0),(219,'UG','UGA','',1,0),(220,'UA','UKR','',1,0),(221,'AE','ARE','',1,0),(222,'GB','GBR','',1,0),(223,'US','USA','{firstname} {lastname}\r\n{company}\r\n{address_1}\r\n{address_2}\r\n{city}, {zone} {postcode}\r\n{country}',1,0),(224,'UM','UMI','',1,0),(225,'UY','URY','',1,0),(226,'UZ','UZB','',1,0),(227,'VU','VUT','',1,0),(228,'VA','VAT','',1,0),(229,'VE','VEN','',1,0),(230,'VN','VNM','',1,0),(231,'VG','VGB','',1,0),(232,'VI','VIR','',1,0),(233,'WF','WLF','',1,0),(234,'EH','ESH','',1,0),(235,'YE','YEM','',1,0),(236,'YU','YUG','',1,0),(237,'ZR','ZAR','',1,0),(238,'ZM','ZMB','',1,0),(239,'ZW','ZWE','',1,0),(240,'GB','NIR','',1,0);

--
-- Table structure for table `aba6_country_descriptions`
--

CREATE TABLE `aba6_country_descriptions` (
  `country_id` int(11) NOT NULL,
  `language_id` int(11) NOT NULL,
  `name` varchar(128) NOT NULL COMMENT 'translatable',
  PRIMARY KEY (`country_id`,`language_id`)
) ENGINE=MyISAM DEFAULT CHARSET=utf8;

--
-- Dumping data for table `aba6_country_descriptions`
--

INSERT INTO `aba6_country_descriptions` VALUES (1,1,'Afghanistan'),(2,1,'Albania'),(3,1,'Algeria'),(4,1,'American Samoa'),(5,1,'Andorra'),(6,1,'Angola'),(7,1,'Anguilla'),(8,1,'Antarctica'),(9,1,'Antigua and Barbuda'),(10,1,'Argentina'),(11,1,'Armenia'),(12,1,'Aruba'),(13,1,'Australia'),(14,1,'Austria'),(15,1,'Azerbaijan'),(16,1,'Bahamas'),(17,1,'Bahrain'),(18,1,'Bangladesh'),(19,1,'Barbados'),(20,1,'Belarus'),(21,1,'Belgium'),(22,1,'Belize'),(23,1,'Benin'),(24,1,'Bermuda'),(25,1,'Bhutan'),(26,1,'Bolivia'),(27,1,'Bosnia and Herzegowina'),(28,1,'Botswana'),(29,1,'Bouvet Island'),(30,1,'Brazil'),(31,1,'British Indian Ocean Territory'),(32,1,'Brunei Darussalam'),(33,1,'Bulgaria'),(34,1,'Burkina Faso'),(35,1,'Burundi'),(36,1,'Cambodia'),(37,1,'Cameroon'),(38,1,'Canada'),(39,1,'Cape Verde'),(40,1,'Cayman Islands'),(41,1,'Central African Republic'),(42,1,'Chad'),(43,1,'Chile'),(44,1,'China'),(45,1,'Christmas Island'),(46,1,'Cocos (Keeling) Islands'),(47,1,'Colombia'),(48,1,'Comoros'),(49,1,'Congo'),(50,1,'Cook Islands'),(51,1,'Costa Rica'),(52,1,'Cote D\'Ivoire'),(53,1,'Croatia'),(54,1,'Cuba'),(55,1,'Cyprus'),(56,1,'Czech Republic'),(57,1,'Denmark'),(58,1,'Djibouti'),(59,1,'Dominica'),(60,1,'Dominican Republic'),(61,1,'East Timor'),(62,1,'Ecuador'),(63,1,'Egypt'),(64,1,'El Salvador'),(65,1,'Equatorial Guinea'),(66,1,'Eritrea'),(67,1,'Estonia'),(68,1,'Ethiopia'),(69,1,'Falkland Islands (Malvinas)'),(70,1,'Faroe Islands'),(71,1,'Fiji'),(72,1,'Finland'),(73,1,'France'),(74,1,'France, Metropolitan'),(75,1,'French Guiana'),(76,1,'French Polynesia'),(77,1,'French Southern Territories'),(78,1,'Gabon'),(79,1,'Gambia'),(80,1,'Georgia'),(81,1,'Germany'),(82,1,'Ghana'),(83,1,'Gibraltar'),(84,1,'Greece'),(85,1,'Greenland'),(86,1,'Grenada'),(87,1,'Guadeloupe'),(88,1,'Guam'),(89,1,'Guatemala'),(90,1,'Guinea'),(91,1,'Guinea-bissau'),(92,1,'Guyana'),(93,1,'Haiti'),(94,1,'Heard and Mc Donald Islands'),(95,1,'Honduras'),(96,1,'Hong Kong'),(97,1,'Hungary'),(98,1,'Iceland'),(99,1,'India'),(100,1,'Indonesia'),(101,1,'Iran (Islamic Republic of)'),(102,1,'Iraq'),(103,1,'Ireland'),(104,1,'Israel'),(105,1,'Italy'),(106,1,'Jamaica'),(107,1,'Japan'),(108,1,'Jordan'),(109,1,'Kazakhstan'),(110,1,'Kenya'),(111,1,'Kiribati'),(112,1,'North Korea'),(113,1,'Korea, Republic of'),(114,1,'Kuwait'),(115,1,'Kyrgyzstan'),(116,1,'Lao People\'s Democratic Republic'),(117,1,'Latvia'),(118,1,'Lebanon'),(119,1,'Lesotho'),(120,1,'Liberia'),(121,1,'Libyan Arab Jamahiriya'),(122,1,'Liechtenstein'),(123,1,'Lithuania'),(124,1,'Luxembourg'),(125,1,'Macau'),(126,1,'Macedonia'),(127,1,'Madagascar'),(128,1,'Malawi'),(129,1,'Malaysia'),(130,1,'Maldives'),(131,1,'Mali'),(132,1,'Malta'),(133,1,'Marshall Islands'),(134,1,'Martinique'),(135,1,'Mauritania'),(136,1,'Mauritius'),(137,1,'Mayotte'),(138,1,'Mexico'),(139,1,'Micronesia, Federated States of'),(140,1,'Moldova, Republic of'),(141,1,'Monaco'),(142,1,'Mongolia'),(143,1,'Montserrat'),(144,1,'Morocco'),(145,1,'Mozambique'),(146,1,'Myanmar'),(147,1,'Namibia'),(148,1,'Nauru'),(149,1,'Nepal'),(150,1,'Netherlands'),(151,1,'Netherlands Antilles'),(152,1,'New Caledonia'),(153,1,'New Zealand'),(154,1,'Nicaragua'),(155,1,'Niger'),(156,1,'Nigeria'),(157,1,'Niue'),(158,1,'Norfolk Island'),(159,1,'Northern Mariana Islands'),(160,1,'Norway'),(161,1,'Oman'),(162,1,'Pakistan'),(163,1,'Palau'),(164,1,'Panama'),(165,1,'Papua New Guinea'),(166,1,'Paraguay'),(167,1,'Peru'),(168,1,'Philippines'),(169,1,'Pitcairn'),(170,1,'Poland'),(171,1,'Portugal'),(172,1,'Puerto Rico'),(173,1,'Qatar'),(174,1,'Reunion'),(175,1,'Romania'),(176,1,'Russia'),(177,1,'Rwanda'),(178,1,'Saint Kitts and Nevis'),(179,1,'Saint Lucia'),(180,1,'Saint Vincent and the Grenadines'),(181,1,'Samoa'),(182,1,'San Marino'),(183,1,'Sao Tome and Principe'),(184,1,'Saudi Arabia'),(185,1,'Senegal'),(186,1,'Seychelles'),(187,1,'Sierra Leone'),(188,1,'Singapore'),(189,1,'Slovak Republic'),(190,1,'Slovenia'),(191,1,'Solomon Islands'),(192,1,'Somalia'),(193,1,'South Africa'),(194,1,'South Georgia &amp; South Sandwich Islands'),(195,1,'Spain'),(196,1,'Sri Lanka'),(197,1,'St. Helena'),(198,1,'St. Pierre and Miquelon'),(199,1,'Sudan'),(200,1,'Suriname'),(201,1,'Svalbard and Jan Mayen Islands'),(202,1,'Swaziland'),(203,1,'Sweden'),(204,1,'Switzerland'),(205,1,'Syrian Arab Republic'),(206,1,'Taiwan'),(207,1,'Tajikistan'),(208,1,'Tanzania, United Republic of'),(209,1,'Thailand'),(210,1,'Togo'),(211,1,'Tokelau'),(212,1,'Tonga'),(213,1,'Trinidad and Tobago'),(214,1,'Tunisia'),(215,1,'Turkey'),(216,1,'Turkmenistan'),(217,1,'Turks and Caicos Islands'),(218,1,'Tuvalu'),(219,1,'Uganda'),(220,1,'Ukraine'),(221,1,'United Arab Emirates'),(222,1,'United Kingdom'),(223,1,'United States'),(224,1,'United States Minor Outlying Islands'),(225,1,'Uruguay'),(226,1,'Uzbekistan'),(227,1,'Vanuatu'),(228,1,'Vatican City State (Holy See)'),(229,1,'Venezuela'),(230,1,'Viet Nam'),(231,1,'Virgin Islands (British)'),(232,1,'Virgin Islands (U.S.)'),(233,1,'Wallis and Futuna Islands'),(234,1,'Western Sahara'),(235,1,'Yemen'),(236,1,'Yugoslavia'),(237,1,'Zaire'),(238,1,'Zambia'),(239,1,'Zimbabwe'),(240,1,'Northern Ireland');

--
-- Table structure for table `aba6_coupon_descriptions`
--

CREATE TABLE `aba6_coupon_descriptions` (
  `coupon_id` int(11) NOT NULL,
  `language_id` int(11) NOT NULL,
  `name` varchar(128) NOT NULL COMMENT 'translatable',
  `description` text NOT NULL COMMENT 'translatable',
  PRIMARY KEY (`coupon_id`,`language_id`)
) ENGINE=MyISAM DEFAULT CHARSET=utf8;

--
-- Dumping data for table `aba6_coupon_descriptions`
--

INSERT INTO `aba6_coupon_descriptions` VALUES (4,1,'Coupon (-10%)','10% Discount'),(5,1,'Coupon (Free Shipping)','Free Shipping'),(6,1,'Coupon (-10.00)','Fixed Amount Discount');

--
-- Table structure for table `aba6_coupons`
--

CREATE TABLE `aba6_coupons` (
  `coupon_id` int(11) NOT NULL AUTO_INCREMENT,
  `code` varchar(10) NOT NULL,
  `type` char(1) NOT NULL,
  `discount` decimal(15,4) NOT NULL,
  `logged` int(1) NOT NULL,
  `shipping` int(1) NOT NULL,
  `total` decimal(15,4) NOT NULL,
  `date_start` date NOT NULL DEFAULT '0000-00-00',
  `date_end` date NOT NULL DEFAULT '0000-00-00',
  `uses_total` int(11) NOT NULL,
  `uses_customer` varchar(11) NOT NULL,
  `status` int(1) NOT NULL,
  `condition_rule` enum('OR','AND') NOT NULL DEFAULT 'OR',
  `date_added` timestamp NOT NULL DEFAULT '0000-00-00 00:00:00',
  `date_modified` timestamp NOT NULL DEFAULT CURRENT_TIMESTAMP ON UPDATE CURRENT_TIMESTAMP,
  PRIMARY KEY (`coupon_id`)
) ENGINE=MyISAM AUTO_INCREMENT=7 DEFAULT CHARSET=utf8;

--
-- Dumping data for table `aba6_coupons`
--

INSERT INTO `aba6_coupons` VALUES (4,'2222','P',10.0000,0,0,0.0000,'2015-01-01','2019-01-01',10,'10',1,'OR','2022-02-06 20:03:37','2022-02-06 20:03:37'),(5,'3333','P',0.0000,0,1,100.0000,'2015-01-01','2019-01-01',10,'10',1,'OR','2022-02-06 20:03:37','2022-02-06 20:03:37'),(6,'1111','F',10.0000,0,0,10.0000,'2015-01-01','2019-01-01',10,'10',1,'OR','2022-02-06 20:03:37','2022-02-06 20:03:37');

--
-- Table structure for table `aba6_coupons_categories`
--

CREATE TABLE `aba6_coupons_categories` (
  `coupon_category_id` int(11) NOT NULL AUTO_INCREMENT,
  `coupon_id` int(11) NOT NULL,
  `category_id` int(11) NOT NULL,
  PRIMARY KEY (`coupon_category_id`),
  KEY `ac_coupons_categories_idx` (`coupon_id`,`category_id`)
) ENGINE=MyISAM DEFAULT CHARSET=utf8;

--
-- Dumping data for table `aba6_coupons_categories`
--


--
-- Table structure for table `aba6_coupons_products`
--

CREATE TABLE `aba6_coupons_products` (
  `coupon_product_id` int(11) NOT NULL AUTO_INCREMENT,
  `coupon_id` int(11) NOT NULL,
  `product_id` int(11) NOT NULL,
  PRIMARY KEY (`coupon_product_id`),
  KEY `ac_coupons_products_idx` (`coupon_id`,`product_id`)
) ENGINE=MyISAM AUTO_INCREMENT=9 DEFAULT CHARSET=utf8;

--
-- Dumping data for table `aba6_coupons_products`
--

INSERT INTO `aba6_coupons_products` VALUES (8,6,68);

--
-- Table structure for table `aba6_currencies`
--

CREATE TABLE `aba6_currencies` (
  `currency_id` int(11) NOT NULL AUTO_INCREMENT,
  `title` varchar(32) NOT NULL DEFAULT '',
  `code` varchar(3) NOT NULL DEFAULT '',
  `symbol_left` varchar(12) NOT NULL,
  `symbol_right` varchar(12) NOT NULL,
  `decimal_place` char(1) NOT NULL,
  `value` decimal(15,8) NOT NULL,
  `status` int(1) NOT NULL,
  `date_modified` timestamp NOT NULL DEFAULT CURRENT_TIMESTAMP ON UPDATE CURRENT_TIMESTAMP,
  PRIMARY KEY (`currency_id`)
) ENGINE=MyISAM AUTO_INCREMENT=4 DEFAULT CHARSET=utf8;

--
-- Dumping data for table `aba6_currencies`
--

INSERT INTO `aba6_currencies` VALUES (1,'US Dollar','USD','$','','2',1.00000000,1,'2011-06-21 01:00:00'),(2,'Euro','EUR','','€','2',0.93850000,1,'2011-06-21 01:00:00'),(3,'Pound Sterling','GBP','£','','2',0.79330000,1,'2011-06-21 01:00:00');

--
-- Table structure for table `aba6_custom_blocks`
--

CREATE TABLE `aba6_custom_blocks` (
  `custom_block_id` int(10) NOT NULL AUTO_INCREMENT,
  `block_id` int(10) NOT NULL,
  `date_added` timestamp NOT NULL DEFAULT '0000-00-00 00:00:00',
  `date_modified` timestamp NOT NULL DEFAULT CURRENT_TIMESTAMP ON UPDATE CURRENT_TIMESTAMP,
  PRIMARY KEY (`custom_block_id`,`block_id`)
) ENGINE=MyISAM AUTO_INCREMENT=17 DEFAULT CHARSET=utf8;

--
-- Dumping data for table `aba6_custom_blocks`
--

INSERT INTO `aba6_custom_blocks` VALUES (1,17,'2015-06-12 13:56:24','2015-06-12 13:56:24'),(2,20,'2015-06-12 13:56:24','2015-06-12 13:56:24'),(3,20,'2015-06-12 13:56:24','2015-06-12 13:56:24'),(12,20,'2015-06-12 13:56:24','2015-06-12 13:56:24'),(13,17,'2015-06-12 13:56:24','2015-06-12 13:56:24'),(11,23,'2015-06-12 13:56:24','2015-06-12 13:56:24'),(9,23,'2015-06-12 13:56:24','2015-06-12 13:56:24'),(10,17,'2015-06-12 13:56:24','2015-06-12 13:56:24'),(14,17,'2015-06-12 13:56:24','2015-06-12 13:56:24'),(15,17,'2015-06-12 13:56:24','2015-06-12 13:56:24'),(16,17,'2015-06-12 13:56:24','2015-06-12 13:56:24');

--
-- Table structure for table `aba6_custom_lists`
--

CREATE TABLE `aba6_custom_lists` (
  `rowid` int(11) NOT NULL AUTO_INCREMENT,
  `custom_block_id` int(10) NOT NULL,
  `data_type` varchar(70) NOT NULL,
  `id` int(10) NOT NULL,
  `store_id` int(10) DEFAULT NULL,
  `sort_order` int(10) NOT NULL DEFAULT '0',
  `date_added` timestamp NOT NULL DEFAULT '0000-00-00 00:00:00',
  `date_modified` timestamp NOT NULL DEFAULT CURRENT_TIMESTAMP ON UPDATE CURRENT_TIMESTAMP,
  PRIMARY KEY (`rowid`),
  KEY `ac_custom_block_id_list_idx` (`custom_block_id`,`store_id`)
) ENGINE=MyISAM AUTO_INCREMENT=11 DEFAULT CHARSET=utf8;

--
-- Dumping data for table `aba6_custom_lists`
--

INSERT INTO `aba6_custom_lists` VALUES (1,12,'manufacturer_id',12,0,0,'2022-02-06 20:03:37','2022-02-06 20:03:37'),(2,12,'manufacturer_id',14,0,0,'2022-02-06 20:03:37','2022-02-06 20:03:37'),(3,12,'manufacturer_id',13,0,0,'2022-02-06 20:03:37','2022-02-06 20:03:37'),(4,12,'manufacturer_id',18,0,0,'2022-02-06 20:03:37','2022-02-06 20:03:37'),(5,12,'manufacturer_id',19,0,0,'2022-02-06 20:03:37','2022-02-06 20:03:37'),(6,12,'manufacturer_id',20,0,0,'2022-02-06 20:03:37','2022-02-06 20:03:37'),(7,12,'manufacturer_id',15,0,0,'2022-02-06 20:03:37','2022-02-06 20:03:37'),(8,12,'manufacturer_id',11,0,0,'2022-02-06 20:03:37','2022-02-06 20:03:37'),(9,12,'manufacturer_id',17,0,0,'2022-02-06 20:03:37','2022-02-06 20:03:37'),(10,12,'manufacturer_id',16,0,0,'2022-02-06 20:03:37','2022-02-06 20:03:37');

--
-- Table structure for table `aba6_customer_groups`
--

CREATE TABLE `aba6_customer_groups` (
  `customer_group_id` int(11) NOT NULL AUTO_INCREMENT,
  `name` varchar(32) NOT NULL,
  `tax_exempt` tinyint(1) NOT NULL DEFAULT '0',
  PRIMARY KEY (`customer_group_id`)
) ENGINE=MyISAM AUTO_INCREMENT=4 DEFAULT CHARSET=utf8;

--
-- Dumping data for table `aba6_customer_groups`
--

INSERT INTO `aba6_customer_groups` VALUES (1,'Default',0),(2,'Wholesalers',1),(3,'Newsletter Subscribers',0);

--
-- Table structure for table `aba6_customer_notifications`
--

CREATE TABLE `aba6_customer_notifications` (
  `customer_id` int(11) NOT NULL,
  `sendpoint` varchar(255) NOT NULL,
  `protocol` varchar(30) NOT NULL,
  `status` int(1) NOT NULL DEFAULT '0',
  `date_added` timestamp NOT NULL DEFAULT '0000-00-00 00:00:00',
  `date_modified` timestamp NOT NULL DEFAULT CURRENT_TIMESTAMP ON UPDATE CURRENT_TIMESTAMP,
  PRIMARY KEY (`customer_id`,`sendpoint`,`protocol`)
) ENGINE=MyISAM DEFAULT CHARSET=utf8;

--
-- Dumping data for table `aba6_customer_notifications`
--


--
-- Table structure for table `aba6_customer_transactions`
--

CREATE TABLE `aba6_customer_transactions` (
  `customer_transaction_id` int(11) NOT NULL AUTO_INCREMENT,
  `customer_id` int(11) NOT NULL DEFAULT '0',
  `order_id` int(11) NOT NULL DEFAULT '0',
  `created_by` int(11) NOT NULL COMMENT 'user_id for admin, customer_id for storefront section',
  `section` smallint(1) NOT NULL DEFAULT '0' COMMENT '1 - admin, 0 - customer',
  `credit` decimal(15,4) DEFAULT '0.0000',
  `debit` decimal(15,4) DEFAULT '0.0000',
  `transaction_type` varchar(255) NOT NULL DEFAULT '' COMMENT 'text type of transaction',
  `comment` text COMMENT 'comment for internal use',
  `description` text COMMENT 'text for customer',
  `date_added` timestamp NOT NULL DEFAULT '0000-00-00 00:00:00',
  `date_modified` timestamp NOT NULL DEFAULT CURRENT_TIMESTAMP ON UPDATE CURRENT_TIMESTAMP,
  PRIMARY KEY (`customer_transaction_id`),
  KEY `ac_customer_transactions_idx` (`customer_id`,`order_id`)
) ENGINE=MyISAM DEFAULT CHARSET=utf8;

--
-- Dumping data for table `aba6_customer_transactions`
--


--
-- Table structure for table `aba6_dataset_column_properties`
--

CREATE TABLE `aba6_dataset_column_properties` (
  `rowid` int(11) NOT NULL AUTO_INCREMENT,
  `dataset_column_id` int(11) NOT NULL,
  `dataset_column_property_name` varchar(255) NOT NULL,
  `dataset_column_property_value` varchar(255) DEFAULT NULL,
  PRIMARY KEY (`rowid`),
  KEY `dataset_column_properties_idx` (`dataset_column_id`)
) ENGINE=MyISAM DEFAULT CHARSET=utf8;

--
-- Dumping data for table `aba6_dataset_column_properties`
--


--
-- Table structure for table `aba6_dataset_definition`
--

CREATE TABLE `aba6_dataset_definition` (
  `dataset_id` int(11) NOT NULL,
  `dataset_column_id` int(11) NOT NULL AUTO_INCREMENT,
  `dataset_column_name` varchar(255) NOT NULL,
  `dataset_column_type` varchar(100) NOT NULL,
  `dataset_column_sort_order` int(11) NOT NULL DEFAULT '0',
  PRIMARY KEY (`dataset_column_id`),
  KEY `dataset_definition_idx` (`dataset_id`)
) ENGINE=MyISAM AUTO_INCREMENT=41 DEFAULT CHARSET=utf8;

--
-- Dumping data for table `aba6_dataset_definition`
--

INSERT INTO `aba6_dataset_definition` VALUES (1,1,'item_id','varchar',1),(1,2,'item_icon','varchar',2),(1,3,'item_url','varchar',3),(1,4,'parent_id','varchar',4),(1,5,'sort_order','integer',5),(1,6,'item_type','varchar',6),(1,7,'item_icon_rl_id','integer',7),(2,10,'item_id','varchar',1),(2,11,'item_text','varchar',2),(2,12,'item_url','varchar',3),(2,13,'parent_id','varchar',4),(2,14,'sort_order','integer',5),(2,15,'item_type','varchar',6),(2,40,'item_icon_rl_id','varchar',7),(3,16,'item_id','varchar',1),(3,17,'item_text','varchar',2),(3,18,'language_id','integer',3),(4,20,'date_added','timestamp',1),(4,21,'name','varchar',2),(4,22,'version','varchar',3),(4,23,'backup_file','varchar',4),(4,24,'backup_date','timestamp',5),(4,25,'type','varchar',6),(4,26,'user','varchar',7),(5,30,'date_added','timestamp',1),(5,31,'name','varchar',2),(5,32,'type','varchar',3),(5,33,'section','varchar',4),(5,34,'section_id','integer',5),(5,35,'path','varchar',6);

--
-- Table structure for table `aba6_dataset_properties`
--

CREATE TABLE `aba6_dataset_properties` (
  `rowid` int(11) NOT NULL AUTO_INCREMENT,
  `dataset_id` int(11) NOT NULL,
  `dataset_property_name` varchar(255) NOT NULL,
  `dataset_property_value` varchar(255) DEFAULT NULL,
  PRIMARY KEY (`rowid`),
  KEY `dataset_property_idx` (`dataset_id`)
) ENGINE=MyISAM AUTO_INCREMENT=4 DEFAULT CHARSET=utf8;

--
-- Dumping data for table `aba6_dataset_properties`
--

INSERT INTO `aba6_dataset_properties` VALUES (1,1,'controller','design/menu'),(2,4,'controller','tool/install_upgrade_history'),(3,5,'controller','tool/files');

--
-- Table structure for table `aba6_dataset_values`
--

CREATE TABLE `aba6_dataset_values` (
  `dataset_column_id` int(11) NOT NULL,
  `value_integer` int(11) DEFAULT NULL,
  `value_float` float DEFAULT NULL,
  `value_varchar` varchar(255) DEFAULT NULL,
  `value_text` text,
  `value_timestamp` timestamp NOT NULL DEFAULT CURRENT_TIMESTAMP,
  `value_boolean` tinyint(1) DEFAULT NULL,
  `value_sort_order` int(11) NOT NULL AUTO_INCREMENT,
  `row_id` int(10) unsigned NOT NULL DEFAULT '0',
  PRIMARY KEY (`value_sort_order`),
  KEY `dataset_values_idx` (`value_integer`,`value_float`,`value_varchar`,`value_boolean`,`row_id`)
) ENGINE=MyISAM AUTO_INCREMENT=768 DEFAULT CHARSET=utf8;

--
-- Dumping data for table `aba6_dataset_values`
--

INSERT INTO `aba6_dataset_values` VALUES (1,NULL,NULL,'home',NULL,'2022-02-06 20:03:37',NULL,1,1),(1,NULL,NULL,'login',NULL,'2022-02-06 20:03:37',NULL,2,2),(1,NULL,NULL,'logout',NULL,'2022-02-06 20:03:37',NULL,3,3),(1,NULL,NULL,'account',NULL,'2022-02-06 20:03:37',NULL,4,4),(1,NULL,NULL,'cart',NULL,'2022-02-06 20:03:37',NULL,5,5),(1,NULL,NULL,'checkout',NULL,'2022-02-06 20:03:37',NULL,6,6),(1,NULL,NULL,'specials',NULL,'2022-02-06 20:03:37',NULL,7,7),(1,NULL,NULL,'order',NULL,'2022-02-06 20:03:37',NULL,8,8),(2,NULL,NULL,'',NULL,'2022-02-06 20:03:37',NULL,9,1),(2,NULL,NULL,'',NULL,'2022-02-06 20:03:37',NULL,10,2),(2,NULL,NULL,'',NULL,'2022-02-06 20:03:37',NULL,11,3),(2,NULL,NULL,'',NULL,'2022-02-06 20:03:37',NULL,12,4),(2,NULL,NULL,'',NULL,'2022-02-06 20:03:37',NULL,13,5),(2,NULL,NULL,'',NULL,'2022-02-06 20:03:37',NULL,14,6),(2,NULL,NULL,'',NULL,'2022-02-06 20:03:37',NULL,15,7),(2,NULL,NULL,'',NULL,'2022-02-06 20:03:37',NULL,16,8),(3,NULL,NULL,'index/home',NULL,'2022-02-06 20:03:37',NULL,17,1),(3,NULL,NULL,'account/login',NULL,'2022-02-06 20:03:37',NULL,18,2),(3,NULL,NULL,'account/logout',NULL,'2022-02-06 20:03:37',NULL,19,3),(3,NULL,NULL,'account/account',NULL,'2022-02-06 20:03:37',NULL,20,4),(3,NULL,NULL,'checkout/cart',NULL,'2022-02-06 20:03:37',NULL,21,5),(3,NULL,NULL,'checkout/shipping',NULL,'2022-02-06 20:03:37',NULL,22,6),(3,NULL,NULL,'product/special',NULL,'2022-02-06 20:03:37',NULL,23,7),(3,NULL,NULL,'account/invoice',NULL,'2022-02-06 20:03:37',NULL,24,8),(4,NULL,NULL,'',NULL,'2022-02-06 20:03:37',NULL,25,1),(4,NULL,NULL,'account',NULL,'2022-02-06 20:03:37',NULL,26,2),(4,NULL,NULL,'account',NULL,'2022-02-06 20:03:37',NULL,27,3),(4,NULL,NULL,'',NULL,'2022-02-06 20:03:37',NULL,28,4),(4,NULL,NULL,'',NULL,'2022-02-06 20:03:37',NULL,29,5),(4,NULL,NULL,'',NULL,'2022-02-06 20:03:37',NULL,30,6),(4,NULL,NULL,'',NULL,'2022-02-06 20:03:37',NULL,31,7),(4,NULL,NULL,'account',NULL,'2022-02-06 20:03:37',NULL,32,8),(5,10,NULL,NULL,NULL,'2022-02-06 20:03:37',NULL,33,1),(5,20,NULL,NULL,NULL,'2022-02-06 20:03:37',NULL,34,2),(5,30,NULL,NULL,NULL,'2022-02-06 20:03:37',NULL,35,3),(5,40,NULL,NULL,NULL,'2022-02-06 20:03:37',NULL,36,4),(5,50,NULL,NULL,NULL,'2022-02-06 20:03:37',NULL,37,5),(5,60,NULL,NULL,NULL,'2022-02-06 20:03:37',NULL,38,6),(5,11,NULL,NULL,NULL,'2022-02-06 20:03:37',NULL,39,7),(5,20,NULL,NULL,NULL,'2022-02-06 20:03:37',NULL,40,8),(6,NULL,NULL,'core',NULL,'2022-02-06 20:03:37',NULL,41,1),(6,NULL,NULL,'core',NULL,'2022-02-06 20:03:37',NULL,42,2),(6,NULL,NULL,'core',NULL,'2022-02-06 20:03:37',NULL,43,3),(6,NULL,NULL,'core',NULL,'2022-02-06 20:03:37',NULL,44,4),(6,NULL,NULL,'core',NULL,'2022-02-06 20:03:37',NULL,45,5),(6,NULL,NULL,'core',NULL,'2022-02-06 20:03:37',NULL,46,6),(6,NULL,NULL,'core',NULL,'2022-02-06 20:03:37',NULL,47,7),(6,NULL,NULL,'core',NULL,'2022-02-06 20:03:37',NULL,48,8),(7,2,NULL,NULL,NULL,'2022-02-06 20:03:37',NULL,49,1),(7,4,NULL,NULL,NULL,'2022-02-06 20:03:37',NULL,50,2),(7,3,NULL,NULL,NULL,'2022-02-06 20:03:37',NULL,51,3),(7,4,NULL,NULL,NULL,'2022-02-06 20:03:37',NULL,52,4),(7,250,NULL,NULL,NULL,'2022-02-06 20:03:37',NULL,53,5),(7,260,NULL,NULL,NULL,'2022-02-06 20:03:37',NULL,54,6),(7,244,NULL,NULL,NULL,'2022-02-06 20:03:37',NULL,55,7),(7,266,NULL,NULL,NULL,'2022-02-06 20:03:37',NULL,56,8),(10,NULL,NULL,'catalog',NULL,'2022-02-06 20:03:37',NULL,57,1),(10,NULL,NULL,'sale',NULL,'2022-02-06 20:03:37',NULL,58,2),(10,NULL,NULL,'design',NULL,'2022-02-06 20:03:37',NULL,59,3),(10,NULL,NULL,'extension',NULL,'2022-02-06 20:03:37',NULL,60,4),(10,NULL,NULL,'system',NULL,'2022-02-06 20:03:37',NULL,61,5),(10,NULL,NULL,'reports',NULL,'2022-02-06 20:03:37',NULL,62,6),(10,NULL,NULL,'help',NULL,'2022-02-06 20:03:37',NULL,63,7),(11,NULL,NULL,'text_catalog',NULL,'2022-02-06 20:03:37',NULL,64,1),(11,NULL,NULL,'text_sale',NULL,'2022-02-06 20:03:37',NULL,65,2),(11,NULL,NULL,'text_design',NULL,'2022-02-06 20:03:37',NULL,66,3),(11,NULL,NULL,'text_extension',NULL,'2022-02-06 20:03:37',NULL,67,4),(11,NULL,NULL,'text_system',NULL,'2022-02-06 20:03:37',NULL,68,5),(11,NULL,NULL,'text_reports',NULL,'2022-02-06 20:03:37',NULL,69,6),(11,NULL,NULL,'text_help',NULL,'2022-02-06 20:03:37',NULL,70,7),(12,NULL,NULL,'catalog/category',NULL,'2022-02-06 20:03:37',NULL,71,1),(12,NULL,NULL,'sale/order',NULL,'2022-02-06 20:03:37',NULL,72,2),(12,NULL,NULL,'extension/extensions/template',NULL,'2022-02-06 20:03:37',NULL,73,3),(12,NULL,NULL,'extension/extensions/extensions',NULL,'2022-02-06 20:03:37',NULL,74,4),(12,NULL,NULL,'setting/setting',NULL,'2022-02-06 20:03:37',NULL,75,5),(12,NULL,NULL,'report/sale/orders',NULL,'2022-02-06 20:03:37',NULL,76,6),(12,NULL,NULL,'',NULL,'2022-02-06 20:03:37',NULL,77,7),(13,NULL,NULL,'',NULL,'2022-02-06 20:03:37',NULL,78,1),(13,NULL,NULL,'',NULL,'2022-02-06 20:03:37',NULL,79,2),(13,NULL,NULL,'',NULL,'2022-02-06 20:03:37',NULL,80,3),(13,NULL,NULL,'',NULL,'2022-02-06 20:03:37',NULL,81,4),(13,NULL,NULL,'',NULL,'2022-02-06 20:03:37',NULL,82,5),(13,NULL,NULL,'',NULL,'2022-02-06 20:03:37',NULL,83,6),(13,NULL,NULL,'',NULL,'2022-02-06 20:03:37',NULL,84,7),(14,1,NULL,NULL,NULL,'2022-02-06 20:03:37',NULL,85,1),(14,2,NULL,NULL,NULL,'2022-02-06 20:03:37',NULL,86,2),(14,3,NULL,NULL,NULL,'2022-02-06 20:03:37',NULL,87,3),(14,4,NULL,NULL,NULL,'2022-02-06 20:03:37',NULL,88,4),(14,5,NULL,NULL,NULL,'2022-02-06 20:03:37',NULL,89,5),(14,6,NULL,NULL,NULL,'2022-02-06 20:03:37',NULL,90,6),(14,7,NULL,NULL,NULL,'2022-02-06 20:03:37',NULL,91,7),(15,NULL,NULL,'core',NULL,'2022-02-06 20:03:37',NULL,92,1),(15,NULL,NULL,'core',NULL,'2022-02-06 20:03:37',NULL,93,2),(15,NULL,NULL,'core',NULL,'2022-02-06 20:03:37',NULL,94,3),(15,NULL,NULL,'core',NULL,'2022-02-06 20:03:37',NULL,95,4),(15,NULL,NULL,'core',NULL,'2022-02-06 20:03:37',NULL,96,5),(15,NULL,NULL,'core',NULL,'2022-02-06 20:03:37',NULL,97,6),(15,NULL,NULL,'core',NULL,'2022-02-06 20:03:37',NULL,98,7),(40,NULL,NULL,'200',NULL,'2022-02-06 20:03:37',NULL,99,1),(40,NULL,NULL,'201',NULL,'2022-02-06 20:03:37',NULL,100,2),(40,NULL,NULL,'202',NULL,'2022-02-06 20:03:37',NULL,101,3),(40,NULL,NULL,'203',NULL,'2022-02-06 20:03:37',NULL,102,4),(40,NULL,NULL,'204',NULL,'2022-02-06 20:03:37',NULL,103,5),(40,NULL,NULL,'205',NULL,'2022-02-06 20:03:37',NULL,104,6),(40,NULL,NULL,'206',NULL,'2022-02-06 20:03:37',NULL,105,7),(10,NULL,NULL,'category',NULL,'2022-02-06 20:03:37',NULL,106,11),(10,NULL,NULL,'product',NULL,'2022-02-06 20:03:37',NULL,107,12),(10,NULL,NULL,'manufacturer',NULL,'2022-02-06 20:03:37',NULL,108,13),(10,NULL,NULL,'download',NULL,'2022-02-06 20:03:37',NULL,109,14),(10,NULL,NULL,'review',NULL,'2022-02-06 20:03:37',NULL,110,15),(10,NULL,NULL,'attributes',NULL,'2022-02-06 20:03:37',NULL,111,16),(10,NULL,NULL,'collections',NULL,'2022-02-06 20:03:37',NULL,112,17),(10,NULL,NULL,'rl_manager',NULL,'2022-02-06 20:03:37',NULL,113,220),(11,NULL,NULL,'text_category',NULL,'2022-02-06 20:03:37',NULL,114,11),(11,NULL,NULL,'text_product',NULL,'2022-02-06 20:03:37',NULL,115,12),(11,NULL,NULL,'text_manufacturer',NULL,'2022-02-06 20:03:37',NULL,116,13),(11,NULL,NULL,'text_download',NULL,'2022-02-06 20:03:37',NULL,117,14),(11,NULL,NULL,'text_review',NULL,'2022-02-06 20:03:37',NULL,118,15),(11,NULL,NULL,'text_attribute',NULL,'2022-02-06 20:03:37',NULL,119,16),(11,NULL,NULL,'text_collection',NULL,'2022-02-06 20:03:37',NULL,120,17),(11,NULL,NULL,'text_rl_manager',NULL,'2022-02-06 20:03:37',NULL,121,220),(12,NULL,NULL,'catalog/category',NULL,'2022-02-06 20:03:37',NULL,122,11),(12,NULL,NULL,'catalog/product',NULL,'2022-02-06 20:03:37',NULL,123,12),(12,NULL,NULL,'catalog/manufacturer',NULL,'2022-02-06 20:03:37',NULL,124,13),(12,NULL,NULL,'catalog/download',NULL,'2022-02-06 20:03:37',NULL,125,14),(12,NULL,NULL,'catalog/review',NULL,'2022-02-06 20:03:37',NULL,126,15),(12,NULL,NULL,'catalog/attribute',NULL,'2022-02-06 20:03:37',NULL,127,16),(12,NULL,NULL,'catalog/collections',NULL,'2022-02-06 20:03:37',NULL,128,17),(12,NULL,NULL,'tool/rl_manager',NULL,'2022-02-06 20:03:37',NULL,129,220),(13,NULL,NULL,'catalog',NULL,'2022-02-06 20:03:37',NULL,130,11),(13,NULL,NULL,'catalog',NULL,'2022-02-06 20:03:37',NULL,131,12),(13,NULL,NULL,'catalog',NULL,'2022-02-06 20:03:37',NULL,132,13),(13,NULL,NULL,'catalog',NULL,'2022-02-06 20:03:37',NULL,133,14),(13,NULL,NULL,'catalog',NULL,'2022-02-06 20:03:37',NULL,134,15),(13,NULL,NULL,'catalog',NULL,'2022-02-06 20:03:37',NULL,135,16),(13,NULL,NULL,'catalog',NULL,'2022-02-06 20:03:37',NULL,136,17),(13,NULL,NULL,'catalog',NULL,'2022-02-06 20:03:37',NULL,137,220),(14,1,NULL,NULL,NULL,'2022-02-06 20:03:37',NULL,138,11),(14,2,NULL,NULL,NULL,'2022-02-06 20:03:37',NULL,139,12),(14,3,NULL,NULL,NULL,'2022-02-06 20:03:37',NULL,140,13),(14,4,NULL,NULL,NULL,'2022-02-06 20:03:37',NULL,141,14),(14,5,NULL,NULL,NULL,'2022-02-06 20:03:37',NULL,142,15),(14,6,NULL,NULL,NULL,'2022-02-06 20:03:37',NULL,143,16),(14,8,NULL,NULL,NULL,'2022-02-06 20:03:37',NULL,144,17),(14,7,NULL,NULL,NULL,'2022-02-06 20:03:37',NULL,145,220),(15,NULL,NULL,'core',NULL,'2022-02-06 20:03:37',NULL,146,11),(15,NULL,NULL,'core',NULL,'2022-02-06 20:03:37',NULL,147,12),(15,NULL,NULL,'core',NULL,'2022-02-06 20:03:37',NULL,148,13),(15,NULL,NULL,'core',NULL,'2022-02-06 20:03:37',NULL,149,14),(15,NULL,NULL,'core',NULL,'2022-02-06 20:03:37',NULL,150,15),(15,NULL,NULL,'core',NULL,'2022-02-06 20:03:37',NULL,151,16),(15,NULL,NULL,'core',NULL,'2022-02-06 20:03:37',NULL,152,17),(15,NULL,NULL,'core',NULL,'2022-02-06 20:03:37',NULL,153,220),(40,NULL,NULL,'207',NULL,'2022-02-06 20:03:37',NULL,154,11),(40,NULL,NULL,'208',NULL,'2022-02-06 20:03:37',NULL,155,12),(40,NULL,NULL,'209',NULL,'2022-02-06 20:03:37',NULL,156,13),(40,NULL,NULL,'210',NULL,'2022-02-06 20:03:37',NULL,157,14),(40,NULL,NULL,'211',NULL,'2022-02-06 20:03:37',NULL,158,15),(40,NULL,NULL,'212',NULL,'2022-02-06 20:03:37',NULL,159,16),(40,NULL,NULL,'279',NULL,'2022-02-06 20:03:37',NULL,160,17),(40,NULL,NULL,'277',NULL,'2022-02-06 20:03:37',NULL,161,220),(10,NULL,NULL,'extensions',NULL,'2022-02-06 20:03:37',NULL,162,31),(10,NULL,NULL,'shipping',NULL,'2022-02-06 20:03:37',NULL,163,32),(10,NULL,NULL,'payment',NULL,'2022-02-06 20:03:37',NULL,164,33),(10,NULL,NULL,'templates',NULL,'2022-02-06 20:03:37',NULL,165,34),(10,NULL,NULL,'languages',NULL,'2022-02-06 20:03:37',NULL,166,35),(10,NULL,NULL,'taxes',NULL,'2022-02-06 20:03:37',NULL,167,36),(10,NULL,NULL,'total',NULL,'2022-02-06 20:03:37',NULL,168,37),(10,NULL,NULL,'add_extension',NULL,'2022-02-06 20:03:37',NULL,169,38),(10,NULL,NULL,'extensions_stores',NULL,'2022-02-06 20:03:37',NULL,170,39),(11,NULL,NULL,'text_extensions',NULL,'2022-02-06 20:03:37',NULL,171,31),(11,NULL,NULL,'text_shipping',NULL,'2022-02-06 20:03:37',NULL,172,32),(11,NULL,NULL,'text_payment',NULL,'2022-02-06 20:03:37',NULL,173,33),(11,NULL,NULL,'text_templates',NULL,'2022-02-06 20:03:37',NULL,174,34),(11,NULL,NULL,'text_language',NULL,'2022-02-06 20:03:37',NULL,175,35),(11,NULL,NULL,'text_taxes',NULL,'2022-02-06 20:03:37',NULL,176,36),(11,NULL,NULL,'text_total',NULL,'2022-02-06 20:03:37',NULL,177,37),(11,NULL,NULL,'text_add_extension',NULL,'2022-02-06 20:03:37',NULL,178,38),(11,NULL,NULL,'text_extensions_store',NULL,'2022-02-06 20:03:37',NULL,179,39),(12,NULL,NULL,'extension/extensions/extensions',NULL,'2022-02-06 20:03:37',NULL,180,31),(12,NULL,NULL,'extension/extensions/shipping',NULL,'2022-02-06 20:03:37',NULL,181,32),(12,NULL,NULL,'extension/extensions/payment',NULL,'2022-02-06 20:03:37',NULL,182,33),(12,NULL,NULL,'extension/extensions/template',NULL,'2022-02-06 20:03:37',NULL,183,34),(12,NULL,NULL,'extension/extensions/language',NULL,'2022-02-06 20:03:37',NULL,184,35),(12,NULL,NULL,'extension/extensions/tax',NULL,'2022-02-06 20:03:37',NULL,185,36),(12,NULL,NULL,'extension/total',NULL,'2022-02-06 20:03:37',NULL,186,37),(12,NULL,NULL,'tool/package_installer',NULL,'2022-02-06 20:03:37',NULL,187,38),(12,NULL,NULL,'extension/extensions_store',NULL,'2022-02-06 20:03:37',NULL,188,39),(13,NULL,NULL,'extension',NULL,'2022-02-06 20:03:37',NULL,189,31),(13,NULL,NULL,'extension',NULL,'2022-02-06 20:03:37',NULL,190,32),(13,NULL,NULL,'extension',NULL,'2022-02-06 20:03:37',NULL,191,33),(13,NULL,NULL,'extension',NULL,'2022-02-06 20:03:37',NULL,192,34),(13,NULL,NULL,'extension',NULL,'2022-02-06 20:03:37',NULL,193,35),(13,NULL,NULL,'extension',NULL,'2022-02-06 20:03:37',NULL,194,36),(13,NULL,NULL,'extension',NULL,'2022-02-06 20:03:37',NULL,195,37),(13,NULL,NULL,'extension',NULL,'2022-02-06 20:03:37',NULL,196,38),(13,NULL,NULL,'extension',NULL,'2022-02-06 20:03:37',NULL,197,39),(14,1,NULL,NULL,NULL,'2022-02-06 20:03:37',NULL,198,31),(14,2,NULL,NULL,NULL,'2022-02-06 20:03:37',NULL,199,32),(14,3,NULL,NULL,NULL,'2022-02-06 20:03:37',NULL,200,33),(14,4,NULL,NULL,NULL,'2022-02-06 20:03:37',NULL,201,34),(14,5,NULL,NULL,NULL,'2022-02-06 20:03:37',NULL,202,35),(14,6,NULL,NULL,NULL,'2022-02-06 20:03:37',NULL,203,36),(14,7,NULL,NULL,NULL,'2022-02-06 20:03:37',NULL,204,37),(14,8,NULL,NULL,NULL,'2022-02-06 20:03:37',NULL,205,38),(14,9,NULL,NULL,NULL,'2022-02-06 20:03:37',NULL,206,39),(15,NULL,NULL,'core',NULL,'2022-02-06 20:03:37',NULL,207,31),(15,NULL,NULL,'core',NULL,'2022-02-06 20:03:37',NULL,208,32),(15,NULL,NULL,'core',NULL,'2022-02-06 20:03:37',NULL,209,33),(15,NULL,NULL,'core',NULL,'2022-02-06 20:03:37',NULL,210,34),(15,NULL,NULL,'core',NULL,'2022-02-06 20:03:37',NULL,211,35),(15,NULL,NULL,'core',NULL,'2022-02-06 20:03:37',NULL,212,36),(15,NULL,NULL,'core',NULL,'2022-02-06 20:03:37',NULL,213,37),(40,NULL,NULL,'213',NULL,'2022-02-06 20:03:37',NULL,214,31),(40,NULL,NULL,'214',NULL,'2022-02-06 20:03:37',NULL,215,32),(40,NULL,NULL,'260',NULL,'2022-02-06 20:03:37',NULL,216,33),(40,NULL,NULL,'216',NULL,'2022-02-06 20:03:37',NULL,217,34),(40,NULL,NULL,'217',NULL,'2022-02-06 20:03:37',NULL,218,35),(40,NULL,NULL,'215',NULL,'2022-02-06 20:03:37',NULL,219,36),(40,NULL,NULL,'218',NULL,'2022-02-06 20:03:37',NULL,220,37),(40,NULL,NULL,'219',NULL,'2022-02-06 20:03:37',NULL,221,38),(40,NULL,NULL,'220',NULL,'2022-02-06 20:03:37',NULL,222,39),(10,NULL,NULL,'order',NULL,'2022-02-06 20:03:37',NULL,223,51),(10,NULL,NULL,'customer',NULL,'2022-02-06 20:03:37',NULL,224,52),(10,NULL,NULL,'customer_group',NULL,'2022-02-06 20:03:37',NULL,225,53),(10,NULL,NULL,'coupon',NULL,'2022-02-06 20:03:37',NULL,226,54),(10,NULL,NULL,'contact',NULL,'2022-02-06 20:03:37',NULL,227,55),(11,NULL,NULL,'text_order',NULL,'2022-02-06 20:03:37',NULL,228,51),(11,NULL,NULL,'text_customer',NULL,'2022-02-06 20:03:37',NULL,229,52),(11,NULL,NULL,'text_customer_group',NULL,'2022-02-06 20:03:37',NULL,230,53),(11,NULL,NULL,'text_coupon',NULL,'2022-02-06 20:03:37',NULL,231,54),(11,NULL,NULL,'text_contact',NULL,'2022-02-06 20:03:37',NULL,232,55),(12,NULL,NULL,'sale/order',NULL,'2022-02-06 20:03:37',NULL,233,51),(12,NULL,NULL,'sale/customer',NULL,'2022-02-06 20:03:37',NULL,234,52),(12,NULL,NULL,'sale/customer_group',NULL,'2022-02-06 20:03:37',NULL,235,53),(12,NULL,NULL,'sale/coupon',NULL,'2022-02-06 20:03:37',NULL,236,54),(12,NULL,NULL,'sale/contact',NULL,'2022-02-06 20:03:37',NULL,237,55),(13,NULL,NULL,'sale',NULL,'2022-02-06 20:03:37',NULL,238,51),(13,NULL,NULL,'sale',NULL,'2022-02-06 20:03:37',NULL,239,52),(13,NULL,NULL,'sale',NULL,'2022-02-06 20:03:37',NULL,240,53),(13,NULL,NULL,'sale',NULL,'2022-02-06 20:03:37',NULL,241,54),(13,NULL,NULL,'sale',NULL,'2022-02-06 20:03:37',NULL,242,55),(14,1,NULL,NULL,NULL,'2022-02-06 20:03:37',NULL,243,51),(14,2,NULL,NULL,NULL,'2022-02-06 20:03:37',NULL,244,52),(14,3,NULL,NULL,NULL,'2022-02-06 20:03:37',NULL,245,53),(14,4,NULL,NULL,NULL,'2022-02-06 20:03:37',NULL,246,54),(14,5,NULL,NULL,NULL,'2022-02-06 20:03:37',NULL,247,55),(15,NULL,NULL,'core',NULL,'2022-02-06 20:03:37',NULL,248,51),(15,NULL,NULL,'core',NULL,'2022-02-06 20:03:37',NULL,249,52),(15,NULL,NULL,'core',NULL,'2022-02-06 20:03:37',NULL,250,53),(15,NULL,NULL,'core',NULL,'2022-02-06 20:03:37',NULL,251,54),(15,NULL,NULL,'core',NULL,'2022-02-06 20:03:37',NULL,252,55),(40,NULL,NULL,'221',NULL,'2022-02-06 20:03:37',NULL,253,51),(40,NULL,NULL,'222',NULL,'2022-02-06 20:03:37',NULL,254,52),(40,NULL,NULL,'223',NULL,'2022-02-06 20:03:37',NULL,255,53),(40,NULL,NULL,'224',NULL,'2022-02-06 20:03:37',NULL,256,54),(40,NULL,NULL,'225',NULL,'2022-02-06 20:03:37',NULL,257,55),(10,NULL,NULL,'setting',NULL,'2022-02-06 20:03:37',NULL,258,71),(10,NULL,NULL,'users',NULL,'2022-02-06 20:03:37',NULL,259,72),(10,NULL,NULL,'localisation',NULL,'2022-02-06 20:03:37',NULL,260,73),(10,NULL,NULL,'data',NULL,'2022-02-06 20:03:37',NULL,261,74),(10,NULL,NULL,'updater',NULL,'2022-02-06 20:03:37',NULL,262,77),(10,NULL,NULL,'cache',NULL,'2022-02-06 20:03:37',NULL,263,78),(10,NULL,NULL,'messages',NULL,'2022-02-06 20:03:37',NULL,264,79),(10,NULL,NULL,'logs',NULL,'2022-02-06 20:03:37',NULL,265,80),(11,NULL,NULL,'text_setting',NULL,'2022-02-06 20:03:37',NULL,266,71),(11,NULL,NULL,'text_users',NULL,'2022-02-06 20:03:37',NULL,267,72),(11,NULL,NULL,'text_localisation',NULL,'2022-02-06 20:03:37',NULL,268,73),(11,NULL,NULL,'text_data',NULL,'2022-02-06 20:03:37',NULL,269,74),(11,NULL,NULL,'text_updater',NULL,'2022-02-06 20:03:37',NULL,270,77),(11,NULL,NULL,'text_cache',NULL,'2022-02-06 20:03:37',NULL,271,78),(11,NULL,NULL,'text_messages',NULL,'2022-02-06 20:03:37',NULL,272,79),(11,NULL,NULL,'text_logs',NULL,'2022-02-06 20:03:37',NULL,273,80),(12,NULL,NULL,'setting/setting',NULL,'2022-02-06 20:03:37',NULL,274,71),(12,NULL,NULL,'',NULL,'2022-02-06 20:03:37',NULL,275,72),(12,NULL,NULL,'',NULL,'2022-02-06 20:03:37',NULL,276,73),(12,NULL,NULL,'',NULL,'2022-02-06 20:03:37',NULL,277,74),(12,NULL,NULL,'tool/updater',NULL,'2022-02-06 20:03:37',NULL,278,77),(12,NULL,NULL,'tool/cache',NULL,'2022-02-06 20:03:37',NULL,279,78),(12,NULL,NULL,'tool/message_manager',NULL,'2022-02-06 20:03:37',NULL,280,79),(12,NULL,NULL,'',NULL,'2022-02-06 20:03:37',NULL,281,80),(13,NULL,NULL,'system',NULL,'2022-02-06 20:03:37',NULL,282,71),(13,NULL,NULL,'system',NULL,'2022-02-06 20:03:37',NULL,283,72),(13,NULL,NULL,'system',NULL,'2022-02-06 20:03:37',NULL,284,73),(13,NULL,NULL,'system',NULL,'2022-02-06 20:03:37',NULL,285,74),(13,NULL,NULL,'system',NULL,'2022-02-06 20:03:37',NULL,286,77),(13,NULL,NULL,'system',NULL,'2022-02-06 20:03:37',NULL,287,78),(13,NULL,NULL,'system',NULL,'2022-02-06 20:03:37',NULL,288,79),(13,NULL,NULL,'system',NULL,'2022-02-06 20:03:37',NULL,289,80),(14,1,NULL,NULL,NULL,'2022-02-06 20:03:37',NULL,290,71),(14,2,NULL,NULL,NULL,'2022-02-06 20:03:37',NULL,291,72),(14,3,NULL,NULL,NULL,'2022-02-06 20:03:37',NULL,292,73),(14,4,NULL,NULL,NULL,'2022-02-06 20:03:37',NULL,293,74),(14,7,NULL,NULL,NULL,'2022-02-06 20:03:37',NULL,294,77),(14,8,NULL,NULL,NULL,'2022-02-06 20:03:37',NULL,295,78),(14,9,NULL,NULL,NULL,'2022-02-06 20:03:37',NULL,296,79),(14,10,NULL,NULL,NULL,'2022-02-06 20:03:37',NULL,297,80),(15,NULL,NULL,'core',NULL,'2022-02-06 20:03:37',NULL,298,71),(15,NULL,NULL,'core',NULL,'2022-02-06 20:03:37',NULL,299,72),(15,NULL,NULL,'core',NULL,'2022-02-06 20:03:37',NULL,300,73),(15,NULL,NULL,'core',NULL,'2022-02-06 20:03:37',NULL,301,74),(15,NULL,NULL,'core',NULL,'2022-02-06 20:03:37',NULL,302,77),(15,NULL,NULL,'core',NULL,'2022-02-06 20:03:37',NULL,303,78),(15,NULL,NULL,'core',NULL,'2022-02-06 20:03:37',NULL,304,79),(15,NULL,NULL,'core',NULL,'2022-02-06 20:03:37',NULL,305,80),(40,NULL,NULL,'226',NULL,'2022-02-06 20:03:37',NULL,306,71),(40,NULL,NULL,'227',NULL,'2022-02-06 20:03:37',NULL,307,72),(40,NULL,NULL,'228',NULL,'2022-02-06 20:03:37',NULL,308,73),(40,NULL,NULL,'229',NULL,'2022-02-06 20:03:37',NULL,309,74),(40,NULL,NULL,'230',NULL,'2022-02-06 20:03:37',NULL,310,77),(40,NULL,NULL,'231',NULL,'2022-02-06 20:03:37',NULL,311,78),(40,NULL,NULL,'232',NULL,'2022-02-06 20:03:37',NULL,312,79),(40,NULL,NULL,'233',NULL,'2022-02-06 20:03:37',NULL,313,80),(10,NULL,NULL,'report_sale',NULL,'2022-02-06 20:03:37',NULL,314,91),(10,NULL,NULL,'report_customer',NULL,'2022-02-06 20:03:37',NULL,315,92),(10,NULL,NULL,'report_product',NULL,'2022-02-06 20:03:37',NULL,316,93),(10,NULL,NULL,'report_analytics',NULL,'2022-02-06 20:03:37',NULL,317,221),(10,NULL,NULL,'banner_manager_stat',NULL,'2022-02-06 20:03:37',NULL,318,94),(11,NULL,NULL,'text_report_sale',NULL,'2022-02-06 20:03:37',NULL,319,91),(11,NULL,NULL,'text_customer',NULL,'2022-02-06 20:03:37',NULL,320,92),(11,NULL,NULL,'text_product',NULL,'2022-02-06 20:03:37',NULL,321,93),(11,NULL,NULL,'text_analytics',NULL,'2022-02-06 20:03:37',NULL,322,221),(11,NULL,NULL,'banner_manager_name_stat',NULL,'2022-02-06 20:03:37',NULL,323,94),(12,NULL,NULL,'report/sale/orders',NULL,'2022-02-06 20:03:37',NULL,324,91),(12,NULL,NULL,'report/customer/online',NULL,'2022-02-06 20:03:37',NULL,325,92),(12,NULL,NULL,'',NULL,'2022-02-06 20:03:37',NULL,326,93),(12,NULL,NULL,'',NULL,'2022-02-06 20:03:37',NULL,327,221),(12,NULL,NULL,'extension/banner_manager_stat',NULL,'2022-02-06 20:03:37',NULL,328,94),(13,NULL,NULL,'reports',NULL,'2022-02-06 20:03:37',NULL,329,91),(13,NULL,NULL,'reports',NULL,'2022-02-06 20:03:37',NULL,330,92),(13,NULL,NULL,'reports',NULL,'2022-02-06 20:03:37',NULL,331,93),(13,NULL,NULL,'reports',NULL,'2022-02-06 20:03:37',NULL,332,221),(13,NULL,NULL,'reports',NULL,'2022-02-06 20:03:37',NULL,333,94),(14,1,NULL,NULL,NULL,'2022-02-06 20:03:37',NULL,334,91),(14,2,NULL,NULL,NULL,'2022-02-06 20:03:37',NULL,335,92),(14,3,NULL,NULL,NULL,'2022-02-06 20:03:37',NULL,336,93),(14,4,NULL,NULL,NULL,'2022-02-06 20:03:37',NULL,337,221),(14,5,NULL,NULL,NULL,'2022-02-06 20:03:37',NULL,338,94),(15,NULL,NULL,'core',NULL,'2022-02-06 20:03:37',NULL,339,91),(15,NULL,NULL,'core',NULL,'2022-02-06 20:03:37',NULL,340,92),(15,NULL,NULL,'core',NULL,'2022-02-06 20:03:37',NULL,341,93),(15,NULL,NULL,'core',NULL,'2022-02-06 20:03:37',NULL,342,221),(15,NULL,NULL,'extension',NULL,'2022-02-06 20:03:37',NULL,343,94),(40,NULL,NULL,'234',NULL,'2022-02-06 20:03:37',NULL,344,91),(40,NULL,NULL,'222',NULL,'2022-02-06 20:03:37',NULL,345,92),(40,NULL,NULL,'208',NULL,'2022-02-06 20:03:37',NULL,346,93),(40,NULL,NULL,'234',NULL,'2022-02-06 20:03:37',NULL,347,221),(40,NULL,NULL,'237',NULL,'2022-02-06 20:03:37',NULL,348,94),(10,NULL,NULL,'abantecart',NULL,'2022-02-06 20:03:37',NULL,349,111),(10,NULL,NULL,'documentation',NULL,'2022-02-06 20:03:37',NULL,350,112),(10,NULL,NULL,'support',NULL,'2022-02-06 20:03:37',NULL,351,113),(10,NULL,NULL,'marketplace',NULL,'2022-02-06 20:03:37',NULL,352,114),(11,NULL,NULL,'text_abantecart',NULL,'2022-02-06 20:03:37',NULL,353,111),(11,NULL,NULL,'text_documentation',NULL,'2022-02-06 20:03:37',NULL,354,112),(11,NULL,NULL,'text_support',NULL,'2022-02-06 20:03:37',NULL,355,113),(11,NULL,NULL,'text_extensions_store',NULL,'2022-02-06 20:03:37',NULL,356,114),(12,NULL,NULL,'window.open(\'http://www.abantecart.com\');',NULL,'2022-02-06 20:03:37',NULL,357,111),(12,NULL,NULL,'window.open(\'http://docs.abantecart.com\');',NULL,'2022-02-06 20:03:37',NULL,358,112),(12,NULL,NULL,'window.open(\'http://forum.abantecart.com\');',NULL,'2022-02-06 20:03:37',NULL,359,113),(12,NULL,NULL,'window.open(\'http://marketplace.abantecart.com\');',NULL,'2022-02-06 20:03:37',NULL,360,114),(13,NULL,NULL,'help',NULL,'2022-02-06 20:03:37',NULL,361,111),(13,NULL,NULL,'help',NULL,'2022-02-06 20:03:37',NULL,362,112),(13,NULL,NULL,'help',NULL,'2022-02-06 20:03:37',NULL,363,113),(13,NULL,NULL,'help',NULL,'2022-02-06 20:03:37',NULL,364,114),(14,1,NULL,NULL,NULL,'2022-02-06 20:03:37',NULL,365,111),(14,2,NULL,NULL,NULL,'2022-02-06 20:03:37',NULL,366,112),(14,3,NULL,NULL,NULL,'2022-02-06 20:03:37',NULL,367,113),(14,4,NULL,NULL,NULL,'2022-02-06 20:03:37',NULL,368,114),(15,NULL,NULL,'core',NULL,'2022-02-06 20:03:37',NULL,369,111),(15,NULL,NULL,'core',NULL,'2022-02-06 20:03:37',NULL,370,112),(15,NULL,NULL,'core',NULL,'2022-02-06 20:03:37',NULL,371,113),(15,NULL,NULL,'core',NULL,'2022-02-06 20:03:37',NULL,372,114),(40,NULL,NULL,'238',NULL,'2022-02-06 20:03:37',NULL,373,111),(40,NULL,NULL,'239',NULL,'2022-02-06 20:03:37',NULL,374,112),(40,NULL,NULL,'240',NULL,'2022-02-06 20:03:37',NULL,375,113),(40,NULL,NULL,'203',NULL,'2022-02-06 20:03:37',NULL,376,114),(10,NULL,NULL,'template',NULL,'2022-02-06 20:03:37',NULL,377,131),(10,NULL,NULL,'layout',NULL,'2022-02-06 20:03:37',NULL,378,132),(10,NULL,NULL,'blocks',NULL,'2022-02-06 20:03:37',NULL,379,133),(10,NULL,NULL,'menu',NULL,'2022-02-06 20:03:37',NULL,380,134),(10,NULL,NULL,'content',NULL,'2022-02-06 20:03:37',NULL,381,135),(10,NULL,NULL,'banner_manager',NULL,'2022-02-06 20:03:37',NULL,382,136),(10,NULL,NULL,'forms_manager',NULL,'2022-02-06 20:03:37',NULL,383,200),(10,NULL,NULL,'email_templates',NULL,'2022-02-06 20:03:37',NULL,384,137),(11,NULL,NULL,'text_templates',NULL,'2022-02-06 20:03:37',NULL,385,131),(11,NULL,NULL,'text_layout',NULL,'2022-02-06 20:03:37',NULL,386,132),(11,NULL,NULL,'text_blocks',NULL,'2022-02-06 20:03:37',NULL,387,133),(11,NULL,NULL,'text_menu',NULL,'2022-02-06 20:03:37',NULL,388,134),(11,NULL,NULL,'text_content',NULL,'2022-02-06 20:03:37',NULL,389,135),(11,NULL,NULL,'banner_manager_name',NULL,'2022-02-06 20:03:37',NULL,390,136),(11,NULL,NULL,'forms_manager_name',NULL,'2022-02-06 20:03:37',NULL,391,200),(11,NULL,NULL,'email_templates',NULL,'2022-02-06 20:03:37',NULL,392,137),(12,NULL,NULL,'design/template',NULL,'2022-02-06 20:03:37',NULL,393,131),(12,NULL,NULL,'design/layout',NULL,'2022-02-06 20:03:37',NULL,394,132),(12,NULL,NULL,'design/blocks',NULL,'2022-02-06 20:03:37',NULL,395,133),(12,NULL,NULL,'design/menu',NULL,'2022-02-06 20:03:37',NULL,396,134),(12,NULL,NULL,'design/content',NULL,'2022-02-06 20:03:37',NULL,397,135),(12,NULL,NULL,'extension/banner_manager',NULL,'2022-02-06 20:03:37',NULL,398,136),(12,NULL,NULL,'design/email_templates',NULL,'2022-02-06 20:03:37',NULL,399,137),(12,NULL,NULL,'tool/forms_manager',NULL,'2022-02-06 20:03:37',NULL,400,200),(13,NULL,NULL,'design',NULL,'2022-02-06 20:03:37',NULL,401,131),(13,NULL,NULL,'design',NULL,'2022-02-06 20:03:37',NULL,402,132),(13,NULL,NULL,'design',NULL,'2022-02-06 20:03:37',NULL,403,133),(13,NULL,NULL,'design',NULL,'2022-02-06 20:03:37',NULL,404,134),(13,NULL,NULL,'design',NULL,'2022-02-06 20:03:37',NULL,405,135),(13,NULL,NULL,'design',NULL,'2022-02-06 20:03:37',NULL,406,136),(13,NULL,NULL,'design',NULL,'2022-02-06 20:03:37',NULL,407,137),(13,NULL,NULL,'design',NULL,'2022-02-06 20:03:37',NULL,408,200),(14,1,NULL,NULL,NULL,'2022-02-06 20:03:37',NULL,409,131),(14,2,NULL,NULL,NULL,'2022-02-06 20:03:37',NULL,410,132),(14,3,NULL,NULL,NULL,'2022-02-06 20:03:37',NULL,411,133),(14,4,NULL,NULL,NULL,'2022-02-06 20:03:37',NULL,412,134),(14,5,NULL,NULL,NULL,'2022-02-06 20:03:37',NULL,413,135),(14,6,NULL,NULL,NULL,'2022-02-06 20:03:37',NULL,414,136),(14,8,NULL,NULL,NULL,'2022-02-06 20:03:37',NULL,415,137),(14,7,NULL,NULL,NULL,'2022-02-06 20:03:37',NULL,416,200),(15,NULL,NULL,'core',NULL,'2022-02-06 20:03:37',NULL,417,131),(15,NULL,NULL,'core',NULL,'2022-02-06 20:03:37',NULL,418,132),(15,NULL,NULL,'core',NULL,'2022-02-06 20:03:37',NULL,419,133),(15,NULL,NULL,'core',NULL,'2022-02-06 20:03:37',NULL,420,134),(15,NULL,NULL,'core',NULL,'2022-02-06 20:03:37',NULL,421,135),(15,NULL,NULL,'extension',NULL,'2022-02-06 20:03:37',NULL,422,136),(15,NULL,NULL,'core',NULL,'2022-02-06 20:03:37',NULL,423,137),(15,NULL,NULL,'extension',NULL,'2022-02-06 20:03:37',NULL,424,200),(40,NULL,NULL,'241',NULL,'2022-02-06 20:03:37',NULL,425,131),(40,NULL,NULL,'242',NULL,'2022-02-06 20:03:37',NULL,426,132),(40,NULL,NULL,'243',NULL,'2022-02-06 20:03:37',NULL,427,133),(40,NULL,NULL,'244',NULL,'2022-02-06 20:03:37',NULL,428,134),(40,NULL,NULL,'245',NULL,'2022-02-06 20:03:37',NULL,429,135),(40,NULL,NULL,'246',NULL,'2022-02-06 20:03:37',NULL,430,136),(40,NULL,NULL,'280',NULL,'2022-02-06 20:03:37',NULL,431,137),(40,NULL,NULL,'248',NULL,'2022-02-06 20:03:37',NULL,432,200),(10,NULL,NULL,'all_settings',NULL,'2022-02-06 20:03:37',NULL,433,191),(10,NULL,NULL,'settings_details',NULL,'2022-02-06 20:03:37',NULL,434,192),(10,NULL,NULL,'settings_general',NULL,'2022-02-06 20:03:37',NULL,435,193),(10,NULL,NULL,'settings_checkout',NULL,'2022-02-06 20:03:37',NULL,436,194),(10,NULL,NULL,'settings_appearance',NULL,'2022-02-06 20:03:37',NULL,437,195),(10,NULL,NULL,'settings_mail',NULL,'2022-02-06 20:03:37',NULL,438,196),(10,NULL,NULL,'settings_im',NULL,'2022-02-06 20:03:37',NULL,439,219),(10,NULL,NULL,'settings_api',NULL,'2022-02-06 20:03:37',NULL,440,197),(10,NULL,NULL,'settings_system',NULL,'2022-02-06 20:03:37',NULL,441,198),(10,NULL,NULL,'settings_newstore',NULL,'2022-02-06 20:03:37',NULL,442,199),(11,NULL,NULL,'text_all_settings',NULL,'2022-02-06 20:03:37',NULL,443,191),(11,NULL,NULL,'text_settings_details',NULL,'2022-02-06 20:03:37',NULL,444,192),(11,NULL,NULL,'text_settings_general',NULL,'2022-02-06 20:03:37',NULL,445,193),(11,NULL,NULL,'text_settings_checkout',NULL,'2022-02-06 20:03:37',NULL,446,194),(11,NULL,NULL,'text_settings_appearance',NULL,'2022-02-06 20:03:37',NULL,447,195),(11,NULL,NULL,'text_settings_mail',NULL,'2022-02-06 20:03:37',NULL,448,196),(11,NULL,NULL,'text_settings_im',NULL,'2022-02-06 20:03:37',NULL,449,219),(11,NULL,NULL,'text_settings_api',NULL,'2022-02-06 20:03:37',NULL,450,197),(11,NULL,NULL,'text_settings_system',NULL,'2022-02-06 20:03:37',NULL,451,198),(11,NULL,NULL,'text_settings_newstore',NULL,'2022-02-06 20:03:37',NULL,452,199),(12,NULL,NULL,'setting/setting/all',NULL,'2022-02-06 20:03:37',NULL,453,191),(12,NULL,NULL,'setting/setting/details',NULL,'2022-02-06 20:03:37',NULL,454,192),(12,NULL,NULL,'setting/setting/general',NULL,'2022-02-06 20:03:37',NULL,455,193),(12,NULL,NULL,'setting/setting/checkout',NULL,'2022-02-06 20:03:37',NULL,456,194),(12,NULL,NULL,'setting/setting/appearance',NULL,'2022-02-06 20:03:37',NULL,457,195),(12,NULL,NULL,'setting/setting/mail',NULL,'2022-02-06 20:03:37',NULL,458,196),(12,NULL,NULL,'setting/setting/im',NULL,'2022-02-06 20:03:37',NULL,459,219),(12,NULL,NULL,'setting/setting/api',NULL,'2022-02-06 20:03:37',NULL,460,197),(12,NULL,NULL,'setting/setting/system',NULL,'2022-02-06 20:03:37',NULL,461,198),(12,NULL,NULL,'setting/store/insert',NULL,'2022-02-06 20:03:37',NULL,462,199),(13,NULL,NULL,'setting',NULL,'2022-02-06 20:03:37',NULL,463,191),(13,NULL,NULL,'setting',NULL,'2022-02-06 20:03:37',NULL,464,192),(13,NULL,NULL,'setting',NULL,'2022-02-06 20:03:37',NULL,465,193),(13,NULL,NULL,'setting',NULL,'2022-02-06 20:03:37',NULL,466,194),(13,NULL,NULL,'setting',NULL,'2022-02-06 20:03:37',NULL,467,195),(13,NULL,NULL,'setting',NULL,'2022-02-06 20:03:37',NULL,468,196),(13,NULL,NULL,'setting',NULL,'2022-02-06 20:03:37',NULL,469,219),(13,NULL,NULL,'setting',NULL,'2022-02-06 20:03:37',NULL,470,197),(13,NULL,NULL,'setting',NULL,'2022-02-06 20:03:37',NULL,471,198),(13,NULL,NULL,'setting',NULL,'2022-02-06 20:03:37',NULL,472,199),(14,1,NULL,NULL,NULL,'2022-02-06 20:03:37',NULL,473,191),(14,2,NULL,NULL,NULL,'2022-02-06 20:03:37',NULL,474,192),(14,3,NULL,NULL,NULL,'2022-02-06 20:03:37',NULL,475,193),(14,4,NULL,NULL,NULL,'2022-02-06 20:03:37',NULL,476,194),(14,5,NULL,NULL,NULL,'2022-02-06 20:03:37',NULL,477,195),(14,6,NULL,NULL,NULL,'2022-02-06 20:03:37',NULL,478,196),(14,7,NULL,NULL,NULL,'2022-02-06 20:03:37',NULL,479,219),(14,8,NULL,NULL,NULL,'2022-02-06 20:03:37',NULL,480,197),(14,9,NULL,NULL,NULL,'2022-02-06 20:03:37',NULL,481,198),(14,10,NULL,NULL,NULL,'2022-02-06 20:03:37',NULL,482,199),(15,NULL,NULL,'core',NULL,'2022-02-06 20:03:37',NULL,483,191),(15,NULL,NULL,'core',NULL,'2022-02-06 20:03:37',NULL,484,192),(15,NULL,NULL,'core',NULL,'2022-02-06 20:03:37',NULL,485,193),(15,NULL,NULL,'core',NULL,'2022-02-06 20:03:37',NULL,486,194),(15,NULL,NULL,'core',NULL,'2022-02-06 20:03:37',NULL,487,195),(15,NULL,NULL,'core',NULL,'2022-02-06 20:03:37',NULL,488,196),(15,NULL,NULL,'core',NULL,'2022-02-06 20:03:37',NULL,489,219),(15,NULL,NULL,'core',NULL,'2022-02-06 20:03:37',NULL,490,197),(15,NULL,NULL,'core',NULL,'2022-02-06 20:03:37',NULL,491,198),(15,NULL,NULL,'core',NULL,'2022-02-06 20:03:37',NULL,492,199),(40,NULL,NULL,'247',NULL,'2022-02-06 20:03:37',NULL,493,191),(40,NULL,NULL,'248',NULL,'2022-02-06 20:03:37',NULL,494,192),(40,NULL,NULL,'249',NULL,'2022-02-06 20:03:37',NULL,495,193),(40,NULL,NULL,'250',NULL,'2022-02-06 20:03:37',NULL,496,194),(40,NULL,NULL,'251',NULL,'2022-02-06 20:03:37',NULL,497,195),(40,NULL,NULL,'252',NULL,'2022-02-06 20:03:37',NULL,498,196),(40,NULL,NULL,'276',NULL,'2022-02-06 20:03:37',NULL,499,219),(40,NULL,NULL,'253',NULL,'2022-02-06 20:03:37',NULL,500,197),(40,NULL,NULL,'254',NULL,'2022-02-06 20:03:37',NULL,501,198),(40,NULL,NULL,'255',NULL,'2022-02-06 20:03:37',NULL,502,199),(10,NULL,NULL,'user',NULL,'2022-02-06 20:03:37',NULL,503,151),(10,NULL,NULL,'permission',NULL,'2022-02-06 20:03:37',NULL,504,152),(11,NULL,NULL,'text_user',NULL,'2022-02-06 20:03:37',NULL,505,151),(11,NULL,NULL,'text_user_group',NULL,'2022-02-06 20:03:37',NULL,506,152),(12,NULL,NULL,'user/user',NULL,'2022-02-06 20:03:37',NULL,507,151),(12,NULL,NULL,'user/user_permission',NULL,'2022-02-06 20:03:37',NULL,508,152),(13,NULL,NULL,'users',NULL,'2022-02-06 20:03:37',NULL,509,151),(13,NULL,NULL,'users',NULL,'2022-02-06 20:03:37',NULL,510,152),(14,1,NULL,NULL,NULL,'2022-02-06 20:03:37',NULL,511,151),(14,2,NULL,NULL,NULL,'2022-02-06 20:03:37',NULL,512,152),(15,NULL,NULL,'core',NULL,'2022-02-06 20:03:37',NULL,513,151),(15,NULL,NULL,'core',NULL,'2022-02-06 20:03:37',NULL,514,152),(40,NULL,NULL,'256',NULL,'2022-02-06 20:03:37',NULL,515,151),(40,NULL,NULL,'257',NULL,'2022-02-06 20:03:37',NULL,516,152),(10,NULL,NULL,'language',NULL,'2022-02-06 20:03:37',NULL,517,171),(10,NULL,NULL,'language_definitions',NULL,'2022-02-06 20:03:37',NULL,518,172),(10,NULL,NULL,'currency',NULL,'2022-02-06 20:03:37',NULL,519,173),(10,NULL,NULL,'stockstatus',NULL,'2022-02-06 20:03:37',NULL,520,174),(10,NULL,NULL,'orderstatus',NULL,'2022-02-06 20:03:37',NULL,521,175),(10,NULL,NULL,'country',NULL,'2022-02-06 20:03:37',NULL,522,176),(10,NULL,NULL,'zone',NULL,'2022-02-06 20:03:37',NULL,523,177),(10,NULL,NULL,'location',NULL,'2022-02-06 20:03:37',NULL,524,178),(10,NULL,NULL,'taxclass',NULL,'2022-02-06 20:03:37',NULL,525,179),(10,NULL,NULL,'lengthclass',NULL,'2022-02-06 20:03:37',NULL,526,180),(10,NULL,NULL,'weightclass',NULL,'2022-02-06 20:03:37',NULL,527,181),(11,NULL,NULL,'text_language',NULL,'2022-02-06 20:03:37',NULL,528,171),(11,NULL,NULL,'text_language_definitions',NULL,'2022-02-06 20:03:37',NULL,529,172),(11,NULL,NULL,'text_currency',NULL,'2022-02-06 20:03:37',NULL,530,173),(11,NULL,NULL,'text_stock_status',NULL,'2022-02-06 20:03:37',NULL,531,174),(11,NULL,NULL,'text_order_status',NULL,'2022-02-06 20:03:37',NULL,532,175),(11,NULL,NULL,'text_country',NULL,'2022-02-06 20:03:37',NULL,533,176),(11,NULL,NULL,'text_zone',NULL,'2022-02-06 20:03:37',NULL,534,177),(11,NULL,NULL,'text_location',NULL,'2022-02-06 20:03:37',NULL,535,178),(11,NULL,NULL,'text_tax_class',NULL,'2022-02-06 20:03:37',NULL,536,179),(11,NULL,NULL,'text_length_class',NULL,'2022-02-06 20:03:37',NULL,537,180),(11,NULL,NULL,'text_weight_class',NULL,'2022-02-06 20:03:37',NULL,538,181),(12,NULL,NULL,'localisation/language',NULL,'2022-02-06 20:03:37',NULL,539,171),(12,NULL,NULL,'localisation/language_definitions',NULL,'2022-02-06 20:03:37',NULL,540,172),(12,NULL,NULL,'localisation/currency',NULL,'2022-02-06 20:03:37',NULL,541,173),(12,NULL,NULL,'localisation/stock_status',NULL,'2022-02-06 20:03:37',NULL,542,174),(12,NULL,NULL,'localisation/order_status',NULL,'2022-02-06 20:03:37',NULL,543,175),(12,NULL,NULL,'localisation/country',NULL,'2022-02-06 20:03:37',NULL,544,176),(12,NULL,NULL,'localisation/zone',NULL,'2022-02-06 20:03:37',NULL,545,177),(12,NULL,NULL,'localisation/location',NULL,'2022-02-06 20:03:37',NULL,546,178),(12,NULL,NULL,'localisation/tax_class',NULL,'2022-02-06 20:03:37',NULL,547,179),(12,NULL,NULL,'localisation/length_class',NULL,'2022-02-06 20:03:37',NULL,548,180),(12,NULL,NULL,'localisation/weight_class',NULL,'2022-02-06 20:03:37',NULL,549,181),(13,NULL,NULL,'localisation',NULL,'2022-02-06 20:03:37',NULL,550,171),(13,NULL,NULL,'localisation',NULL,'2022-02-06 20:03:37',NULL,551,172),(13,NULL,NULL,'localisation',NULL,'2022-02-06 20:03:37',NULL,552,173),(13,NULL,NULL,'localisation',NULL,'2022-02-06 20:03:37',NULL,553,174),(13,NULL,NULL,'localisation',NULL,'2022-02-06 20:03:37',NULL,554,175),(13,NULL,NULL,'localisation',NULL,'2022-02-06 20:03:37',NULL,555,176),(13,NULL,NULL,'localisation',NULL,'2022-02-06 20:03:37',NULL,556,177),(13,NULL,NULL,'localisation',NULL,'2022-02-06 20:03:37',NULL,557,178),(13,NULL,NULL,'localisation',NULL,'2022-02-06 20:03:37',NULL,558,179),(13,NULL,NULL,'localisation',NULL,'2022-02-06 20:03:37',NULL,559,180),(13,NULL,NULL,'localisation',NULL,'2022-02-06 20:03:37',NULL,560,181),(14,1,NULL,NULL,NULL,'2022-02-06 20:03:37',NULL,561,171),(14,2,NULL,NULL,NULL,'2022-02-06 20:03:37',NULL,562,172),(14,3,NULL,NULL,NULL,'2022-02-06 20:03:37',NULL,563,173),(14,4,NULL,NULL,NULL,'2022-02-06 20:03:37',NULL,564,174),(14,5,NULL,NULL,NULL,'2022-02-06 20:03:37',NULL,565,175),(14,6,NULL,NULL,NULL,'2022-02-06 20:03:37',NULL,566,176),(14,7,NULL,NULL,NULL,'2022-02-06 20:03:37',NULL,567,177),(14,8,NULL,NULL,NULL,'2022-02-06 20:03:37',NULL,568,178),(14,9,NULL,NULL,NULL,'2022-02-06 20:03:37',NULL,569,179),(14,10,NULL,NULL,NULL,'2022-02-06 20:03:37',NULL,570,180),(14,11,NULL,NULL,NULL,'2022-02-06 20:03:37',NULL,571,181),(15,NULL,NULL,'core',NULL,'2022-02-06 20:03:37',NULL,572,171),(15,NULL,NULL,'core',NULL,'2022-02-06 20:03:37',NULL,573,172),(15,NULL,NULL,'core',NULL,'2022-02-06 20:03:37',NULL,574,173),(15,NULL,NULL,'core',NULL,'2022-02-06 20:03:37',NULL,575,174),(15,NULL,NULL,'core',NULL,'2022-02-06 20:03:37',NULL,576,175),(15,NULL,NULL,'core',NULL,'2022-02-06 20:03:37',NULL,577,176),(15,NULL,NULL,'core',NULL,'2022-02-06 20:03:37',NULL,578,177),(15,NULL,NULL,'core',NULL,'2022-02-06 20:03:37',NULL,579,178),(15,NULL,NULL,'core',NULL,'2022-02-06 20:03:37',NULL,580,179),(15,NULL,NULL,'core',NULL,'2022-02-06 20:03:37',NULL,581,180),(15,NULL,NULL,'core',NULL,'2022-02-06 20:03:37',NULL,582,181),(40,NULL,NULL,'258',NULL,'2022-02-06 20:03:37',NULL,583,171),(40,NULL,NULL,'259',NULL,'2022-02-06 20:03:37',NULL,584,172),(40,NULL,NULL,'260',NULL,'2022-02-06 20:03:37',NULL,585,173),(40,NULL,NULL,'261',NULL,'2022-02-06 20:03:37',NULL,586,174),(40,NULL,NULL,'262',NULL,'2022-02-06 20:03:37',NULL,587,175),(40,NULL,NULL,'263',NULL,'2022-02-06 20:03:37',NULL,588,176),(40,NULL,NULL,'264',NULL,'2022-02-06 20:03:37',NULL,589,177),(40,NULL,NULL,'265',NULL,'2022-02-06 20:03:37',NULL,590,178),(40,NULL,NULL,'266',NULL,'2022-02-06 20:03:37',NULL,591,179),(40,NULL,NULL,'267',NULL,'2022-02-06 20:03:37',NULL,592,180),(40,NULL,NULL,'268',NULL,'2022-02-06 20:03:37',NULL,593,181),(10,NULL,NULL,'backup',NULL,'2022-02-06 20:03:37',NULL,594,183),(10,NULL,NULL,'migrate',NULL,'2022-02-06 20:03:37',NULL,595,184),(10,NULL,NULL,'datasets',NULL,'2022-02-06 20:03:37',NULL,596,185),(10,NULL,NULL,'import_export',NULL,'2022-02-06 20:03:37',NULL,597,182),(10,NULL,NULL,'file_uploads',NULL,'2022-02-06 20:03:37',NULL,598,188),(11,NULL,NULL,'text_backup',NULL,'2022-02-06 20:03:37',NULL,599,183),(11,NULL,NULL,'text_migrate',NULL,'2022-02-06 20:03:37',NULL,600,184),(11,NULL,NULL,'text_datasets_manager',NULL,'2022-02-06 20:03:37',NULL,601,185),(11,NULL,NULL,'text_import_export',NULL,'2022-02-06 20:03:37',NULL,602,182),(11,NULL,NULL,'text_file_uploads',NULL,'2022-02-06 20:03:37',NULL,603,188),(12,NULL,NULL,'tool/backup',NULL,'2022-02-06 20:03:37',NULL,604,183),(12,NULL,NULL,'tool/migration/step_one',NULL,'2022-02-06 20:03:37',NULL,605,184),(12,NULL,NULL,'tool/datasets_manager',NULL,'2022-02-06 20:03:37',NULL,606,185),(12,NULL,NULL,'tool/import_export',NULL,'2022-02-06 20:03:37',NULL,607,182),(12,NULL,NULL,'tool/files',NULL,'2022-02-06 20:03:37',NULL,608,188),(13,NULL,NULL,'data',NULL,'2022-02-06 20:03:37',NULL,609,183),(13,NULL,NULL,'data',NULL,'2022-02-06 20:03:37',NULL,610,184),(13,NULL,NULL,'data',NULL,'2022-02-06 20:03:37',NULL,611,185),(13,NULL,NULL,'data',NULL,'2022-02-06 20:03:37',NULL,612,182),(13,NULL,NULL,'data',NULL,'2022-02-06 20:03:37',NULL,613,188),(14,1,NULL,NULL,NULL,'2022-02-06 20:03:37',NULL,614,183),(14,2,NULL,NULL,NULL,'2022-02-06 20:03:37',NULL,615,184),(14,3,NULL,NULL,NULL,'2022-02-06 20:03:37',NULL,616,185),(14,4,NULL,NULL,NULL,'2022-02-06 20:03:37',NULL,617,182),(14,5,NULL,NULL,NULL,'2022-02-06 20:03:37',NULL,618,188),(15,NULL,NULL,'core',NULL,'2022-02-06 20:03:37',NULL,619,183),(15,NULL,NULL,'core',NULL,'2022-02-06 20:03:37',NULL,620,184),(15,NULL,NULL,'core',NULL,'2022-02-06 20:03:37',NULL,621,185),(15,NULL,NULL,'core',NULL,'2022-02-06 20:03:37',NULL,622,182),(15,NULL,NULL,'core',NULL,'2022-02-06 20:03:37',NULL,623,188),(40,NULL,NULL,'269',NULL,'2022-02-06 20:03:37',NULL,624,183),(40,NULL,NULL,'270',NULL,'2022-02-06 20:03:37',NULL,625,184),(40,NULL,NULL,'271',NULL,'2022-02-06 20:03:37',NULL,626,185),(40,NULL,NULL,'272',NULL,'2022-02-06 20:03:37',NULL,627,182),(40,NULL,NULL,'273',NULL,'2022-02-06 20:03:37',NULL,628,188),(10,NULL,NULL,'installlog',NULL,'2022-02-06 20:03:37',NULL,629,186),(10,NULL,NULL,'error_log',NULL,'2022-02-06 20:03:37',NULL,630,187),(10,NULL,NULL,'task',NULL,'2022-02-06 20:03:37',NULL,631,189),(11,NULL,NULL,'text_install_upgrade_history',NULL,'2022-02-06 20:03:37',NULL,632,186),(11,NULL,NULL,'text_error_log',NULL,'2022-02-06 20:03:37',NULL,633,187),(11,NULL,NULL,'text_tasks',NULL,'2022-02-06 20:03:37',NULL,634,189),(12,NULL,NULL,'tool/install_upgrade_history',NULL,'2022-02-06 20:03:37',NULL,635,186),(12,NULL,NULL,'tool/error_log',NULL,'2022-02-06 20:03:37',NULL,636,187),(12,NULL,NULL,'tool/task',NULL,'2022-02-06 20:03:37',NULL,637,189),(13,NULL,NULL,'logs',NULL,'2022-02-06 20:03:37',NULL,638,186),(13,NULL,NULL,'logs',NULL,'2022-02-06 20:03:37',NULL,639,187),(13,NULL,NULL,'logs',NULL,'2022-02-06 20:03:37',NULL,640,189),(14,1,NULL,NULL,NULL,'2022-02-06 20:03:37',NULL,641,186),(14,2,NULL,NULL,NULL,'2022-02-06 20:03:37',NULL,642,187),(14,3,NULL,NULL,NULL,'2022-02-06 20:03:37',NULL,643,189),(15,NULL,NULL,'core',NULL,'2022-02-06 20:03:37',NULL,644,186),(15,NULL,NULL,'core',NULL,'2022-02-06 20:03:37',NULL,645,187),(15,NULL,NULL,'core',NULL,'2022-02-06 20:03:37',NULL,646,189),(40,NULL,NULL,'274',NULL,'2022-02-06 20:03:37',NULL,647,186),(40,NULL,NULL,'275',NULL,'2022-02-06 20:03:37',NULL,648,187),(40,NULL,NULL,'254',NULL,'2022-02-06 20:03:37',NULL,649,189),(10,NULL,NULL,'report_sale_orders',NULL,'2022-02-06 20:03:37',NULL,650,210),(10,NULL,NULL,'report_sale_tax',NULL,'2022-02-06 20:03:37',NULL,651,211),(10,NULL,NULL,'report_sale_shipping',NULL,'2022-02-06 20:03:37',NULL,652,212),(10,NULL,NULL,'report_sale_coupon',NULL,'2022-02-06 20:03:37',NULL,653,213),(11,NULL,NULL,'text_order',NULL,'2022-02-06 20:03:37',NULL,654,210),(11,NULL,NULL,'text_tax',NULL,'2022-02-06 20:03:37',NULL,655,211),(11,NULL,NULL,'text_shipping',NULL,'2022-02-06 20:03:37',NULL,656,212),(11,NULL,NULL,'text_discount',NULL,'2022-02-06 20:03:37',NULL,657,213),(12,NULL,NULL,'report/sale/orders',NULL,'2022-02-06 20:03:37',NULL,658,210),(12,NULL,NULL,'report/sale/taxes',NULL,'2022-02-06 20:03:37',NULL,659,211),(12,NULL,NULL,'report/sale/shipping',NULL,'2022-02-06 20:03:37',NULL,660,212),(12,NULL,NULL,'report/sale/coupons',NULL,'2022-02-06 20:03:37',NULL,661,213),(13,NULL,NULL,'report_sale',NULL,'2022-02-06 20:03:37',NULL,662,210),(13,NULL,NULL,'report_sale',NULL,'2022-02-06 20:03:37',NULL,663,211),(13,NULL,NULL,'report_sale',NULL,'2022-02-06 20:03:37',NULL,664,212),(13,NULL,NULL,'report_sale',NULL,'2022-02-06 20:03:37',NULL,665,213),(14,1,NULL,NULL,NULL,'2022-02-06 20:03:37',NULL,666,210),(14,2,NULL,NULL,NULL,'2022-02-06 20:03:37',NULL,667,211),(14,3,NULL,NULL,NULL,'2022-02-06 20:03:37',NULL,668,212),(14,4,NULL,NULL,NULL,'2022-02-06 20:03:37',NULL,669,213),(15,NULL,NULL,'core',NULL,'2022-02-06 20:03:37',NULL,670,210),(15,NULL,NULL,'core',NULL,'2022-02-06 20:03:37',NULL,671,211),(15,NULL,NULL,'core',NULL,'2022-02-06 20:03:37',NULL,672,212),(15,NULL,NULL,'core',NULL,'2022-02-06 20:03:37',NULL,673,213),(40,NULL,NULL,'221',NULL,'2022-02-06 20:03:37',NULL,674,210),(40,NULL,NULL,'266',NULL,'2022-02-06 20:03:37',NULL,675,211),(40,NULL,NULL,'214',NULL,'2022-02-06 20:03:37',NULL,676,212),(40,NULL,NULL,'224',NULL,'2022-02-06 20:03:37',NULL,677,213),(10,NULL,NULL,'report_customer_online',NULL,'2022-02-06 20:03:37',NULL,678,214),(10,NULL,NULL,'report_customer_order',NULL,'2022-02-06 20:03:37',NULL,679,215),(10,NULL,NULL,'report_customer_transactions',NULL,'2022-02-06 20:03:37',NULL,680,216),(11,NULL,NULL,'text_online',NULL,'2022-02-06 20:03:37',NULL,681,214),(11,NULL,NULL,'text_order',NULL,'2022-02-06 20:03:37',NULL,682,215),(11,NULL,NULL,'text_transactions',NULL,'2022-02-06 20:03:37',NULL,683,216),(12,NULL,NULL,'report/customer/online',NULL,'2022-02-06 20:03:37',NULL,684,214),(12,NULL,NULL,'report/customer/orders',NULL,'2022-02-06 20:03:37',NULL,685,215),(12,NULL,NULL,'report/customer/transactions',NULL,'2022-02-06 20:03:37',NULL,686,216),(13,NULL,NULL,'report_customer',NULL,'2022-02-06 20:03:37',NULL,687,214),(13,NULL,NULL,'report_customer',NULL,'2022-02-06 20:03:37',NULL,688,215),(13,NULL,NULL,'report_customer',NULL,'2022-02-06 20:03:37',NULL,689,216),(14,1,NULL,NULL,NULL,'2022-02-06 20:03:37',NULL,690,214),(14,2,NULL,NULL,NULL,'2022-02-06 20:03:37',NULL,691,215),(14,3,NULL,NULL,NULL,'2022-02-06 20:03:37',NULL,692,216),(15,NULL,NULL,'core',NULL,'2022-02-06 20:03:37',NULL,693,214),(15,NULL,NULL,'core',NULL,'2022-02-06 20:03:37',NULL,694,215),(15,NULL,NULL,'core',NULL,'2022-02-06 20:03:37',NULL,695,216),(40,NULL,NULL,'222',NULL,'2022-02-06 20:03:37',NULL,696,214),(40,NULL,NULL,'221',NULL,'2022-02-06 20:03:37',NULL,697,215),(40,NULL,NULL,'260',NULL,'2022-02-06 20:03:37',NULL,698,216),(10,NULL,NULL,'report_product_viewed',NULL,'2022-02-06 20:03:37',NULL,699,217),(10,NULL,NULL,'report_product_purchased',NULL,'2022-02-06 20:03:37',NULL,700,218),(11,NULL,NULL,'text_report_viewed',NULL,'2022-02-06 20:03:37',NULL,701,217),(11,NULL,NULL,'text_report_purchased',NULL,'2022-02-06 20:03:37',NULL,702,218),(12,NULL,NULL,'report/viewed',NULL,'2022-02-06 20:03:37',NULL,703,217),(12,NULL,NULL,'report/purchased',NULL,'2022-02-06 20:03:37',NULL,704,218),(13,NULL,NULL,'report_product',NULL,'2022-02-06 20:03:37',NULL,705,217),(13,NULL,NULL,'report_product',NULL,'2022-02-06 20:03:37',NULL,706,218),(14,1,NULL,NULL,NULL,'2022-02-06 20:03:37',NULL,707,217),(14,2,NULL,NULL,NULL,'2022-02-06 20:03:37',NULL,708,218),(15,NULL,NULL,'core',NULL,'2022-02-06 20:03:37',NULL,709,217),(15,NULL,NULL,'core',NULL,'2022-02-06 20:03:37',NULL,710,218),(40,NULL,NULL,'235',NULL,'2022-02-06 20:03:37',NULL,711,217),(40,NULL,NULL,'236',NULL,'2022-02-06 20:03:37',NULL,712,218),(16,NULL,NULL,'home',NULL,'2022-02-06 20:03:37',NULL,713,1),(16,NULL,NULL,'login',NULL,'2022-02-06 20:03:37',NULL,714,2),(16,NULL,NULL,'logout',NULL,'2022-02-06 20:03:37',NULL,715,3),(16,NULL,NULL,'account',NULL,'2022-02-06 20:03:37',NULL,716,4),(16,NULL,NULL,'cart',NULL,'2022-02-06 20:03:37',NULL,717,5),(16,NULL,NULL,'checkout',NULL,'2022-02-06 20:03:37',NULL,718,6),(16,NULL,NULL,'specials',NULL,'2022-02-06 20:03:37',NULL,719,14),(16,NULL,NULL,'order',NULL,'2022-02-06 20:03:37',NULL,720,15),(17,NULL,NULL,'Home',NULL,'2022-02-06 20:03:37',NULL,721,1),(17,NULL,NULL,'Login',NULL,'2022-02-06 20:03:37',NULL,722,2),(17,NULL,NULL,'Logout',NULL,'2022-02-06 20:03:37',NULL,723,3),(17,NULL,NULL,'Account',NULL,'2022-02-06 20:03:37',NULL,724,4),(17,NULL,NULL,'Cart',NULL,'2022-02-06 20:03:37',NULL,725,5),(17,NULL,NULL,'Checkout',NULL,'2022-02-06 20:03:37',NULL,726,6),(17,NULL,NULL,'Specials',NULL,'2022-02-06 20:03:37',NULL,727,14),(17,NULL,NULL,'Check Your Order',NULL,'2022-02-06 20:03:37',NULL,728,15),(18,1,NULL,NULL,NULL,'2022-02-06 20:03:37',NULL,729,1),(18,1,NULL,NULL,NULL,'2022-02-06 20:03:37',NULL,730,2),(18,1,NULL,NULL,NULL,'2022-02-06 20:03:37',NULL,731,3),(18,1,NULL,NULL,NULL,'2022-02-06 20:03:37',NULL,732,4),(18,1,NULL,NULL,NULL,'2022-02-06 20:03:37',NULL,733,5),(18,1,NULL,NULL,NULL,'2022-02-06 20:03:37',NULL,734,6),(18,1,NULL,NULL,NULL,'2022-02-06 20:03:37',NULL,735,14),(18,1,NULL,NULL,NULL,'2022-02-06 20:03:37',NULL,736,15),(16,NULL,NULL,'home',NULL,'2022-02-06 20:03:37',NULL,737,7),(16,NULL,NULL,'login',NULL,'2022-02-06 20:03:37',NULL,738,8),(16,NULL,NULL,'logout',NULL,'2022-02-06 20:03:37',NULL,739,9),(16,NULL,NULL,'account',NULL,'2022-02-06 20:03:37',NULL,740,10),(16,NULL,NULL,'cart',NULL,'2022-02-06 20:03:37',NULL,741,11),(16,NULL,NULL,'checkout',NULL,'2022-02-06 20:03:37',NULL,742,12),(16,NULL,NULL,'specials',NULL,'2022-02-06 20:03:37',NULL,743,13),(16,NULL,NULL,'order',NULL,'2022-02-06 20:03:37',NULL,744,16),(17,NULL,NULL,'Casa',NULL,'2022-02-06 20:03:37',NULL,745,7),(17,NULL,NULL,'Iniciar Sesión',NULL,'2022-02-06 20:03:37',NULL,746,8),(17,NULL,NULL,'Cerrar sesión',NULL,'2022-02-06 20:03:37',NULL,747,9),(17,NULL,NULL,'Cuenta',NULL,'2022-02-06 20:03:37',NULL,748,10),(17,NULL,NULL,'Carro',NULL,'2022-02-06 20:03:37',NULL,749,11),(17,NULL,NULL,'Caja',NULL,'2022-02-06 20:03:37',NULL,750,12),(17,NULL,NULL,'Especiales',NULL,'2022-02-06 20:03:37',NULL,751,13),(17,NULL,NULL,'Comprobar el Orden',NULL,'2022-02-06 20:03:37',NULL,752,16),(18,9,NULL,NULL,NULL,'2022-02-06 20:03:37',NULL,753,7),(18,9,NULL,NULL,NULL,'2022-02-06 20:03:37',NULL,754,8),(18,9,NULL,NULL,NULL,'2022-02-06 20:03:37',NULL,755,9),(18,9,NULL,NULL,NULL,'2022-02-06 20:03:37',NULL,756,10),(18,9,NULL,NULL,NULL,'2022-02-06 20:03:37',NULL,757,11),(18,9,NULL,NULL,NULL,'2022-02-06 20:03:37',NULL,758,12),(18,9,NULL,NULL,NULL,'2022-02-06 20:03:37',NULL,759,13),(18,9,NULL,NULL,NULL,'2022-02-06 20:03:37',NULL,760,16),(20,NULL,NULL,NULL,NULL,'2022-02-06 20:03:37',NULL,761,1),(21,NULL,NULL,'AbanteCart',NULL,'2022-02-06 20:03:37',NULL,762,1),(22,NULL,NULL,'1.3.2',NULL,'2022-02-06 20:03:37',NULL,763,1),(23,NULL,NULL,'',NULL,'2022-02-06 20:03:37',NULL,764,1),(24,NULL,NULL,'',NULL,'2022-02-06 20:03:37',NULL,765,1),(25,NULL,NULL,'install',NULL,'2022-02-06 20:03:37',NULL,766,1),(26,NULL,NULL,'admin',NULL,'2022-02-06 20:03:37',NULL,767,1);

--
-- Table structure for table `aba6_datasets`
--

CREATE TABLE `aba6_datasets` (
  `dataset_id` int(11) NOT NULL AUTO_INCREMENT,
  `dataset_name` varchar(255) NOT NULL,
  `dataset_key` varchar(255) DEFAULT '',
  PRIMARY KEY (`dataset_id`)
) ENGINE=MyISAM AUTO_INCREMENT=6 DEFAULT CHARSET=utf8;

--
-- Dumping data for table `aba6_datasets`
--

INSERT INTO `aba6_datasets` VALUES (1,'menu','storefront'),(2,'menu','admin'),(3,'menu','storefront_description'),(4,'install_upgrade_history','admin'),(5,'file_uploads','admin');

--
-- Table structure for table `aba6_download_attribute_values`
--

CREATE TABLE `aba6_download_attribute_values` (
  `download_attribute_id` int(11) NOT NULL AUTO_INCREMENT,
  `attribute_id` int(11) NOT NULL,
  `download_id` int(11) NOT NULL,
  `attribute_value_ids` text,
  PRIMARY KEY (`download_attribute_id`),
  KEY `ac_download_attribute_values_idx` (`attribute_id`,`download_id`)
) ENGINE=MyISAM DEFAULT CHARSET=utf8;

--
-- Dumping data for table `aba6_download_attribute_values`
--


--
-- Table structure for table `aba6_download_descriptions`
--

CREATE TABLE `aba6_download_descriptions` (
  `download_id` int(11) NOT NULL,
  `language_id` int(11) NOT NULL,
  `name` varchar(64) NOT NULL DEFAULT '' COMMENT 'translatable',
  PRIMARY KEY (`download_id`,`language_id`)
) ENGINE=MyISAM DEFAULT CHARSET=utf8;

--
-- Dumping data for table `aba6_download_descriptions`
--

INSERT INTO `aba6_download_descriptions` VALUES (1,1,'Audio CD1'),(2,1,'audio sample mp3'),(5,1,'Find your fit');

--
-- Table structure for table `aba6_downloads`
--

CREATE TABLE `aba6_downloads` (
  `download_id` int(11) NOT NULL AUTO_INCREMENT,
  `filename` varchar(128) NOT NULL DEFAULT '',
  `mask` varchar(128) NOT NULL DEFAULT '',
  `max_downloads` int(11) DEFAULT NULL,
  `expire_days` int(11) DEFAULT NULL,
  `sort_order` int(11) NOT NULL,
  `activate` varchar(64) NOT NULL,
  `activate_order_status_id` int(11) NOT NULL DEFAULT '0',
  `shared` int(1) NOT NULL DEFAULT '0',
  `status` int(1) NOT NULL DEFAULT '0',
  `date_added` timestamp NOT NULL DEFAULT '0000-00-00 00:00:00',
  `date_modified` timestamp NOT NULL DEFAULT CURRENT_TIMESTAMP ON UPDATE CURRENT_TIMESTAMP,
  PRIMARY KEY (`download_id`),
  KEY `ac_downloads_idx` (`activate_order_status_id`,`shared`)
) ENGINE=MyISAM AUTO_INCREMENT=6 DEFAULT CHARSET=utf8;

--
-- Dumping data for table `aba6_downloads`
--

INSERT INTO `aba6_downloads` VALUES (1,'download/18/76/4.mp3','audio-cd.mp3',50,NULL,0,'order_status',5,0,1,'2022-02-06 20:03:37','2022-02-06 20:03:37'),(2,'download/18/76/5.mp3','sample.mp3',NULL,NULL,0,'before_order',0,0,1,'2022-02-06 20:03:37','2022-02-06 20:03:37'),(5,'download/18/79/f.pdf','size-fit-guide-print.pdf',NULL,NULL,0,'before_order',0,1,1,'2022-02-06 20:03:37','2022-02-06 20:03:37');

--
-- Table structure for table `aba6_email_templates`
--

CREATE TABLE `aba6_email_templates` (
  `id` int(11) NOT NULL AUTO_INCREMENT,
  `status` tinyint(1) NOT NULL,
  `text_id` varchar(255) CHARACTER SET utf8 COLLATE utf8_unicode_ci NOT NULL,
  `language_id` int(11) NOT NULL,
  `headers` varchar(255) CHARACTER SET utf8 COLLATE utf8_unicode_ci NOT NULL,
  `subject` varchar(255) CHARACTER SET utf8 COLLATE utf8_unicode_ci NOT NULL,
  `html_body` text CHARACTER SET utf8 COLLATE utf8_unicode_ci NOT NULL,
  `text_body` text CHARACTER SET utf8 COLLATE utf8_unicode_ci NOT NULL,
  `allowed_placeholders` text CHARACTER SET utf8 COLLATE utf8_unicode_ci NOT NULL,
  `date_added` timestamp NOT NULL DEFAULT CURRENT_TIMESTAMP,
  `date_modified` timestamp NOT NULL DEFAULT CURRENT_TIMESTAMP ON UPDATE CURRENT_TIMESTAMP,
  `date_deleted` timestamp NULL DEFAULT NULL,
  `store_id` int(11) NOT NULL DEFAULT '0',
  PRIMARY KEY (`id`),
  UNIQUE KEY `email_templates_text_id_idx` (`text_id`,`language_id`,`store_id`)
) ENGINE=MyISAM AUTO_INCREMENT=25 DEFAULT CHARSET=utf8;

--
-- Dumping data for table `aba6_email_templates`
--



--
-- Table structure for table `aba6_encryption_keys`
--

CREATE TABLE `aba6_encryption_keys` (
  `key_id` int(3) NOT NULL AUTO_INCREMENT,
  `key_name` varchar(32) NOT NULL DEFAULT '',
  `status` int(1) NOT NULL,
  `comment` text NOT NULL,
  PRIMARY KEY (`key_id`),
  UNIQUE KEY `encryption_keys_key_name` (`key_name`)
) ENGINE=MyISAM DEFAULT CHARSET=utf8;

--
-- Dumping data for table `aba6_encryption_keys`
--


--
-- Table structure for table `aba6_extension_dependencies`
--

CREATE TABLE `aba6_extension_dependencies` (
  `extension_id` int(11) NOT NULL,
  `extension_parent_id` int(11) NOT NULL,
  PRIMARY KEY (`extension_id`,`extension_parent_id`)
) ENGINE=MyISAM DEFAULT CHARSET=utf8;

--
-- Dumping data for table `aba6_extension_dependencies`
--


--
-- Table structure for table `aba6_field_descriptions`
--

CREATE TABLE `aba6_field_descriptions` (
  `field_id` int(11) NOT NULL DEFAULT '0',
  `name` varchar(255) NOT NULL COMMENT 'translatable',
  `description` varchar(255) NOT NULL DEFAULT '' COMMENT 'translatable',
  `language_id` int(11) NOT NULL,
  `error_text` varchar(255) NOT NULL DEFAULT '' COMMENT 'translatable',
  PRIMARY KEY (`field_id`,`language_id`)
) ENGINE=MyISAM DEFAULT CHARSET=utf8;

--
-- Dumping data for table `aba6_field_descriptions`
--

INSERT INTO `aba6_field_descriptions` VALUES (11,'First name:','',1,'Name must be between 3 and 32 characters!'),(12,'Email:','',1,'E-Mail Address does not appear to be valid!'),(13,'Enquiry:','',1,'Enquiry must be between 10 and 3000 characters!'),(14,'Enter the code in the box below:','',1,'Human verification has failed! Please try agan.');

--
-- Table structure for table `aba6_field_values`
--

CREATE TABLE `aba6_field_values` (
  `value_id` int(11) NOT NULL AUTO_INCREMENT,
  `field_id` int(11) NOT NULL DEFAULT '0',
  `value` text NOT NULL COMMENT 'translatable',
  `language_id` int(11) NOT NULL,
  PRIMARY KEY (`value_id`)
) ENGINE=MyISAM DEFAULT CHARSET=utf8;

--
-- Dumping data for table `aba6_field_values`
--


--
-- Table structure for table `aba6_fields`
--

CREATE TABLE `aba6_fields` (
  `field_id` int(11) NOT NULL AUTO_INCREMENT,
  `form_id` int(11) NOT NULL DEFAULT '0',
  `field_name` varchar(40) NOT NULL,
  `element_type` char(1) NOT NULL DEFAULT 'I',
  `sort_order` int(3) NOT NULL,
  `attributes` varchar(255) NOT NULL,
  `settings` text NOT NULL,
  `required` char(1) NOT NULL DEFAULT 'N',
  `status` smallint(1) NOT NULL DEFAULT '0',
  `regexp_pattern` varchar(255) NOT NULL DEFAULT '',
  PRIMARY KEY (`field_id`),
  KEY `field_id` (`field_id`,`form_id`,`status`)
) ENGINE=MyISAM AUTO_INCREMENT=15 DEFAULT CHARSET=utf8;

--
-- Dumping data for table `aba6_fields`
--

INSERT INTO `aba6_fields` VALUES (11,2,'first_name','I',1,'','','Y',1,'/^.{3,100}$/u'),(12,2,'email','I',2,'','','Y',1,'/^[A-Z0-9._%-]+@[A-Z0-9.-]{0,61}[A-Z0-9].[A-Z]{2,16}$/i'),(13,2,'enquiry','T',3,'cols=\"50\" rows=\"8\"','','Y',1,'/^.{3,1000}$/su'),(14,2,'captcha','K',4,'','','Y',1,'');

--
-- Table structure for table `aba6_fields_group_descriptions`
--

CREATE TABLE `aba6_fields_group_descriptions` (
  `group_id` int(11) NOT NULL DEFAULT '0',
  `name` varchar(255) NOT NULL COMMENT 'translatable',
  `description` varchar(255) NOT NULL DEFAULT '' COMMENT 'translatable',
  `language_id` int(11) NOT NULL,
  PRIMARY KEY (`group_id`,`language_id`)
) ENGINE=MyISAM DEFAULT CHARSET=utf8;

--
-- Dumping data for table `aba6_fields_group_descriptions`
--


--
-- Table structure for table `aba6_fields_groups`
--

CREATE TABLE `aba6_fields_groups` (
  `field_id` int(11) NOT NULL,
  `group_id` int(11) NOT NULL,
  `sort_order` int(3) NOT NULL,
  PRIMARY KEY (`field_id`),
  KEY `field_id` (`field_id`,`group_id`)
) ENGINE=MyISAM DEFAULT CHARSET=utf8;

--
-- Dumping data for table `aba6_fields_groups`
--


--
-- Table structure for table `aba6_form_descriptions`
--

CREATE TABLE `aba6_form_descriptions` (
  `form_id` int(11) NOT NULL DEFAULT '0',
  `language_id` int(11) NOT NULL,
  `description` varchar(255) NOT NULL DEFAULT '' COMMENT 'translatable',
  PRIMARY KEY (`form_id`,`language_id`)
) ENGINE=MyISAM DEFAULT CHARSET=utf8;

--
-- Dumping data for table `aba6_form_descriptions`
--

INSERT INTO `aba6_form_descriptions` VALUES (2,1,'Contact Us Form');

--
-- Table structure for table `aba6_form_groups`
--

CREATE TABLE `aba6_form_groups` (
  `group_id` int(11) NOT NULL AUTO_INCREMENT,
  `group_name` varchar(40) NOT NULL DEFAULT '',
  `form_id` int(11) NOT NULL DEFAULT '0',
  `sort_order` int(3) NOT NULL,
  `status` smallint(1) NOT NULL DEFAULT '0',
  PRIMARY KEY (`group_id`),
  KEY `group_id` (`group_id`,`form_id`)
) ENGINE=MyISAM DEFAULT CHARSET=utf8;

--
-- Dumping data for table `aba6_form_groups`
--


--
-- Table structure for table `aba6_forms`
--

CREATE TABLE `aba6_forms` (
  `form_id` int(11) NOT NULL AUTO_INCREMENT,
  `form_name` varchar(40) NOT NULL DEFAULT '',
  `controller` varchar(100) NOT NULL DEFAULT '',
  `success_page` varchar(100) NOT NULL DEFAULT '',
  `status` smallint(1) NOT NULL DEFAULT '0',
  PRIMARY KEY (`form_id`),
  UNIQUE KEY `form_name` (`form_name`)
) ENGINE=MyISAM AUTO_INCREMENT=3 DEFAULT CHARSET=utf8;

--
-- Dumping data for table `aba6_forms`
--

INSERT INTO `aba6_forms` VALUES (2,'ContactUsFrm','content/contact','content/contact/success',1);

--
-- Table structure for table `aba6_global_attributes`
--

CREATE TABLE `aba6_global_attributes` (
  `attribute_id` int(11) NOT NULL AUTO_INCREMENT,
  `attribute_parent_id` int(11) NOT NULL DEFAULT '0',
  `attribute_group_id` int(11) DEFAULT NULL,
  `attribute_type_id` int(11) NOT NULL,
  `element_type` char(1) NOT NULL DEFAULT 'I',
  `sort_order` int(3) NOT NULL DEFAULT '0',
  `required` smallint(1) NOT NULL DEFAULT '0',
  `settings` text NOT NULL,
  `status` smallint(1) NOT NULL DEFAULT '0',
  `regexp_pattern` varchar(255) DEFAULT NULL,
  PRIMARY KEY (`attribute_id`),
  KEY `ac_global_attributes_idx` (`attribute_parent_id`,`attribute_group_id`,`attribute_type_id`)
) ENGINE=MyISAM AUTO_INCREMENT=9 DEFAULT CHARSET=utf8;

--
-- Dumping data for table `aba6_global_attributes`
--

INSERT INTO `aba6_global_attributes` VALUES (1,0,0,1,'S',1,1,'',1,NULL),(2,0,0,1,'C',0,0,'',1,NULL),(5,0,0,1,'G',1,1,'',1,NULL),(6,0,0,1,'S',0,0,'a:4:{s:10:\"extensions\";s:0:\"\";s:8:\"min_size\";s:0:\"\";s:8:\"max_size\";s:0:\"\";s:9:\"directory\";s:0:\"\";}',1,''),(7,6,0,1,'S',0,0,'a:4:{s:10:\"extensions\";s:0:\"\";s:8:\"min_size\";s:0:\"\";s:8:\"max_size\";s:0:\"\";s:9:\"directory\";s:0:\"\";}',1,''),(8,6,0,1,'S',0,0,'a:4:{s:10:\"extensions\";s:0:\"\";s:8:\"min_size\";s:0:\"\";s:8:\"max_size\";s:0:\"\";s:9:\"directory\";s:0:\"\";}',1,'');

--
-- Table structure for table `aba6_global_attributes_descriptions`
--

CREATE TABLE `aba6_global_attributes_descriptions` (
  `attribute_id` int(11) NOT NULL,
  `language_id` int(11) NOT NULL,
  `name` varchar(64) NOT NULL COMMENT 'translatable',
  `placeholder` varchar(255) DEFAULT '' COMMENT 'translatable',
  `error_text` varchar(255) NOT NULL COMMENT 'translatable',
  PRIMARY KEY (`attribute_id`,`language_id`)
) ENGINE=MyISAM DEFAULT CHARSET=utf8;

--
-- Dumping data for table `aba6_global_attributes_descriptions`
--

INSERT INTO `aba6_global_attributes_descriptions` VALUES (1,1,'Size','',''),(2,1,'Gift Wrapping','',''),(5,1,'Fragrance Type','',''),(6,1,'Color&amp;Size','',''),(7,1,'UK Size','',''),(8,1,'Color','','');

--
-- Table structure for table `aba6_global_attributes_groups`
--

CREATE TABLE `aba6_global_attributes_groups` (
  `attribute_group_id` int(11) NOT NULL AUTO_INCREMENT,
  `sort_order` int(3) NOT NULL DEFAULT '0',
  `status` smallint(1) NOT NULL DEFAULT '0',
  PRIMARY KEY (`attribute_group_id`)
) ENGINE=MyISAM DEFAULT CHARSET=utf8;

--
-- Dumping data for table `aba6_global_attributes_groups`
--


--
-- Table structure for table `aba6_global_attributes_groups_descriptions`
--

CREATE TABLE `aba6_global_attributes_groups_descriptions` (
  `attribute_group_id` int(11) NOT NULL,
  `language_id` int(11) NOT NULL,
  `name` varchar(64) NOT NULL COMMENT 'translatable',
  PRIMARY KEY (`attribute_group_id`,`language_id`)
) ENGINE=MyISAM DEFAULT CHARSET=utf8;

--
-- Dumping data for table `aba6_global_attributes_groups_descriptions`
--


--
-- Table structure for table `aba6_global_attributes_type_descriptions`
--

CREATE TABLE `aba6_global_attributes_type_descriptions` (
  `attribute_type_id` int(11) NOT NULL,
  `language_id` int(11) NOT NULL,
  `type_name` varchar(64) NOT NULL COMMENT 'translatable',
  `date_added` timestamp NOT NULL DEFAULT '0000-00-00 00:00:00',
  `date_modified` timestamp NOT NULL DEFAULT CURRENT_TIMESTAMP ON UPDATE CURRENT_TIMESTAMP,
  PRIMARY KEY (`attribute_type_id`,`language_id`)
) ENGINE=MyISAM DEFAULT CHARSET=utf8 COMMENT='utf8_general_ci';

--
-- Dumping data for table `aba6_global_attributes_type_descriptions`
--

INSERT INTO `aba6_global_attributes_type_descriptions` VALUES (1,1,'Product Option','2022-02-06 20:03:37','2022-02-06 20:03:37'),(2,1,'Download Attribute','2022-02-06 20:03:37','2022-02-06 20:03:37');

--
-- Table structure for table `aba6_global_attributes_types`
--

CREATE TABLE `aba6_global_attributes_types` (
  `attribute_type_id` int(11) NOT NULL AUTO_INCREMENT,
  `type_key` varchar(64) NOT NULL,
  `controller` varchar(100) NOT NULL,
  `sort_order` int(3) NOT NULL DEFAULT '0',
  `status` smallint(1) NOT NULL DEFAULT '0',
  PRIMARY KEY (`attribute_type_id`)
) ENGINE=MyISAM AUTO_INCREMENT=3 DEFAULT CHARSET=utf8;

--
-- Dumping data for table `aba6_global_attributes_types`
--

INSERT INTO `aba6_global_attributes_types` VALUES (1,'product_option','responses/catalog/attribute/getProductOptionSubform',1,1),(2,'download_attribute','responses/catalog/attribute/getDownloadAttributeSubform',2,1);

--
-- Table structure for table `aba6_global_attributes_value_descriptions`
--

CREATE TABLE `aba6_global_attributes_value_descriptions` (
  `attribute_value_id` int(11) NOT NULL,
  `attribute_id` int(11) NOT NULL,
  `language_id` int(11) NOT NULL,
  `value` text NOT NULL COMMENT 'translatable',
  PRIMARY KEY (`attribute_value_id`,`attribute_id`,`language_id`)
) ENGINE=MyISAM DEFAULT CHARSET=utf8;

--
-- Dumping data for table `aba6_global_attributes_value_descriptions`
--

INSERT INTO `aba6_global_attributes_value_descriptions` VALUES (53,1,1,'1 oz'),(52,1,1,'75ml'),(51,1,1,'50ml'),(50,1,1,'30ml'),(49,1,1,'2.5 oz'),(48,1,1,'1.5 oz'),(47,1,1,'33.8 oz'),(46,1,1,'15.2 oz'),(45,1,1,'8.45 oz'),(32,2,1,''),(42,1,1,'1.7 oz'),(43,1,1,'3.4 oz'),(44,1,1,'100ml'),(76,5,1,'Eau de Toilette'),(77,5,1,'Eau de Cologne'),(75,5,1,'Eau de Parfum'),(78,6,1,''),(79,7,1,'UK 3'),(80,7,1,'UK 3.5'),(81,7,1,'UK 4'),(82,7,1,'UK 4.5'),(83,7,1,'UK 5'),(84,7,1,'UK 5.5'),(85,7,1,'UK 6'),(86,7,1,'UK 7'),(87,7,1,'UK 8'),(88,8,1,'Red'),(89,8,1,'White'),(90,8,1,'Black'),(91,8,1,'Blue'),(92,8,1,'Green'),(93,7,1,'XXL'),(94,7,1,'XL'),(95,7,1,'S'),(96,7,1,'L'),(97,7,1,'M'),(98,8,1,'Yellow');

--
-- Table structure for table `aba6_global_attributes_values`
--

CREATE TABLE `aba6_global_attributes_values` (
  `attribute_value_id` int(11) NOT NULL AUTO_INCREMENT,
  `attribute_id` int(11) NOT NULL,
  `sort_order` int(3) NOT NULL DEFAULT '0',
  PRIMARY KEY (`attribute_value_id`),
  KEY `ac_global_attributes_values_idx` (`attribute_id`)
) ENGINE=MyISAM AUTO_INCREMENT=99 DEFAULT CHARSET=utf8;

--
-- Dumping data for table `aba6_global_attributes_values`
--

INSERT INTO `aba6_global_attributes_values` VALUES (53,1,0),(52,1,0),(51,1,0),(50,1,0),(49,1,0),(48,1,0),(47,1,0),(46,1,0),(45,1,0),(32,2,0),(43,1,0),(44,1,0),(76,5,0),(77,5,0),(75,5,0),(78,6,0),(79,7,0),(80,7,0),(81,7,0),(82,7,0),(83,7,0),(84,7,0),(85,7,0),(86,7,0),(87,7,0),(88,8,0),(89,8,0),(90,8,0),(91,8,0),(92,8,0),(93,7,0),(94,7,0),(95,7,0),(96,7,0),(97,7,0),(98,8,0);

--
-- Table structure for table `aba6_language_definitions`
--

CREATE TABLE `aba6_language_definitions` (
  `language_definition_id` int(11) NOT NULL AUTO_INCREMENT,
  `language_id` int(11) NOT NULL,
  `section` tinyint(1) NOT NULL DEFAULT '0' COMMENT '0-SF, 1-ADMIN',
  `block` varchar(160) NOT NULL,
  `language_key` varchar(170) NOT NULL,
  `language_value` text NOT NULL COMMENT 'translatable',
  `date_added` timestamp NOT NULL DEFAULT '0000-00-00 00:00:00',
  `date_modified` timestamp NOT NULL DEFAULT CURRENT_TIMESTAMP ON UPDATE CURRENT_TIMESTAMP,
  PRIMARY KEY (`language_definition_id`,`language_id`,`section`,`block`,`language_key`),
  KEY `ac_lang_definition_idx` (`language_value`(333))
) ENGINE=MyISAM AUTO_INCREMENT=4958 DEFAULT CHARSET=utf8;

--
-- Dumping data for table `aba6_language_definitions`
--



--
-- Table structure for table `aba6_languages`
--

CREATE TABLE `aba6_languages` (
  `language_id` int(11) NOT NULL AUTO_INCREMENT,
  `name` varchar(32) NOT NULL DEFAULT '',
  `code` varchar(5) NOT NULL,
  `locale` varchar(255) NOT NULL,
  `image` varchar(255) NOT NULL,
  `directory` varchar(32) NOT NULL DEFAULT '',
  `filename` varchar(64) NOT NULL DEFAULT '',
  `sort_order` int(3) NOT NULL DEFAULT '0',
  `status` int(1) NOT NULL,
  PRIMARY KEY (`language_id`),
  UNIQUE KEY `ac_languages_idx` (`language_id`,`code`),
  KEY `name` (`name`)
) ENGINE=MyISAM AUTO_INCREMENT=2 DEFAULT CHARSET=utf8;

--
-- Dumping data for table `aba6_languages`
--

INSERT INTO `aba6_languages` VALUES (1,'English','en','en_US.UTF-8,en_US,en-gb,english','','english','english',1,1);

--
-- Table structure for table `aba6_layouts`
--

CREATE TABLE `aba6_layouts` (
  `layout_id` int(10) NOT NULL AUTO_INCREMENT,
  `template_id` varchar(100) NOT NULL,
  `layout_name` varchar(255) NOT NULL DEFAULT '',
  `layout_type` smallint(1) NOT NULL DEFAULT '0',
  `date_added` timestamp NOT NULL DEFAULT '0000-00-00 00:00:00',
  `date_modified` timestamp NOT NULL DEFAULT CURRENT_TIMESTAMP ON UPDATE CURRENT_TIMESTAMP,
  PRIMARY KEY (`layout_id`)
) ENGINE=MyISAM AUTO_INCREMENT=23 DEFAULT CHARSET=utf8;

--
-- Dumping data for table `aba6_layouts`
--

INSERT INTO `aba6_layouts` VALUES (11,'default','Default Page Layout',0,'2022-02-06 20:03:37','2022-02-06 20:03:37'),(12,'default','Home Page',1,'2022-02-06 20:03:37','2022-02-06 20:03:37'),(13,'default','Login Page',1,'2022-02-06 20:03:37','2022-02-06 20:03:37'),(14,'default','Default Product Page',1,'2022-02-06 20:03:37','2022-02-06 20:03:37'),(15,'default','Checkout Pages',1,'2022-02-06 20:03:37','2022-02-06 20:03:37'),(16,'default','Product Listing Page',1,'2022-02-06 20:03:37','2022-02-06 20:03:37'),(17,'default','Maintenance Page',1,'2022-02-06 20:03:37','2022-02-06 20:03:37'),(18,'default','Customer Account Pages',1,'2022-02-06 20:03:37','2022-02-06 20:03:37'),(19,'default','Cart Page',1,'2022-02-06 20:03:37','2022-02-06 20:03:37'),(20,'default','Product Listing Page',1,'2022-02-06 20:03:37','2022-02-06 20:03:37'),(21,'default','Fast Checkout Page',1,'2022-02-06 20:03:37','2022-02-06 20:03:37'),(22,'default','Fast Checkout Success Page',1,'2022-02-06 20:03:37','2022-02-06 20:03:37');

--
-- Table structure for table `aba6_length_class_descriptions`
--

CREATE TABLE `aba6_length_class_descriptions` (
  `length_class_id` int(11) NOT NULL,
  `language_id` int(11) NOT NULL,
  `title` varchar(32) NOT NULL COMMENT 'translatable',
  `unit` varchar(4) NOT NULL COMMENT 'translatable',
  PRIMARY KEY (`length_class_id`,`language_id`)
) ENGINE=MyISAM DEFAULT CHARSET=utf8;

--
-- Dumping data for table `aba6_length_class_descriptions`
--

INSERT INTO `aba6_length_class_descriptions` VALUES (1,1,'Centimeter','cm'),(2,1,'Millimeter','mm'),(3,1,'Inch','in');

--
-- Table structure for table `aba6_length_classes`
--

CREATE TABLE `aba6_length_classes` (
  `length_class_id` int(11) NOT NULL AUTO_INCREMENT,
  `value` decimal(15,8) NOT NULL,
  `iso_code` varchar(5) NOT NULL,
  `date_added` timestamp NOT NULL DEFAULT '0000-00-00 00:00:00',
  `date_modified` timestamp NOT NULL DEFAULT CURRENT_TIMESTAMP ON UPDATE CURRENT_TIMESTAMP,
  PRIMARY KEY (`length_class_id`,`iso_code`)
) ENGINE=MyISAM AUTO_INCREMENT=4 DEFAULT CHARSET=utf8;

--
-- Dumping data for table `aba6_length_classes`
--

INSERT INTO `aba6_length_classes` VALUES (1,1.00000000,'CMET','0000-00-00 00:00:00','2022-02-06 20:03:37'),(2,10.00000000,'MMET','0000-00-00 00:00:00','2022-02-06 20:03:37'),(3,0.39370000,'INCH','0000-00-00 00:00:00','2022-02-06 20:03:37');

--
-- Table structure for table `aba6_locations`
--

CREATE TABLE `aba6_locations` (
  `location_id` int(11) NOT NULL AUTO_INCREMENT,
  `name` varchar(32) NOT NULL DEFAULT '',
  `description` varchar(255) NOT NULL DEFAULT '',
  `date_added` timestamp NOT NULL DEFAULT '0000-00-00 00:00:00',
  `date_modified` timestamp NOT NULL DEFAULT CURRENT_TIMESTAMP ON UPDATE CURRENT_TIMESTAMP,
  PRIMARY KEY (`location_id`)
) ENGINE=MyISAM AUTO_INCREMENT=3 DEFAULT CHARSET=utf8;

--
-- Dumping data for table `aba6_locations`
--

INSERT INTO `aba6_locations` VALUES (1,'USA','All States','2022-02-06 20:03:37','2022-02-06 20:03:37'),(2,'Canada','All provinces','2022-02-06 20:03:37','2022-02-06 20:03:37');

--
-- Table structure for table `aba6_manufacturers`
--

CREATE TABLE `aba6_manufacturers` (
  `manufacturer_id` int(11) NOT NULL AUTO_INCREMENT,
  `name` varchar(64) NOT NULL DEFAULT '',
  `sort_order` int(3) NOT NULL,
  PRIMARY KEY (`manufacturer_id`)
) ENGINE=MyISAM AUTO_INCREMENT=21 DEFAULT CHARSET=utf8;

--
-- Dumping data for table `aba6_manufacturers`
--

INSERT INTO `aba6_manufacturers` VALUES (14,'Bvlgari',0),(13,'Calvin Klein',0),(12,'Benefit',0),(11,'M·A·C',0),(15,'Lancôme',0),(16,'Sephora',0),(17,'Pantene',0),(18,'Dove',0),(19,'Giorgio Armani',0),(20,'Gucci',0);

--
-- Table structure for table `aba6_manufacturers_to_stores`
--

CREATE TABLE `aba6_manufacturers_to_stores` (
  `manufacturer_id` int(11) NOT NULL,
  `store_id` int(11) NOT NULL,
  PRIMARY KEY (`manufacturer_id`,`store_id`)
) ENGINE=MyISAM DEFAULT CHARSET=utf8;

--
-- Dumping data for table `aba6_manufacturers_to_stores`
--

INSERT INTO `aba6_manufacturers_to_stores` VALUES (11,0),(12,0),(13,0),(14,0),(15,0),(16,0),(17,0),(18,0),(19,0),(20,0);

--
-- Table structure for table `aba6_messages`
--

CREATE TABLE `aba6_messages` (
  `msg_id` int(11) NOT NULL AUTO_INCREMENT,
  `title` varchar(128) NOT NULL DEFAULT '',
  `message` text NOT NULL,
  `status` char(1) NOT NULL DEFAULT '',
  `viewed` int(11) NOT NULL DEFAULT '0',
  `repeated` int(11) NOT NULL DEFAULT '0',
  `date_added` timestamp NOT NULL DEFAULT '0000-00-00 00:00:00',
  `date_modified` timestamp NOT NULL DEFAULT CURRENT_TIMESTAMP ON UPDATE CURRENT_TIMESTAMP,
  PRIMARY KEY (`msg_id`)
) ENGINE=MyISAM AUTO_INCREMENT=2 DEFAULT CHARSET=utf8;

--
-- Dumping data for table `aba6_messages`
--

INSERT INTO `aba6_messages` VALUES (1,'Thank you for installation of AbanteCart!','You made a right choice in eCommerce application selection. AbanteCart rapidly becoming one of the best eCommerce open source solutions with continuously growing community and large number of extensions. ','N',0,0,'2022-02-06 20:05:45','2022-02-06 20:05:45');

--
-- Table structure for table `aba6_online_customers`
--

CREATE TABLE `aba6_online_customers` (
  `customer_id` int(11) NOT NULL,
  `ip` varchar(50) NOT NULL,
  `url` text NOT NULL,
  `referer` text NOT NULL,
  `date_added` timestamp NOT NULL DEFAULT '0000-00-00 00:00:00',
  PRIMARY KEY (`ip`),
  KEY `ac_online_customers_idx` (`date_added`)
) ENGINE=MyISAM DEFAULT CHARSET=utf8;

--
-- Dumping data for table `aba6_online_customers`
--

INSERT INTO `aba6_online_customers` VALUES (0,'51.222.253.13','http://1776ath.com/abante/index.php?rt=product/product&amp;keyword=men&amp;product_id=75&amp;currency=USD','','2022-02-12 23:15:11'),(0,'51.222.253.19','http://1776ath.com/abante/index.php?rt=product/product&amp;keyword=men&amp;product_id=76&amp;currency=EUR','','2022-02-12 23:27:56'),(0,'51.222.253.6','http://1776ath.com/abante/index.php?rt=product/product&amp;keyword=men&amp;product_id=68&amp;currency=USD','','2022-02-12 23:04:03'),(0,'51.222.253.11','http://1776ath.com/abante/index.php?rt=product/product&amp;keyword=men&amp;product_id=68&amp;currency=EUR','','2022-02-12 22:42:14'),(0,'66.249.65.166','http://1776ath.com/abante/index.php?rt=product/category&amp;path=65_67','','2022-02-12 23:26:26'),(0,'66.249.65.163','http://1776ath.com/abante/index.php?rt=r/product/product/addToCart','https://1776ath.com/abante/index.php?rt=product/product&amp;product_id=87&amp;currency=GBP','2022-02-12 23:24:31'),(0,'51.222.253.7','http://1776ath.com/abante/index.php?rt=product/product&amp;keyword=men&amp;product_id=76&amp;currency=GBP','','2022-02-12 23:40:04');

--
-- Table structure for table `aba6_order_data`
--

CREATE TABLE `aba6_order_data` (
  `order_id` int(11) NOT NULL,
  `type_id` int(11) NOT NULL,
  `data` text,
  `date_added` timestamp NOT NULL DEFAULT '0000-00-00 00:00:00',
  `date_modified` timestamp NOT NULL DEFAULT CURRENT_TIMESTAMP ON UPDATE CURRENT_TIMESTAMP,
  PRIMARY KEY (`order_id`,`type_id`)
) ENGINE=MyISAM DEFAULT CHARSET=utf8;

--
-- Dumping data for table `aba6_order_data`
--

INSERT INTO `aba6_order_data` VALUES (14,1,'a:2:{s:3:\"uri\";s:23:\"michaelj@abantecart.com\";s:6:\"status\";s:1:\"1\";}','2019-03-18 16:13:24','2019-03-18 16:13:24'),(15,1,'a:2:{s:3:\"uri\";s:26:\"allenwaters@abantecart.com\";s:6:\"status\";s:1:\"1\";}','2019-03-18 16:20:54','2019-03-18 16:20:54'),(16,1,'a:2:{s:3:\"uri\";s:24:\"howardinc@abantecart.com\";s:6:\"status\";s:1:\"1\";}','2019-03-18 17:39:08','2019-03-18 17:39:08'),(17,1,'a:2:{s:3:\"uri\";s:22:\"ricuvif@abantecart.com\";s:6:\"status\";s:1:\"1\";}','2019-03-19 12:32:53','2019-03-19 12:32:53'),(19,1,'a:2:{s:3:\"uri\";s:26:\"allenwaters@abantecart.com\";s:6:\"status\";s:1:\"1\";}','2019-05-06 10:05:01','2019-05-06 10:05:01'),(20,1,'a:2:{s:3:\"uri\";s:26:\"allenwaters@abantecart.com\";s:6:\"status\";s:1:\"1\";}','2019-05-06 10:19:57','2019-05-06 10:19:57');

--
-- Table structure for table `aba6_order_data_types`
--

CREATE TABLE `aba6_order_data_types` (
  `type_id` int(11) NOT NULL AUTO_INCREMENT,
  `language_id` int(11) NOT NULL,
  `name` varchar(64) NOT NULL DEFAULT '' COMMENT 'translatable',
  `date_added` timestamp NOT NULL DEFAULT '0000-00-00 00:00:00',
  `date_modified` timestamp NOT NULL DEFAULT CURRENT_TIMESTAMP ON UPDATE CURRENT_TIMESTAMP,
  PRIMARY KEY (`type_id`)
) ENGINE=MyISAM AUTO_INCREMENT=4 DEFAULT CHARSET=utf8;

--
-- Dumping data for table `aba6_order_data_types`
--

INSERT INTO `aba6_order_data_types` VALUES (1,1,'email','2022-02-06 20:03:37','2022-02-06 20:03:37'),(2,1,'sms','2022-02-06 20:03:37','2022-02-06 20:03:37'),(3,1,'guest_token','2022-02-06 20:03:37','2022-02-06 20:03:37');

--
-- Table structure for table `aba6_order_downloads`
--

CREATE TABLE `aba6_order_downloads` (
  `order_download_id` int(11) NOT NULL AUTO_INCREMENT,
  `order_id` int(11) NOT NULL,
  `order_product_id` int(11) NOT NULL,
  `name` varchar(64) NOT NULL DEFAULT '',
  `filename` varchar(128) NOT NULL DEFAULT '',
  `mask` varchar(128) NOT NULL DEFAULT '',
  `download_id` int(11) NOT NULL,
  `status` int(1) NOT NULL DEFAULT '0',
  `remaining_count` int(11) DEFAULT NULL,
  `percentage` int(11) DEFAULT '0',
  `expire_date` datetime DEFAULT NULL,
  `sort_order` int(11) NOT NULL,
  `activate` varchar(64) NOT NULL,
  `activate_order_status_id` int(11) NOT NULL DEFAULT '0',
  `attributes_data` longtext,
  `date_added` timestamp NOT NULL DEFAULT '0000-00-00 00:00:00',
  `date_modified` timestamp NOT NULL DEFAULT CURRENT_TIMESTAMP ON UPDATE CURRENT_TIMESTAMP,
  PRIMARY KEY (`order_download_id`),
  KEY `ac_order_downloads_idx` (`order_id`,`order_product_id`,`download_id`,`status`,`activate_order_status_id`)
) ENGINE=MyISAM AUTO_INCREMENT=3 DEFAULT CHARSET=utf8;

--
-- Dumping data for table `aba6_order_downloads`
--

INSERT INTO `aba6_order_downloads` VALUES (1,14,50,'Audio CD1','download/18/76/4.mp3','audio-cd.mp3',1,1,49,0,NULL,0,'',5,'a:0:{}','2019-03-18 16:13:24','2019-03-18 16:14:47'),(2,16,52,'Find your fit','download/18/79/f.pdf','size-fit-guide-print.pdf',5,1,NULL,0,NULL,0,'',0,'a:0:{}','2019-03-18 17:47:47','2019-03-18 17:47:47');

--
-- Table structure for table `aba6_order_downloads_history`
--

CREATE TABLE `aba6_order_downloads_history` (
  `order_download_history_id` int(11) NOT NULL AUTO_INCREMENT,
  `order_download_id` int(11) NOT NULL,
  `order_id` int(11) NOT NULL,
  `order_product_id` int(11) NOT NULL,
  `filename` varchar(128) NOT NULL DEFAULT '',
  `mask` varchar(128) NOT NULL DEFAULT '',
  `download_id` int(11) NOT NULL,
  `download_percent` int(11) DEFAULT '0',
  `time` timestamp NOT NULL DEFAULT CURRENT_TIMESTAMP ON UPDATE CURRENT_TIMESTAMP,
  PRIMARY KEY (`order_download_history_id`,`order_download_id`,`order_id`,`order_product_id`),
  KEY `ac_order_downloads_history_idx` (`download_id`)
) ENGINE=MyISAM AUTO_INCREMENT=10 DEFAULT CHARSET=utf8;

--
-- Dumping data for table `aba6_order_downloads_history`
--

INSERT INTO `aba6_order_downloads_history` VALUES (1,0,0,0,'download/18/76/5.mp3','sample.mp3',2,100,'2015-07-08 14:36:06'),(2,1,14,50,'download/18/76/4.mp3','audio-cd.mp3',1,100,'2019-03-18 16:14:47'),(3,0,0,0,'download/18/76/5.mp3','sample.mp3',2,100,'2019-03-18 16:19:34'),(4,0,0,0,'download/18/79/f.pdf','size-fit-guide-print.pdf',5,100,'2019-03-18 17:21:10'),(5,0,0,0,'download/18/79/f.pdf','size-fit-guide-print.pdf',5,100,'2019-03-18 17:45:25'),(6,0,0,0,'download/18/76/5.mp3','sample.mp3',2,100,'2019-03-18 17:47:11'),(7,0,0,0,'download/18/79/f.pdf','size-fit-guide-print.pdf',5,100,'2019-03-19 14:17:30'),(8,0,0,0,'download/18/76/5.mp3','sample.mp3',2,60,'2022-02-09 19:06:50'),(9,0,0,0,'download/18/79/f.pdf','size-fit-guide-print.pdf',5,81,'2022-02-10 20:46:50');

--
-- Table structure for table `aba6_order_history`
--

CREATE TABLE `aba6_order_history` (
  `order_history_id` int(11) NOT NULL AUTO_INCREMENT,
  `order_id` int(11) NOT NULL,
  `order_status_id` int(5) NOT NULL,
  `notify` int(1) NOT NULL DEFAULT '0',
  `comment` text NOT NULL,
  `date_added` timestamp NOT NULL DEFAULT '0000-00-00 00:00:00',
  `date_modified` timestamp NOT NULL DEFAULT CURRENT_TIMESTAMP ON UPDATE CURRENT_TIMESTAMP,
  PRIMARY KEY (`order_history_id`),
  KEY `ac_order_history_idx` (`order_id`,`order_status_id`,`notify`)
) ENGINE=MyISAM AUTO_INCREMENT=23 DEFAULT CHARSET=utf8;

--
-- Dumping data for table `aba6_order_history`
--

INSERT INTO `aba6_order_history` VALUES (1,1,1,1,'','0000-00-00 00:00:00','2015-06-12 13:56:25'),(2,2,1,1,'','2013-09-07 12:02:31','2015-06-12 13:56:25'),(3,3,1,1,'','2013-09-07 12:41:25','2015-06-12 13:56:25'),(4,4,1,1,'','2013-09-07 12:51:07','2015-06-12 13:56:25'),(5,5,1,1,'','2013-09-07 13:20:22','2015-06-12 13:56:25'),(6,6,1,1,'','2013-09-07 13:21:56','2015-06-12 13:56:25'),(7,7,1,1,'','2013-09-07 13:24:11','2015-06-12 13:56:25'),(8,8,1,1,'','2013-09-07 13:36:21','2015-06-12 13:56:25'),(9,9,1,1,'','2013-09-07 13:37:20','2015-06-12 13:56:25'),(10,10,1,1,'','2013-09-07 13:39:30','2015-06-12 13:56:25'),(11,11,1,1,'','2013-09-07 13:40:03','2015-06-12 13:56:25'),(12,12,1,1,'','2012-03-15 18:04:06','2015-06-12 13:56:25'),(13,13,1,1,'','2012-03-15 18:05:40','2015-06-12 13:56:25'),(14,14,1,1,'','2019-03-18 16:13:45','2019-03-18 16:13:45'),(15,14,5,1,'Thank you for your order!','2019-03-18 16:14:29','2019-03-18 16:14:29'),(16,15,1,1,'','2019-03-18 16:21:03','2019-03-18 16:21:03'),(17,15,3,1,'Your order has been shipped. Tracking number is 4221736293','2019-03-18 16:26:40','2019-03-18 16:26:40'),(18,16,1,1,'','2019-03-18 17:39:24','2019-03-18 17:39:24'),(19,17,1,1,'','2019-03-19 12:33:15','2019-03-19 12:33:15'),(20,18,1,1,'','2019-03-21 16:10:11','2019-03-21 16:10:11'),(21,19,1,1,'','2019-05-06 10:05:14','2019-05-06 10:05:14'),(22,20,1,1,'','2019-05-06 10:20:00','2019-05-06 10:20:00');

--
-- Table structure for table `aba6_order_options`
--

CREATE TABLE `aba6_order_options` (
  `order_option_id` int(11) NOT NULL AUTO_INCREMENT,
  `order_id` int(11) NOT NULL,
  `order_product_id` int(11) NOT NULL,
  `product_option_value_id` int(11) NOT NULL DEFAULT '0',
  `name` varchar(255) NOT NULL,
  `sku` varchar(64) NOT NULL DEFAULT '',
  `value` text NOT NULL,
  `price` decimal(15,4) NOT NULL DEFAULT '0.0000',
  `cost` decimal(15,4) NOT NULL DEFAULT '0.0000',
  `prefix` char(1) NOT NULL DEFAULT '',
  `settings` longtext,
  PRIMARY KEY (`order_option_id`),
  KEY `ac_order_options_idx` (`order_id`,`order_product_id`,`product_option_value_id`)
) ENGINE=MyISAM AUTO_INCREMENT=38 DEFAULT CHARSET=utf8;

--
-- Dumping data for table `aba6_order_options`
--

INSERT INTO `aba6_order_options` VALUES (1,1,2,588,'Memory','','8GB',99.0000,0.0000,'+',NULL),(2,2,7,684,'Color','','brown',10.0000,0.0000,'+',NULL),(3,3,9,651,'Size','','33.8 oz',49.0000,0.0000,'+',NULL),(4,3,10,650,'Size','','8 oz',19.0000,0.0000,'+',NULL),(5,3,15,646,'Color','','Brown',20.0000,0.0000,'-',NULL),(6,4,16,613,'Color','','Mandarin Sky',29.5000,0.0000,'+',NULL),(7,4,18,664,'Fragrance Size','','3.4 oz',84.0000,0.0000,'+',NULL),(8,4,19,673,'Fragrance Size','','6.7 oz',92.0000,0.0000,'+',NULL),(9,4,21,661,'Fragrance Size','','150ml',45.0000,0.0000,'+',NULL),(10,5,23,627,'Color','','Jade Fever',48.0000,0.0000,'+',NULL),(11,5,24,626,'Color','','Gris Fatale',48.0000,0.0000,'+',NULL),(12,5,25,622,'Color','','Shirelle',15.0000,0.0000,'+',NULL),(13,5,26,619,'Color','','Lacewood',27.0000,0.0000,'+',NULL),(14,5,27,657,'Color','','Light Bisque',30.5000,0.0000,'+',NULL),(15,5,30,651,'Size','','33.8 oz',49.0000,0.0000,'+',NULL),(16,6,31,666,'Size','','30 ml',30.0000,0.0000,'+',NULL),(17,7,33,649,'Fragrance Size','','1.7 oz',88.0000,0.0000,'+',NULL),(18,7,34,660,'Fragrance Size','','100ml',37.0000,0.0000,'+',NULL),(19,8,35,646,'Color','','Brown',20.0000,0.0000,'-',NULL),(20,8,36,681,'Color','','beige',10.0000,0.0000,'+',NULL),(21,12,45,721,'Size','','Eau de Toilette',78.5000,0.0000,'$',NULL),(22,12,45,1,'Gift Wrapping','','1',78.5000,0.0000,'$',NULL),(23,12,47,738,'Size','','30ml',90.0000,0.0000,'$',NULL),(24,13,49,713,'Size','','1.7 oz',72.0000,0.0000,'$',NULL),(25,13,49,1,'Gift Wrapping','','1',72.0000,0.0000,'$',NULL),(26,15,51,747,'UK size','','3 UK ',26.0000,0.0000,'$',''),(27,15,51,754,'Colour','','black',26.0000,0.0000,'$',''),(28,16,52,783,'Color&amp;Size','','S / Red',14.0000,0.0000,'$','a:4:{s:10:\"extensions\";s:0:\"\";s:8:\"min_size\";s:0:\"\";s:8:\"max_size\";s:0:\"\";s:9:\"directory\";s:0:\"\";}'),(29,17,53,778,'Size EU','','EU XS (Asia M)',21.0000,0.0000,'$',''),(33,18,59,752,'Colour','','white',26.0000,0.0000,'$',''),(32,18,59,749,'UK size','','5 UK ',26.0000,0.0000,'$',''),(34,20,61,778,'Size EU','','EU XS (Asia M)',21.0000,0.0000,'$',''),(37,20,62,778,'Size EU','','EU XS (Asia M)',0.0000,0.0000,'$',NULL);

--
-- Table structure for table `aba6_order_product_stock_locations`
--

CREATE TABLE `aba6_order_product_stock_locations` (
  `order_product_id` int(11) NOT NULL,
  `product_id` int(11) NOT NULL,
  `product_option_value_id` int(11) DEFAULT NULL,
  `location_id` int(11) NOT NULL,
  `location_name` varchar(255) NOT NULL,
  `quantity` int(11) NOT NULL DEFAULT '0',
  `sort_order` int(11) DEFAULT '0',
  KEY `ac_product_options_value_idx` (`product_option_value_id`),
  KEY `ac_product_options_value_idx2` (`order_product_id`,`product_id`,`product_option_value_id`,`location_id`)
) ENGINE=MyISAM DEFAULT CHARSET=utf8;

--
-- Dumping data for table `aba6_order_product_stock_locations`
--

INSERT INTO `aba6_order_product_stock_locations` VALUES (62,122,778,2,'Canada',2,1),(62,122,778,1,'USA All States',0,2),(63,58,NULL,2,'Canada',3,1),(63,58,NULL,1,'USA All States',0,2);

--
-- Table structure for table `aba6_order_products`
--

CREATE TABLE `aba6_order_products` (
  `order_product_id` int(11) NOT NULL AUTO_INCREMENT,
  `order_id` int(11) NOT NULL,
  `product_id` int(11) NOT NULL,
  `name` varchar(255) NOT NULL DEFAULT '',
  `model` varchar(24) NOT NULL DEFAULT '',
  `sku` varchar(64) NOT NULL DEFAULT '',
  `price` decimal(15,4) NOT NULL DEFAULT '0.0000',
  `cost` decimal(15,4) NOT NULL DEFAULT '0.0000',
  `weight` decimal(15,4) NOT NULL DEFAULT '0.0000',
  `weight_iso_code` varchar(5) NOT NULL DEFAULT '',
  `width` decimal(15,4) NOT NULL DEFAULT '0.0000',
  `length` decimal(15,4) NOT NULL DEFAULT '0.0000',
  `height` decimal(15,4) NOT NULL DEFAULT '0.0000',
  `length_iso_code` varchar(5) NOT NULL DEFAULT '',
  `total` decimal(15,4) NOT NULL DEFAULT '0.0000',
  `tax` decimal(15,4) NOT NULL DEFAULT '0.0000',
  `quantity` int(4) NOT NULL DEFAULT '0',
  `subtract` int(1) NOT NULL DEFAULT '0',
  PRIMARY KEY (`order_product_id`),
  KEY `ac_order_products_idx` (`order_id`,`product_id`)
) ENGINE=MyISAM AUTO_INCREMENT=64 DEFAULT CHARSET=utf8;

--
-- Dumping data for table `aba6_order_products`
--

INSERT INTO `aba6_order_products` VALUES (6,2,97,'Eye Rejuvenating Serum','GRMBC004','',126.0000,0.0000,0.0000,'',0.0000,0.0000,0.0000,'',126.0000,8.5000,1,0),(7,2,100,'Smooth silk lip pencils','GRMBC007','',10.0000,0.0000,0.0000,'',0.0000,0.0000,0.0000,'',40.0000,8.5000,4,0),(8,2,93,'Creme Precieuse Nuit 50ml','BVLG003','',220.0000,0.0000,0.0000,'',0.0000,0.0000,0.0000,'',220.0000,8.5000,1,0),(9,3,69,'Seaweed Conditioner','SCND001','',49.0000,0.0000,0.0000,'',0.0000,0.0000,0.0000,'',49.0000,0.0000,1,0),(10,3,69,'Seaweed Conditioner','SCND001','',19.0000,0.0000,0.0000,'',0.0000,0.0000,0.0000,'',19.0000,0.0000,1,0),(11,3,77,'Men+Care Active Clean Shower Tool','DMBW0014','',6.0000,0.0000,0.0000,'',0.0000,0.0000,0.0000,'',6.0000,0.0000,1,0),(12,3,98,'Shaving cream','GRMBC005','',98.0000,0.0000,0.0000,'',0.0000,0.0000,0.0000,'',98.0000,0.0000,1,0),(13,3,62,'ck one shock for him Deodorant','601232','',14.0000,0.0000,0.0000,'',0.0000,0.0000,0.0000,'',14.0000,0.0000,1,0),(14,3,66,'Total Moisture Facial Cream','556240','',38.0000,0.0000,0.0000,'',0.0000,0.0000,0.0000,'',38.0000,0.0000,1,0),(15,3,54,'L\'EXTRÊME Instant Extensions Lengthening Mascara','74144','',20.0000,0.0000,0.0000,'',0.0000,0.0000,0.0000,'',20.0000,0.0000,1,0),(16,4,57,'Delicate Oil-Free Powder Blush','117148','',29.5000,0.0000,0.0000,'',0.0000,0.0000,0.0000,'',29.5000,8.5000,1,0),(17,4,67,'Flash Bronzer Body Gel','463686','',29.0000,0.0000,0.0000,'',0.0000,0.0000,0.0000,'',29.0000,8.5000,1,0),(18,4,80,'Acqua Di Gio Pour Homme','GRM001','',84.0000,0.0000,0.0000,'',0.0000,0.0000,0.0000,'',84.0000,8.5000,1,0),(19,4,89,'Secret Obsession Perfume','CK0012','',92.0000,0.0000,0.0000,'',0.0000,0.0000,0.0000,'',92.0000,8.5000,1,0),(20,4,75,'Dove Men +Care Body Wash','DMBW0012','',6.7000,0.0000,0.0000,'',0.0000,0.0000,0.0000,'',6.7000,8.5000,1,0),(21,4,78,'ck IN2U Eau De Toilette Spray for Him','Cl0001','',45.0000,0.0000,0.0000,'',0.0000,0.0000,0.0000,'',45.0000,8.5000,1,0),(22,5,97,'Eye Rejuvenating Serum','GRMBC004','',126.0000,0.0000,0.0000,'',0.0000,0.0000,0.0000,'',126.0000,8.5000,1,0),(23,5,61,'Color Design Eye Brightening All in One 5 Shadow &amp; Liner Palette','529071','',48.0000,0.0000,0.0000,'',0.0000,0.0000,0.0000,'',48.0000,8.5000,1,0),(24,5,61,'Color Design Eye Brightening All in One 5 Shadow &amp; Liner Palette','529071','',48.0000,0.0000,0.0000,'',0.0000,0.0000,0.0000,'',96.0000,8.5000,2,0),(25,5,60,'Nail Lacquer','112423','',15.0000,0.0000,0.0000,'',0.0000,0.0000,0.0000,'',15.0000,8.5000,1,0),(26,5,55,'LE ROUGE ABSOLU Reshaping &amp; Replenishing LipColour SPF 15','tw152236','',27.0000,0.0000,0.0000,'',0.0000,0.0000,0.0000,'',27.0000,8.5000,1,0),(27,5,56,'Waterproof Protective Undereye Concealer','35190','',30.5000,0.0000,0.0000,'',0.0000,0.0000,0.0000,'',30.5000,8.5000,1,0),(28,5,51,'BeneFit Girl Meets Pearl','483857','',19.0000,0.0000,0.0000,'',0.0000,0.0000,0.0000,'',19.0000,8.5000,1,0),(29,5,93,'Creme Precieuse Nuit 50ml','BVLG003','',220.0000,0.0000,0.0000,'',0.0000,0.0000,0.0000,'',220.0000,8.5000,1,0),(30,5,69,'Seaweed Conditioner','SCND001','',49.0000,0.0000,0.0000,'',0.0000,0.0000,0.0000,'',49.0000,8.5000,1,0),(31,6,84,'Armani Code Pour Femme','GRM005','',30.0000,0.0000,0.0000,'',0.0000,0.0000,0.0000,'',30.0000,8.5000,1,0),(32,6,92,'Body Cream by Bulgari','BVLG002','',57.0000,0.0000,0.0000,'',0.0000,0.0000,0.0000,'',171.0000,8.5000,3,0),(33,7,63,'Pour Homme Eau de Toilette','374622','',88.0000,0.0000,0.0000,'',0.0000,0.0000,0.0000,'',88.0000,8.5000,1,0),(34,7,78,'ck IN2U Eau De Toilette Spray for Him','Cl0001','',37.0000,0.0000,0.0000,'',0.0000,0.0000,0.0000,'',74.0000,8.5000,2,0),(35,8,54,'L\'EXTRÊME Instant Extensions Lengthening Mascara','74144','',20.0000,0.0000,0.0000,'',0.0000,0.0000,0.0000,'',20.0000,0.0000,1,0),(36,8,100,'Smooth silk lip pencils','GRMBC007','',10.0000,0.0000,0.0000,'',0.0000,0.0000,0.0000,'',40.0000,0.0000,4,0),(37,9,94,'Night Care Crema Nera Obsidian Mineral Complex','GRMBC001','',263.0000,0.0000,0.0000,'',0.0000,0.0000,0.0000,'',263.0000,0.0000,1,0),(38,9,67,'Flash Bronzer Body Gel','463686','',29.0000,0.0000,0.0000,'',0.0000,0.0000,0.0000,'',29.0000,0.0000,1,0),(39,9,91,'Jasmin Noir Body Lotion 6.8 fl oz','BVLG001','',29.0000,0.0000,0.0000,'',0.0000,0.0000,0.0000,'',58.0000,0.0000,2,0),(40,10,72,'Brunette expressions Conditioner','PCND002','',24.0000,0.0000,0.0000,'',0.0000,0.0000,0.0000,'',24.0000,8.5000,1,0),(41,10,81,'Armani Eau de Toilette Spray ','GRM002','',61.0000,0.0000,0.0000,'',0.0000,0.0000,0.0000,'',61.0000,8.5000,1,0),(42,10,88,'ck one Summer 3.4 oz','CK0011','',27.0000,0.0000,0.0000,'',0.0000,0.0000,0.0000,'',27.0000,8.5000,1,0),(43,10,70,'Eau Parfumee au The Vert Shampoo','522823','',31.0000,0.0000,0.0000,'',0.0000,0.0000,0.0000,'',31.0000,8.5000,1,0),(44,11,51,'BeneFit Girl Meets Pearl','483857','',19.0000,0.0000,0.0000,'',0.0000,0.0000,0.0000,'',19.0000,0.0000,1,0),(45,12,105,'Bvlgari Aqua','PRF00273','',78.5000,0.0000,0.0000,'',0.0000,0.0000,0.0000,'',78.5000,0.0000,1,0),(46,12,65,'Absolue Eye Precious Cells','427847','',105.0000,0.0000,0.0000,'',0.0000,0.0000,0.0000,'',105.0000,8.5000,1,0),(47,12,110,'Flora By Gucci Eau Fraiche','PRF00278','',90.0000,0.0000,0.0000,'',0.0000,0.0000,0.0000,'',270.0000,8.5000,3,0),(48,12,95,'Skin Minerals For Men Cleansing Cream','GRMBC002','',104.0000,0.0000,0.0000,'',0.0000,0.0000,0.0000,'',0.0000,8.5000,0,0),(49,13,104,'Calvin Klein Obsession For Women EDP Spray','PRF00271','',72.0000,0.0000,0.0000,'',0.0000,0.0000,0.0000,'',576.0000,8.5000,8,0),(50,14,111,'New French With Ease (1 book + 1 mp3 CD)','','',85.0000,0.0000,0.0000,'',0.0000,0.0000,0.0000,'',85.0000,7.2250,1,1),(51,15,116,'New Ladies High Wedge Heel Toe Thong Diamante Flip Flop Sandals','','',26.0000,0.0000,0.0000,'',0.0000,0.0000,0.0000,'',26.0000,2.2100,1,1),(52,16,123,'Casual 3/4 Sleeve Baseball T-Shirt','LTQFX','#2738',14.0000,0.0000,0.0000,'',0.0000,0.0000,0.0000,'',14.0000,1.1900,1,1),(53,17,122,'Mens Fine Cotton Giraffe Polo Shirts','JDSK36','',21.0000,0.0000,0.0000,'',0.0000,0.0000,0.0000,'',21.0000,0.0000,1,1),(54,17,75,'Dove Men +Care Body Wash','DMBW0012','',6.7000,6.7000,0.0000,'',0.0000,0.0000,0.0000,'',0.0000,0.0000,1,1),(55,17,76,'Men+Care Clean Comfort Deodorant','DMBW0013','1235B',7.2000,7.2000,0.0000,'',0.0000,0.0000,0.0000,'',0.0000,0.0000,1,1),(59,18,116,'New Ladies High Wedge Heel Toe Thong Diamante Flip Flop Sandals','','',26.0000,0.0000,0.0000,'',0.0000,0.0000,0.0000,'',26.0000,2.2100,1,1),(58,18,51,'BeneFit Girl Meets Pearl','483857','',19.0000,0.0000,0.0000,'',0.0000,0.0000,0.0000,'',19.0000,1.6150,1,1),(63,19,58,'Product with stock locations','374002','',34.0000,0.0000,0.0000,'',0.0000,0.0000,0.0000,'',102.0000,0.0000,3,0),(62,20,122,'Product with options and stock locations','JDSK36','',21.0000,0.0000,0.0000,'',0.0000,0.0000,0.0000,'',42.0000,0.0000,2,0);

--
-- Table structure for table `aba6_order_status_ids`
--

CREATE TABLE `aba6_order_status_ids` (
  `order_status_id` int(11) NOT NULL,
  `status_text_id` varchar(64) NOT NULL,
  PRIMARY KEY (`order_status_id`,`status_text_id`),
  UNIQUE KEY `ac_order_status_ids_idx` (`status_text_id`)
) ENGINE=MyISAM DEFAULT CHARSET=utf8;

--
-- Dumping data for table `aba6_order_status_ids`
--

INSERT INTO `aba6_order_status_ids` VALUES (0,'incomplete'),(1,'pending'),(2,'processing'),(3,'shipped'),(5,'completed'),(7,'canceled'),(8,'denied'),(9,'canceled_reversal'),(10,'failed'),(11,'refunded'),(12,'reversed'),(13,'chargeback'),(14,'canceled_by_customer');

--
-- Table structure for table `aba6_order_statuses`
--

CREATE TABLE `aba6_order_statuses` (
  `order_status_id` int(11) NOT NULL,
  `language_id` int(11) NOT NULL,
  `name` varchar(32) NOT NULL COMMENT 'translatable',
  PRIMARY KEY (`order_status_id`,`language_id`)
) ENGINE=MyISAM DEFAULT CHARSET=utf8;

--
-- Dumping data for table `aba6_order_statuses`
--

INSERT INTO `aba6_order_statuses` VALUES (0,1,'Incomplete'),(1,1,'Pending'),(2,1,'Processing'),(3,1,'Shipped'),(7,1,'Canceled'),(5,1,'Completed'),(8,1,'Denied'),(9,1,'Canceled Reversal'),(10,1,'Failed'),(11,1,'Refunded'),(12,1,'Reversed'),(13,1,'Chargeback'),(14,1,'Canceled by Customer');

--
-- Table structure for table `aba6_orders`
--

CREATE TABLE `aba6_orders` (
  `order_id` int(11) NOT NULL AUTO_INCREMENT,
  `invoice_id` int(11) NOT NULL DEFAULT '0',
  `invoice_prefix` varchar(10) NOT NULL DEFAULT '',
  `store_id` int(11) NOT NULL DEFAULT '0',
  `store_name` varchar(64) NOT NULL,
  `store_url` varchar(255) NOT NULL,
  `customer_id` int(11) NOT NULL DEFAULT '0',
  `customer_group_id` int(11) NOT NULL DEFAULT '0',
  `firstname` varchar(32) NOT NULL DEFAULT '',
  `lastname` varchar(32) NOT NULL,
  `telephone` varchar(32) NOT NULL DEFAULT '',
  `fax` varchar(32) NOT NULL DEFAULT '',
  `email` varchar(96) NOT NULL DEFAULT '',
  `shipping_firstname` varchar(32) NOT NULL,
  `shipping_lastname` varchar(32) NOT NULL DEFAULT '',
  `shipping_company` varchar(32) NOT NULL,
  `shipping_address_1` varchar(128) NOT NULL,
  `shipping_address_2` varchar(128) NOT NULL,
  `shipping_city` varchar(128) NOT NULL,
  `shipping_postcode` varchar(10) NOT NULL DEFAULT '',
  `shipping_zone` varchar(128) NOT NULL,
  `shipping_zone_id` int(11) NOT NULL,
  `shipping_country` varchar(128) NOT NULL,
  `shipping_country_id` int(11) NOT NULL,
  `shipping_address_format` text NOT NULL,
  `shipping_method` varchar(128) NOT NULL DEFAULT '',
  `shipping_method_key` varchar(128) NOT NULL DEFAULT '',
  `payment_firstname` varchar(32) NOT NULL DEFAULT '',
  `payment_lastname` varchar(32) NOT NULL DEFAULT '',
  `payment_company` varchar(32) NOT NULL,
  `payment_address_1` varchar(128) NOT NULL,
  `payment_address_2` varchar(128) NOT NULL,
  `payment_city` varchar(128) NOT NULL,
  `payment_postcode` varchar(10) NOT NULL DEFAULT '',
  `payment_zone` varchar(128) NOT NULL,
  `payment_zone_id` int(11) NOT NULL,
  `payment_country` varchar(128) NOT NULL,
  `payment_country_id` int(11) NOT NULL,
  `payment_address_format` text NOT NULL,
  `payment_method` varchar(128) NOT NULL DEFAULT '',
  `payment_method_key` varchar(128) NOT NULL DEFAULT '',
  `comment` text NOT NULL,
  `total` decimal(15,4) NOT NULL DEFAULT '0.0000',
  `order_status_id` int(11) NOT NULL DEFAULT '0',
  `language_id` int(11) NOT NULL,
  `currency_id` int(11) NOT NULL,
  `currency` varchar(3) NOT NULL,
  `value` decimal(15,8) NOT NULL,
  `coupon_id` int(11) NOT NULL,
  `date_added` timestamp NOT NULL DEFAULT '0000-00-00 00:00:00',
  `date_modified` timestamp NOT NULL DEFAULT CURRENT_TIMESTAMP ON UPDATE CURRENT_TIMESTAMP,
  `ip` varchar(50) NOT NULL DEFAULT '',
  `payment_method_data` text NOT NULL,
  PRIMARY KEY (`order_id`,`customer_id`,`order_status_id`),
  KEY `ac_orders_idx` (`invoice_id`,`store_id`,`customer_group_id`,`shipping_zone_id`,`shipping_country_id`,`payment_zone_id`,`payment_country_id`,`language_id`,`currency_id`,`coupon_id`)
) ENGINE=MyISAM AUTO_INCREMENT=21 DEFAULT CHARSET=utf8;

--
-- Dumping data for table `aba6_orders`
--

INSERT INTO `aba6_orders` VALUES (1,0,'',0,'Your Store','demo',1,1,'fdsfdsf','czx','(092) 222-2222','','demo@abantecart.com','fdsfdsf','czx','','addresss','','testing','55555','Maryland',3643,'United States',223,'{firstname} {lastname} {company} {address_1} {address_2} {city}, {zone} {postcode} {country}','Flat Shipping Rate','','fdsfdsf','czx','','addresss','','testing','55555','Maryland',3643,'United States',223,'{firstname} {lastname} {company} {address_1} {address_2} {city}, {zone} {postcode} {country}','Cash On Delivery','','',1585.4400,1,1,1,'GBP',1.00000000,0,'0000-00-00 00:00:00','0000-00-00 00:00:00','127.0.0.1',''),(2,0,'',0,'Web Store Name','demo',11,1,'Anthony','Blair','+1 907-842-2240','','anthonyblair@abantecart.com','','','','','','','','',0,'',0,'','','','Anthony','Blair','','104 Main Street','','Dillingham','','North Dakota',3657,'United States',223,'{firstname} {lastname}\r\n{company}\r\n{address_1}\r\n{address_2}\r\n{city}, {zone} {postcode}\r\n{country}','Cash On Delivery','','',418.8100,1,1,1,'USD',1.00000000,0,'2019-03-18 15:37:51','2019-03-18 15:37:51','109.104.166.98',''),(3,0,'',0,'Web Store Name','demo',5,1,'Gloria','Macias','+1 418-461-2440','','gloriamacias@abantecart.com','Gloria','Macias','','Camille Marcoux 15','','Blanc-Sablon','1569','Nunavut',609,'Canada',38,'','Flat Shipping Rate','','Gloria','Macias','','Camille Marcoux 15','','Blanc-Sablon','1569','Nunavut',609,'Canada',38,'','Cash On Delivery','','Please ASAP',246.0000,1,1,1,'USD',1.00000000,0,'2019-03-18 15:37:51','2019-03-18 15:37:51','109.104.166.98',''),(4,0,'',0,'Web Store Name','demo',5,1,'Gloria','Macias','+1 418-461-2440','','gloriamacias@abantecart.com','','','','','','','','',0,'',0,'','','','Gloria','Macias','','Camille Marcoux 15','','Blanc-Sablon','1569','Nunavut',609,'Canada',38,'','Cash On Delivery','','',310.5270,1,1,1,'USD',1.00000000,0,'2019-03-18 15:37:51','2019-03-18 15:37:51','109.104.166.98',''),(5,0,'',0,'Web Store Name','demo',3,1,'Keely','Mccoy','+44 1324 483784 ','','keelymccoy@abantecart.com','Keely','Mccoy','','4842 Amet','','Grangemouth','','Gloucestershire',3552,'United Kingdom',222,'','Flat Shipping Rate','','Keely','Mccoy','','4842 Amet','','Grangemouth','','Gloucestershire',3552,'United Kingdom',222,'','Cash On Delivery','','',686.0925,1,1,1,'USD',1.00000000,0,'2019-03-18 15:37:51','2019-03-18 15:37:51','109.104.166.98',''),(6,0,'',0,'Web Store Name','demo',2,1,'Juliana','Davis','+44 1688 308321','','julidavis@abantecart.com','','','','','','','','',0,'',0,'','','','Juliana','Davis','','Highlands and Islands PA75 6QE','','Isle of Mull','','Highlands',3559,'United Kingdom',222,'','Cash On Delivery','','Bulgari',218.0850,1,1,1,'USD',1.00000000,0,'2019-03-18 15:37:51','2019-03-18 15:37:51','109.104.166.98',''),(7,0,'',0,'Web Store Name','demo',9,1,'Carlos','Compton','+1 867-874-22391','','carloscmpton@abantecart.com','','','','','','','','',0,'',0,'','','','Carlos','Compton','','31 Capital Drive','','Hay River','','Nova Scotia',608,'Canada',38,'','Cash On Delivery','','',175.7700,1,1,1,'USD',1.00000000,0,'2019-03-18 15:37:51','2019-03-18 15:37:51','109.104.166.98',''),(8,0,'',0,'Web Store Name','demo',8,1,'Bruce','Rosarini','+1 807-346-10763','','brucerosarini@abantecart.com','Bruce','Rosarini','','61 Cumberland ST','','Thunder Bay','','Minnesota',3646,'United States',223,'{firstname} {lastname}\r\n{company}\r\n{address_1}\r\n{address_2}\r\n{city}, {zone} {postcode}\r\n{country}','Flat Shipping Rate','','Bruce','Rosarini','','61 Cumberland ST','','Thunder Bay','','Minnesota',3646,'United States',223,'{firstname} {lastname}\r\n{company}\r\n{address_1}\r\n{address_2}\r\n{city}, {zone} {postcode}\r\n{country}','Cash On Delivery','','',62.0000,1,1,1,'USD',1.00000000,0,'2019-03-18 15:37:51','2019-03-18 15:37:51','109.104.166.98',''),(9,0,'',0,'Web Store Name','demo',8,1,'Bruce','Rosarini','+1 807-346-10763','','brucerosarini@abantecart.com','Bruce','Rosarini','','61 Cumberland ST','','Thunder Bay','','Minnesota',3646,'United States',223,'{firstname} {lastname}\r\n{company}\r\n{address_1}\r\n{address_2}\r\n{city}, {zone} {postcode}\r\n{country}','Flat Shipping Rate','','Bruce','Rosarini','','61 Cumberland ST','','Thunder Bay','','Minnesota',3646,'United States',223,'{firstname} {lastname}\r\n{company}\r\n{address_1}\r\n{address_2}\r\n{city}, {zone} {postcode}\r\n{country}','Cash On Delivery','','',352.0000,1,1,1,'USD',1.00000000,0,'2019-03-18 15:37:51','2019-03-18 15:37:51','109.104.166.98',''),(10,0,'',0,'Web Store Name','demo',12,1,'Allen','Waters','+1 540-985-59700','','allenwaters@abantecart.com','','','','','','','','',0,'',0,'','','','Allen','Waters','','110 Shenandoah Avenue','','Roanoke','','Virginia',3673,'United States',223,'{firstname} {lastname}\r\n{company}\r\n{address_1}\r\n{address_2}\r\n{city}, {zone} {postcode}\r\n{country}','Cash On Delivery','','',155.1550,1,1,1,'USD',1.00000000,0,'2019-03-18 15:37:51','2019-03-18 15:37:51','109.104.166.98',''),(11,0,'',0,'Web Store Name','demo',12,1,'Allen','Waters','+1 540-985-59700','','allenwaters@abantecart.com','Allen','Waters','','110 Shenandoah Avenue','','Roanoke','','Virginia',3673,'United States',223,'{firstname} {lastname}\r\n{company}\r\n{address_1}\r\n{address_2}\r\n{city}, {zone} {postcode}\r\n{country}','Flat Shipping Rate','','Allen','Waters','','110 Shenandoah Avenue','','Roanoke','','Virginia',3673,'United States',223,'{firstname} {lastname}\r\n{company}\r\n{address_1}\r\n{address_2}\r\n{city}, {zone} {postcode}\r\n{country}','Cash On Delivery','','',21.0000,1,1,1,'USD',1.00000000,0,'2019-03-18 15:37:51','2019-03-18 15:37:51','109.104.166.98',''),(12,0,'',0,'Web Store Name','demo',11,1,'Anthony','Blair','+1 907-842-2240','','anthonyblair@abantecart.com','Anthony','Blair','','104 Main Street','','Dillingham','','North Dakota',3657,'United States',223,'{firstname} {lastname}\r\n{company}\r\n{address_1}\r\n{address_2}\r\n{city}, {zone} {postcode}\r\n{country}','Flat Shipping Rate','','Anthony','Blair','','104 Main Street','','Dillingham','','North Dakota',3657,'United States',223,'{firstname} {lastname}\r\n{company}\r\n{address_1}\r\n{address_2}\r\n{city}, {zone} {postcode}\r\n{country}','Cash On Delivery','','',487.3750,2,1,3,'GBP',0.63820000,0,'2019-03-18 15:37:51','2019-03-18 15:37:51','171.98.12.12',''),(13,0,'',0,'Web Store Name','demo',11,1,'Anthony','Blair','+1 907-842-2240','','anthonyblair@abantecart.com','Anthony','Blair','','104 Main Street','','Dillingham','','North Dakota',3657,'United States',223,'{firstname} {lastname}\r\n{company}\r\n{address_1}\r\n{address_2}\r\n{city}, {zone} {postcode}\r\n{country}','Flat Shipping Rate','','Anthony','Blair','','104 Main Street','','Dillingham','','North Dakota',3657,'United States',223,'{firstname} {lastname}\r\n{company}\r\n{address_1}\r\n{address_2}\r\n{city}, {zone} {postcode}\r\n{country}','Cash On Delivery','','',626.9600,1,1,3,'GBP',0.63820000,0,'2019-03-18 15:37:51','2019-03-18 15:37:51','171.98.12.12',''),(14,0,'',0,'Web Store Name','demo',13,1,'Michael','Neal','55 555 5555 5555','','michaelj@abantecart.com','Tom','Kipling','','100 Main Str','','Shell Pile','64034-2948','Missouri',3648,'United States',223,'{firstname} {lastname}\r\n{company}\r\n{address_1}\r\n{address_2}\r\n{city}, {zone} {postcode}\r\n{country}','Flat Shipping Rate','default_flat_rate_shipping.default_flat_rate_shipping','Tom','Kipling','','100 Main Str','','Shell Pile','64034-2948','Missouri',3648,'United States',223,'{firstname} {lastname}\r\n{company}\r\n{address_1}\r\n{address_2}\r\n{city}, {zone} {postcode}\r\n{country}','Cash On Delivery','default_cod','',94.2300,5,1,1,'USD',1.00000000,0,'2019-03-18 16:13:24','2019-03-18 16:14:29','77.111.246.167',''),(15,0,'',0,'Web Store Name','demo',12,1,'Allen','Waters','(417) 280-7406','','allenwaters@abantecart.com','Allen','Waters','','110 Shenandoah Avenue','','Honohina','86565-1710','Arizona',3616,'United States',223,'{firstname} {lastname}\r\n{company}\r\n{address_1}\r\n{address_2}\r\n{city}, {zone} {postcode}\r\n{country}','Flat Shipping Rate','default_flat_rate_shipping.default_flat_rate_shipping','Allen','Waters','','110 Shenandoah Avenue','','Honohina','86565-1710','Arizona',3616,'United States',223,'{firstname} {lastname}\r\n{company}\r\n{address_1}\r\n{address_2}\r\n{city}, {zone} {postcode}\r\n{country}','Cash On Delivery','default_cod','',30.2100,3,1,1,'USD',1.00000000,0,'2019-03-18 16:20:54','2019-03-18 16:26:40','77.111.246.167',''),(16,0,'',0,'Web Store Name','demo',14,1,'Yuri','Howard','+1 (694) 373-3146','','howardinc@abantecart.com','Yuri','Howard','Eaton Stevenson Inc','22555 Jensen Ave','','Reedley','93654','California',3624,'United States',223,'{firstname} {lastname}\r\n{company}\r\n{address_1}\r\n{address_2}\r\n{city}, {zone} {postcode}\r\n{country}','Flat Shipping Rate','default_flat_rate_shipping.default_flat_rate_shipping','Yuri','Howard','Eaton Stevenson Inc','22555 Jensen Ave','','Reedley','93654','California',3624,'United States',223,'{firstname} {lastname}\r\n{company}\r\n{address_1}\r\n{address_2}\r\n{city}, {zone} {postcode}\r\n{country}','Cash On Delivery','default_cod','',15.1900,1,1,1,'USD',1.00000000,0,'2019-03-18 17:39:08','2019-03-18 17:39:24','85.235.65.198',''),(17,0,'',0,'Web Store Name','demo',15,1,'Regan','Shields','+1 (267) 125-5153','','ricuvif@abantecart.com','Regan','Shields','Day and Rivera Traders','2355 Boulevard Bastien','','Québec','QC G2B 1B3','Qu&eacute;bec',612,'Canada',38,'','Flat Shipping Rate','default_flat_rate_shipping.default_flat_rate_shipping','Regan','Shields','Day and Rivera Traders','2355 Boulevard Bastien','','Québec','QC G2B 1B3','Qu&eacute;bec',612,'Canada',38,'','Cash On Delivery','default_cod','',36.9000,5,1,1,'USD',1.00000000,0,'2019-03-19 12:32:53','2019-03-19 12:36:46','23.129.64.106',''),(18,0,'',0,'Web Store Name','demo',16,1,'Randall','Richards','+1 (788) 773-7896','+1 (706) 122-6856','randallri@abantecart.com','Randall','Richards','','500 N Nebraska Ave','','Tampa','33603','Florida',3630,'United States',223,'{firstname} {lastname}\r\n{company}\r\n{address_1}\r\n{address_2}\r\n{city}, {zone} {postcode}\r\n{country}','Flat Shipping Rate','default_flat_rate_shipping.default_flat_rate_shipping','Mallory','Ballard','Guzman and Morin Inc','2430 S French Ave','','Sanford','32771','Florida',3630,'United States',223,'{firstname} {lastname}\r\n{company}\r\n{address_1}\r\n{address_2}\r\n{city}, {zone} {postcode}\r\n{country}','Cash On Delivery','default_cod','',50.8300,1,1,1,'USD',1.00000000,0,'2019-03-21 16:10:03','2019-03-21 16:12:09','205.185.126.56',''),(19,0,'',0,'Web Store Name','demo',12,1,'Allen','Waters','(417) 280-7406','','allenwaters@abantecart.com','Allen','Waters','','110 Shenandoah Avenue','','Honohina','86565-1710','Arizona',3616,'United States',223,'{firstname} {lastname}\r\n{company}\r\n{address_1}\r\n{address_2}\r\n{city}, {zone} {postcode}\r\n{country}','Flat Shipping Rate','default_flat_rate_shipping.default_flat_rate_shipping','Allen','Waters','','110 Shenandoah Avenue','','Honohina','86565-1710','Arizona',3616,'United States',223,'{firstname} {lastname}\r\n{company}\r\n{address_1}\r\n{address_2}\r\n{city}, {zone} {postcode}\r\n{country}','Cash On Delivery','default_cod','',112.6700,3,1,1,'USD',1.00000000,0,'2019-05-06 10:05:01','2019-05-06 16:23:28','77.111.246.147',''),(20,0,'',0,'Web Store Name','demo',12,1,'Allen','Waters','(417) 280-7406','','allenwaters@abantecart.com','Allen','Waters','','110 Shenandoah Avenue','','Honohina','86565-1710','Arizona',3616,'United States',223,'{firstname} {lastname}\r\n{company}\r\n{address_1}\r\n{address_2}\r\n{city}, {zone} {postcode}\r\n{country}','Flat Shipping Rate','default_flat_rate_shipping.default_flat_rate_shipping','Allen','Waters','','110 Shenandoah Avenue','','Honohina','86565-1710','Arizona',3616,'United States',223,'{firstname} {lastname}\r\n{company}\r\n{address_1}\r\n{address_2}\r\n{city}, {zone} {postcode}\r\n{country}','Cash On Delivery','default_cod','',47.5700,1,1,1,'USD',1.00000000,0,'2019-05-06 10:19:57','2019-05-06 16:22:33','77.111.246.147','');

--
-- Table structure for table `aba6_page_descriptions`
--

CREATE TABLE `aba6_page_descriptions` (
  `page_id` int(10) NOT NULL DEFAULT '0',
  `language_id` int(11) NOT NULL,
  `name` varchar(255) NOT NULL COMMENT 'translatable',
  `title` varchar(255) NOT NULL COMMENT 'translatable',
  `seo_url` varchar(100) NOT NULL DEFAULT '',
  `keywords` varchar(255) NOT NULL DEFAULT '' COMMENT 'translatable',
  `description` varchar(255) NOT NULL DEFAULT '' COMMENT 'translatable',
  `content` text COMMENT 'translatable',
  `date_added` timestamp NOT NULL DEFAULT '0000-00-00 00:00:00',
  `date_modified` timestamp NOT NULL DEFAULT CURRENT_TIMESTAMP ON UPDATE CURRENT_TIMESTAMP,
  PRIMARY KEY (`page_id`,`language_id`)
) ENGINE=MyISAM DEFAULT CHARSET=utf8;

--
-- Dumping data for table `aba6_page_descriptions`
--

INSERT INTO `aba6_page_descriptions` VALUES (1,1,'All Other Pages','','','','','','2022-02-06 20:03:37','2022-02-06 20:03:37'),(2,1,'Home Page','','','','','','2022-02-06 20:03:37','2022-02-06 20:03:37'),(3,1,'Checkout Pages','','','','','','2022-02-06 20:03:37','2022-02-06 20:03:37'),(4,1,'Login Page','','','','','','2022-02-06 20:03:37','2022-02-06 20:03:37'),(5,1,'Default Product Page','','','','','','2022-02-06 20:03:37','2022-02-06 20:03:37'),(10,1,'Maintenance Page','','','','','','2022-02-06 20:03:37','2022-02-06 20:03:37'),(11,1,'Customer Account Pages','','','','','','2022-02-06 20:03:37','2022-02-06 20:03:37'),(12,1,'Cart Page','','','','','','2022-02-06 20:03:37','2022-02-06 20:03:37'),(14,1,'Fast Checkout Page','','','','','','2022-02-06 20:03:37','2022-02-06 20:03:37'),(15,1,'Fast Checkout Success Page','','','','','','2022-02-06 20:03:37','2022-02-06 20:03:37');

--
-- Table structure for table `aba6_pages`
--

CREATE TABLE `aba6_pages` (
  `page_id` int(10) NOT NULL AUTO_INCREMENT,
  `parent_page_id` int(10) NOT NULL DEFAULT '0',
  `controller` varchar(100) NOT NULL,
  `key_param` varchar(40) NOT NULL DEFAULT '',
  `key_value` varchar(40) NOT NULL DEFAULT '',
  `date_added` timestamp NOT NULL DEFAULT '0000-00-00 00:00:00',
  `date_modified` timestamp NOT NULL DEFAULT CURRENT_TIMESTAMP ON UPDATE CURRENT_TIMESTAMP,
  PRIMARY KEY (`page_id`),
  UNIQUE KEY `ac_pages_idx` (`page_id`,`controller`,`key_param`,`key_value`)
) ENGINE=MyISAM AUTO_INCREMENT=16 DEFAULT CHARSET=utf8;

--
-- Dumping data for table `aba6_pages`
--

INSERT INTO `aba6_pages` VALUES (1,0,'generic','','','2022-02-06 20:03:37','2022-02-06 20:03:37'),(2,0,'pages/index/home','','','2022-02-06 20:03:37','2022-02-06 20:03:37'),(3,0,'pages/checkout','','','2022-02-06 20:03:37','2022-02-06 20:03:37'),(4,0,'pages/account/login','','','2022-02-06 20:03:37','2022-02-06 20:03:37'),(5,0,'pages/product/product','','','2022-02-06 20:03:37','2022-02-06 20:03:37'),(10,0,'pages/index/maintenance','','','2022-02-06 20:03:37','2022-02-06 20:03:37'),(11,0,'pages/account','','','2022-02-06 20:03:37','2022-02-06 20:03:37'),(12,0,'pages/checkout/cart','','','2022-02-06 20:03:37','2022-02-06 20:03:37'),(13,0,'pages/product/category','','','2022-02-06 20:03:37','2022-02-06 20:03:37'),(14,0,'pages/checkout/fast_checkout','','','2022-02-06 20:03:37','2022-02-06 20:03:37'),(15,0,'pages/checkout/fast_checkout_success','','','2022-02-06 20:03:37','2022-02-06 20:03:37');

--
-- Table structure for table `aba6_pages_forms`
--

CREATE TABLE `aba6_pages_forms` (
  `page_id` int(10) NOT NULL,
  `form_id` int(10) NOT NULL,
  PRIMARY KEY (`form_id`,`page_id`)
) ENGINE=MyISAM DEFAULT CHARSET=utf8;

--
-- Dumping data for table `aba6_pages_forms`
--


--
-- Table structure for table `aba6_pages_layouts`
--

CREATE TABLE `aba6_pages_layouts` (
  `layout_id` int(10) NOT NULL,
  `page_id` int(10) NOT NULL,
  PRIMARY KEY (`layout_id`,`page_id`)
) ENGINE=MyISAM DEFAULT CHARSET=utf8;

--
-- Dumping data for table `aba6_pages_layouts`
--

INSERT INTO `aba6_pages_layouts` VALUES (11,1),(12,2),(13,4),(14,5),(15,3),(17,10),(18,11),(19,12),(20,13),(21,14),(22,15);

--
-- Table structure for table `aba6_product_descriptions`
--

CREATE TABLE `aba6_product_descriptions` (
  `product_id` int(11) NOT NULL,
  `language_id` int(11) NOT NULL,
  `name` varchar(255) NOT NULL COMMENT 'translatable',
  `meta_keywords` varchar(255) NOT NULL COMMENT 'translatable',
  `meta_description` varchar(255) NOT NULL COMMENT 'translatable',
  `description` longtext NOT NULL COMMENT 'translatable',
  `blurb` text NOT NULL COMMENT 'translatable',
  PRIMARY KEY (`product_id`,`language_id`),
  KEY `name` (`name`),
  KEY `ac_product_descriptions_name_idx` (`product_id`,`name`)
) ENGINE=MyISAM DEFAULT CHARSET=utf8;

--
-- Dumping data for table `aba6_product_descriptions`
--

INSERT INTO `aba6_product_descriptions` VALUES (73,1,'Highlighting Expressions','','','&lt;p&gt;\r\n	WHAT&lt;br /&gt;\r\n	Pantene Pro-V COLOUR HAIR SOLUTIONS Highlighting Expressions™ Conditioner protects and enhances colour treated hair and infuses blonde highlights with shine. The advanced Pro-Vitamin formula restores shine to dull highlights and protects hair from daily damage. This non-colour depositing formula works for all blonde highlights.&lt;/p&gt;\r\n&lt;p&gt;\r\n	WHY&lt;br /&gt;\r\n	Pantene uncovered that oxidative colouring changes hair’s structure. Internally, the chemistry in hair colour attacks strength-giving proteins in hair and makes the fibre more porous, leading to weaker hair that fades more quickly. The surface of the hair fibres becomes uneven and the protective layer of the hair fibre disintegrates. Without the protective layer, the hair fibre is prone to micro-scarring and damage, which changes the way it interacts with light and leads to a dull appearance.&lt;/p&gt;\r\n&lt;p&gt;\r\n	HOW&lt;br /&gt;\r\n	Pantene’s non-colour depositing conditioner is designed to reinforce the structure of blonde highlighted hair and give it what it needs to reveal vibrant, glossy colour. Conditioning ingredients help revitalize and replenish highlighted hair while delivering brilliant shine and protecting from future damage. The result is healthy-looking hair rejuvenated with shimmering blonde highlights.&lt;/p&gt;\r\n&lt;p&gt;\r\n	USE&lt;br /&gt;\r\n	For rich, vibrant colour that’s shiny and healthy-looking, use with Pantene Pro-V Pantene COLOUR HAIR SOLUTIONS Highlighting Expressions™ Shampoo and Colour Nourishing Treatment.&lt;/p&gt;\r\n',''),(74,1,'Curls to straight Shampoo','','','&lt;p&gt;\r\n	YOUR HAIR’S STARTING POINT&lt;br /&gt;\r\n	Curly&lt;/p&gt;\r\n&lt;p&gt;\r\n	WHAT&lt;br /&gt;\r\n	Pantene Curly Hair Series Curls to Straight Shampoo gently removes build-up, adding softness and control to your curls. The cleansing formula helps align and smooth the hair fibers. The result is healthy-looking hair that’s protected from frizz and ready for straight styling.&lt;/p&gt;\r\n&lt;p&gt;\r\n	WHY&lt;br /&gt;\r\n	Research shows that each curly hair fibre grows in a unique pattern, twisting and turning in all directions. This unpredictable pattern makes it difficult to create and control straight styles. The curved fibres of curly hair intersect with each other more often than any other hair type, causing friction which can result in breakage. The curvature of the hair fibre also provides a large amount of volume in curly hair, which can be hard to tame.&lt;/p&gt;\r\n&lt;p&gt;\r\n	HOW&lt;br /&gt;\r\n	Pantene’s straight shampoo contains micro-smoothers that aid you in loosening and unwinding curls from their natural pattern. Curly hair is left ready for frizz controlled straight styling, and protected from styling damage.&lt;/p&gt;\r\n&lt;p&gt;\r\n	USE&lt;br /&gt;\r\n	For healthy-looking, curly hair that’s styled straight, use with Curls to Straight Conditioner and Anti-Frizz Straightening Crème.&lt;/p&gt;\r\n',''),(75,1,'Dove Men +Care Body Wash','','','&lt;p&gt;\r\n	A body and face wash developed for men\'s skin with Micromoisture technology.&lt;br /&gt;\r\n	Micromoisture activates on skin when lathering up, clinically proven to fight skin dryness.&lt;br /&gt;\r\n	Deep cleansing gel that rinses off easily. With purifying grains.&lt;br /&gt;\r\n	Dermatologist recommended.&lt;/p&gt;\r\n',''),(76,1,'Men+Care Clean Comfort Deodorant','','','&lt;p&gt;\r\n        The first scented deodorant from Dove® specifically designed with a non-irritating formula to give men the power of 48-hour protection against underarm odor with advanced ¼ moisturizer technology. The bottom line? It’s tough on odor, not on skin&lt;/p&gt;\r\n',''),(77,1,'Men+Care Active Clean Shower Tool','tool, man','','&lt;p&gt;\r\n	Dove® Men+CareTM Active Clean Dual-Sided Shower Tool works with body wash for extra scrubbing power you can’t get from just using your hands. The mesh side delivers the perfect amount of thick cleansing lather, and the scrub side helps exfoliate for a deeper clean. Easy to grip and easy to hang. For best results, replace every 4-6 weeks.&lt;/p&gt;\r\n',''),(78,1,'ck IN2U Eau De Toilette Spray for Him','','','&lt;p&gt;\r\n	Fresh but warm; a tension that creates sexiness.Spontaneous - sexy - connectedCK IN2U him is a fresh woody oriental that penetrates with lime gin fizz and rushes into a combination of cool musks that radiate from top to bottom and leaves you wanting more.&lt;/p&gt;\r\n',''),(79,1,'ck One Gift Set','','','&lt;p&gt;\r\n	2 PC Gift Set includes 3.4 oz EDT Spray + Magnets. Ck One Cologne by Calvin Klein, Two bodies, two minds, and two souls are merged into the heat and passion of one. This erotic cologne combines man and woman with one provocative scent. This clean, refreshing fragrance has notes of bergamot, cardamom, pineapple, papaya, amber, and green tea.&lt;/p&gt;\r\n',''),(50,1,'Skinsheen Bronzer Stick','','','&lt;p&gt;\r\n	Bronzes, shapes and sculpts the face. Sheer-to-medium buildable coverage that looks naturally radiant and sunny. Stashable - and with its M·A·C Surf, Baby look – way cool. Limited edition.&lt;/p&gt;\r\n',''),(51,1,'BeneFit Girl Meets Pearl','','','&lt;p&gt;\r\n	Luxurious liquid pearl…the perfect accessory! This soft golden pink liquid pearl glides on for a breathtakingly luminous complexion. Customise your pearlessence with the easy to use twist up package … a few clicks for a subtle sheen, more clicks for a whoa! glow. Pat the luminous liquid over make up or wear alone for dewy lit from within radiance. It\'s pure pearly pleasure. Raspberry and chamomile for soothing. Light reflecting pigments for exquisite radiance. Sweet almond seed for firming and smoothing. Sesame seed oil for moisturising.Fresh red raspberry scent.&lt;/p&gt;\r\n',''),(52,1,'Benefit Bella Bamba','','','&lt;p&gt;\r\n	Amplify cheekbones and create the illusion of sculpted features with this 3D watermelon blush. Laced with shimmering gold undertones, bellabamba is taking eye popping pretty to the third dimension…you’ll never use traditional blush again! Tip: For a poreless complexion that pops, sweep bellabamba on cheeks after applying professional&lt;/p&gt;\r\n',''),(53,1,'Tropiques Minerale Loose Bronzer','','','&lt;p&gt;\r\n	Precious earths, exclusively selected for their luxurious silky texture and gentle quality, are layered with mineral pigments in this lightweight powder to mimic the true color of tanned skin. Unique technology with inalterable earths ensures exquisite wear all day. Mineral blend smoothes complexion, while Aloe Vera helps protect skin from dryness.&lt;/p&gt;\r\n',''),(54,1,'L\'EXTRÊME Instant Extensions Lengthening Mascara','','','&lt;p&gt;\r\n	Extend your lashes up to 60% instantly! This exclusive Fibrestretch formula takes even the smallest natural lashes to dramatic lengths. The patented Extreme Lash brush attaches supple fibers to every eyelash for an instant lash extension effect.&lt;/p&gt;\r\n',''),(55,1,'LE ROUGE ABSOLU Reshaping &amp; Replenishing LipColour SPF 15','','','&lt;p&gt;\r\n	Smoother. Fuller. Absolutely replenished lips. This advanced lip color provides 6-hour care with continuous moisture and protective Vitamin E. Features plumping polymer and non-feathering color to define and reshape lips. Choose from an array of absolutely luxurious shades with a lustrous pearl or satin cream finish.&lt;/p&gt;\r\n',''),(56,1,'Waterproof Protective Undereye Concealer','','','&lt;p&gt;\r\n	This natural coverage concealer lets you instantly eliminate tell-tale signs of stress and fatigue. Provides complete, natural-looking coverage, evens skin tone, covers dark circles and minimizes fine lines around the eyes. The Result: A soft, matte finish&lt;/p&gt;\r\n',''),(57,1,'Delicate Oil-Free Powder Blush','','','&lt;p&gt;\r\n	A sparkling shimmer of colour for a radiant glow. Silky soft, micro-bubble formula glides on easily and evenly. Lasts for hours. Oil-free and oil-absorbing, yet moisture-balancing. Perfect for all skin types.&lt;/p&gt;\r\n',''),(58,1,'Product with stock locations','','','&lt;p&gt;\r\n	There are degrees of cover-up…some like less, some like more! Our blendable powder formula with SPF 15 goes on beautifully sheer &amp;amp; builds easily for customized coverage. Sweep on with the accompanying brush for a sheer, natural finish or apply with the sponge for full coverage or spot cover-up. Our 6 flattering shades (2 light, 2 medium, 2 deep) make it incredibly easy to find your perfect shade. Once gals apply &quot;hello flawless!&quot; they\'ll finally have met their match q!&lt;/p&gt;\r\n',''),(59,1,'Viva Glam Lipstick','','','&lt;p&gt;\r\n	Time to wham up the GLAM in VIVA GLAM! It\'s a gaga-glamorous look at our abiding passion: The M·A·C AIDS Fund and the VIVA GLAM program are the heart and soul of M·A·C Cosmetics. Ladies and gentlemen, we give you the sensational Cyndi Lauper and the electric Lady Gaga&lt;/p&gt;\r\n',''),(60,1,'Nail Lacquer','','','&lt;p&gt;\r\n	Revolutionary new high gloss formula. Three long-wearing finishes - Cream, Sheer, and Frosted. Visibly different. Provides no-streak/no-chip finish. Contains conditioners and UV protection. Go hi-lacquer!&lt;/p&gt;\r\n',''),(61,1,'Color Design Eye Brightening All in One 5 Shadow &amp; Liner Palette','','','&lt;p&gt;\r\n	Infinitely luminous. Sensationally smooth. All-in-one 5 shadow palette to brighten eyes. Lancome’s new versatile, all-in-one palette conveniently creates a full eye look for day or night. Experience the newest generation of luminosity as silky lustrous powders transparently wrap the skin, allowing a seamless layering of pure color for a silky sheen and radiant finish. Build with absolute precision and apply the shades in 5 simple steps (all over, lid, crease, highlighter and liner) to design your customized eye look. Contour, sculpt and lift in soft day colors or intensify with dramatic evening hues for smoldering smoky effects. Long wear, 8-hour formula. Color does not fade, continues to stay true&lt;/p&gt;\r\n',''),(62,1,'ck one shock for him Deodorant','','','&lt;p&gt;\r\n	Shock Off! cK one shock for him opens with pure freshness, the heart pulses with spice and finishes with a masculine tobacco musk. Experience ck one shock, the newest fragrance from Calvin Klein with this 2.6 oz Deodorant.&lt;/p&gt;\r\n',''),(63,1,'Pour Homme Eau de Toilette','','','&lt;p&gt;\r\n	An intriguing masculine fragrance that fuses the bracing freshness of Darjeeling tea with the intensity of spice and musk. For those seeking a discreet accent to their personality.&lt;/p&gt;\r\n',''),(64,1,'Beauty Eau de Parfum','','','&lt;p&gt;\r\n	Beauty by Calvin Klein is a sophisticated and feminine fragrance presenting a new scructure to modern florals. Radiating rich and intense luminosity; Beauty leaves a complex and memorable impression. Experience the glamour and strength with the Beauty Eau de Parfum&lt;/p&gt;\r\n',''),(65,1,'Absolue Eye Precious Cells','','','&lt;p&gt;\r\n	Smoothes – Tightens – Regenerates Radiance Exclusive innovation from Lancôme A powerful combination of unique ingredients – Reconstruction Complex and Pro-Xylane™ – has been shown to improve the condition around the stem cells, and stimulate cell regeneration to reconstruct skin to a denser quality*. Results Immediately, the eye contour appears smoother and more radiant. Day 7, signs of fatigue are minimized and the appearance of puffiness is reduced. Day 28, density is improved. Skin is soft and looks healthier. The youthful look of the eye contour is restored. Ophthalmologist – tested. Dermatologist – tested for safety.&lt;/p&gt;\r\n',''),(66,1,'Total Moisture Facial Cream','','','&lt;p&gt;\r\n	Say good-bye to dry skin and hello to “total moisture”. This facial cream provides concentrated immediate &amp;amp; long-term hydration for an ultra radiant complexion. Contains exclusive tri-radiance complex to help develop the skin’s reserves of water &amp;amp; reinforce skin’s moisture barrier for a radiantly refreshed complexion. For normal to dry skin.&lt;/p&gt;\r\n',''),(67,1,'Flash Bronzer Body Gel','','','&lt;p&gt;\r\n	Look irresistible! Discover the self-tanning results you dream of: Instant bronzed glowing body Enriched with natural caramel extract for an immediate, gorgeous, bronzed glow. Exquisitely beautiful tan The perfect balance of self-tanning ingredients helps to achieve an ideal color, providing an even, natural-looking, golden tan. Color development within 30 minutes, lasting up to 5 days. Transfer-resistant formula With an exclusive Color-Set™ complex that smoothes on without streaks, dries in 4 minutes and protects clothes against rub-off. Hydrating &amp;amp; smoothing action Leaves skin soft, smooth, and hydrated. Pure Vitamin E delivers antioxidant protection, helping to reduce signs of premature aging. Indulgent experience Delightfully scented with hints of jasmine and honey in a silky, non-greasy formula&lt;/p&gt;\r\n',''),(68,1,'Absolute Anti-Age Spot Replenishing Unifying TreatmentSPF 15','','','&lt;p&gt;\r\n	A luxurious and comprehensive hand treatment that addresses the special needs of mature hands. Diminishes and discourages the appearance of age spots, while replenishing and protecting the skin. RESULT: Immediately, skin on hands is hydrated, soft and luminous. With continued use, skin becomes more uniform, looks firmer and youthful.Massage into hands and cuticles as needed.&lt;/p&gt;\r\n',''),(69,1,'Seaweed Conditioner','','','&lt;p&gt;\r\n	What it is:&lt;br /&gt;\r\n	A lightweight detangler made with marine seaweed and spirulina.&lt;/p&gt;\r\n&lt;p&gt;\r\n	What it does:&lt;br /&gt;\r\n	This conditioner gently detangles, nourishes, softens, and helps to manage freshly washed hair.&lt;/p&gt;\r\n&lt;p&gt;\r\n	What it is formulated WITHOUT:&lt;br /&gt;\r\n	- Parabens&lt;/p&gt;\r\n&lt;p&gt;\r\n	What else you need to know:&lt;br /&gt;\r\n	Made with marine greens for practically anyone (and ideal for frequent bathers), this conditioner is best paired with Seaweed Shampoo. It\'s also safe for use on color-treated hair.&lt;/p&gt;\r\n&lt;p&gt;\r\n	-Sea Silk Extract: Nourishes scalp; promotes healthy looking hair.&lt;br /&gt;\r\n	-Ascophyllum Nudosum (Seaweed) Extract: Moisturizes; adds elasticity, luster, softness, body; reduces flyaways.&lt;br /&gt;\r\n	-Macrocystis Pyrifera (Sea Kelp) Extract: Adds shine and manageability.&lt;br /&gt;\r\n	-Spirulina Maxima Extract: Hydrates.&lt;/p&gt;\r\n',''),(70,1,'Eau Parfumee au The Vert Shampoo','','','&lt;p&gt;\r\n	Structured around the refreshing vitality and purtiy of green tea, Bvlgari Eau the Vert Shampoo is an expression of elegance and personal indulgence. Delicately perfumed Eau Parfumée au thé vert shampoo gentle cleansing action makes it perfect for daily use.&lt;/p&gt;\r\n',''),(71,1,'Pantene Pro-V Conditioner, Classic Care','','','&lt;p&gt;\r\n	Conditions hair for healthy shine. How Can You See Healthy Hair? Pantene Complete Therapy Conditioner has a unique pro-vitamin complex that deeply infuses every strand - So you see 6 signs of health hair: Shine; Softness; Strength; Body; Less Frizz; Silkiness. Pantene Complete Therapy Conditioner: The ultimate pro-vitamin therapy provides gentle daily nourishing moisture for enhanced shine; Helps hair detangle easily; Helps prevent frizz and flyaways. Simply use and in just 10 days - and very day after - see shiny hair that\'s soft with less frizz. Best of all, healthy Pantene hair that is strong and more resistant to damage. Made in USA.&lt;/p&gt;\r\n',''),(72,1,'Brunette expressions Conditioner','','','&lt;p&gt;\r\n	YOUR HAIR’S STARTING POINT&lt;br /&gt;\r\n	Colour-Treated or Highlighted&lt;/p&gt;\r\n&lt;p&gt;\r\n	WHAT&lt;br /&gt;\r\n	Pantene Pro-V COLOUR HAIR SOLUTIONS Brunette Expressions™ Conditioner hydrates hair for rich colour that is protected from daily stress and damage. This non-colour depositing formula works for all shades of brunette hair.&lt;/p&gt;\r\n&lt;p&gt;\r\n	WHY&lt;br /&gt;\r\n	Pantene uncovered that oxidative colouring changes hair’s surface. Internally, the chemistry in hair colour attacks strength-giving proteins in hair and makes the fibre more porous, leading to weaker hair and that fades more quickly. The surface of the hair fibres then becomes uneven and the protective layer of the hair fibre disintegrates. Without the protective layer, the hair fibre is prone to micro-scarring and damage, which changes the way it interacts with light and leads to a dull appearance.&lt;/p&gt;\r\n&lt;p&gt;\r\n	HOW&lt;br /&gt;\r\n	Pantene’s advanced Pro-Vitamin formula enhances brunette colour for great intensity and radiant shine. Non-colour depositing conditioning ingredients enhance and protect colour treated hair, while helping to restore shine to coloured strands. Hair is moisturized and infused with radiant shine.&lt;/p&gt;\r\n&lt;p&gt;\r\n	USE&lt;br /&gt;\r\n	For rich, vibrant colour that’s shiny and healthy-looking, use with Pantene Pro-V Pantene COLOUR HAIR SOLUTIONS Brunette Expressions™ Shampoo and Colour Nourishing Treatment.&lt;/p&gt;\r\n',''),(80,1,'Acqua Di Gio Pour Homme','','','&lt;p&gt;\r\n	A resolutely masculine fragrance born from the sea, the sun, the earth, and the breeze of a Mediterranean island. Transparent, aromatic, and woody in nature Aqua Di Gio Pour Homme is a contemporary expression of masculinity, in an aura of marine notes, fruits, herbs, and woods.&lt;/p&gt;\r\n&lt;p&gt;\r\n	Notes:&lt;br /&gt;\r\n	Marine Notes, Mandarin, Bergamot, Neroli, Persimmon, Rosemary, Nasturtium, Jasmine, Amber, Patchouli, Cistus.&lt;br /&gt;\r\n	Style:&lt;br /&gt;\r\n	Transparent, modern, and masculine.&lt;/p&gt;\r\n',''),(81,1,'Armani Eau de Toilette Spray ','','','&lt;p&gt;\r\n	This confidently masculine embodiment of the sophisticated ease and understated elegance of Giorgio Armani fashions - is a simply tailored, yet intensely sensual combination of sparkling fresh fruits, robust spices, and rich wood notes.&lt;br /&gt;\r\n	Notes:&lt;br /&gt;\r\n	Lime, Bergamot, Mandarin, Sweet Orange, Petitgrain, Cinnamon, Clove, Nutmeg, Jasmine, Neroli, Coriander, Lavender, Oakmoss, Sandalwood, Patchouli, Vetiver, Cedar.&lt;br /&gt;\r\n	Style:&lt;br /&gt;\r\n	Fresh, masculine, and discreet.&lt;/p&gt;\r\n',''),(82,1,'Armani Code after shave balm','','','&lt;p&gt;\r\n	Splash on this refreshing balm post-shave to soothe and calm the skin. Scents skin with a hint of seductive Code.&lt;br /&gt;\r\n	&lt;br /&gt;\r\n	Ingredients&lt;br /&gt;\r\n	Alcohol, Aqua/Water/Eau, Parfum/Fragrance, PEG 8, PEG 60 Hydrogenated Castor Oil, BHT, Allantoin (Comfrey Root), Linalool, Geraniol, Alpha Isomethyl Ionone, Coumarin, Limonene, Hydroxyisohexl 3 Cyclohexene Carboxaldehyde, Hydroxycitronellal, Citronellol, Citral, Butylphenyl Methlyproprional, Hexylcinnamal&lt;/p&gt;\r\n',''),(83,1,'Armani Code Sport','','','&lt;p&gt;\r\n	Sport. It\'s a rite of seduction. A vision of Giorgio Armani, translated into a fragrance.&lt;br /&gt;\r\n	&lt;br /&gt;\r\n	This scent opens with an explosive freshness that features spearmint, peppermint, and wild mint—surprising and unusual top notes with a stunning effect. The citrusy heart of the fragrance reveals Code Sport\'s seductive power. Notes of vetiver from Haiti reveal a woody and distinguished character, at once wet and dry. Like a crisp coating of ice, a note of hivernal prolongs the dialogue between the scent\'s cool crispness and sensual breath, giving the fragrance an almost unlimited life.&lt;br /&gt;\r\n	&lt;br /&gt;\r\n	Notes:&lt;br /&gt;\r\n	Spearmint, Peppermint, Wild Mint, Citrus, Hivernal, Hatian Vetiver, Nigerian Ginger.&lt;br /&gt;\r\n	Style:&lt;br /&gt;\r\n	Stunning. Cool. Seductive.&lt;/p&gt;\r\n',''),(84,1,'Armani Code Pour Femme','','','&lt;p&gt;\r\n	A seductive new fragrance for women, Armani Code Pour Femme is a fresh, sexy, feminine blend of zesty blood orange, ginger, and pear sorbet softened with hints of sambac jasmine, orange blossom, and lavender honey, warmed with precious woods and vanilla.&lt;br /&gt;\r\n	&lt;br /&gt;\r\n	Notes:&lt;br /&gt;\r\n	Blood Orange, Ginger, Pear Sorbet, Sambac Jasmine, Orange Blossom, Seringa Flower, Lavender Honey, Precious Woods Complex, Vanilla.&lt;br /&gt;\r\n	Style:&lt;br /&gt;\r\n	Fresh. Sexy. Feminine.&lt;/p&gt;\r\n',''),(85,1,'Forbidden euphoria Eau de Parfum Spray ','','','&lt;p&gt;\r\n	Possessing an innate confidence and sophistication, she is just starting to explore her sexuality. What she doesn\'t yet know is that she already is every man\'s fantasy.&lt;br /&gt;\r\n	&lt;br /&gt;\r\n	A younger interpretation of Euphoria, this fruity floriental scent capitalizes on a modern, fresh sexiness with a mysterious twist. Its sparkling top notes seduce the senses with a blend of forbidden fruit such as mandarin, passion fruit, and iced raspberry. The heart blooms with a hypnotic bouquet of tiger orchid and jasmine. Underneath its exotic floralcy lies a layer of addictive patchouli and a sophisticated blend of musks and cashmere woods for an everlasting impression.&lt;br /&gt;\r\n	&lt;br /&gt;\r\n	Notes:&lt;br /&gt;\r\n	Sparkling Mandarin, Peach Blossom, Iced Raspberry, Pink Peony, Tiger Orchid, Jasmine, Cashmere Woods, Patchouli Absolute, Skin Musk.&lt;br /&gt;\r\n	Style:&lt;br /&gt;\r\n	Sophisticated. Confident. Forbidden.&lt;/p&gt;\r\n',''),(86,1,'Euphoria Men Intense Eau De Toilette Spray','','','&lt;p&gt;\r\n	Launched by the design house of Calvin Klein in 2008, EUPHORIA MEN INTENSE is a men\'s fragrance that possesses a blend of Rain Water, Pepper, Ginger, Sage, Frosted Sudachi, Cedar leaf, Patchouli, Myrrh, Labdanum, Amber Solid, Vetiver&lt;/p&gt;\r\n',''),(87,1,'MAN Eau de Toilette Spray','','','&lt;p&gt;\r\n	Man by Calvin Klein was launched in October of 2007 and proposed as a new classic for the modern Calvin Klein man, aged from 25 to 40. The name itself is programmatic and unambiguous, like an English translation of L\'Homme by Yves Saint Laurent. Simple, brief, to the point. You are going to smell the essence of masculinity if you are to take your cue from the name of the fragrance. The packaging is sleek, modernist, with an architectural sense of proportions and looks good. The fragrance was created by perfumers Jacques Cavallier and Harry Fremont from Firmenich in collaboration with consultant Ann Gottlieb. All these people are old hands at marketing successful mainstream fragrances. Man offers therefore a mainstream palatability but without coming across as depersonalized. It plays the distinctiveness card, but in a well reined in manner. The fragrance bears a typical masculine fresh aromatic, woody and spicy signature around the linear heart of the scent which itself is dark, fruity, and sweet enough to feel feminine. This rich amber-fruity accord is made even more seductive thanks to just the right amount of citrus-y counterpoint, which never clarifies the scent but on the contrary helps to deepen the dark fruity sensation.&lt;br /&gt;\r\n	&nbsp;&lt;/p&gt;\r\n',''),(88,1,'ck one Summer 3.4 oz','','','&lt;p&gt;\r\n	It\'s a concert on a hot summer night. The stage is set and the show\'s about to start. Feel the breeze, catch the vibe, and move to the beat with the pulsating energy of this limited-edition fragrance. A unisex scent, it is fresh, clean, and easy to wear. The fragrance opens with a burst of crisp melon. In the heart notes, an invigorating blend of green citrus and the zesty herbaceous effect of verbena creates a cool, edgy freshness. A base of exotic incense and earthy oakmoss is wrapped in the light, sensuous warmth of cedarwood, musk, and peach skin. Notes:Tangerine, Water Fern, Melon, Lemon, Sea Breeze Accord, Blue Freesia, Verbena, Rhubarb, Cedarwood, Skin Musk, Incense, Peach Skin. Style:Invigorating. Crisp. Cool.&lt;/p&gt;\r\n',''),(89,1,'Secret Obsession Perfume','','','&lt;p&gt;\r\n	Calvin Klein Secret Obsession eau de parfum spray for women blends notes of forbidden fruits, exotic flowers and a sultry wood signature to create an intoxicating aroma that is provocative and addictive.Calvin Klein is one of World of Shops most popular brands, and this Calvin Klein Secret Obsession eau de parfum spray for women is a firm favourite amongst our customers for its deep, feminine aroma that is perfect for those special evenings out.&lt;/p&gt;\r\n',''),(90,1,'Obsession Night Perfume','','','&lt;p&gt;\r\n	Launched by the design house of Calvin Klein in 2005, OBSESSION NIGHT is a women\'s fragrance that possesses a blend of gardenia, tonka bean, bergamot, vanilla, sandalwood, jasmine, rose, amber, muguet and mandarin. It is recommended for evening wear.&lt;/p&gt;\r\n&lt;p&gt;\r\n	Ingredients&lt;br /&gt;\r\n	Notes: Bergamot, Bitter Orange, Mandarin, White Floral, Angelica Root, Gardenia, Rose, Muguet, Night-Blooming Jasmine, Vanilla, Tonka Bean, Amber, Labdanum, Sandalwood, Cashmere Wood&lt;/p&gt;\r\n',''),(91,1,'Jasmin Noir Body Lotion 6.8 fl oz','','','&lt;p&gt;\r\n	A bath collection for the body, scented with the Jasmin Noir fragrance. A tribute to ultimate femininity. Seduction and personal indulgence.&lt;br /&gt;\r\n	Body Lotion Fragrance: The new emblematic creation within the Bvlgari Pour Femme Collection Jasmin Noir, perfectly embodies the luxury and prestige of Bvlgari fine jewelry.&lt;br /&gt;\r\n	Jasmin Noir is a flower of the imagination. Precious jasmine, white and immaculate, in its noire interpretation. A flower of pure mystery. A rich and delicate flower that at nightfall, reveals its intriguing sensuality. A precious floral woody fragrance with ambery accents centered around one of the true jewels of perfumery: the jasmin flower. A scent that conjures forth the bewildering seductiveness of feminity as elegant as it is profoundly sensual.&lt;br /&gt;\r\n	Jasmin Noir tells a voluptuous floral story that begins with the pure radiance of luminous light given by green and scintillating notes: Vegetal Sap and fresh Gardenia Petals. Then, tender and seductive, the Sambac Jasmine Absolute, delivers its generous and bewitching notes. Unexpectedly allied with a transparent silky almond accord, it reveals a heart that is light yet thoroughly exhilarating and marvelously addictive. The scent\'s sumptuously rich notes repose on a bed of Precious Wood and ambery undertones, bringing together the depth and mystery of Patchouli, the warmth of Tonka Bean and the comfort of silky Musks for an elegant and intimate sensuality.&lt;br /&gt;\r\n	An exquisite fragrance of incomparable prestige, Jasmin Noir captures the very essence of the jeweler.&lt;br /&gt;\r\n	Made in Italy&lt;br /&gt;\r\n	&nbsp;&lt;/p&gt;\r\n',''),(92,1,'Body Cream by Bulgari','','','&lt;p&gt;\r\n	BVLGARI (Bulgari) by Bvlgari Body Cream 6.7 oz for Women Launched by the design house of Bvlgari in 1994, BVLGARI is classified as a refined, floral fragrance. This feminine scent possesses a blend of violet, orange blossom, and jasmine. Common spellings: Bulgari, Bvlgary, Bulgary.&lt;/p&gt;\r\n',''),(93,1,'Creme Precieuse Nuit 50ml','','','&lt;p&gt;\r\n	A luxurious, melting night cream to repair skin during sleep Features Polypeptides that boost production of collagen &amp;amp; elastin Improves skin elasticity &amp;amp; firmness Visibly reduces appearance of wrinkles, fine lines &amp;amp; brown spots Enriched with Bvlgari Gem Essence to restore radiance Skin appears smooth, energized &amp;amp; luminous in morning Perfect for all skin types&lt;/p&gt;\r\n',''),(94,1,'Night Care Crema Nera Obsidian Mineral Complex','','','&lt;p&gt;\r\n	When it comes to body, skin or eye care, you want to look to our products and you will find the best there is. These are the most exceptional personal care products available. They meet the strictest standards for quality sourcing, environmental impact, results and safety. Our body care products truly allows you to be good to your whole body.&lt;/p&gt;\r\n&lt;p&gt;\r\n	Giorgio Armani - Cream Nera - Night Care Crema Nera Obsidian Mineral Complex3 Restoring Cream SPF 15 50ml/1.69oz A lavish, fresh &amp;amp; weightless anti-aging creamProvides shielding &amp;amp; moisturizing benefitsDeveloped with Obsidian Mineral Complex technology Formulated with iron, silicon &amp;amp; perlite to create a potent dermal restructuring system Contains Pro-XylaneTM &amp;amp; Hyaluronique Acid Targets loss of substance, sagging of features &amp;amp; deepening of wrinkles Reveals firmer, sleeker &amp;amp; plumper skin in a youthful look. With a fabulous Skincare product like this one, you\'ll be sure to enjoy the ultimate in a Skincare experience with promising results.&lt;/p&gt;\r\n',''),(95,1,'Skin Minerals For Men Cleansing Cream','','','&lt;p&gt;\r\n	Ultra-purifying skincare enriched with essential moisturizing minerals, designed to instantly moisturize / purify the skin.&lt;br /&gt;\r\n	Active Ingredients&lt;br /&gt;\r\n	- Sodium and Potassium System: to preserve cutaneous hydration.&lt;br /&gt;\r\n	- Salicylic Acid and Hamamelis Extract: to tighten the pores and tone skin.&lt;br /&gt;\r\n	High Performances: the figures.&lt;br /&gt;\r\n	Self-assessment*:&lt;br /&gt;\r\n	- leaves the skin clean 100%&lt;br /&gt;\r\n	- leaves the skin comfortable 93%&lt;br /&gt;\r\n	- leaves the skin smooth 95%&lt;br /&gt;\r\n	- skin complexion is uniform 89%&lt;br /&gt;\r\n	- skin texture is refined 80%&lt;br /&gt;\r\n	* use test: 60 men 20 -65 years old 4 weeks of self-assessment&lt;/p&gt;\r\n',''),(96,1,'Eye master','','','&lt;p&gt;\r\n	The volcanic force of minerals concentrated in multi action skincare specifically designed to target wrinkles, bags and dark circles of the delicate eye area. To combat signs of aging and fatigue and visibly improve skin quality.&lt;br /&gt;\r\n	Active Ingredients&lt;br /&gt;\r\n	- Volcanic Complex: an innovative combination of energy charged minerals, inspired by volcanic rocks&lt;br /&gt;\r\n	- Caffeine extract: to fight puffiness&lt;br /&gt;\r\n	- Conker and butcher’s broom extracts to stimulate cutaneous blood micro-circulation&lt;br /&gt;\r\n	High Performances: the figures.&lt;br /&gt;\r\n	Proven immediate anti-puffiness action*:&lt;br /&gt;\r\n	- 15 minutes after application –19%&lt;br /&gt;\r\n	*instrumental test, 40 men, 42-65 years old&lt;br /&gt;\r\n	Self-assessment&lt;br /&gt;\r\n	- instantly revitalizes skin 77%**&lt;br /&gt;\r\n	- wrinkles appear reduced 78%***&lt;br /&gt;\r\n	- diminishes the appearance of dark circles 68%***&lt;br /&gt;\r\n	** use test, 40 men 42-65 years old, single application, self-assessment&lt;br /&gt;\r\n	*** use test, 40 men 42-65 years old, 4 weeks, self-assessment&lt;/p&gt;\r\n',''),(97,1,'Eye Rejuvenating Serum','','','&lt;p&gt;\r\n	The first advanced rejuvenating ‘weapon’ thanks to a corrective and smoothing texture and a power amplifying applicator.&lt;br /&gt;\r\n	The alliance of the [3.R] technology combined with an intensive re-smoothing system.&lt;br /&gt;\r\n	The eye rejuvenation serum also comes in an easily portable tube that boasts a silver bevelled applicator to ensure a good delivery of the product to the eye area as well as offering a means to improve circulation and reduce puffiness and eye bags.&lt;/p&gt;\r\n&lt;p&gt;\r\n	Rarely women have been so convinced of its efficiency on skin rejuvenation:&lt;/p&gt;\r\n&lt;p&gt;\r\n	EYE CONTOUR LOOKS SMOOTHER 85%*&lt;br /&gt;\r\n	EYES LOOK YOUNGER 91%*&lt;br /&gt;\r\n	EYE PUFFINESS LOOKS SOFTENED 83%*&lt;/p&gt;\r\n&lt;p&gt;\r\n	*% of women – self assessment on 60 women after 4 weeks&lt;/p&gt;\r\n',''),(98,1,'Shaving cream','','','&lt;p&gt;\r\n	Moisturizing, charged with minerals and enriched with ultra softening agents. Its specific formula ensures an optimal, extremely gentle shave. Even four hours after shaving, the skin remains hydrated, soft and supple.&lt;br /&gt;\r\n	Active Ingredients&lt;br /&gt;\r\n	- Sodium and Potassium System: to preserve cutaneous hydration&lt;br /&gt;\r\n	- Bisabolol: to soothe skin&lt;br /&gt;\r\n	High Performances: the figures.&lt;br /&gt;\r\n	Measurements 4 hours after shaving:&lt;br /&gt;\r\n	- skin hydration +29%*&lt;br /&gt;\r\n	- skin softness +61%**&lt;br /&gt;\r\n	- skin suppleness +18%**&lt;br /&gt;\r\n	- skin dryness -39%**&lt;/p&gt;\r\n&lt;p&gt;\r\n	&lt;br /&gt;\r\n	* instrumental test, 20 men, 20-70 years old&lt;br /&gt;\r\n	** clinical scorage, 20 men, 20-70 years old&lt;/p&gt;\r\n',''),(99,1,'Fluid shine nail polish','','','&lt;p&gt;\r\n	Luxurious color at your fingertips. Fluid shine coats nails with intense shine and long-lasting, sophisticated color. The essential accessory to any makeup wardrobe.&lt;/p&gt;\r\n&lt;p&gt;\r\n	Discover the Bronze collection 2010&lt;br /&gt;\r\n	Finish this season’s high summer look with a cranberry n°43 or blackberry n°44 nail, to echo the wet lips with intense color.&lt;/p&gt;\r\n',''),(100,1,'Smooth silk lip pencils','','','&lt;p&gt;\r\n	An incredibly soft lip pencil for subtle, precise definition. The silky texture allows for easy application and flawless results. To extend the hold of your lip color, fill lips in completely with Smooth silk lip pencil before applying your lipstick. Choose from a wide range of shades to complement every color in your lipstick wardrobe.&lt;/p&gt;\r\n',''),(101,1,'Pro-V Color Hair Solutions Color Preserve Shine Conditioner','pantene, shampoo','','&lt;p&gt;\r\n	PANTENE\'s color preserve shine shampoo and conditioner system with micro-polishers smoothes and refinishes the hair’s outer layer. So your hair reflects light and shines brilliantly. Help preserve your multi-dimensional color.&lt;/p&gt;\r\n&lt;p&gt;\r\n	&lt;strong&gt;Product Features&lt;/strong&gt;&lt;br /&gt;\r\n	Micro-polishers smooth the outer layer of hair to help Protect color and leave hair shiny&lt;br /&gt;\r\n	Lightweight moisturizers provide protection against damage&lt;br /&gt;\r\n	Designed for color-treated hair; Gentle enough for permed hair&lt;/p&gt;\r\n&lt;p&gt;\r\n	&lt;strong&gt;Ingredients&lt;/strong&gt;&lt;br /&gt;\r\n	Water, Stearyl Alcohol, Behentrimonium Methosulfate, Cetyl Alcohol, Fragrance, Bis-Aminopropyl Dimethicone, Isopropyl Alcohol, Benzyl Alcohol, Disodium EDTA, Panthenol, Panthenyl Ethyl Ether, Methylchloroisothiazolinone, Methylisothiazolinone&lt;/p&gt;\r\n&lt;p&gt;\r\n	&nbsp;&lt;/p&gt;\r\n',''),(102,1,'Gucci Guilty','gicci, spray','','&lt;ul&gt;\r\n	&lt;li&gt;\r\n		Notes Consist Of Mandarin, Pink Pepper, Peach, Lilac, Geranium, Amber And Patchouli&lt;/li&gt;\r\n	&lt;li&gt;\r\n		For Casual Use&lt;/li&gt;\r\n&lt;/ul&gt;\r\n&lt;p&gt;\r\n	&lt;em&gt;Gucci Guilty&lt;/em&gt; is a warm yet striking oriental floral with hedonism at its heart.&lt;br /&gt;\r\n	&lt;br /&gt;\r\n	The scent seizes the attention with a flamboyant opening born of the natural rush that is mandarin shimmering alongside an audacious fist of pink pepper.&lt;br /&gt;\r\n	&lt;br /&gt;\r\n	The middle notes are an alluring concoction of heady lilac and geranium, laced with the succulent tactility of peach - all velvet femininity with a beguiling hint of provocation.&lt;br /&gt;\r\n	&lt;br /&gt;\r\n	The patchouli that is the hallmark of Gucci fragrances here conveys a message of strength, while the voluptuousness of amber suggests deep femininity.&lt;/p&gt;\r\n',''),(103,1,'Jasmin Noir L\'Essence Eau de Parfum Spray 75ml','','','&lt;p&gt;\r\n	A carnal impression of the immaculate jasmine flower, Bvlgari Jasmin Noir L\'Essence dresses the purity of the bloom in jet black mystery.&lt;br /&gt;\r\n	&lt;br /&gt;\r\n	The fragrance is a more concentrated Eau de Parfum than the original Jasmin Noir, a blend of rare and precious ingredients that are more seductive, and more addictive than ever before. The profoundly sensual elixir captivates the senses, and enchants its wearer with its generous and bewitching touches.&lt;br /&gt;\r\n	&lt;br /&gt;\r\n	A luminous bottle that honours the heritage of Bvlgari.&lt;/p&gt;\r\n',''),(104,1,'Calvin Klein Obsession For Women EDP Spray','','','&lt;p&gt;\r\n	Citrus, vanilla and greens lowering to notes of sandalwood, spices and musk. Recommended Use daytime&lt;/p&gt;\r\n&lt;p&gt;\r\n	&lt;em&gt;\'Obsession\'&lt;/em&gt; perfume was launched by the design house of Calvin Klein in 1985&lt;/p&gt;\r\n&lt;p&gt;\r\n	When you think about Calvin Klein, initially you think of his clothing line – specifically his jeans and underwear lines (not to mention the famous ad with a young Brooke Shields). But Calvin Klein’s penchant for perfume was equally as cutting edge as his foray into fashion.&lt;/p&gt;\r\n',''),(105,1,'Bvlgari Aqua','','','&lt;p&gt;\r\n	Bvlgari Aqua (Pour Homme) Eau De Toilette Spray is an enticing and fresh cologne that exudes masculinity from its unique blend of amber santolina, posidonia and mandarin.&lt;/p&gt;\r\n&lt;p&gt;\r\n	Bvlgari Aqua (Pour Homme) Eau De Toilette Spray scent lasts throughout the day without having an overpowering smell. It is subtle enough for daytime use and masculine enough for night wear.&lt;/p&gt;\r\n',''),(106,1,'Omnia Eau de Toilette 65ml','bvlgary, omnia, EDT','','&lt;p&gt;\r\n	Choose Your scent&lt;/p&gt;\r\n&lt;p&gt;\r\n	&nbsp;&lt;/p&gt;\r\n&lt;p&gt;\r\n	&lt;strong&gt;Omnia Coral:&lt;/strong&gt; Inspired by the shimmering hues of precious red coral, Omnia Coral is a radiant floral-fruity Eau de Toilette of tropical Hibiscus and juicy Pomegranate, reminiscent of Summer, the sun, resplendent nature and far-off oceans.&lt;/p&gt;\r\n&lt;p&gt;\r\n	&lt;strong&gt;Omnia Amethyst:&lt;/strong&gt; Inspired by the shimmering hues of the amethyst gemstone, this floral Eau de Toilette captures the myriad scents of Iris and Rose gardens caressed with morning dew.&lt;/p&gt;\r\n&lt;p&gt;\r\n	&lt;strong&gt;Omnia Crystalline:&lt;/strong&gt; Created from the glowing clarity and purity of crystal, Omnia Crystalline is a sparkling jewel of light, illuminating and reflecting the gentle sensuality and luminous femininity. Sparkling like a precious jewel, like the rarest of crystals, in an exquisite jewel flacon.&lt;/p&gt;\r\n',''),(107,1,'Lancome Slimissime 360 Slimming Activating Concentrate Unisex Treatment','','','&lt;ul&gt;\r\n	&lt;li&gt;\r\n		An anti-cellulite body treatment&lt;/li&gt;\r\n	&lt;li&gt;\r\n		Features a special gel-cream texture &amp;amp; a quick-dissolving formula&lt;/li&gt;\r\n	&lt;li&gt;\r\n		Formulated with an exclusive 360 Complex&lt;/li&gt;\r\n&lt;/ul&gt;\r\n&lt;p&gt;\r\n	An anti-cellulite body treatment. Features a special gel-cream texture &amp;amp; a quick-dissolving formula. Formulated with an exclusive 360 Complex. Helps combat presence of cellulite &amp;amp; reduce existing cellulite. Provides immediate invigorating &amp;amp; firming results. Concentrated with micro-pearl particles to illuminate skin. Creates svelte &amp;amp; re-sculpted body contours....&lt;/p&gt;\r\n',''),(108,1,'Lancome Hypnose Doll Lashes Mascara 4-Piece Gift Set','','','&lt;p&gt;\r\n	&nbsp;Lancome Hypnose Doll Lashes Mascara 4-Piece Gift Set! Limited Edition!&lt;/p&gt;\r\n&lt;ol&gt;\r\n	&lt;li&gt;\r\n		0.22 oz full-size Hypnôse Doll Lashes Mascara in Black&lt;/li&gt;\r\n	&lt;li&gt;\r\n		0.07 oz full-size Le Crayon Khol Eyeliner in Black Ebony&lt;/li&gt;\r\n	&lt;li&gt;\r\n		0.07 oz travel-size Cils Booster XL Super Enhancing Mascara Base&lt;/li&gt;\r\n	&lt;li&gt;\r\n		1.7 fl oz travel-size Bi-Facil Double-Action Eye Makeup Remover&lt;/li&gt;\r\n&lt;/ol&gt;\r\n',''),(109,1,'Lancome Visionnaire Advanced Skin Corrector','','','&lt;p&gt;\r\n	Lancôme innovates with VISIONNAIRE [LR 2412 &nbsp;4%], its ?rst&nbsp;skincare product formulated to fundamentally recreate truly&nbsp;beautiful skin.&lt;br /&gt;\r\n	&lt;br /&gt;\r\n	A Lancôme technological breakthrough has identi?ed&nbsp;a miraculous new molecule.&lt;br /&gt;\r\n	&lt;br /&gt;\r\n	The name of this molecule: LR 2412.&lt;br /&gt;\r\n	&lt;br /&gt;\r\n	A molecule that is able to “self-propel” through the layers&nbsp;of the epidermis, to set off a series of tissular micro-transformations.&nbsp;The result is that skin is visibly transformed: the texture is ?ner,&nbsp;wrinkles are erased, pigmentary and vascular irregularities are&nbsp;reduced and pores are tightened.&lt;/p&gt;\r\n&lt;p&gt;\r\n	&nbsp;&lt;/p&gt;\r\n&lt;p&gt;\r\n	&lt;em&gt;Download Presentation file after order.&lt;/em&gt;&lt;/p&gt;\r\n',''),(110,1,'Flora By Gucci Eau Fraiche','','','&lt;ul&gt;\r\n	&lt;li&gt;\r\n		Perfect for all occasions&lt;/li&gt;\r\n	&lt;li&gt;\r\n		This item is not a tester; New and sealed&lt;/li&gt;\r\n	&lt;li&gt;\r\n		Contains natural ingredients&lt;/li&gt;\r\n&lt;/ul&gt;\r\n&lt;p&gt;\r\n	Gucci presents the new spring version of this perfume called flora by Gucci eau fraiche in 2011. Even younger, more airy, vivid, sparkling and fresher than the original, the new fragrance is enriched with additional aromas of citruses in the top notes and aquatic and green nuances in the heart, while the base remains unchanged. The composition begins with mandarin, bergamot, kumquat, lemon and peony. The heart is made of rose petals and Osman thus with green and aquatic additions, laid on the base of sandalwood, patchouli and pink pepper.&lt;/p&gt;\r\n',''),(111,1,'New French With Ease (1 book + 1 mp3 CD)','','','This title is available in book and CD. All Assimil courses are based on intuitive assimilations[registered], an original principle that is simple yet highly effective. Assimil has taken this natural process, through which you learned to speak your own language, and adapted it to their book and audio courses. Working progressively, with natural, lively dialogues, simple text notes and exercises, you will progress steadily to a level where you are able to converse in everyday situations. The first part of the course is the passive phase: you immerse yourself in the language by reading and repeating each lesson. During the second, the active phase, you use the structures and reflexes you have already absorbed while continuing to advance and learn. In just a few months, you will be able to speak French easily, fluently and naturally.&lt;br /&gt;\r\n&amp;nbsp;\r\n&lt;ul style=&quot;color: rgb(51, 51, 51); padding: 0px; list-style-type: none; font-size: 13px; font-family: verdana, arial, helvetica, sans-serif; line-height: 19px; orphans: auto; text-align: start; text-indent: 0px;&quot;&gt;\r\n	&lt;li&gt;Audio CD: 610 pages&lt;/li&gt;\r\n	&lt;li&gt;Publisher: ASSiMiL (3 April 2008)&lt;/li&gt;\r\n	&lt;li&gt;Language: English&lt;/li&gt;\r\n	&lt;li&gt;ISBN-10: 2700570057&lt;/li&gt;\r\n	&lt;li&gt;ISBN-13: 978-2700570052&lt;/li&gt;\r\n	&lt;li&gt;Product Dimensions: 23.6 x 17.8 x 5.1 cm&lt;/li&gt;\r\n&lt;/ul&gt;\r\n',''),(112,1,'The Miracle Morning: The Not-So-Obvious Secret Guaranteed to Transform Your Life','','','What if you could miraculously wake up tomorrow and any&amp;mdash;or every area of your life was transformed? What would be different? Would you be happier? Healthier? More successful? In better shape? Would you have more energy? Less Stress? More Money? Better relationships? Which of your problems would be solved?&lt;br /&gt;\r\n&amp;nbsp;\r\n&lt;ul style=&quot;color: rgb(51, 51, 51); font-family: Arial, sans-serif; font-size: 13px; font-style: normal; font-variant: normal; font-weight: normal;&quot;&gt;\r\n	&lt;li&gt;&lt;b style=&quot;font-weight: 700; font-family: verdana, arial, helvetica, sans-serif;&quot;&gt;Print Length:&lt;/b&gt; 172 pages&lt;/li&gt;\r\n	&lt;li&gt;&lt;b style=&quot;font-weight: 700; font-family: verdana, arial, helvetica, sans-serif;&quot;&gt;Page Numbers Source ISBN:&lt;/b&gt; 0979019710&lt;/li&gt;\r\n	&lt;li&gt;&lt;b style=&quot;font-weight: 700; font-family: verdana, arial, helvetica, sans-serif;&quot;&gt;Publication Date:&lt;/b&gt; December 7, 2012&lt;/li&gt;\r\n	&lt;li&gt;&lt;b style=&quot;font-weight: 700; font-family: verdana, arial, helvetica, sans-serif;&quot;&gt;Language:&lt;/b&gt; English&lt;/li&gt;\r\n	&lt;li&gt;&lt;b style=&quot;font-weight: 700; font-family: verdana, arial, helvetica, sans-serif;&quot;&gt;ASIN:&lt;/b&gt; B00AKKS278&lt;/li&gt;\r\n&lt;/ul&gt;\r\n\r\n&lt;hr /&gt;\r\nAbout the Author\r\n&lt;p&gt;At age 20, Hal Elrod was hit head on by a drunk driver at 70 mph, was dead for 6 minutes, and doctors told his parents that if Hal ever came out of his coma, he had permanent brain damage and may never walk again. After 6 days of fighting for his life, Hal proved that we all have the ability to overcome any obstacle and create the life of our dreams. Not only did he walk, he became an ultra-marathon runner, hall of fame business achiever, international Keynote Speaker, Success Coach, husband, father, hip-hop recording artist, and multiple time #1 bestselling author of &amp;quot;The Miracle Morning: The Not-So-Obvious Secret Guaranteed To Transform Your Life... (Before 8AM)&amp;quot; and &amp;quot;Taking Life Head On: How To Love the Life You Have While You Create the Life of Your Dreams&amp;quot;&amp;mdash;two of the highest rated and most acclaimed books on Amazon.com. (Just read a few of the 200+ five-star reviews, and you&amp;rsquo;ll see why.) Hal has appeared on dozens of radio and TV shows, and he&amp;rsquo;s been featured in numerous books, including The Education of Millionaires, Cutting Edge Sales, Living College Life in the Front Row, The Author&amp;rsquo;s Guide To Building An Online Platform, The 800-Pound Gorilla of Sales and the bestselling Chicken Soup for the Soul series. To contact Hal about media appearances, speaking at your event, or if you just want to receive free training videos and resources, visit www.YoPalHal.com. To connect with Hal on Twitter, follow @HalElrod, and on Facebook at www.Facebook.com/YoPalHal.&lt;/p&gt;\r\n',''),(113,1,'Paper Towns by John Green','','','&lt;strong&gt;Winner of the Edgar Award&lt;br /&gt;\r\nThe #1 New York Times Bestseller&lt;br /&gt;\r\nPublishers Weekly and USA Today Bestseller&lt;/strong&gt;&lt;br /&gt;\r\n&lt;br /&gt;\r\n&lt;em&gt;Millions of Copies Sold&lt;/em&gt;&lt;br /&gt;\r\n&lt;br /&gt;\r\nQuentin Jacobsen has spent a lifetime loving the magnificent Margo Roth Spiegelman from afar. So when she cracks open a window and climbs back into his life&amp;mdash;summoning him for an ingenious campaign of revenge&amp;mdash;he follows. When their all-nighter ends and a new day breaks, Margo has disappeared. But Q soon learns that there are clues&amp;mdash;and they&amp;rsquo;re for him. Embarking on an exhilarating adventure to find her, the closer Q gets, the less he sees the girl he thought he knew.&lt;br /&gt;\r\n&lt;br /&gt;\r\nOctober 2008&lt;br /&gt;\r\n352 pages&lt;br /&gt;\r\nISBN 9781101010938&lt;br /&gt;\r\nTitle: Paper Towns&lt;br /&gt;\r\nAuthor: John Green',''),(114,1,'Allegiant by Veronica Roth','','','Now includes an excerpt from the upcoming Four: A Divergent Collection.&lt;br /&gt;\r\n&lt;br /&gt;\r\nWhat if your whole world was a lie? What if a single revelation&amp;mdash;like a single choice&amp;mdash;changed everything? What if love and loyalty made you do things you never expected?&lt;br /&gt;\r\nThe explosive conclusion to Veronica Roth&amp;#39;s #1 New York Times bestselling Divergent trilogy reveals the secrets of the dystopian world that has captivated millions of readers in &lt;em&gt;Divergent&lt;/em&gt; and &lt;em&gt;Insurgent&lt;/em&gt;.&lt;br /&gt;\r\n&lt;br /&gt;\r\nOctober 2013&lt;br /&gt;\r\n544 pages&lt;br /&gt;\r\nISBN 9780062209276&lt;br /&gt;\r\nTitle: Allegiant&lt;br /&gt;\r\nAuthor: Veronica Roth',''),(115,1,'Fiorella Purple Peep Toes','','','Add more charm to your casual footwear collection with these purple peep toes from the house of Fiorella. Featuring a non-leather upper and lining, these slip-ons ate high on durability and style. While the wedge heels add extra inches to your silhouette, the resin sole ensures optimal traction for your feet. Team these peep toes with your casual outfits to complete your look for the day.&lt;br /&gt;\r\n&lt;br /&gt;\r\nSole Material&amp;nbsp; &lt;strong&gt;Resin Sheet&lt;/strong&gt;&lt;br /&gt;\r\nInner Lining&amp;nbsp;&amp;nbsp; &amp;nbsp;&lt;strong&gt;SYNTHETIC&lt;/strong&gt;&lt;br /&gt;\r\nClosing&amp;nbsp;&amp;nbsp; &amp;nbsp;&lt;strong&gt;&amp;nbsp;&amp;nbsp;&amp;nbsp; &amp;nbsp; &amp;nbsp; Slip On&lt;/strong&gt;&lt;br /&gt;\r\nHeel shape&amp;nbsp;&amp;nbsp;&amp;nbsp;&amp;nbsp; &lt;strong&gt;Wedge&lt;/strong&gt;&lt;br /&gt;\r\nHeel height&amp;nbsp;&amp;nbsp; &amp;nbsp;&lt;strong&gt; Medium: 2.5-3.5 Inch&lt;/strong&gt;\r\n&lt;hr /&gt;&amp;nbsp;\r\n&lt;table style=&quot;margin: 0px; padding: 0px; width: 385px; color: rgb(34, 34, 34); font-family: Arial; font-size: 13px; font-style: normal; font-variant: normal; font-weight: normal; letter-spacing: normal; line-height: 18px; orphans: auto; text-align: start; text-indent: 0px; text-transform: none; white-space: normal; widows: 1; word-spacing: 0px; -webkit-text-stroke-width: 0px; background-color: rgb(255, 255, 255);&quot;&gt;\r\n	&lt;tbody style=&quot;margin: 0px; padding: 0px;&quot;&gt;\r\n		&lt;tr style=&quot;margin: 0px; padding: 0px;&quot;&gt;\r\n			&lt;th style=&quot;margin: 0px; padding: 7px; text-align: center; white-space: nowrap;&quot;&gt;Euro Size&lt;/th&gt;\r\n			&lt;th style=&quot;margin: 0px; padding: 7px; text-align: center; white-space: nowrap;&quot;&gt;UK Size&lt;/th&gt;\r\n			&lt;th style=&quot;margin: 0px; padding: 7px; text-align: center; white-space: nowrap;&quot;&gt;Foot Size (In Cm)&lt;/th&gt;\r\n		&lt;/tr&gt;\r\n		&lt;tr class=&quot;even&quot; style=&quot;margin: 0px; padding: 0px;&quot;&gt;\r\n			&lt;td class=&quot;f-bold&quot; style=&quot;margin: 0px; padding: 7px; font-weight: bold; text-align: center; white-space: nowrap; background: rgb(238, 238, 238);&quot;&gt;36&lt;/td&gt;\r\n			&lt;td style=&quot;margin: 0px; padding: 7px; text-align: center; white-space: nowrap; background: rgb(238, 238, 238);&quot;&gt;3&lt;/td&gt;\r\n			&lt;td style=&quot;margin: 0px; padding: 7px; text-align: center; white-space: nowrap; background: rgb(238, 238, 238);&quot;&gt;22.8-23.2&lt;/td&gt;\r\n		&lt;/tr&gt;\r\n		&lt;tr style=&quot;margin: 0px; padding: 0px;&quot;&gt;\r\n			&lt;td class=&quot;f-bold&quot; style=&quot;margin: 0px; padding: 7px; font-weight: bold; text-align: center; white-space: nowrap;&quot;&gt;37&lt;/td&gt;\r\n			&lt;td style=&quot;margin: 0px; padding: 7px; text-align: center; white-space: nowrap;&quot;&gt;4&lt;/td&gt;\r\n			&lt;td style=&quot;margin: 0px; padding: 7px; text-align: center; white-space: nowrap;&quot;&gt;23.4-23.7&lt;/td&gt;\r\n		&lt;/tr&gt;\r\n		&lt;tr class=&quot;even&quot; style=&quot;margin: 0px; padding: 0px;&quot;&gt;\r\n			&lt;td class=&quot;f-bold&quot; style=&quot;margin: 0px; padding: 7px; font-weight: bold; text-align: center; white-space: nowrap; background: rgb(238, 238, 238);&quot;&gt;38&lt;/td&gt;\r\n			&lt;td style=&quot;margin: 0px; padding: 7px; text-align: center; white-space: nowrap; background: rgb(238, 238, 238);&quot;&gt;5&lt;/td&gt;\r\n			&lt;td style=&quot;margin: 0px; padding: 7px; text-align: center; white-space: nowrap; background: rgb(238, 238, 238);&quot;&gt;24.0-24.6&lt;/td&gt;\r\n		&lt;/tr&gt;\r\n		&lt;tr style=&quot;margin: 0px; padding: 0px;&quot;&gt;\r\n			&lt;td class=&quot;f-bold&quot; style=&quot;margin: 0px; padding: 7px; font-weight: bold; text-align: center; white-space: nowrap;&quot;&gt;39&lt;/td&gt;\r\n			&lt;td style=&quot;margin: 0px; padding: 7px; text-align: center; white-space: nowrap;&quot;&gt;6&lt;/td&gt;\r\n			&lt;td style=&quot;margin: 0px; padding: 7px; text-align: center; white-space: nowrap;&quot;&gt;24.8-25.2&lt;/td&gt;\r\n		&lt;/tr&gt;\r\n		&lt;tr class=&quot;even&quot; style=&quot;margin: 0px; padding: 0px;&quot;&gt;\r\n			&lt;td class=&quot;f-bold&quot; style=&quot;margin: 0px; padding: 7px; font-weight: bold; text-align: center; white-space: nowrap; background: rgb(238, 238, 238);&quot;&gt;40&lt;/td&gt;\r\n			&lt;td style=&quot;margin: 0px; padding: 7px; text-align: center; white-space: nowrap; background: rgb(238, 238, 238);&quot;&gt;6.5&lt;/td&gt;\r\n			&lt;td style=&quot;margin: 0px; padding: 7px; text-align: center; white-space: nowrap; background: rgb(238, 238, 238);&quot;&gt;25.4-25.7&lt;/td&gt;\r\n		&lt;/tr&gt;\r\n		&lt;tr style=&quot;margin: 0px; padding: 0px;&quot;&gt;\r\n			&lt;td class=&quot;f-bold&quot; style=&quot;margin: 0px; padding: 7px; font-weight: bold; text-align: center; white-space: nowrap;&quot;&gt;41&lt;/td&gt;\r\n			&lt;td style=&quot;margin: 0px; padding: 7px; text-align: center; white-space: nowrap;&quot;&gt;7&lt;/td&gt;\r\n			&lt;td style=&quot;margin: 0px; padding: 7px; text-align: center; white-space: nowrap;&quot;&gt;26.0-26.4&lt;/td&gt;\r\n		&lt;/tr&gt;\r\n	&lt;/tbody&gt;\r\n&lt;/table&gt;\r\n',''),(116,1,'New Ladies High Wedge Heel Toe Thong Diamante Flip Flop Sandals','','','&lt;p&gt;The annual Summer trend for wedges is back with these classic flip flop wedge heels. The sandals have a toe thong design, diamante detailing to the front and look fab worn with a maxi dress for a classic Summer look. Available in a choice of five different colours.&lt;/p&gt;\r\n\r\n&lt;ul&gt;\r\n	&lt;li&gt;Available in 5 different colours&lt;/li&gt;\r\n	&lt;li&gt;Diamante detailing to the front&lt;/li&gt;\r\n	&lt;li&gt;Outer Material: &lt;em&gt;Synthetic&lt;/em&gt;&lt;/li&gt;\r\n	&lt;li&gt;Inner Material: &lt;em&gt;Manmade&lt;/em&gt;&lt;/li&gt;\r\n	&lt;li&gt;Heel Height: &lt;em&gt;9.5 centimetres&lt;/em&gt;&lt;/li&gt;\r\n	&lt;li&gt;Heel Type: Wedge&lt;/li&gt;\r\n	&lt;li&gt;Sandals have a toe thong design&lt;/li&gt;\r\n	&lt;li&gt;Classic flip flop wedge heels&lt;/li&gt;\r\n	&lt;li&gt;&lt;strong&gt;Perfect for the Summer!&lt;/strong&gt;&lt;/li&gt;\r\n&lt;/ul&gt;\r\n\r\n&lt;p&gt;&amp;nbsp;&lt;/p&gt;\r\n',''),(117,1,'Ruby Shoo Womens Jada T-Bar','','','&lt;p&gt;Ruby Shoo is made up of a small team based in north London, England, with a passion for creating unique shoes and accessories that generate smiles whenever they are worn. We simply love it when we are asked the question: &amp;quot;Where did you get your shoes?&amp;quot;&lt;/p&gt;\r\n\r\n&lt;ul&gt;\r\n	&lt;li style=&quot;list-style-type: square; margin-left: 20px;&quot;&gt;Occasion footwear&lt;/li&gt;\r\n	&lt;li style=&quot;list-style-type: square; margin-left: 20px;&quot;&gt;Flower detail&lt;/li&gt;\r\n	&lt;li style=&quot;list-style-type: square; margin-left: 20px;&quot;&gt;Outer Material: Synthetic&lt;/li&gt;\r\n	&lt;li style=&quot;list-style-type: square; margin-left: 20px;&quot;&gt;Inner Material: Manmade&lt;/li&gt;\r\n	&lt;li style=&quot;list-style-type: square; margin-left: 20px;&quot;&gt;Sole: Manmade&lt;/li&gt;\r\n	&lt;li style=&quot;list-style-type: square; margin-left: 20px;&quot;&gt;Closure: Buckle&lt;/li&gt;\r\n	&lt;li style=&quot;list-style-type: square; margin-left: 20px;&quot;&gt;Heel Height: 9 centimetres&lt;/li&gt;\r\n	&lt;li style=&quot;list-style-type: square; margin-left: 20px;&quot;&gt;Heel Type: Stiletto&lt;/li&gt;\r\n&lt;/ul&gt;\r\n',''),(118,1,'Womens high heel point toe stiletto sandals ankle strap court shoes','','','&lt;p&gt;Fashion Thirsty&amp;reg; branded products are only available exclusively through Fashion Thirsty&lt;/p&gt;\r\n&lt;ul&gt;\r\n	&lt;li&gt;Brand New In Box&lt;/li&gt;\r\n	&lt;li&gt;Available In A Range Of Colours And Fabrics&lt;/li&gt;\r\n	&lt;li&gt;Outer Material: Synthetic&lt;/li&gt;\r\n	&lt;li&gt;Inner Material: Manmade&lt;/li&gt;\r\n	&lt;li&gt;Sole: manmade&lt;/li&gt;\r\n	&lt;li&gt;Closure: Buckle&lt;/li&gt;\r\n	&lt;li&gt;Heel Height: 4.3&lt;/li&gt;\r\n	&lt;li&gt;Heel Type: Stiletto&lt;/li&gt;\r\n	&lt;li&gt;Approx Heel Height: 4.3 Inches / 10.8 cm&lt;/li&gt;\r\n	&lt;li&gt;Approx Platform Height: 0.1 inches / 0.3 cm&lt;/li&gt;\r\n	&lt;li&gt;Ankle Strap With Buckle Fastening&lt;/li&gt;\r\n&lt;/ul&gt;\r\n\r\n',''),(119,1,'Fruit of the Loom T-Shirts 5 Pack - Super Premium','','','5x Fruit of the Loom T-Shirt Super Premium T&lt;br /&gt;\r\n10 Colors - Sizes: S, M, L, XL, XXL oder XXXL\r\n&lt;hr /&gt;The purchase of this 5-packs, you have the following choice:&lt;br /&gt;\r\n&amp;bull; 5 of the same color t-shirts (available in 18 colors)&lt;br /&gt;\r\n&amp;bull; 5 different colored T-shirts (given in 8 color sets available)&lt;br /&gt;\r\nYou have the freedom to choose from the adult sizes S, M, L, XL, XXL or XXXL.',''),(120,1,'Jersey Cotton Striped Polo Shirt','','t-shirs, men','&lt;p&gt;Classically designed Charles Wilson polo shirts now available.&lt;br /&gt;\r\nThis premium polo collection is a result of many years experience in designing and manufacturing polo shirts.&lt;br /&gt;\r\nPart of our Jersey Stripe polo range this colourful jersey cotton polo shirt is a must have piece for any casual wardrobe.&lt;br /&gt;\r\nDesigned in the UK&lt;br /&gt;\r\n100% Cotton&lt;br /&gt;\r\nJersey Stripe Polo&lt;br /&gt;\r\nMulti-Stripe Design&lt;br /&gt;\r\nThree Button Design&lt;br /&gt;\r\nMachine Washable at 40 Degrees&lt;/p&gt;\r\n',''),(121,1,'Designer Men Casual Formal Double Cuffs Grandad Band Collar Shirt Elegant Tie','','','Superb style double cuffs shirt. Made using highest quality cotton. Grandad collar. Slim Fit. Highest quality - made in Turkey. Great as casual or formal shirt.',''),(122,1,'Product with options and stock locations','','','Designed by slim fit style FOR men and women in highest qualities and workmanship to bring buyers A different outlook on life of fashion Casual Basic Slim Fit Polo Shirts\r\n&lt;ul&gt;\r\n	&lt;li&gt;100% COTTON&lt;/li&gt;\r\n	&lt;li&gt;If you buy these Polo shits, You&amp;#39;ll never regret about purchase. Because it is so nice designed shirts for your daily look.&lt;/li&gt;\r\n	&lt;li&gt;Soft Elastic Decent slim fit &amp;amp; Button placket &amp;amp; sleeve ribbing with contrast trim.&lt;/li&gt;\r\n	&lt;li&gt;Machine Wash / Hand Wash Recommended&lt;/li&gt;\r\n&lt;/ul&gt;\r\n',''),(123,1,'Casual 3/4 Sleeve Baseball T-Shirt','t-shirt','Rich Cotton Raglan T-Shirts','This classic raglan t-shirt is perfect for all occasions. Whether you are working out or hanging out, this shirt is a win for the versatility. Perfect to join your friends to watch and cheer for your favorite team in all sports: basketball, football, football, hockey or baseball.&lt;br /&gt;&lt;br /&gt;&lt;!--n--&gt;&lt;!--n--&gt;The raglan t-shirts are great options for men and women looking for a stylish look in their casual looks. For mild days bet on the 3/4 sleeve model in contrasting color. &lt;br /&gt;Made in 100% cotton fabric, features slim fit and round neckline.','');

--
